Jul 21 15:27:28.970024 np0000005573 nova-conductor[95880]: DEBUG cotyledon.oslo_config_glue [-] oslo_messaging_rabbit.rabbit_qos_prefetch_count = 0 {{(pid=95880) log_opt_values /opt/stack/data/venv/lib/python3.12/site-packages/oslo_config/cfg.py:3253}}
Jul 21 15:27:28.970024 np0000005573 nova-conductor[95880]: DEBUG cotyledon.oslo_config_glue [-] oslo_messaging_rabbit.rabbit_quorum_delivery_limit = 0 {{(pid=95880) log_opt_values /opt/stack/data/venv/lib/python3.12/site-packages/oslo_config/cfg.py:3253}}
Jul 21 15:27:28.970334 np0000005573 nova-conductor[95880]: DEBUG cotyledon.oslo_config_glue [-] oslo_messaging_rabbit.rabbit_quorum_max_memory_bytes = 0 {{(pid=95880) log_opt_values /opt/stack/data/venv/lib/python3.12/site-packages/oslo_config/cfg.py:3253}}
Jul 21 15:27:28.970334 np0000005573 nova-conductor[95880]: DEBUG cotyledon.oslo_config_glue [-] oslo_messaging_rabbit.rabbit_quorum_max_memory_length = 0 {{(pid=95880) log_opt_values /opt/stack/data/venv/lib/python3.12/site-packages/oslo_config/cfg.py:3253}}
Jul 21 15:27:28.970334 np0000005573 nova-conductor[95880]: DEBUG cotyledon.oslo_config_glue [-] oslo_messaging_rabbit.rabbit_quorum_queue = False {{(pid=95880) log_opt_values /opt/stack/data/venv/lib/python3.12/site-packages/oslo_config/cfg.py:3253}}
Jul 21 15:27:28.970334 np0000005573 nova-conductor[95880]: DEBUG cotyledon.oslo_config_glue [-] oslo_messaging_rabbit.rabbit_retry_backoff = 2 {{(pid=95880) log_opt_values /opt/stack/data/venv/lib/python3.12/site-packages/oslo_config/cfg.py:3253}}
Jul 21 15:27:28.970334 np0000005573 nova-conductor[95880]: DEBUG cotyledon.oslo_config_glue [-] oslo_messaging_rabbit.rabbit_retry_interval = 1 {{(pid=95880) log_opt_values /opt/stack/data/venv/lib/python3.12/site-packages/oslo_config/cfg.py:3253}}
Jul 21 15:27:28.970334 np0000005573 nova-conductor[95880]: DEBUG cotyledon.oslo_config_glue [-] oslo_messaging_rabbit.rabbit_stream_fanout = False {{(pid=95880) log_opt_values /opt/stack/data/venv/lib/python3.12/site-packages/oslo_config/cfg.py:3253}}
Jul 21 15:27:28.970334 np0000005573 nova-conductor[95880]: DEBUG cotyledon.oslo_config_glue [-] oslo_messaging_rabbit.rabbit_transient_queues_ttl = 1800 {{(pid=95880) log_opt_values /opt/stack/data/venv/lib/python3.12/site-packages/oslo_config/cfg.py:3253}}
Jul 21 15:27:28.970334 np0000005573 nova-conductor[95880]: DEBUG cotyledon.oslo_config_glue [-] oslo_messaging_rabbit.rabbit_transient_quorum_queue = False {{(pid=95880) log_opt_values /opt/stack/data/venv/lib/python3.12/site-packages/oslo_config/cfg.py:3253}}
Jul 21 15:27:28.970614 np0000005573 nova-conductor[95880]: DEBUG cotyledon.oslo_config_glue [-] oslo_messaging_rabbit.rpc_conn_pool_size = 30 {{(pid=95880) log_opt_values /opt/stack/data/venv/lib/python3.12/site-packages/oslo_config/cfg.py:3253}}
Jul 21 15:27:28.970614 np0000005573 nova-conductor[95880]: DEBUG cotyledon.oslo_config_glue [-] oslo_messaging_rabbit.ssl = False {{(pid=95880) log_opt_values /opt/stack/data/venv/lib/python3.12/site-packages/oslo_config/cfg.py:3253}}
Jul 21 15:27:28.970614 np0000005573 nova-conductor[95880]: DEBUG cotyledon.oslo_config_glue [-] oslo_messaging_rabbit.ssl_ca_file = {{(pid=95880) log_opt_values /opt/stack/data/venv/lib/python3.12/site-packages/oslo_config/cfg.py:3253}}
Jul 21 15:27:28.970614 np0000005573 nova-conductor[95880]: DEBUG cotyledon.oslo_config_glue [-] oslo_messaging_rabbit.ssl_cert_file = {{(pid=95880) log_opt_values /opt/stack/data/venv/lib/python3.12/site-packages/oslo_config/cfg.py:3253}}
Jul 21 15:27:28.970614 np0000005573 nova-conductor[95880]: DEBUG cotyledon.oslo_config_glue [-] oslo_messaging_rabbit.ssl_enforce_fips_mode = False {{(pid=95880) log_opt_values /opt/stack/data/venv/lib/python3.12/site-packages/oslo_config/cfg.py:3253}}
Jul 21 15:27:28.970614 np0000005573 nova-conductor[95880]: DEBUG cotyledon.oslo_config_glue [-] oslo_messaging_rabbit.ssl_enforce_hostname_verification = True {{(pid=95880) log_opt_values /opt/stack/data/venv/lib/python3.12/site-packages/oslo_config/cfg.py:3253}}
Jul 21 15:27:28.970614 np0000005573 nova-conductor[95880]: DEBUG cotyledon.oslo_config_glue [-] oslo_messaging_rabbit.ssl_key_file = {{(pid=95880) log_opt_values /opt/stack/data/venv/lib/python3.12/site-packages/oslo_config/cfg.py:3253}}
Jul 21 15:27:28.970614 np0000005573 nova-conductor[95880]: DEBUG cotyledon.oslo_config_glue [-] oslo_messaging_rabbit.ssl_version = {{(pid=95880) log_opt_values /opt/stack/data/venv/lib/python3.12/site-packages/oslo_config/cfg.py:3253}}
Jul 21 15:27:28.970614 np0000005573 nova-conductor[95880]: DEBUG cotyledon.oslo_config_glue [-] oslo_messaging_rabbit.use_queue_manager = False {{(pid=95880) log_opt_values /opt/stack/data/venv/lib/python3.12/site-packages/oslo_config/cfg.py:3253}}
Jul 21 15:27:28.970897 np0000005573 nova-conductor[95880]: DEBUG cotyledon.oslo_config_glue [-] oslo_messaging_notifications.driver = ['messagingv2'] {{(pid=95880) log_opt_values /opt/stack/data/venv/lib/python3.12/site-packages/oslo_config/cfg.py:3253}}
Jul 21 15:27:28.970897 np0000005573 nova-conductor[95880]: DEBUG cotyledon.oslo_config_glue [-] oslo_messaging_notifications.retry = -1 {{(pid=95880) log_opt_values /opt/stack/data/venv/lib/python3.12/site-packages/oslo_config/cfg.py:3253}}
Jul 21 15:27:28.970897 np0000005573 nova-conductor[95880]: DEBUG cotyledon.oslo_config_glue [-] oslo_messaging_notifications.topics = ['notifications'] {{(pid=95880) log_opt_values /opt/stack/data/venv/lib/python3.12/site-packages/oslo_config/cfg.py:3253}}
Jul 21 15:27:28.970897 np0000005573 nova-conductor[95880]: DEBUG cotyledon.oslo_config_glue [-] oslo_messaging_notifications.transport_url = **** {{(pid=95880) log_opt_values /opt/stack/data/venv/lib/python3.12/site-packages/oslo_config/cfg.py:3253}}
Jul 21 15:27:28.970897 np0000005573 nova-conductor[95880]: DEBUG cotyledon.oslo_config_glue [-] oslo_limit.auth_section = None {{(pid=95880) log_opt_values /opt/stack/data/venv/lib/python3.12/site-packages/oslo_config/cfg.py:3253}}
Jul 21 15:27:28.970897 np0000005573 nova-conductor[95880]: DEBUG cotyledon.oslo_config_glue [-] oslo_limit.auth_type = None {{(pid=95880) log_opt_values /opt/stack/data/venv/lib/python3.12/site-packages/oslo_config/cfg.py:3253}}
Jul 21 15:27:28.970897 np0000005573 nova-conductor[95880]: DEBUG cotyledon.oslo_config_glue [-] oslo_limit.cafile = None {{(pid=95880) log_opt_values /opt/stack/data/venv/lib/python3.12/site-packages/oslo_config/cfg.py:3253}}
Jul 21 15:27:28.970897 np0000005573 nova-conductor[95880]: DEBUG cotyledon.oslo_config_glue [-] oslo_limit.certfile = None {{(pid=95880) log_opt_values /opt/stack/data/venv/lib/python3.12/site-packages/oslo_config/cfg.py:3253}}
Jul 21 15:27:28.970897 np0000005573 nova-conductor[95880]: DEBUG cotyledon.oslo_config_glue [-] oslo_limit.collect_timing = False {{(pid=95880) log_opt_values /opt/stack/data/venv/lib/python3.12/site-packages/oslo_config/cfg.py:3253}}
Jul 21 15:27:28.971204 np0000005573 nova-conductor[95880]: DEBUG cotyledon.oslo_config_glue [-] oslo_limit.connect_retries = None {{(pid=95880) log_opt_values /opt/stack/data/venv/lib/python3.12/site-packages/oslo_config/cfg.py:3253}}
Jul 21 15:27:28.971204 np0000005573 nova-conductor[95880]: DEBUG cotyledon.oslo_config_glue [-] oslo_limit.connect_retry_delay = None {{(pid=95880) log_opt_values /opt/stack/data/venv/lib/python3.12/site-packages/oslo_config/cfg.py:3253}}
Jul 21 15:27:28.971204 np0000005573 nova-conductor[95880]: DEBUG cotyledon.oslo_config_glue [-] oslo_limit.endpoint_id = None {{(pid=95880) log_opt_values /opt/stack/data/venv/lib/python3.12/site-packages/oslo_config/cfg.py:3253}}
Jul 21 15:27:28.971204 np0000005573 nova-conductor[95880]: DEBUG cotyledon.oslo_config_glue [-] oslo_limit.endpoint_interface = public {{(pid=95880) log_opt_values /opt/stack/data/venv/lib/python3.12/site-packages/oslo_config/cfg.py:3253}}
Jul 21 15:27:28.971204 np0000005573 nova-conductor[95880]: DEBUG cotyledon.oslo_config_glue [-] oslo_limit.endpoint_override = None {{(pid=95880) log_opt_values /opt/stack/data/venv/lib/python3.12/site-packages/oslo_config/cfg.py:3253}}
Jul 21 15:27:28.971204 np0000005573 nova-conductor[95880]: DEBUG cotyledon.oslo_config_glue [-] oslo_limit.endpoint_region_name = None {{(pid=95880) log_opt_values /opt/stack/data/venv/lib/python3.12/site-packages/oslo_config/cfg.py:3253}}
Jul 21 15:27:28.971204 np0000005573 nova-conductor[95880]: DEBUG cotyledon.oslo_config_glue [-] oslo_limit.endpoint_service_name = None {{(pid=95880) log_opt_values /opt/stack/data/venv/lib/python3.12/site-packages/oslo_config/cfg.py:3253}}
Jul 21 15:27:28.971204 np0000005573 nova-conductor[95880]: DEBUG cotyledon.oslo_config_glue [-] oslo_limit.endpoint_service_type = None {{(pid=95880) log_opt_values /opt/stack/data/venv/lib/python3.12/site-packages/oslo_config/cfg.py:3253}}
Jul 21 15:27:28.971204 np0000005573 nova-conductor[95880]: DEBUG cotyledon.oslo_config_glue [-] oslo_limit.insecure = False {{(pid=95880) log_opt_values /opt/stack/data/venv/lib/python3.12/site-packages/oslo_config/cfg.py:3253}}
Jul 21 15:27:28.971504 np0000005573 nova-conductor[95880]: DEBUG cotyledon.oslo_config_glue [-] oslo_limit.keyfile = None {{(pid=95880) log_opt_values /opt/stack/data/venv/lib/python3.12/site-packages/oslo_config/cfg.py:3253}}
Jul 21 15:27:28.971504 np0000005573 nova-conductor[95880]: DEBUG cotyledon.oslo_config_glue [-] oslo_limit.max_version = None {{(pid=95880) log_opt_values /opt/stack/data/venv/lib/python3.12/site-packages/oslo_config/cfg.py:3253}}
Jul 21 15:27:28.971504 np0000005573 nova-conductor[95880]: DEBUG cotyledon.oslo_config_glue [-] oslo_limit.min_version = None {{(pid=95880) log_opt_values /opt/stack/data/venv/lib/python3.12/site-packages/oslo_config/cfg.py:3253}}
Jul 21 15:27:28.971504 np0000005573 nova-conductor[95880]: DEBUG cotyledon.oslo_config_glue [-] oslo_limit.region_name = None {{(pid=95880) log_opt_values /opt/stack/data/venv/lib/python3.12/site-packages/oslo_config/cfg.py:3253}}
Jul 21 15:27:28.971504 np0000005573 nova-conductor[95880]: DEBUG cotyledon.oslo_config_glue [-] oslo_limit.retriable_status_codes = None {{(pid=95880) log_opt_values /opt/stack/data/venv/lib/python3.12/site-packages/oslo_config/cfg.py:3253}}
Jul 21 15:27:28.971504 np0000005573 nova-conductor[95880]: DEBUG cotyledon.oslo_config_glue [-] oslo_limit.service_name = None {{(pid=95880) log_opt_values /opt/stack/data/venv/lib/python3.12/site-packages/oslo_config/cfg.py:3253}}
Jul 21 15:27:28.971504 np0000005573 nova-conductor[95880]: DEBUG cotyledon.oslo_config_glue [-] oslo_limit.service_type = None {{(pid=95880) log_opt_values /opt/stack/data/venv/lib/python3.12/site-packages/oslo_config/cfg.py:3253}}
Jul 21 15:27:28.971504 np0000005573 nova-conductor[95880]: DEBUG cotyledon.oslo_config_glue [-] oslo_limit.split_loggers = False {{(pid=95880) log_opt_values /opt/stack/data/venv/lib/python3.12/site-packages/oslo_config/cfg.py:3253}}
Jul 21 15:27:28.971504 np0000005573 nova-conductor[95880]: DEBUG cotyledon.oslo_config_glue [-] oslo_limit.status_code_retries = None {{(pid=95880) log_opt_values /opt/stack/data/venv/lib/python3.12/site-packages/oslo_config/cfg.py:3253}}
Jul 21 15:27:28.971789 np0000005573 nova-conductor[95880]: DEBUG cotyledon.oslo_config_glue [-] oslo_limit.status_code_retry_delay = None {{(pid=95880) log_opt_values /opt/stack/data/venv/lib/python3.12/site-packages/oslo_config/cfg.py:3253}}
Jul 21 15:27:28.971789 np0000005573 nova-conductor[95880]: DEBUG cotyledon.oslo_config_glue [-] oslo_limit.timeout = None {{(pid=95880) log_opt_values /opt/stack/data/venv/lib/python3.12/site-packages/oslo_config/cfg.py:3253}}
Jul 21 15:27:28.971789 np0000005573 nova-conductor[95880]: DEBUG cotyledon.oslo_config_glue [-] oslo_limit.valid_interfaces = None {{(pid=95880) log_opt_values /opt/stack/data/venv/lib/python3.12/site-packages/oslo_config/cfg.py:3253}}
Jul 21 15:27:28.971789 np0000005573 nova-conductor[95880]: DEBUG cotyledon.oslo_config_glue [-] oslo_limit.version = None {{(pid=95880) log_opt_values /opt/stack/data/venv/lib/python3.12/site-packages/oslo_config/cfg.py:3253}}
Jul 21 15:27:28.971789 np0000005573 nova-conductor[95880]: DEBUG cotyledon.oslo_config_glue [-] oslo_reports.file_event_handler = None {{(pid=95880) log_opt_values /opt/stack/data/venv/lib/python3.12/site-packages/oslo_config/cfg.py:3253}}
Jul 21 15:27:28.971789 np0000005573 nova-conductor[95880]: DEBUG cotyledon.oslo_config_glue [-] oslo_reports.file_event_handler_interval = 1 {{(pid=95880) log_opt_values /opt/stack/data/venv/lib/python3.12/site-packages/oslo_config/cfg.py:3253}}
Jul 21 15:27:28.971789 np0000005573 nova-conductor[95880]: DEBUG cotyledon.oslo_config_glue [-] oslo_reports.log_dir = None {{(pid=95880) log_opt_values /opt/stack/data/venv/lib/python3.12/site-packages/oslo_config/cfg.py:3253}}
Jul 21 15:27:28.971789 np0000005573 nova-conductor[95880]: DEBUG cotyledon.oslo_config_glue [-] ******************************************************************************** {{(pid=95880) log_opt_values /opt/stack/data/venv/lib/python3.12/site-packages/oslo_config/cfg.py:3260}}
Jul 21 15:27:28.971789 np0000005573 nova-conductor[95880]: DEBUG cotyledon._service_worker [-] Run service ServiceWrapper(2) [95880] {{(pid=95880) wait_forever /opt/stack/data/venv/lib/python3.12/site-packages/cotyledon/_service_worker.py:218}}
Jul 21 15:27:28.972080 np0000005573 nova-conductor[95880]: INFO nova.service [-] Starting conductor node (version 33.1.0)
Jul 21 15:27:28.972080 np0000005573 nova-conductor[95880]: INFO dbcounter [None req-03e2ee17-6023-4ff7-a4e4-11281e8d851a None None] Registered counter for database nova_cell0
Jul 21 15:27:28.973619 np0000005573 nova-conductor[95859]: DEBUG oslo_db.sqlalchemy.engines [None req-915b223e-86b4-45da-910d-8b4f3f1ab63f None None] MySQL server mode set to STRICT_TRANS_TABLES,STRICT_ALL_TABLES,NO_ZERO_IN_DATE,NO_ZERO_DATE,ERROR_FOR_DIVISION_BY_ZERO,TRADITIONAL,NO_ENGINE_SUBSTITUTION {{(pid=95859) _check_effective_sql_mode /opt/stack/data/venv/lib/python3.12/site-packages/oslo_db/sqlalchemy/engines.py:325}}
Jul 21 15:27:28.983236 np0000005573 nova-conductor[95872]: DEBUG oslo_db.sqlalchemy.engines [None req-db7c8886-9a8c-425d-98e0-f921a2c3ee72 None None] MySQL server mode set to STRICT_TRANS_TABLES,STRICT_ALL_TABLES,NO_ZERO_IN_DATE,NO_ZERO_DATE,ERROR_FOR_DIVISION_BY_ZERO,TRADITIONAL,NO_ENGINE_SUBSTITUTION {{(pid=95872) _check_effective_sql_mode /opt/stack/data/venv/lib/python3.12/site-packages/oslo_db/sqlalchemy/engines.py:325}}
Jul 21 15:27:28.985842 np0000005573 nova-conductor[95859]: DEBUG dbcounter [-] [95859] Writer thread running {{(pid=95859) stat_writer /opt/stack/data/venv/lib/python3.12/site-packages/dbcounter.py:102}}
Jul 21 15:27:28.992437 np0000005573 nova-conductor[95880]: DEBUG oslo_db.sqlalchemy.engines [None req-03e2ee17-6023-4ff7-a4e4-11281e8d851a None None] MySQL server mode set to STRICT_TRANS_TABLES,STRICT_ALL_TABLES,NO_ZERO_IN_DATE,NO_ZERO_DATE,ERROR_FOR_DIVISION_BY_ZERO,TRADITIONAL,NO_ENGINE_SUBSTITUTION {{(pid=95880) _check_effective_sql_mode /opt/stack/data/venv/lib/python3.12/site-packages/oslo_db/sqlalchemy/engines.py:325}}
Jul 21 15:27:29.002306 np0000005573 nova-conductor[95880]: DEBUG dbcounter [-] [95880] Writer thread running {{(pid=95880) stat_writer /opt/stack/data/venv/lib/python3.12/site-packages/dbcounter.py:102}}
Jul 21 15:27:29.006674 np0000005573 nova-conductor[95859]: DEBUG nova.service [None req-915b223e-86b4-45da-910d-8b4f3f1ab63f None None] Creating RPC server for service: nova-conductor on topic: conductor {{(pid=95859) start /opt/stack/nova/nova/service.py:196}}
Jul 21 15:27:29.008623 np0000005573 nova-conductor[95872]: DEBUG dbcounter [-] [95872] Writer thread running {{(pid=95872) stat_writer /opt/stack/data/venv/lib/python3.12/site-packages/dbcounter.py:102}}
Jul 21 15:27:29.013165 np0000005573 nova-conductor[95872]: DEBUG nova.service [None req-db7c8886-9a8c-425d-98e0-f921a2c3ee72 None None] Creating RPC server for service: nova-conductor on topic: conductor {{(pid=95872) start /opt/stack/nova/nova/service.py:196}}
Jul 21 15:27:29.021284 np0000005573 nova-conductor[95880]: DEBUG nova.service [None req-03e2ee17-6023-4ff7-a4e4-11281e8d851a None None] Creating RPC server for service: nova-conductor on topic: conductor {{(pid=95880) start /opt/stack/nova/nova/service.py:196}}
Jul 21 15:27:29.039136 np0000005573 nova-conductor[95872]: DEBUG nova.service [None req-db7c8886-9a8c-425d-98e0-f921a2c3ee72 None None] Join ServiceGroup membership for this service conductor {{(pid=95872) start /opt/stack/nova/nova/service.py:222}}
Jul 21 15:27:29.039400 np0000005573 nova-conductor[95872]: DEBUG nova.servicegroup.drivers.db [None req-db7c8886-9a8c-425d-98e0-f921a2c3ee72 None None] DB_Driver: join new ServiceGroup member np0000005573 to the conductor group, service = {{(pid=95872) join /opt/stack/nova/nova/servicegroup/drivers/db.py:44}}
Jul 21 15:27:29.047466 np0000005573 nova-conductor[95859]: DEBUG nova.service [None req-915b223e-86b4-45da-910d-8b4f3f1ab63f None None] Join ServiceGroup membership for this service conductor {{(pid=95859) start /opt/stack/nova/nova/service.py:222}}
Jul 21 15:27:29.047828 np0000005573 nova-conductor[95880]: DEBUG nova.service [None req-03e2ee17-6023-4ff7-a4e4-11281e8d851a None None] Join ServiceGroup membership for this service conductor {{(pid=95880) start /opt/stack/nova/nova/service.py:222}}
Jul 21 15:27:29.047967 np0000005573 nova-conductor[95859]: DEBUG nova.servicegroup.drivers.db [None req-915b223e-86b4-45da-910d-8b4f3f1ab63f None None] DB_Driver: join new ServiceGroup member np0000005573 to the conductor group, service = {{(pid=95859) join /opt/stack/nova/nova/servicegroup/drivers/db.py:44}}
Jul 21 15:27:29.048268 np0000005573 nova-conductor[95880]: DEBUG nova.servicegroup.drivers.db [None req-03e2ee17-6023-4ff7-a4e4-11281e8d851a None None] DB_Driver: join new ServiceGroup member np0000005573 to the conductor group, service = {{(pid=95880) join /opt/stack/nova/nova/servicegroup/drivers/db.py:44}}
Jul 21 15:27:34.063256 np0000005573 nova-conductor[95872]: DEBUG oslo.service.backend._threading.loopingcall [-] Fixed interval looping call 'nova.servicegroup.drivers.db.DbDriver._report_state' sleeping for 119.98 seconds {{(pid=95872) _run_loop /opt/stack/data/venv/lib/python3.12/site-packages/oslo_service/backend/_threading/loopingcall.py:125}}
Jul 21 15:27:34.064642 np0000005573 nova-conductor[95880]: DEBUG oslo.service.backend._threading.loopingcall [-] Fixed interval looping call 'nova.servicegroup.drivers.db.DbDriver._report_state' sleeping for 119.99 seconds {{(pid=95880) _run_loop /opt/stack/data/venv/lib/python3.12/site-packages/oslo_service/backend/_threading/loopingcall.py:125}}
Jul 21 15:27:34.064973 np0000005573 nova-conductor[95859]: DEBUG oslo.service.backend._threading.loopingcall [-] Fixed interval looping call 'nova.servicegroup.drivers.db.DbDriver._report_state' sleeping for 119.99 seconds {{(pid=95859) _run_loop /opt/stack/data/venv/lib/python3.12/site-packages/oslo_service/backend/_threading/loopingcall.py:125}}
Jul 21 15:27:37.592655 np0000005573 nova-conductor[94370]: DEBUG dbcounter [-] [94370] Writing DB stats nova_api:SELECT=1 {{(pid=94370) stat_writer /opt/stack/data/venv/lib/python3.12/site-packages/dbcounter.py:115}}
Jul 21 15:27:37.720380 np0000005573 nova-conductor[94370]: DEBUG dbcounter [-] [94370] Writing DB stats nova_cell1:SELECT=1 {{(pid=94370) stat_writer /opt/stack/data/venv/lib/python3.12/site-packages/dbcounter.py:115}}
Jul 21 15:27:37.726082 np0000005573 nova-conductor[94370]: DEBUG dbcounter [-] [94370] Writing DB stats nova_cell0:SELECT=1 {{(pid=94370) stat_writer /opt/stack/data/venv/lib/python3.12/site-packages/dbcounter.py:115}}
Jul 21 15:27:42.050791 np0000005573 nova-conductor[95880]: DEBUG oslo.service.backend._threading.loopingcall [None req-5296d50e-2b96-4fec-851e-e5014335ff6c None None] Dynamic interval looping call 'nova.service.Service.periodic_tasks' sleeping for 60.00 seconds {{(pid=95880) _run_loop /opt/stack/data/venv/lib/python3.12/site-packages/oslo_service/backend/_threading/loopingcall.py:125}}
Jul 21 15:27:44.053264 np0000005573 nova-conductor[95872]: DEBUG dbcounter [-] [95872] Writing DB stats nova_cell0:SELECT=3,nova_cell0:UPDATE=1 {{(pid=95872) stat_writer /opt/stack/data/venv/lib/python3.12/site-packages/dbcounter.py:115}}
Jul 21 15:27:44.055689 np0000005573 nova-conductor[95880]: DEBUG dbcounter [-] [95880] Writing DB stats nova_cell0:SELECT=4,nova_cell0:INSERT=1,nova_cell0:UPDATE=1 {{(pid=95880) stat_writer /opt/stack/data/venv/lib/python3.12/site-packages/dbcounter.py:115}}
Jul 21 15:27:44.059662 np0000005573 nova-conductor[95859]: DEBUG dbcounter [-] [95859] Writing DB stats nova_cell0:SELECT=4,nova_cell0:INSERT=1,nova_cell0:UPDATE=1 {{(pid=95859) stat_writer /opt/stack/data/venv/lib/python3.12/site-packages/dbcounter.py:115}}
Jul 21 15:27:47.044830 np0000005573 nova-conductor[95872]: DEBUG oslo.service.backend._threading.loopingcall [None req-db0bb675-84f8-473c-aca0-ee4a5713d969 None None] Dynamic interval looping call 'nova.service.Service.periodic_tasks' sleeping for 60.00 seconds {{(pid=95872) _run_loop /opt/stack/data/venv/lib/python3.12/site-packages/oslo_service/backend/_threading/loopingcall.py:125}}
Jul 21 15:28:27.050594 np0000005573 nova-conductor[95859]: DEBUG oslo.service.backend._threading.loopingcall [None req-99794d25-2044-4367-a03f-9efea7d3a769 None None] Dynamic interval looping call 'nova.service.Service.periodic_tasks' sleeping for 60.00 seconds {{(pid=95859) _run_loop /opt/stack/data/venv/lib/python3.12/site-packages/oslo_service/backend/_threading/loopingcall.py:125}}
Jul 21 15:28:42.051360 np0000005573 nova-conductor[95880]: DEBUG oslo.service.backend._threading.loopingcall [None req-5296d50e-2b96-4fec-851e-e5014335ff6c None None] Dynamic interval looping call 'nova.service.Service.periodic_tasks' sleeping for 60.00 seconds {{(pid=95880) _run_loop /opt/stack/data/venv/lib/python3.12/site-packages/oslo_service/backend/_threading/loopingcall.py:125}}
Jul 21 15:28:47.045294 np0000005573 nova-conductor[95872]: DEBUG oslo.service.backend._threading.loopingcall [None req-db0bb675-84f8-473c-aca0-ee4a5713d969 None None] Dynamic interval looping call 'nova.service.Service.periodic_tasks' sleeping for 60.00 seconds {{(pid=95872) _run_loop /opt/stack/data/venv/lib/python3.12/site-packages/oslo_service/backend/_threading/loopingcall.py:125}}
Jul 21 15:29:27.051124 np0000005573 nova-conductor[95859]: DEBUG oslo.service.backend._threading.loopingcall [None req-99794d25-2044-4367-a03f-9efea7d3a769 None None] Dynamic interval looping call 'nova.service.Service.periodic_tasks' sleeping for 60.00 seconds {{(pid=95859) _run_loop /opt/stack/data/venv/lib/python3.12/site-packages/oslo_service/backend/_threading/loopingcall.py:125}}
Jul 21 15:29:34.051141 np0000005573 nova-conductor[95872]: DEBUG oslo.service.backend._threading.loopingcall [-] Fixed interval looping call 'nova.servicegroup.drivers.db.DbDriver._report_state' sleeping for 119.99 seconds {{(pid=95872) _run_loop /opt/stack/data/venv/lib/python3.12/site-packages/oslo_service/backend/_threading/loopingcall.py:125}}
Jul 21 15:29:34.058516 np0000005573 nova-conductor[95859]: DEBUG oslo.service.backend._threading.loopingcall [-] Fixed interval looping call 'nova.servicegroup.drivers.db.DbDriver._report_state' sleeping for 120.00 seconds {{(pid=95859) _run_loop /opt/stack/data/venv/lib/python3.12/site-packages/oslo_service/backend/_threading/loopingcall.py:125}}
Jul 21 15:29:34.059447 np0000005573 nova-conductor[95880]: DEBUG oslo.service.backend._threading.loopingcall [-] Fixed interval looping call 'nova.servicegroup.drivers.db.DbDriver._report_state' sleeping for 120.00 seconds {{(pid=95880) _run_loop /opt/stack/data/venv/lib/python3.12/site-packages/oslo_service/backend/_threading/loopingcall.py:125}}
Jul 21 15:29:42.051795 np0000005573 nova-conductor[95880]: DEBUG oslo.service.backend._threading.loopingcall [None req-5296d50e-2b96-4fec-851e-e5014335ff6c None None] Dynamic interval looping call 'nova.service.Service.periodic_tasks' sleeping for 60.00 seconds {{(pid=95880) _run_loop /opt/stack/data/venv/lib/python3.12/site-packages/oslo_service/backend/_threading/loopingcall.py:125}}
Jul 21 15:29:44.046368 np0000005573 nova-conductor[95872]: DEBUG dbcounter [-] [95872] Writing DB stats nova_cell0:SELECT=1,nova_cell0:UPDATE=1 {{(pid=95872) stat_writer /opt/stack/data/venv/lib/python3.12/site-packages/dbcounter.py:115}}
Jul 21 15:29:44.056606 np0000005573 nova-conductor[95859]: DEBUG dbcounter [-] [95859] Writing DB stats nova_cell0:SELECT=1 {{(pid=95859) stat_writer /opt/stack/data/venv/lib/python3.12/site-packages/dbcounter.py:115}}
Jul 21 15:29:44.057160 np0000005573 nova-conductor[95880]: DEBUG dbcounter [-] [95880] Writing DB stats nova_cell0:SELECT=1 {{(pid=95880) stat_writer /opt/stack/data/venv/lib/python3.12/site-packages/dbcounter.py:115}}
Jul 21 15:29:47.045831 np0000005573 nova-conductor[95872]: DEBUG oslo.service.backend._threading.loopingcall [None req-db0bb675-84f8-473c-aca0-ee4a5713d969 None None] Dynamic interval looping call 'nova.service.Service.periodic_tasks' sleeping for 60.00 seconds {{(pid=95872) _run_loop /opt/stack/data/venv/lib/python3.12/site-packages/oslo_service/backend/_threading/loopingcall.py:125}}
Jul 21 15:30:03.913589 np0000005573 nova-conductor[95872]: DEBUG oslo_db.sqlalchemy.engines [None req-687101cf-4c43-4bc6-b401-66d60a705197 tempest-ServersNegativeTestJSON-551361517 tempest-ServersNegativeTestJSON-551361517-project-member] Parent process 94370 forked (95872) with an open database connection, which is being discarded and recreated. {{(pid=95872) checkout /opt/stack/data/venv/lib/python3.12/site-packages/oslo_db/sqlalchemy/engines.py:402}}
Jul 21 15:30:03.967005 np0000005573 nova-conductor[95872]: DEBUG dbcounter [-] [95872] Writer thread running {{(pid=95872) stat_writer /opt/stack/data/venv/lib/python3.12/site-packages/dbcounter.py:102}}
Jul 21 15:30:04.899195 np0000005573 nova-conductor[95872]: DEBUG nova.conductor.manager [None req-687101cf-4c43-4bc6-b401-66d60a705197 tempest-ServersNegativeTestJSON-551361517 tempest-ServersNegativeTestJSON-551361517-project-member] Took 0.93 seconds to select destinations for 1 instance(s). {{(pid=95872) _schedule_instances /opt/stack/nova/nova/conductor/manager.py:968}}
Jul 21 15:30:04.933785 np0000005573 nova-conductor[95872]: DEBUG oslo_concurrency.lockutils [None req-687101cf-4c43-4bc6-b401-66d60a705197 tempest-ServersNegativeTestJSON-551361517 tempest-ServersNegativeTestJSON-551361517-project-member] Acquiring lock "1af50319-8186-47a0-9d81-fbad0af73201" by "nova.context.set_target_cell..get_or_set_cached_cell_and_set_connections" {{(pid=95872) inner /opt/stack/data/venv/lib/python3.12/site-packages/oslo_concurrency/lockutils.py:512}}
Jul 21 15:30:04.934237 np0000005573 nova-conductor[95872]: DEBUG oslo_concurrency.lockutils [None req-687101cf-4c43-4bc6-b401-66d60a705197 tempest-ServersNegativeTestJSON-551361517 tempest-ServersNegativeTestJSON-551361517-project-member] Lock "1af50319-8186-47a0-9d81-fbad0af73201" acquired by "nova.context.set_target_cell..get_or_set_cached_cell_and_set_connections" :: waited 0.000s {{(pid=95872) inner /opt/stack/data/venv/lib/python3.12/site-packages/oslo_concurrency/lockutils.py:525}}
Jul 21 15:30:04.936037 np0000005573 nova-conductor[95872]: DEBUG oslo_concurrency.lockutils [None req-687101cf-4c43-4bc6-b401-66d60a705197 tempest-ServersNegativeTestJSON-551361517 tempest-ServersNegativeTestJSON-551361517-project-member] Lock "1af50319-8186-47a0-9d81-fbad0af73201" "released" by "nova.context.set_target_cell..get_or_set_cached_cell_and_set_connections" :: held 0.002s {{(pid=95872) inner /opt/stack/data/venv/lib/python3.12/site-packages/oslo_concurrency/lockutils.py:544}}
Jul 21 15:30:04.938132 np0000005573 nova-conductor[95872]: INFO dbcounter [None req-687101cf-4c43-4bc6-b401-66d60a705197 tempest-ServersNegativeTestJSON-551361517 tempest-ServersNegativeTestJSON-551361517-project-member] Registered counter for database nova_cell1
Jul 21 15:30:04.980675 np0000005573 nova-conductor[95872]: DEBUG oslo_db.sqlalchemy.engines [None req-687101cf-4c43-4bc6-b401-66d60a705197 tempest-ServersNegativeTestJSON-551361517 tempest-ServersNegativeTestJSON-551361517-project-member] MySQL server mode set to STRICT_TRANS_TABLES,STRICT_ALL_TABLES,NO_ZERO_IN_DATE,NO_ZERO_DATE,ERROR_FOR_DIVISION_BY_ZERO,TRADITIONAL,NO_ENGINE_SUBSTITUTION {{(pid=95872) _check_effective_sql_mode /opt/stack/data/venv/lib/python3.12/site-packages/oslo_db/sqlalchemy/engines.py:325}}
Jul 21 15:30:04.989942 np0000005573 nova-conductor[95872]: DEBUG dbcounter [-] [95872] Writer thread running {{(pid=95872) stat_writer /opt/stack/data/venv/lib/python3.12/site-packages/dbcounter.py:102}}
Jul 21 15:30:05.089198 np0000005573 nova-conductor[95872]: INFO nova.utils [None req-687101cf-4c43-4bc6-b401-66d60a705197 tempest-ServersNegativeTestJSON-551361517 tempest-ServersNegativeTestJSON-551361517-project-member] The cell worker thread pool ForkProcess-2.cell_worker is initialized
Jul 21 15:30:05.089589 np0000005573 nova-conductor[95872]: DEBUG oslo_concurrency.lockutils [None req-687101cf-4c43-4bc6-b401-66d60a705197 tempest-ServersNegativeTestJSON-551361517 tempest-ServersNegativeTestJSON-551361517-project-member] Acquiring lock "00000000-0000-0000-0000-000000000000" by "nova.context.set_target_cell..get_or_set_cached_cell_and_set_connections" {{(pid=95872) inner /opt/stack/data/venv/lib/python3.12/site-packages/oslo_concurrency/lockutils.py:512}}
Jul 21 15:30:05.089589 np0000005573 nova-conductor[95872]: DEBUG oslo_concurrency.lockutils [None req-687101cf-4c43-4bc6-b401-66d60a705197 tempest-ServersNegativeTestJSON-551361517 tempest-ServersNegativeTestJSON-551361517-project-member] Lock "00000000-0000-0000-0000-000000000000" acquired by "nova.context.set_target_cell..get_or_set_cached_cell_and_set_connections" :: waited 0.000s {{(pid=95872) inner /opt/stack/data/venv/lib/python3.12/site-packages/oslo_concurrency/lockutils.py:525}}
Jul 21 15:30:05.090013 np0000005573 nova-conductor[95872]: DEBUG oslo_concurrency.lockutils [None req-687101cf-4c43-4bc6-b401-66d60a705197 tempest-ServersNegativeTestJSON-551361517 tempest-ServersNegativeTestJSON-551361517-project-member] Lock "00000000-0000-0000-0000-000000000000" "released" by "nova.context.set_target_cell..get_or_set_cached_cell_and_set_connections" :: held 0.000s {{(pid=95872) inner /opt/stack/data/venv/lib/python3.12/site-packages/oslo_concurrency/lockutils.py:544}}
Jul 21 15:30:05.091943 np0000005573 nova-conductor[95872]: DEBUG oslo_concurrency.lockutils [None req-687101cf-4c43-4bc6-b401-66d60a705197 tempest-ServersNegativeTestJSON-551361517 tempest-ServersNegativeTestJSON-551361517-project-member] Acquiring lock "1af50319-8186-47a0-9d81-fbad0af73201" by "nova.context.set_target_cell..get_or_set_cached_cell_and_set_connections" {{(pid=95872) inner /opt/stack/data/venv/lib/python3.12/site-packages/oslo_concurrency/lockutils.py:512}}
Jul 21 15:30:05.092178 np0000005573 nova-conductor[95872]: DEBUG oslo_concurrency.lockutils [None req-687101cf-4c43-4bc6-b401-66d60a705197 tempest-ServersNegativeTestJSON-551361517 tempest-ServersNegativeTestJSON-551361517-project-member] Lock "1af50319-8186-47a0-9d81-fbad0af73201" acquired by "nova.context.set_target_cell..get_or_set_cached_cell_and_set_connections" :: waited 0.000s {{(pid=95872) inner /opt/stack/data/venv/lib/python3.12/site-packages/oslo_concurrency/lockutils.py:525}}
Jul 21 15:30:05.092264 np0000005573 nova-conductor[95872]: DEBUG oslo_concurrency.lockutils [None req-687101cf-4c43-4bc6-b401-66d60a705197 tempest-ServersNegativeTestJSON-551361517 tempest-ServersNegativeTestJSON-551361517-project-member] Lock "1af50319-8186-47a0-9d81-fbad0af73201" "released" by "nova.context.set_target_cell..get_or_set_cached_cell_and_set_connections" :: held 0.000s {{(pid=95872) inner /opt/stack/data/venv/lib/python3.12/site-packages/oslo_concurrency/lockutils.py:544}}
Jul 21 15:30:05.094828 np0000005573 nova-conductor[95872]: INFO dbcounter [None req-687101cf-4c43-4bc6-b401-66d60a705197 tempest-ServersNegativeTestJSON-551361517 tempest-ServersNegativeTestJSON-551361517-project-member] Registered counter for database nova_cell0
Jul 21 15:30:05.149729 np0000005573 nova-conductor[95872]: DEBUG oslo_db.sqlalchemy.engines [None req-687101cf-4c43-4bc6-b401-66d60a705197 tempest-ServersNegativeTestJSON-551361517 tempest-ServersNegativeTestJSON-551361517-project-member] MySQL server mode set to STRICT_TRANS_TABLES,STRICT_ALL_TABLES,NO_ZERO_IN_DATE,NO_ZERO_DATE,ERROR_FOR_DIVISION_BY_ZERO,TRADITIONAL,NO_ENGINE_SUBSTITUTION {{(pid=95872) _check_effective_sql_mode /opt/stack/data/venv/lib/python3.12/site-packages/oslo_db/sqlalchemy/engines.py:325}}
Jul 21 15:30:05.157932 np0000005573 nova-conductor[95872]: DEBUG dbcounter [-] [95872] Writer thread running {{(pid=95872) stat_writer /opt/stack/data/venv/lib/python3.12/site-packages/dbcounter.py:102}}
Jul 21 15:30:05.169950 np0000005573 nova-conductor[95872]: DEBUG nova.quota [None req-687101cf-4c43-4bc6-b401-66d60a705197 tempest-ServersNegativeTestJSON-551361517 tempest-ServersNegativeTestJSON-551361517-project-member] Getting quotas for project ee241dea22464aee8c964b0720ede0ec. Resources: {'ram', 'cores', 'instances'} {{(pid=95872) _get_quotas /opt/stack/nova/nova/quota.py:389}}
Jul 21 15:30:05.174540 np0000005573 nova-conductor[95872]: DEBUG nova.quota [None req-687101cf-4c43-4bc6-b401-66d60a705197 tempest-ServersNegativeTestJSON-551361517 tempest-ServersNegativeTestJSON-551361517-project-member] Getting quotas for user ca0c62e7b1ca4321b5361b45589d9e9a and project ee241dea22464aee8c964b0720ede0ec. Resources: {'ram', 'cores', 'instances'} {{(pid=95872) _get_quotas /opt/stack/nova/nova/quota.py:379}}
Jul 21 15:30:05.181732 np0000005573 nova-conductor[95872]: DEBUG nova.conductor.manager [None req-687101cf-4c43-4bc6-b401-66d60a705197 tempest-ServersNegativeTestJSON-551361517 tempest-ServersNegativeTestJSON-551361517-project-member] [instance: f53014fa-ea68-4747-936b-0551b776ec30] Selected host: np0000005573; Selected node: np0000005573; Alternates: [] {{(pid=95872) schedule_and_build_instances /opt/stack/nova/nova/conductor/manager.py:1784}}
Jul 21 15:30:05.182414 np0000005573 nova-conductor[95872]: DEBUG oslo_concurrency.lockutils [None req-687101cf-4c43-4bc6-b401-66d60a705197 tempest-ServersNegativeTestJSON-551361517 tempest-ServersNegativeTestJSON-551361517-project-member] Acquiring lock "1af50319-8186-47a0-9d81-fbad0af73201" by "nova.context.set_target_cell..get_or_set_cached_cell_and_set_connections" {{(pid=95872) inner /opt/stack/data/venv/lib/python3.12/site-packages/oslo_concurrency/lockutils.py:512}}
Jul 21 15:30:05.182946 np0000005573 nova-conductor[95872]: DEBUG oslo_concurrency.lockutils [None req-687101cf-4c43-4bc6-b401-66d60a705197 tempest-ServersNegativeTestJSON-551361517 tempest-ServersNegativeTestJSON-551361517-project-member] Lock "1af50319-8186-47a0-9d81-fbad0af73201" acquired by "nova.context.set_target_cell..get_or_set_cached_cell_and_set_connections" :: waited 0.000s {{(pid=95872) inner /opt/stack/data/venv/lib/python3.12/site-packages/oslo_concurrency/lockutils.py:525}}
Jul 21 15:30:05.182946 np0000005573 nova-conductor[95872]: DEBUG oslo_concurrency.lockutils [None req-687101cf-4c43-4bc6-b401-66d60a705197 tempest-ServersNegativeTestJSON-551361517 tempest-ServersNegativeTestJSON-551361517-project-member] Lock "1af50319-8186-47a0-9d81-fbad0af73201" "released" by "nova.context.set_target_cell..get_or_set_cached_cell_and_set_connections" :: held 0.000s {{(pid=95872) inner /opt/stack/data/venv/lib/python3.12/site-packages/oslo_concurrency/lockutils.py:544}}
Jul 21 15:30:05.203943 np0000005573 nova-conductor[95872]: DEBUG nova.conductor.manager [None req-687101cf-4c43-4bc6-b401-66d60a705197 tempest-ServersNegativeTestJSON-551361517 tempest-ServersNegativeTestJSON-551361517-project-member] [instance: f53014fa-ea68-4747-936b-0551b776ec30] block_device_mapping [BlockDeviceMapping(attachment_id=,boot_index=0,connection_info=None,created_at=,delete_on_termination=True,deleted=,deleted_at=,destination_type='local',device_name=None,device_type='disk',disk_bus=None,encrypted=False,encryption_format=None,encryption_options=None,encryption_secret_uuid=None,guest_format=None,id=,image_id='093297ba-2fa3-4556-ad97-0b2893b5e514',instance=,instance_uuid=,no_device=False,snapshot_id=None,source_type='image',tag=None,updated_at=,uuid=,volume_id=None,volume_size=None,volume_type=None)] {{(pid=95872) _create_block_device_mapping /opt/stack/nova/nova/conductor/manager.py:1529}}
Jul 21 15:30:05.205645 np0000005573 nova-conductor[95872]: DEBUG oslo_concurrency.lockutils [None req-687101cf-4c43-4bc6-b401-66d60a705197 tempest-ServersNegativeTestJSON-551361517 tempest-ServersNegativeTestJSON-551361517-project-member] Acquiring lock "1af50319-8186-47a0-9d81-fbad0af73201" by "nova.context.set_target_cell..get_or_set_cached_cell_and_set_connections" {{(pid=95872) inner /opt/stack/data/venv/lib/python3.12/site-packages/oslo_concurrency/lockutils.py:512}}
Jul 21 15:30:05.205872 np0000005573 nova-conductor[95872]: DEBUG oslo_concurrency.lockutils [None req-687101cf-4c43-4bc6-b401-66d60a705197 tempest-ServersNegativeTestJSON-551361517 tempest-ServersNegativeTestJSON-551361517-project-member] Lock "1af50319-8186-47a0-9d81-fbad0af73201" acquired by "nova.context.set_target_cell..get_or_set_cached_cell_and_set_connections" :: waited 0.000s {{(pid=95872) inner /opt/stack/data/venv/lib/python3.12/site-packages/oslo_concurrency/lockutils.py:525}}
Jul 21 15:30:05.206089 np0000005573 nova-conductor[95872]: DEBUG oslo_concurrency.lockutils [None req-687101cf-4c43-4bc6-b401-66d60a705197 tempest-ServersNegativeTestJSON-551361517 tempest-ServersNegativeTestJSON-551361517-project-member] Lock "1af50319-8186-47a0-9d81-fbad0af73201" "released" by "nova.context.set_target_cell..get_or_set_cached_cell_and_set_connections" :: held 0.000s {{(pid=95872) inner /opt/stack/data/venv/lib/python3.12/site-packages/oslo_concurrency/lockutils.py:544}}
Jul 21 15:30:05.283784 np0000005573 nova-conductor[95872]: DEBUG oslo_concurrency.lockutils [None req-687101cf-4c43-4bc6-b401-66d60a705197 tempest-ServersNegativeTestJSON-551361517 tempest-ServersNegativeTestJSON-551361517-project-member] Acquiring lock "1af50319-8186-47a0-9d81-fbad0af73201" by "nova.context.set_target_cell..get_or_set_cached_cell_and_set_connections" {{(pid=95872) inner /opt/stack/data/venv/lib/python3.12/site-packages/oslo_concurrency/lockutils.py:512}}
Jul 21 15:30:05.283948 np0000005573 nova-conductor[95872]: DEBUG oslo_concurrency.lockutils [None req-687101cf-4c43-4bc6-b401-66d60a705197 tempest-ServersNegativeTestJSON-551361517 tempest-ServersNegativeTestJSON-551361517-project-member] Lock "1af50319-8186-47a0-9d81-fbad0af73201" acquired by "nova.context.set_target_cell..get_or_set_cached_cell_and_set_connections" :: waited 0.001s {{(pid=95872) inner /opt/stack/data/venv/lib/python3.12/site-packages/oslo_concurrency/lockutils.py:525}}
Jul 21 15:30:05.284120 np0000005573 nova-conductor[95872]: DEBUG oslo_concurrency.lockutils [None req-687101cf-4c43-4bc6-b401-66d60a705197 tempest-ServersNegativeTestJSON-551361517 tempest-ServersNegativeTestJSON-551361517-project-member] Lock "1af50319-8186-47a0-9d81-fbad0af73201" "released" by "nova.context.set_target_cell..get_or_set_cached_cell_and_set_connections" :: held 0.000s {{(pid=95872) inner /opt/stack/data/venv/lib/python3.12/site-packages/oslo_concurrency/lockutils.py:544}}
Jul 21 15:30:05.284529 np0000005573 nova-conductor[95872]: DEBUG oslo_concurrency.lockutils [None req-687101cf-4c43-4bc6-b401-66d60a705197 tempest-ServersNegativeTestJSON-551361517 tempest-ServersNegativeTestJSON-551361517-project-member] Acquiring lock "compute-rpcapi-router" {{(pid=95872) lock /opt/stack/data/venv/lib/python3.12/site-packages/oslo_concurrency/lockutils.py:396}}
Jul 21 15:30:05.284696 np0000005573 nova-conductor[95872]: DEBUG oslo_concurrency.lockutils [None req-687101cf-4c43-4bc6-b401-66d60a705197 tempest-ServersNegativeTestJSON-551361517 tempest-ServersNegativeTestJSON-551361517-project-member] Acquired lock "compute-rpcapi-router" {{(pid=95872) lock /opt/stack/data/venv/lib/python3.12/site-packages/oslo_concurrency/lockutils.py:399}}
Jul 21 15:30:05.285063 np0000005573 nova-conductor[95872]: DEBUG oslo_concurrency.lockutils [None req-e821cad7-25fe-4e01-9a27-fcb46be8e222 None None] Acquiring lock "00000000-0000-0000-0000-000000000000" by "nova.context.set_target_cell..get_or_set_cached_cell_and_set_connections" {{(pid=95872) inner /opt/stack/data/venv/lib/python3.12/site-packages/oslo_concurrency/lockutils.py:512}}
Jul 21 15:30:05.285272 np0000005573 nova-conductor[95872]: DEBUG oslo_concurrency.lockutils [None req-e821cad7-25fe-4e01-9a27-fcb46be8e222 None None] Lock "00000000-0000-0000-0000-000000000000" acquired by "nova.context.set_target_cell..get_or_set_cached_cell_and_set_connections" :: waited 0.000s {{(pid=95872) inner /opt/stack/data/venv/lib/python3.12/site-packages/oslo_concurrency/lockutils.py:525}}
Jul 21 15:30:05.285400 np0000005573 nova-conductor[95872]: DEBUG oslo_concurrency.lockutils [None req-e821cad7-25fe-4e01-9a27-fcb46be8e222 None None] Lock "00000000-0000-0000-0000-000000000000" "released" by "nova.context.set_target_cell..get_or_set_cached_cell_and_set_connections" :: held 0.000s {{(pid=95872) inner /opt/stack/data/venv/lib/python3.12/site-packages/oslo_concurrency/lockutils.py:544}}
Jul 21 15:30:05.286194 np0000005573 nova-conductor[95872]: DEBUG oslo_concurrency.lockutils [None req-e821cad7-25fe-4e01-9a27-fcb46be8e222 None None] Acquiring lock "1af50319-8186-47a0-9d81-fbad0af73201" by "nova.context.set_target_cell..get_or_set_cached_cell_and_set_connections" {{(pid=95872) inner /opt/stack/data/venv/lib/python3.12/site-packages/oslo_concurrency/lockutils.py:512}}
Jul 21 15:30:05.288605 np0000005573 nova-conductor[95872]: DEBUG oslo_concurrency.lockutils [None req-e821cad7-25fe-4e01-9a27-fcb46be8e222 None None] Lock "1af50319-8186-47a0-9d81-fbad0af73201" acquired by "nova.context.set_target_cell..get_or_set_cached_cell_and_set_connections" :: waited 0.002s {{(pid=95872) inner /opt/stack/data/venv/lib/python3.12/site-packages/oslo_concurrency/lockutils.py:525}}
Jul 21 15:30:05.288605 np0000005573 nova-conductor[95872]: DEBUG oslo_concurrency.lockutils [None req-e821cad7-25fe-4e01-9a27-fcb46be8e222 None None] Lock "1af50319-8186-47a0-9d81-fbad0af73201" "released" by "nova.context.set_target_cell..get_or_set_cached_cell_and_set_connections" :: held 0.000s {{(pid=95872) inner /opt/stack/data/venv/lib/python3.12/site-packages/oslo_concurrency/lockutils.py:544}}
Jul 21 15:30:05.296260 np0000005573 nova-conductor[95872]: INFO nova.compute.rpcapi [None req-e821cad7-25fe-4e01-9a27-fcb46be8e222 None None] Automatically selected compute RPC version 6.5 from minimum service version 72
Jul 21 15:30:05.296739 np0000005573 nova-conductor[95872]: DEBUG oslo_concurrency.lockutils [None req-e821cad7-25fe-4e01-9a27-fcb46be8e222 None None] Releasing lock "compute-rpcapi-router" {{(pid=95872) lock /opt/stack/data/venv/lib/python3.12/site-packages/oslo_concurrency/lockutils.py:419}}
Jul 21 15:30:06.484782 np0000005573 nova-conductor[95859]: DEBUG dbcounter [-] [95859] Writer thread running {{(pid=95859) stat_writer /opt/stack/data/venv/lib/python3.12/site-packages/dbcounter.py:102}}
Jul 21 15:30:07.047173 np0000005573 nova-conductor[95859]: DEBUG nova.conductor.manager [None req-7f7d19d9-a2d6-46a9-90ff-2a5f35a6ab00 tempest-DeleteServersTestJSON-200673015 tempest-DeleteServersTestJSON-200673015-project-member] Took 0.56 seconds to select destinations for 1 instance(s). {{(pid=95859) _schedule_instances /opt/stack/nova/nova/conductor/manager.py:968}}
Jul 21 15:30:07.089235 np0000005573 nova-conductor[95859]: DEBUG oslo_concurrency.lockutils [None req-7f7d19d9-a2d6-46a9-90ff-2a5f35a6ab00 tempest-DeleteServersTestJSON-200673015 tempest-DeleteServersTestJSON-200673015-project-member] Acquiring lock "1af50319-8186-47a0-9d81-fbad0af73201" by "nova.context.set_target_cell..get_or_set_cached_cell_and_set_connections" {{(pid=95859) inner /opt/stack/data/venv/lib/python3.12/site-packages/oslo_concurrency/lockutils.py:512}}
Jul 21 15:30:07.092072 np0000005573 nova-conductor[95859]: DEBUG oslo_concurrency.lockutils [None req-7f7d19d9-a2d6-46a9-90ff-2a5f35a6ab00 tempest-DeleteServersTestJSON-200673015 tempest-DeleteServersTestJSON-200673015-project-member] Lock "1af50319-8186-47a0-9d81-fbad0af73201" acquired by "nova.context.set_target_cell..get_or_set_cached_cell_and_set_connections" :: waited 0.000s {{(pid=95859) inner /opt/stack/data/venv/lib/python3.12/site-packages/oslo_concurrency/lockutils.py:525}}
Jul 21 15:30:07.092072 np0000005573 nova-conductor[95859]: DEBUG oslo_concurrency.lockutils [None req-7f7d19d9-a2d6-46a9-90ff-2a5f35a6ab00 tempest-DeleteServersTestJSON-200673015 tempest-DeleteServersTestJSON-200673015-project-member] Lock "1af50319-8186-47a0-9d81-fbad0af73201" "released" by "nova.context.set_target_cell..get_or_set_cached_cell_and_set_connections" :: held 0.002s {{(pid=95859) inner /opt/stack/data/venv/lib/python3.12/site-packages/oslo_concurrency/lockutils.py:544}}
Jul 21 15:30:07.095953 np0000005573 nova-conductor[95859]: INFO dbcounter [None req-7f7d19d9-a2d6-46a9-90ff-2a5f35a6ab00 tempest-DeleteServersTestJSON-200673015 tempest-DeleteServersTestJSON-200673015-project-member] Registered counter for database nova_cell1
Jul 21 15:30:07.142894 np0000005573 nova-conductor[95859]: DEBUG oslo_db.sqlalchemy.engines [None req-7f7d19d9-a2d6-46a9-90ff-2a5f35a6ab00 tempest-DeleteServersTestJSON-200673015 tempest-DeleteServersTestJSON-200673015-project-member] MySQL server mode set to STRICT_TRANS_TABLES,STRICT_ALL_TABLES,NO_ZERO_IN_DATE,NO_ZERO_DATE,ERROR_FOR_DIVISION_BY_ZERO,TRADITIONAL,NO_ENGINE_SUBSTITUTION {{(pid=95859) _check_effective_sql_mode /opt/stack/data/venv/lib/python3.12/site-packages/oslo_db/sqlalchemy/engines.py:325}}
Jul 21 15:30:07.153252 np0000005573 nova-conductor[95859]: DEBUG dbcounter [-] [95859] Writer thread running {{(pid=95859) stat_writer /opt/stack/data/venv/lib/python3.12/site-packages/dbcounter.py:102}}
Jul 21 15:30:07.230992 np0000005573 nova-conductor[95859]: INFO nova.utils [None req-7f7d19d9-a2d6-46a9-90ff-2a5f35a6ab00 tempest-DeleteServersTestJSON-200673015 tempest-DeleteServersTestJSON-200673015-project-member] The cell worker thread pool ForkProcess-1.cell_worker is initialized
Jul 21 15:30:07.231807 np0000005573 nova-conductor[95859]: DEBUG oslo_concurrency.lockutils [None req-7f7d19d9-a2d6-46a9-90ff-2a5f35a6ab00 tempest-DeleteServersTestJSON-200673015 tempest-DeleteServersTestJSON-200673015-project-member] Acquiring lock "00000000-0000-0000-0000-000000000000" by "nova.context.set_target_cell..get_or_set_cached_cell_and_set_connections" {{(pid=95859) inner /opt/stack/data/venv/lib/python3.12/site-packages/oslo_concurrency/lockutils.py:512}}
Jul 21 15:30:07.231807 np0000005573 nova-conductor[95859]: DEBUG oslo_concurrency.lockutils [None req-7f7d19d9-a2d6-46a9-90ff-2a5f35a6ab00 tempest-DeleteServersTestJSON-200673015 tempest-DeleteServersTestJSON-200673015-project-member] Lock "00000000-0000-0000-0000-000000000000" acquired by "nova.context.set_target_cell..get_or_set_cached_cell_and_set_connections" :: waited 0.000s {{(pid=95859) inner /opt/stack/data/venv/lib/python3.12/site-packages/oslo_concurrency/lockutils.py:525}}
Jul 21 15:30:07.232583 np0000005573 nova-conductor[95859]: DEBUG oslo_concurrency.lockutils [None req-7f7d19d9-a2d6-46a9-90ff-2a5f35a6ab00 tempest-DeleteServersTestJSON-200673015 tempest-DeleteServersTestJSON-200673015-project-member] Lock "00000000-0000-0000-0000-000000000000" "released" by "nova.context.set_target_cell..get_or_set_cached_cell_and_set_connections" :: held 0.001s {{(pid=95859) inner /opt/stack/data/venv/lib/python3.12/site-packages/oslo_concurrency/lockutils.py:544}}
Jul 21 15:30:07.235285 np0000005573 nova-conductor[95859]: DEBUG oslo_concurrency.lockutils [None req-7f7d19d9-a2d6-46a9-90ff-2a5f35a6ab00 tempest-DeleteServersTestJSON-200673015 tempest-DeleteServersTestJSON-200673015-project-member] Acquiring lock "1af50319-8186-47a0-9d81-fbad0af73201" by "nova.context.set_target_cell..get_or_set_cached_cell_and_set_connections" {{(pid=95859) inner /opt/stack/data/venv/lib/python3.12/site-packages/oslo_concurrency/lockutils.py:512}}
Jul 21 15:30:07.239300 np0000005573 nova-conductor[95859]: INFO dbcounter [None req-7f7d19d9-a2d6-46a9-90ff-2a5f35a6ab00 tempest-DeleteServersTestJSON-200673015 tempest-DeleteServersTestJSON-200673015-project-member] Registered counter for database nova_cell0
Jul 21 15:30:07.239300 np0000005573 nova-conductor[95859]: DEBUG oslo_concurrency.lockutils [None req-7f7d19d9-a2d6-46a9-90ff-2a5f35a6ab00 tempest-DeleteServersTestJSON-200673015 tempest-DeleteServersTestJSON-200673015-project-member] Lock "1af50319-8186-47a0-9d81-fbad0af73201" acquired by "nova.context.set_target_cell..get_or_set_cached_cell_and_set_connections" :: waited 0.002s {{(pid=95859) inner /opt/stack/data/venv/lib/python3.12/site-packages/oslo_concurrency/lockutils.py:525}}
Jul 21 15:30:07.239300 np0000005573 nova-conductor[95859]: DEBUG oslo_concurrency.lockutils [None req-7f7d19d9-a2d6-46a9-90ff-2a5f35a6ab00 tempest-DeleteServersTestJSON-200673015 tempest-DeleteServersTestJSON-200673015-project-member] Lock "1af50319-8186-47a0-9d81-fbad0af73201" "released" by "nova.context.set_target_cell..get_or_set_cached_cell_and_set_connections" :: held 0.002s {{(pid=95859) inner /opt/stack/data/venv/lib/python3.12/site-packages/oslo_concurrency/lockutils.py:544}}
