Aug 07 14:03:55.132555 np0000006710 devstack@g-api.service[99810]: DEBUG keystoneclient.httpclient [None req-c99e0bb7-957c-41c2-9ad0-0dd92f77b2fc tempest-ImageDependencyTests-974624761 tempest-ImageDependencyTests-974624761-project-member] Failed to find endpoint for management url admin endpoint for identity service not found {{(pid=99810) _process_management_url /opt/stack/data/venv/lib/python3.12/site-packages/keystoneclient/httpclient.py:670}}
Aug 07 14:03:55.349649 np0000006710 devstack@g-api.service[99810]: DEBUG swiftclient [None req-c99e0bb7-957c-41c2-9ad0-0dd92f77b2fc tempest-ImageDependencyTests-974624761 tempest-ImageDependencyTests-974624761-project-member] REQ: curl -i https://10.4.3.33:8080/v1/AUTH_6dd5b92f22274b8985ea1a0ef5079750/glance/b0c56318-a6cd-47ed-973d-8e76cb93d64a -I -H "X-Auth-Token: gAAAAABqdeXLNlYN..." {{(pid=99810) http_log /opt/stack/data/venv/lib/python3.12/site-packages/swiftclient/client.py:160}}
Aug 07 14:03:55.349784 np0000006710 devstack@g-api.service[99810]: DEBUG swiftclient [None req-c99e0bb7-957c-41c2-9ad0-0dd92f77b2fc tempest-ImageDependencyTests-974624761 tempest-ImageDependencyTests-974624761-project-member] RESP STATUS: 200 OK {{(pid=99810) http_log /opt/stack/data/venv/lib/python3.12/site-packages/swiftclient/client.py:161}}
Aug 07 14:03:55.350034 np0000006710 devstack@g-api.service[99810]: DEBUG swiftclient [None req-c99e0bb7-957c-41c2-9ad0-0dd92f77b2fc tempest-ImageDependencyTests-974624761 tempest-ImageDependencyTests-974624761-project-member] RESP HEADERS: {'Date': 'Fri, 07 Aug 2026 14:03:55 GMT', 'Server': 'Apache/2.4.58 (Ubuntu)', 'Content-Type': 'application/octet-stream', 'Content-Length': '1024', 'Etag': '3ba46746129c09afd8d0fde2433c1ae3', 'Last-Modified': 'Fri, 07 Aug 2026 14:03:37 GMT', 'X-Timestamp': '1786111416.71557', 'Accept-Ranges': 'bytes', 'X-Trans-Id': 'tx5d3369d880b948cf83457-006a75e5cb', 'X-Openstack-Request-Id': 'tx5d3369d880b948cf83457-006a75e5cb', 'Connection': 'close'} {{(pid=99810) http_log /opt/stack/data/venv/lib/python3.12/site-packages/swiftclient/client.py:162}}
Aug 07 14:03:55.399160 np0000006710 devstack@g-api.service[99810]: DEBUG swiftclient [None req-c99e0bb7-957c-41c2-9ad0-0dd92f77b2fc tempest-ImageDependencyTests-974624761 tempest-ImageDependencyTests-974624761-project-member] REQ: curl -i https://10.4.3.33:8080/v1/AUTH_6dd5b92f22274b8985ea1a0ef5079750/glance/b0c56318-a6cd-47ed-973d-8e76cb93d64a DELETE -H "X-Auth-Token: gAAAAABqdeXLNlYN..." {{(pid=99810) http_log /opt/stack/data/venv/lib/python3.12/site-packages/swiftclient/client.py:160}}
Aug 07 14:03:55.399160 np0000006710 devstack@g-api.service[99810]: DEBUG swiftclient [None req-c99e0bb7-957c-41c2-9ad0-0dd92f77b2fc tempest-ImageDependencyTests-974624761 tempest-ImageDependencyTests-974624761-project-member] RESP STATUS: 204 No Content {{(pid=99810) http_log /opt/stack/data/venv/lib/python3.12/site-packages/swiftclient/client.py:161}}
Aug 07 14:03:55.399460 np0000006710 devstack@g-api.service[99810]: DEBUG swiftclient [None req-c99e0bb7-957c-41c2-9ad0-0dd92f77b2fc tempest-ImageDependencyTests-974624761 tempest-ImageDependencyTests-974624761-project-member] RESP HEADERS: {'Date': 'Fri, 07 Aug 2026 14:03:55 GMT', 'Server': 'Apache/2.4.58 (Ubuntu)', 'Content-Type': 'text/html; charset=UTF-8', 'X-Trans-Id': 'tx98461f67d0f8400d86d67-006a75e5cb', 'X-Openstack-Request-Id': 'tx98461f67d0f8400d86d67-006a75e5cb', 'Connection': 'close'} {{(pid=99810) http_log /opt/stack/data/venv/lib/python3.12/site-packages/swiftclient/client.py:162}}
Aug 07 14:03:55.455467 np0000006710 devstack@g-api.service[99810]: DEBUG glance.api.middleware.cache [None req-c99e0bb7-957c-41c2-9ad0-0dd92f77b2fc tempest-ImageDependencyTests-974624761 tempest-ImageDependencyTests-974624761-project-member] Removing image b0c56318-a6cd-47ed-973d-8e76cb93d64a from cache {{(pid=99810) _process_DELETE_response /opt/stack/glance/glance/api/middleware/cache.py:264}}
Aug 07 14:03:55.455604 np0000006710 devstack@g-api.service[99810]: DEBUG glance.image_cache.drivers.centralized_db [None req-c99e0bb7-957c-41c2-9ad0-0dd92f77b2fc tempest-ImageDependencyTests-974624761 tempest-ImageDependencyTests-974624761-project-member] Deleting image cache file '/opt/stack/data/glance/cache/b0c56318-a6cd-47ed-973d-8e76cb93d64a' {{(pid=99810) delete_cached_file /opt/stack/glance/glance/image_cache/drivers/centralized_db.py:400}}
Aug 07 14:03:55.466765 np0000006710 devstack@g-api.service[99810]: [pid: 99810|app: 0|req: 140/446] 127.0.0.1 () {40 vars in 837 bytes} [Fri Aug 7 14:03:54 2026] DELETE /v2/images/b0c56318-a6cd-47ed-973d-8e76cb93d64a => generated 0 bytes in 483 msecs (HTTP/1.1 204) 4 headers in 171 bytes (1 switches on core 0)
Aug 07 14:03:55.478754 np0000006710 devstack@g-api.service[99811]: DEBUG glance.api.middleware.version_negotiation [None req-052fafcf-3a56-4dfa-836b-8ffdaddca060 tempest-ImageDependencyTests-974624761 tempest-ImageDependencyTests-974624761-project-member] Determining version of request: GET /v2/images/b0c56318-a6cd-47ed-973d-8e76cb93d64a Accept: application/json {{(pid=99811) process_request /opt/stack/glance/glance/api/middleware/version_negotiation.py:44}}
Aug 07 14:03:55.478926 np0000006710 devstack@g-api.service[99811]: DEBUG glance.api.middleware.version_negotiation [None req-052fafcf-3a56-4dfa-836b-8ffdaddca060 tempest-ImageDependencyTests-974624761 tempest-ImageDependencyTests-974624761-project-member] Using url versioning {{(pid=99811) process_request /opt/stack/glance/glance/api/middleware/version_negotiation.py:57}}
Aug 07 14:03:55.479055 np0000006710 devstack@g-api.service[99811]: DEBUG glance.api.middleware.version_negotiation [None req-052fafcf-3a56-4dfa-836b-8ffdaddca060 tempest-ImageDependencyTests-974624761 tempest-ImageDependencyTests-974624761-project-member] Matched version: v2 {{(pid=99811) process_request /opt/stack/glance/glance/api/middleware/version_negotiation.py:69}}
Aug 07 14:03:55.479149 np0000006710 devstack@g-api.service[99811]: DEBUG glance.api.middleware.version_negotiation [None req-052fafcf-3a56-4dfa-836b-8ffdaddca060 tempest-ImageDependencyTests-974624761 tempest-ImageDependencyTests-974624761-project-member] new path /v2/images/b0c56318-a6cd-47ed-973d-8e76cb93d64a {{(pid=99811) process_request /opt/stack/glance/glance/api/middleware/version_negotiation.py:70}}
Aug 07 14:03:55.485058 np0000006710 devstack@g-api.service[99811]: DEBUG glance.db.sqlalchemy.api [None req-c4f0b6e2-a47a-4167-93cc-e5bb52ae3182 tempest-ImageDependencyTests-974624761 tempest-ImageDependencyTests-974624761-project-member] No image found with ID b0c56318-a6cd-47ed-973d-8e76cb93d64a {{(pid=99811) _image_get /opt/stack/glance/glance/db/sqlalchemy/api.py:301}}
Aug 07 14:03:55.487095 np0000006710 devstack@g-api.service[99811]: [pid: 99811|app: 0|req: 153/447] 127.0.0.1 () {40 vars in 834 bytes} [Fri Aug 7 14:03:55 2026] GET /v2/images/b0c56318-a6cd-47ed-973d-8e76cb93d64a => generated 139 bytes in 8 msecs (HTTP/1.1 404) 4 headers in 164 bytes (1 switches on core 0)
Aug 07 14:03:55.495039 np0000006710 devstack@g-api.service[99809]: DEBUG glance.api.middleware.version_negotiation [None req-924b14ae-f2ef-418a-9b5a-df03bffc4059 tempest-ImageDependencyTests-974624761 tempest-ImageDependencyTests-974624761-project-member] Determining version of request: GET /v2/images Accept: application/json {{(pid=99809) process_request /opt/stack/glance/glance/api/middleware/version_negotiation.py:44}}
Aug 07 14:03:55.495313 np0000006710 devstack@g-api.service[99809]: DEBUG glance.api.middleware.version_negotiation [None req-924b14ae-f2ef-418a-9b5a-df03bffc4059 tempest-ImageDependencyTests-974624761 tempest-ImageDependencyTests-974624761-project-member] Using url versioning {{(pid=99809) process_request /opt/stack/glance/glance/api/middleware/version_negotiation.py:57}}
Aug 07 14:03:55.495455 np0000006710 devstack@g-api.service[99809]: DEBUG glance.api.middleware.version_negotiation [None req-924b14ae-f2ef-418a-9b5a-df03bffc4059 tempest-ImageDependencyTests-974624761 tempest-ImageDependencyTests-974624761-project-member] Matched version: v2 {{(pid=99809) process_request /opt/stack/glance/glance/api/middleware/version_negotiation.py:69}}
Aug 07 14:03:55.495610 np0000006710 devstack@g-api.service[99809]: DEBUG glance.api.middleware.version_negotiation [None req-924b14ae-f2ef-418a-9b5a-df03bffc4059 tempest-ImageDependencyTests-974624761 tempest-ImageDependencyTests-974624761-project-member] new path /v2/images {{(pid=99809) process_request /opt/stack/glance/glance/api/middleware/version_negotiation.py:70}}
Aug 07 14:03:55.548751 np0000006710 devstack@g-api.service[99809]: [pid: 99809|app: 0|req: 155/448] 127.0.0.1 () {40 vars in 760 bytes} [Fri Aug 7 14:03:55 2026] GET /v2/images => generated 4968 bytes in 53 msecs (HTTP/1.1 200) 4 headers in 158 bytes (1 switches on core 0)
Aug 07 14:03:56.696029 np0000006710 devstack@g-api.service[99810]: DEBUG glance.api.middleware.version_negotiation [None req-c99e0bb7-957c-41c2-9ad0-0dd92f77b2fc tempest-ImageDependencyTests-974624761 tempest-ImageDependencyTests-974624761-project-member] Determining version of request: DELETE /v2/images/1cfe73f7-876c-4511-aff0-cae5fc4f82d1 Accept: application/json {{(pid=99810) process_request /opt/stack/glance/glance/api/middleware/version_negotiation.py:44}}
Aug 07 14:03:56.696029 np0000006710 devstack@g-api.service[99810]: DEBUG glance.api.middleware.version_negotiation [None req-c99e0bb7-957c-41c2-9ad0-0dd92f77b2fc tempest-ImageDependencyTests-974624761 tempest-ImageDependencyTests-974624761-project-member] Using url versioning {{(pid=99810) process_request /opt/stack/glance/glance/api/middleware/version_negotiation.py:57}}
Aug 07 14:03:56.696029 np0000006710 devstack@g-api.service[99810]: DEBUG glance.api.middleware.version_negotiation [None req-c99e0bb7-957c-41c2-9ad0-0dd92f77b2fc tempest-ImageDependencyTests-974624761 tempest-ImageDependencyTests-974624761-project-member] Matched version: v2 {{(pid=99810) process_request /opt/stack/glance/glance/api/middleware/version_negotiation.py:69}}
Aug 07 14:03:56.696029 np0000006710 devstack@g-api.service[99810]: DEBUG glance.api.middleware.version_negotiation [None req-c99e0bb7-957c-41c2-9ad0-0dd92f77b2fc tempest-ImageDependencyTests-974624761 tempest-ImageDependencyTests-974624761-project-member] new path /v2/images/1cfe73f7-876c-4511-aff0-cae5fc4f82d1 {{(pid=99810) process_request /opt/stack/glance/glance/api/middleware/version_negotiation.py:70}}
Aug 07 14:03:56.710667 np0000006710 devstack@g-api.service[99810]: WARNING glance.api.v2.images [None req-56600974-b563-49c0-9e31-90a418d6edd0 tempest-ImageDependencyTests-974624761 tempest-ImageDependencyTests-974624761-project-member] After upload to backend, deletion of staged image data has failed because it cannot be found at /tmp/staging//1cfe73f7-876c-4511-aff0-cae5fc4f82d1
Aug 07 14:03:56.711708 np0000006710 devstack@g-api.service[99810]: DEBUG glance_store.backend [None req-56600974-b563-49c0-9e31-90a418d6edd0 tempest-ImageDependencyTests-974624761 tempest-ImageDependencyTests-974624761-project-member] Attempting to import store swift {{(pid=99810) _load_store /opt/stack/data/venv/lib/python3.12/site-packages/glance_store/backend.py:215}}
Aug 07 14:03:56.713512 np0000006710 devstack@g-api.service[99810]: DEBUG glance_store.capabilities [None req-56600974-b563-49c0-9e31-90a418d6edd0 tempest-ImageDependencyTests-974624761 tempest-ImageDependencyTests-974624761-project-member] Store glance_store._drivers.swift.store.SingleTenantStore doesn't support updating dynamic storage capabilities. Please overwrite 'update_capabilities' method of the store to implement updating logics if needed. {{(pid=99810) update_capabilities /opt/stack/data/venv/lib/python3.12/site-packages/glance_store/capabilities.py:91}}
Aug 07 14:03:56.713688 np0000006710 devstack@g-api.service[99810]: DEBUG glance_store.driver [None req-56600974-b563-49c0-9e31-90a418d6edd0 tempest-ImageDependencyTests-974624761 tempest-ImageDependencyTests-974624761-project-member] Late loading location class glance_store._drivers.swift.store.StoreLocation {{(pid=99810) get_store_location_class /opt/stack/data/venv/lib/python3.12/site-packages/glance_store/driver.py:134}}
Aug 07 14:03:56.713884 np0000006710 devstack@g-api.service[99810]: DEBUG glance_store.location [None req-56600974-b563-49c0-9e31-90a418d6edd0 tempest-ImageDependencyTests-974624761 tempest-ImageDependencyTests-974624761-project-member] Registering scheme swift+https with {'store': , 'location_class': , 'store_entry': 'swift'} {{(pid=99810) register_scheme_map /opt/stack/data/venv/lib/python3.12/site-packages/glance_store/location.py:146}}
Aug 07 14:03:56.714121 np0000006710 devstack@g-api.service[99810]: DEBUG glance_store.location [None req-56600974-b563-49c0-9e31-90a418d6edd0 tempest-ImageDependencyTests-974624761 tempest-ImageDependencyTests-974624761-project-member] Registering scheme swift+https with {'store': , 'location_class': , 'store_entry': 'swift'} {{(pid=99810) register_scheme_map /opt/stack/data/venv/lib/python3.12/site-packages/glance_store/location.py:146}}
Aug 07 14:03:56.714342 np0000006710 devstack@g-api.service[99810]: DEBUG glance_store.location [None req-56600974-b563-49c0-9e31-90a418d6edd0 tempest-ImageDependencyTests-974624761 tempest-ImageDependencyTests-974624761-project-member] Registering scheme swift with {'store': , 'location_class': , 'store_entry': 'swift'} {{(pid=99810) register_scheme_map /opt/stack/data/venv/lib/python3.12/site-packages/glance_store/location.py:146}}
Aug 07 14:03:56.714518 np0000006710 devstack@g-api.service[99810]: DEBUG glance_store.location [None req-56600974-b563-49c0-9e31-90a418d6edd0 tempest-ImageDependencyTests-974624761 tempest-ImageDependencyTests-974624761-project-member] Registering scheme swift+https with {'store': , 'location_class': , 'store_entry': 'swift'} {{(pid=99810) register_scheme_map /opt/stack/data/venv/lib/python3.12/site-packages/glance_store/location.py:146}}
Aug 07 14:03:56.714697 np0000006710 devstack@g-api.service[99810]: DEBUG glance_store.location [None req-56600974-b563-49c0-9e31-90a418d6edd0 tempest-ImageDependencyTests-974624761 tempest-ImageDependencyTests-974624761-project-member] Registering scheme swift with {'store': , 'location_class': , 'store_entry': 'swift'} {{(pid=99810) register_scheme_map /opt/stack/data/venv/lib/python3.12/site-packages/glance_store/location.py:146}}
Aug 07 14:03:56.714896 np0000006710 devstack@g-api.service[99810]: DEBUG glance_store.location [None req-56600974-b563-49c0-9e31-90a418d6edd0 tempest-ImageDependencyTests-974624761 tempest-ImageDependencyTests-974624761-project-member] Registering scheme swift+http with {'store': , 'location_class': , 'store_entry': 'swift'} {{(pid=99810) register_scheme_map /opt/stack/data/venv/lib/python3.12/site-packages/glance_store/location.py:146}}
Aug 07 14:03:56.715072 np0000006710 devstack@g-api.service[99810]: DEBUG glance_store.location [None req-56600974-b563-49c0-9e31-90a418d6edd0 tempest-ImageDependencyTests-974624761 tempest-ImageDependencyTests-974624761-project-member] Registering scheme swift+https with {'store': , 'location_class': , 'store_entry': 'swift'} {{(pid=99810) register_scheme_map /opt/stack/data/venv/lib/python3.12/site-packages/glance_store/location.py:146}}
Aug 07 14:03:56.715225 np0000006710 devstack@g-api.service[99810]: DEBUG glance_store.location [None req-56600974-b563-49c0-9e31-90a418d6edd0 tempest-ImageDependencyTests-974624761 tempest-ImageDependencyTests-974624761-project-member] Registering scheme swift with {'store': , 'location_class': , 'store_entry': 'swift'} {{(pid=99810) register_scheme_map /opt/stack/data/venv/lib/python3.12/site-packages/glance_store/location.py:146}}
Aug 07 14:03:56.715415 np0000006710 devstack@g-api.service[99810]: DEBUG glance_store.location [None req-56600974-b563-49c0-9e31-90a418d6edd0 tempest-ImageDependencyTests-974624761 tempest-ImageDependencyTests-974624761-project-member] Registering scheme swift+http with {'store': , 'location_class': , 'store_entry': 'swift'} {{(pid=99810) register_scheme_map /opt/stack/data/venv/lib/python3.12/site-packages/glance_store/location.py:146}}
Aug 07 14:03:56.715591 np0000006710 devstack@g-api.service[99810]: DEBUG glance_store.location [None req-56600974-b563-49c0-9e31-90a418d6edd0 tempest-ImageDependencyTests-974624761 tempest-ImageDependencyTests-974624761-project-member] Registering scheme swift+config with {'store': , 'location_class': , 'store_entry': 'swift'} {{(pid=99810) register_scheme_map /opt/stack/data/venv/lib/python3.12/site-packages/glance_store/location.py:146}}
Aug 07 14:03:56.716343 np0000006710 devstack@g-api.service[99810]: DEBUG keystoneclient.auth.identity.v3.base [None req-56600974-b563-49c0-9e31-90a418d6edd0 tempest-ImageDependencyTests-974624761 tempest-ImageDependencyTests-974624761-project-member] Making authentication request to https://10.4.3.33/identity/v3/auth/tokens {{(pid=99810) get_auth_ref /opt/stack/data/venv/lib/python3.12/site-packages/keystoneclient/auth/identity/v3/base.py:185}}
Aug 07 14:03:56.736823 np0000006710 devstack@g-api.service[99811]: DEBUG glance.api.middleware.version_negotiation [None req-c4f0b6e2-a47a-4167-93cc-e5bb52ae3182 tempest-ImageDependencyTests-974624761 tempest-ImageDependencyTests-974624761-project-member] Determining version of request: GET /v2/images/10f618dd-476b-4239-ab2a-30edcc967917 Accept: application/json {{(pid=99811) process_request /opt/stack/glance/glance/api/middleware/version_negotiation.py:44}}
Aug 07 14:03:56.737310 np0000006710 devstack@g-api.service[99811]: DEBUG glance.api.middleware.version_negotiation [None req-c4f0b6e2-a47a-4167-93cc-e5bb52ae3182 tempest-ImageDependencyTests-974624761 tempest-ImageDependencyTests-974624761-project-member] Using url versioning {{(pid=99811) process_request /opt/stack/glance/glance/api/middleware/version_negotiation.py:57}}
Aug 07 14:03:56.737310 np0000006710 devstack@g-api.service[99811]: DEBUG glance.api.middleware.version_negotiation [None req-c4f0b6e2-a47a-4167-93cc-e5bb52ae3182 tempest-ImageDependencyTests-974624761 tempest-ImageDependencyTests-974624761-project-member] Matched version: v2 {{(pid=99811) process_request /opt/stack/glance/glance/api/middleware/version_negotiation.py:69}}
Aug 07 14:03:56.737310 np0000006710 devstack@g-api.service[99811]: DEBUG glance.api.middleware.version_negotiation [None req-c4f0b6e2-a47a-4167-93cc-e5bb52ae3182 tempest-ImageDependencyTests-974624761 tempest-ImageDependencyTests-974624761-project-member] new path /v2/images/10f618dd-476b-4239-ab2a-30edcc967917 {{(pid=99811) process_request /opt/stack/glance/glance/api/middleware/version_negotiation.py:70}}
Aug 07 14:03:56.811856 np0000006710 devstack@g-api.service[99810]: DEBUG keystoneclient.auth.identity.v3.base [None req-56600974-b563-49c0-9e31-90a418d6edd0 tempest-ImageDependencyTests-974624761 tempest-ImageDependencyTests-974624761-project-member] {"token": {"methods": ["password"], "user": {"domain": {"id": "default", "name": "Default"}, "id": "ea9eebfe3bd9486d9bda5b0d6647fd9f", "name": "glance-swift", "password_expires_at": null}, "audit_ids": ["EWBQO3dzSuOMj619-F2tHA"], "expires_at": "2026-08-07T15:03:56.000000Z", "issued_at": "2026-08-07T14:03:56.000000Z", "project": {"domain": {"id": "default", "name": "Default"}, "id": "6dd5b92f22274b8985ea1a0ef5079750", "name": "service"}, "is_domain": false, "roles": [{"id": "8b0f45c6fe424a838dc8d3eb872df3f4", "name": "service"}, {"id": "e6e1765ca02a40d2b9e4aafbc2c5d65a", "name": "ResellerAdmin"}], "catalog": [{"endpoints": [{"id": "452f27bef8864e52aa951fe93e3d2dee", "interface": "public", "region_id": "RegionOne", "url": "https://10.4.3.33/placement", "region": "RegionOne"}], "id": "0c55463cbab04dadb70447f3f6176a96", "type": "placement", "name": "placement"}, {"endpoints": [{"id": "aeb57403e1004e0a95ce571ab13158dc", "interface": "public", "region_id": "RegionOne", "url": "https://10.4.3.33/volume/v3", "region": "RegionOne"}], "id": "24d082747e2a45cc8b7b8f17fd80c9ca", "type": "block-storage", "name": "cinder"}, {"endpoints": [{"id": "3a0f186b73a6404d8867d3801c089a13", "interface": "public", "region_id": "RegionOne", "url": "https://10.4.3.33/compute/v2.1", "region": "RegionOne"}], "id": "2c624e6bf21341c095061b3231f9c7c0", "type": "compute", "name": "nova"}, {"endpoints": [{"id": "10e37f8fd2f84e3091e165476c4b5f12", "interface": "admin", "region_id": "RegionOne", "url": "https://10.4.3.33:8080", "region": "RegionOne"}, {"id": "88cb2074001540cb85e193215aa4997f", "interface": "public", "region_id": "RegionOne", "url": "https://10.4.3.33:8080/v1/AUTH_6dd5b92f22274b8985ea1a0ef5079750", "region": "RegionOne"}], "id": "3202eaef702d44e1935c58c70cd24084", "type": "object-store", "name": "swift"}, {"endpoints": [{"id": "3eee60c4ba424eafbd0e336220735978", "interface": "public", "region_id": "RegionOne", "url": "https://10.4.3.33/identity", "region": "RegionOne"}], "id": "425be2e19e1340dcb00827a412e05a20", "type": "identity", "name": "keystone"}, {"endpoints": [{"id": "4e555db098cc4abdb5bab38d73cd37a8", "interface": "public", "region_id": "RegionOne", "url": "https://10.4.3.33/compute/v2/6dd5b92f22274b8985ea1a0ef5079750", "region": "RegionOne"}], "id": "7e29bb59daa846c1ae7620b31762d1d7", "type": "compute_legacy", "name": "nova_legacy"}, {"endpoints": [{"id": "130fb18c7ad240559b71fdfbb32ba044", "interface": "public", "region_id": "RegionOne", "url": "https://10.4.3.33/networking", "region": "RegionOne"}], "id": "8ecdb7cc87d54dceb2b5f75f621c0bfa", "type": "network", "name": "neutron"}, {"endpoints": [{"id": "8d67e7740769425bb79c3a74b8280deb", "interface": "public", "region_id": "RegionOne", "url": "https://10.4.3.33/image", "region": "RegionOne"}], "id": "e38916803f4747e091855ec5dc4f46d7", "type": "image", "name": "glance"}]}} {{(pid=99810) get_auth_ref /opt/stack/data/venv/lib/python3.12/site-packages/keystoneclient/auth/identity/v3/base.py:190}}
Aug 07 14:03:56.812577 np0000006710 devstack@g-api.service[99810]: DEBUG keystoneclient.httpclient [None req-56600974-b563-49c0-9e31-90a418d6edd0 tempest-ImageDependencyTests-974624761 tempest-ImageDependencyTests-974624761-project-member] Failed to find endpoint for management url admin endpoint for identity service not found {{(pid=99810) _process_management_url /opt/stack/data/venv/lib/python3.12/site-packages/keystoneclient/httpclient.py:670}}
Aug 07 14:03:56.840826 np0000006710 devstack@g-api.service[99811]: [pid: 99811|app: 0|req: 154/449] 127.0.0.1 () {40 vars in 834 bytes} [Fri Aug 7 14:03:56 2026] GET /v2/images/10f618dd-476b-4239-ab2a-30edcc967917 => generated 1044 bytes in 104 msecs (HTTP/1.1 200) 4 headers in 158 bytes (1 switches on core 0)
Aug 07 14:03:56.863416 np0000006710 devstack@g-api.service[99809]: DEBUG glance.api.middleware.version_negotiation [None req-2c1b4412-cb3e-4910-bd2f-abdfbedc4789 tempest-ImageDependencyTests-974624761 tempest-ImageDependencyTests-974624761-project-reader] Determining version of request: GET /v2/images/10f618dd-476b-4239-ab2a-30edcc967917 Accept: */* {{(pid=99809) process_request /opt/stack/glance/glance/api/middleware/version_negotiation.py:44}}
Aug 07 14:03:56.863849 np0000006710 devstack@g-api.service[99809]: DEBUG glance.api.middleware.version_negotiation [None req-2c1b4412-cb3e-4910-bd2f-abdfbedc4789 tempest-ImageDependencyTests-974624761 tempest-ImageDependencyTests-974624761-project-reader] Using url versioning {{(pid=99809) process_request /opt/stack/glance/glance/api/middleware/version_negotiation.py:57}}
Aug 07 14:03:56.863849 np0000006710 devstack@g-api.service[99809]: DEBUG glance.api.middleware.version_negotiation [None req-2c1b4412-cb3e-4910-bd2f-abdfbedc4789 tempest-ImageDependencyTests-974624761 tempest-ImageDependencyTests-974624761-project-reader] Matched version: v2 {{(pid=99809) process_request /opt/stack/glance/glance/api/middleware/version_negotiation.py:69}}
Aug 07 14:03:56.863953 np0000006710 devstack@g-api.service[99809]: DEBUG glance.api.middleware.version_negotiation [None req-2c1b4412-cb3e-4910-bd2f-abdfbedc4789 tempest-ImageDependencyTests-974624761 tempest-ImageDependencyTests-974624761-project-reader] new path /v2/images/10f618dd-476b-4239-ab2a-30edcc967917 {{(pid=99809) process_request /opt/stack/glance/glance/api/middleware/version_negotiation.py:70}}
Aug 07 14:03:56.875012 np0000006710 devstack@g-api.service[99809]: [pid: 99809|app: 0|req: 156/450] 127.0.0.1 () {44 vars in 1111 bytes} [Fri Aug 7 14:03:56 2026] GET /v2/images/10f618dd-476b-4239-ab2a-30edcc967917 => generated 1044 bytes in 12 msecs (HTTP/1.1 200) 4 headers in 158 bytes (1 switches on core 0)
Aug 07 14:03:56.883592 np0000006710 devstack@g-api.service[99811]: DEBUG glance.api.middleware.version_negotiation [None req-ad64e23e-0cd1-4904-8e17-bb32e3b15c3e tempest-VolumesExtendTest-17992438 tempest-VolumesExtendTest-17992438-project-member] Determining version of request: GET /v2/schemas/image Accept: */* {{(pid=99811) process_request /opt/stack/glance/glance/api/middleware/version_negotiation.py:44}}
Aug 07 14:03:56.883730 np0000006710 devstack@g-api.service[99811]: DEBUG glance.api.middleware.version_negotiation [None req-ad64e23e-0cd1-4904-8e17-bb32e3b15c3e tempest-VolumesExtendTest-17992438 tempest-VolumesExtendTest-17992438-project-member] Using url versioning {{(pid=99811) process_request /opt/stack/glance/glance/api/middleware/version_negotiation.py:57}}
Aug 07 14:03:56.883789 np0000006710 devstack@g-api.service[99811]: DEBUG glance.api.middleware.version_negotiation [None req-ad64e23e-0cd1-4904-8e17-bb32e3b15c3e tempest-VolumesExtendTest-17992438 tempest-VolumesExtendTest-17992438-project-member] Matched version: v2 {{(pid=99811) process_request /opt/stack/glance/glance/api/middleware/version_negotiation.py:69}}
Aug 07 14:03:56.883883 np0000006710 devstack@g-api.service[99811]: DEBUG glance.api.middleware.version_negotiation [None req-ad64e23e-0cd1-4904-8e17-bb32e3b15c3e tempest-VolumesExtendTest-17992438 tempest-VolumesExtendTest-17992438-project-member] new path /v2/schemas/image {{(pid=99811) process_request /opt/stack/glance/glance/api/middleware/version_negotiation.py:70}}
Aug 07 14:03:56.886232 np0000006710 devstack@g-api.service[99811]: [pid: 99811|app: 0|req: 155/451] 127.0.0.1 () {44 vars in 1051 bytes} [Fri Aug 7 14:03:56 2026] GET /v2/schemas/image => generated 6083 bytes in 3 msecs (HTTP/1.1 200) 4 headers in 158 bytes (1 switches on core 0)
Aug 07 14:03:56.895030 np0000006710 devstack@g-api.service[99809]: DEBUG glance.api.middleware.version_negotiation [None req-fa671c52-5c3a-4504-9659-4bbcdd9a3476 tempest-VolumesExtendTest-17992438 tempest-VolumesExtendTest-17992438-project-member] Determining version of request: GET /v2/schemas/image Accept: */* {{(pid=99809) process_request /opt/stack/glance/glance/api/middleware/version_negotiation.py:44}}
Aug 07 14:03:56.895229 np0000006710 devstack@g-api.service[99809]: DEBUG glance.api.middleware.version_negotiation [None req-fa671c52-5c3a-4504-9659-4bbcdd9a3476 tempest-VolumesExtendTest-17992438 tempest-VolumesExtendTest-17992438-project-member] Using url versioning {{(pid=99809) process_request /opt/stack/glance/glance/api/middleware/version_negotiation.py:57}}
Aug 07 14:03:56.895444 np0000006710 devstack@g-api.service[99809]: DEBUG glance.api.middleware.version_negotiation [None req-fa671c52-5c3a-4504-9659-4bbcdd9a3476 tempest-VolumesExtendTest-17992438 tempest-VolumesExtendTest-17992438-project-member] Matched version: v2 {{(pid=99809) process_request /opt/stack/glance/glance/api/middleware/version_negotiation.py:69}}
Aug 07 14:03:56.895548 np0000006710 devstack@g-api.service[99809]: DEBUG glance.api.middleware.version_negotiation [None req-fa671c52-5c3a-4504-9659-4bbcdd9a3476 tempest-VolumesExtendTest-17992438 tempest-VolumesExtendTest-17992438-project-member] new path /v2/schemas/image {{(pid=99809) process_request /opt/stack/glance/glance/api/middleware/version_negotiation.py:70}}
Aug 07 14:03:56.898361 np0000006710 devstack@g-api.service[99809]: [pid: 99809|app: 0|req: 157/452] 127.0.0.1 () {44 vars in 1051 bytes} [Fri Aug 7 14:03:56 2026] GET /v2/schemas/image => generated 6083 bytes in 3 msecs (HTTP/1.1 200) 4 headers in 158 bytes (1 switches on core 0)
Aug 07 14:03:56.909560 np0000006710 devstack@g-api.service[99811]: DEBUG glance.api.middleware.version_negotiation [None req-fa671c52-5c3a-4504-9659-4bbcdd9a3476 tempest-VolumesExtendTest-17992438 tempest-VolumesExtendTest-17992438-project-member] Determining version of request: GET /v2/images/10f618dd-476b-4239-ab2a-30edcc967917 Accept: */* {{(pid=99811) process_request /opt/stack/glance/glance/api/middleware/version_negotiation.py:44}}
Aug 07 14:03:56.909733 np0000006710 devstack@g-api.service[99811]: DEBUG glance.api.middleware.version_negotiation [None req-fa671c52-5c3a-4504-9659-4bbcdd9a3476 tempest-VolumesExtendTest-17992438 tempest-VolumesExtendTest-17992438-project-member] Using url versioning {{(pid=99811) process_request /opt/stack/glance/glance/api/middleware/version_negotiation.py:57}}
Aug 07 14:03:56.909802 np0000006710 devstack@g-api.service[99811]: DEBUG glance.api.middleware.version_negotiation [None req-fa671c52-5c3a-4504-9659-4bbcdd9a3476 tempest-VolumesExtendTest-17992438 tempest-VolumesExtendTest-17992438-project-member] Matched version: v2 {{(pid=99811) process_request /opt/stack/glance/glance/api/middleware/version_negotiation.py:69}}
Aug 07 14:03:56.909893 np0000006710 devstack@g-api.service[99811]: DEBUG glance.api.middleware.version_negotiation [None req-fa671c52-5c3a-4504-9659-4bbcdd9a3476 tempest-VolumesExtendTest-17992438 tempest-VolumesExtendTest-17992438-project-member] new path /v2/images/10f618dd-476b-4239-ab2a-30edcc967917 {{(pid=99811) process_request /opt/stack/glance/glance/api/middleware/version_negotiation.py:70}}
Aug 07 14:03:56.927402 np0000006710 devstack@g-api.service[99811]: [pid: 99811|app: 0|req: 156/453] 127.0.0.1 () {44 vars in 1111 bytes} [Fri Aug 7 14:03:56 2026] GET /v2/images/10f618dd-476b-4239-ab2a-30edcc967917 => generated 1044 bytes in 14 msecs (HTTP/1.1 200) 4 headers in 158 bytes (1 switches on core 0)
Aug 07 14:03:56.930202 np0000006710 devstack@g-api.service[99810]: DEBUG swiftclient [None req-56600974-b563-49c0-9e31-90a418d6edd0 tempest-ImageDependencyTests-974624761 tempest-ImageDependencyTests-974624761-project-member] REQ: curl -i https://10.4.3.33:8080/v1/AUTH_6dd5b92f22274b8985ea1a0ef5079750/glance/1cfe73f7-876c-4511-aff0-cae5fc4f82d1 -I -H "X-Auth-Token: gAAAAABqdeXMQPp1..." {{(pid=99810) http_log /opt/stack/data/venv/lib/python3.12/site-packages/swiftclient/client.py:160}}
Aug 07 14:03:56.931840 np0000006710 devstack@g-api.service[99810]: DEBUG swiftclient [None req-56600974-b563-49c0-9e31-90a418d6edd0 tempest-ImageDependencyTests-974624761 tempest-ImageDependencyTests-974624761-project-member] RESP STATUS: 200 OK {{(pid=99810) http_log /opt/stack/data/venv/lib/python3.12/site-packages/swiftclient/client.py:161}}
Aug 07 14:03:56.931840 np0000006710 devstack@g-api.service[99810]: DEBUG swiftclient [None req-56600974-b563-49c0-9e31-90a418d6edd0 tempest-ImageDependencyTests-974624761 tempest-ImageDependencyTests-974624761-project-member] RESP HEADERS: {'Date': 'Fri, 07 Aug 2026 14:03:56 GMT', 'Server': 'Apache/2.4.58 (Ubuntu)', 'Content-Type': 'application/octet-stream', 'X-Object-Manifest': 'glance/1cfe73f7-876c-4511-aff0-cae5fc4f82d1-', 'Last-Modified': 'Fri, 07 Aug 2026 14:03:55 GMT', 'X-Timestamp': '1786111434.63744', 'Accept-Ranges': 'bytes', 'Etag': '"d41d8cd98f00b204e9800998ecf8427e"', 'X-Trans-Id': 'txa5061b7a421d418b89d20-006a75e5cc', 'X-Openstack-Request-Id': 'txa5061b7a421d418b89d20-006a75e5cc', 'Connection': 'close'} {{(pid=99810) http_log /opt/stack/data/venv/lib/python3.12/site-packages/swiftclient/client.py:162}}
Aug 07 14:03:56.934241 np0000006710 devstack@g-api.service[99809]: DEBUG glance.api.middleware.version_negotiation [None req-fa671c52-5c3a-4504-9659-4bbcdd9a3476 tempest-VolumesExtendTest-17992438 tempest-VolumesExtendTest-17992438-project-member] Determining version of request: GET /v2/schemas/image Accept: */* {{(pid=99809) process_request /opt/stack/glance/glance/api/middleware/version_negotiation.py:44}}
Aug 07 14:03:56.934413 np0000006710 devstack@g-api.service[99809]: DEBUG glance.api.middleware.version_negotiation [None req-fa671c52-5c3a-4504-9659-4bbcdd9a3476 tempest-VolumesExtendTest-17992438 tempest-VolumesExtendTest-17992438-project-member] Using url versioning {{(pid=99809) process_request /opt/stack/glance/glance/api/middleware/version_negotiation.py:57}}
Aug 07 14:03:56.934523 np0000006710 devstack@g-api.service[99809]: DEBUG glance.api.middleware.version_negotiation [None req-fa671c52-5c3a-4504-9659-4bbcdd9a3476 tempest-VolumesExtendTest-17992438 tempest-VolumesExtendTest-17992438-project-member] Matched version: v2 {{(pid=99809) process_request /opt/stack/glance/glance/api/middleware/version_negotiation.py:69}}
Aug 07 14:03:56.934707 np0000006710 devstack@g-api.service[99809]: DEBUG glance.api.middleware.version_negotiation [None req-fa671c52-5c3a-4504-9659-4bbcdd9a3476 tempest-VolumesExtendTest-17992438 tempest-VolumesExtendTest-17992438-project-member] new path /v2/schemas/image {{(pid=99809) process_request /opt/stack/glance/glance/api/middleware/version_negotiation.py:70}}
Aug 07 14:03:56.942449 np0000006710 devstack@g-api.service[99809]: [pid: 99809|app: 0|req: 158/454] 127.0.0.1 () {44 vars in 1051 bytes} [Fri Aug 7 14:03:56 2026] GET /v2/schemas/image => generated 6083 bytes in 8 msecs (HTTP/1.1 200) 4 headers in 158 bytes (1 switches on core 0)
Aug 07 14:03:56.956300 np0000006710 devstack@g-api.service[99811]: DEBUG glance.api.middleware.version_negotiation [None req-fa671c52-5c3a-4504-9659-4bbcdd9a3476 tempest-VolumesExtendTest-17992438 tempest-VolumesExtendTest-17992438-project-member] Determining version of request: GET /v2/schemas/image Accept: */* {{(pid=99811) process_request /opt/stack/glance/glance/api/middleware/version_negotiation.py:44}}
Aug 07 14:03:56.956489 np0000006710 devstack@g-api.service[99811]: DEBUG glance.api.middleware.version_negotiation [None req-fa671c52-5c3a-4504-9659-4bbcdd9a3476 tempest-VolumesExtendTest-17992438 tempest-VolumesExtendTest-17992438-project-member] Using url versioning {{(pid=99811) process_request /opt/stack/glance/glance/api/middleware/version_negotiation.py:57}}
Aug 07 14:03:56.956605 np0000006710 devstack@g-api.service[99811]: DEBUG glance.api.middleware.version_negotiation [None req-fa671c52-5c3a-4504-9659-4bbcdd9a3476 tempest-VolumesExtendTest-17992438 tempest-VolumesExtendTest-17992438-project-member] Matched version: v2 {{(pid=99811) process_request /opt/stack/glance/glance/api/middleware/version_negotiation.py:69}}
Aug 07 14:03:56.956715 np0000006710 devstack@g-api.service[99811]: DEBUG glance.api.middleware.version_negotiation [None req-fa671c52-5c3a-4504-9659-4bbcdd9a3476 tempest-VolumesExtendTest-17992438 tempest-VolumesExtendTest-17992438-project-member] new path /v2/schemas/image {{(pid=99811) process_request /opt/stack/glance/glance/api/middleware/version_negotiation.py:70}}
Aug 07 14:03:56.957599 np0000006710 devstack@g-api.service[99810]: DEBUG swiftclient [None req-56600974-b563-49c0-9e31-90a418d6edd0 tempest-ImageDependencyTests-974624761 tempest-ImageDependencyTests-974624761-project-member] REQ: curl -i https://10.4.3.33:8080/v1/AUTH_6dd5b92f22274b8985ea1a0ef5079750/glance?format=json&prefix=1cfe73f7-876c-4511-aff0-cae5fc4f82d1- -X GET -H "X-Auth-Token: gAAAAABqdeXMQPp1..." -H "Accept-Encoding: gzip" {{(pid=99810) http_log /opt/stack/data/venv/lib/python3.12/site-packages/swiftclient/client.py:160}}
Aug 07 14:03:56.957724 np0000006710 devstack@g-api.service[99810]: DEBUG swiftclient [None req-56600974-b563-49c0-9e31-90a418d6edd0 tempest-ImageDependencyTests-974624761 tempest-ImageDependencyTests-974624761-project-member] RESP STATUS: 200 OK {{(pid=99810) http_log /opt/stack/data/venv/lib/python3.12/site-packages/swiftclient/client.py:161}}
Aug 07 14:03:56.957839 np0000006710 devstack@g-api.service[99810]: DEBUG swiftclient [None req-56600974-b563-49c0-9e31-90a418d6edd0 tempest-ImageDependencyTests-974624761 tempest-ImageDependencyTests-974624761-project-member] RESP HEADERS: {'Date': 'Fri, 07 Aug 2026 14:03:56 GMT', 'Server': 'Apache/2.4.58 (Ubuntu)', 'Content-Type': 'application/json; charset=utf-8', 'Content-Length': '2', 'X-Container-Object-Count': '8', 'X-Container-Bytes-Used': '109576192', 'X-Timestamp': '1786110928.12006', 'Last-Modified': 'Fri, 07 Aug 2026 13:55:29 GMT', 'Accept-Ranges': 'bytes', 'X-Storage-Policy': 'Policy-0', 'X-Container-Sharding': 'False', 'X-Trans-Id': 'txdff26164d8de4aeca700f-006a75e5cc', 'X-Openstack-Request-Id': 'txdff26164d8de4aeca700f-006a75e5cc', 'Connection': 'close'} {{(pid=99810) http_log /opt/stack/data/venv/lib/python3.12/site-packages/swiftclient/client.py:162}}
Aug 07 14:03:56.958024 np0000006710 devstack@g-api.service[99810]: DEBUG swiftclient [None req-56600974-b563-49c0-9e31-90a418d6edd0 tempest-ImageDependencyTests-974624761 tempest-ImageDependencyTests-974624761-project-member] RESP BODY: b'[]' {{(pid=99810) http_log /opt/stack/data/venv/lib/python3.12/site-packages/swiftclient/client.py:166}}
Aug 07 14:03:56.963085 np0000006710 devstack@g-api.service[99811]: [pid: 99811|app: 0|req: 157/455] 127.0.0.1 () {44 vars in 1051 bytes} [Fri Aug 7 14:03:56 2026] GET /v2/schemas/image => generated 6083 bytes in 7 msecs (HTTP/1.1 200) 4 headers in 158 bytes (1 switches on core 0)
Aug 07 14:03:56.986313 np0000006710 devstack@g-api.service[99810]: DEBUG swiftclient [None req-56600974-b563-49c0-9e31-90a418d6edd0 tempest-ImageDependencyTests-974624761 tempest-ImageDependencyTests-974624761-project-member] REQ: curl -i https://10.4.3.33:8080/v1/AUTH_6dd5b92f22274b8985ea1a0ef5079750/glance/1cfe73f7-876c-4511-aff0-cae5fc4f82d1 DELETE -H "X-Auth-Token: gAAAAABqdeXMQPp1..." {{(pid=99810) http_log /opt/stack/data/venv/lib/python3.12/site-packages/swiftclient/client.py:160}}
Aug 07 14:03:56.986466 np0000006710 devstack@g-api.service[99810]: DEBUG swiftclient [None req-56600974-b563-49c0-9e31-90a418d6edd0 tempest-ImageDependencyTests-974624761 tempest-ImageDependencyTests-974624761-project-member] RESP STATUS: 204 No Content {{(pid=99810) http_log /opt/stack/data/venv/lib/python3.12/site-packages/swiftclient/client.py:161}}
Aug 07 14:03:56.986613 np0000006710 devstack@g-api.service[99810]: DEBUG swiftclient [None req-56600974-b563-49c0-9e31-90a418d6edd0 tempest-ImageDependencyTests-974624761 tempest-ImageDependencyTests-974624761-project-member] RESP HEADERS: {'Date': 'Fri, 07 Aug 2026 14:03:56 GMT', 'Server': 'Apache/2.4.58 (Ubuntu)', 'Content-Type': 'text/html; charset=UTF-8', 'X-Trans-Id': 'tx2e87eb7c04464b0193aa1-006a75e5cc', 'X-Openstack-Request-Id': 'tx2e87eb7c04464b0193aa1-006a75e5cc', 'Connection': 'close'} {{(pid=99810) http_log /opt/stack/data/venv/lib/python3.12/site-packages/swiftclient/client.py:162}}
Aug 07 14:03:56.994026 np0000006710 devstack@g-api.service[99809]: DEBUG glance.api.middleware.version_negotiation [None req-fa671c52-5c3a-4504-9659-4bbcdd9a3476 tempest-VolumesExtendTest-17992438 tempest-VolumesExtendTest-17992438-project-member] Determining version of request: GET /v2/images/10f618dd-476b-4239-ab2a-30edcc967917 Accept: */* {{(pid=99809) process_request /opt/stack/glance/glance/api/middleware/version_negotiation.py:44}}
Aug 07 14:03:56.994244 np0000006710 devstack@g-api.service[99809]: DEBUG glance.api.middleware.version_negotiation [None req-fa671c52-5c3a-4504-9659-4bbcdd9a3476 tempest-VolumesExtendTest-17992438 tempest-VolumesExtendTest-17992438-project-member] Using url versioning {{(pid=99809) process_request /opt/stack/glance/glance/api/middleware/version_negotiation.py:57}}
Aug 07 14:03:56.994458 np0000006710 devstack@g-api.service[99809]: DEBUG glance.api.middleware.version_negotiation [None req-fa671c52-5c3a-4504-9659-4bbcdd9a3476 tempest-VolumesExtendTest-17992438 tempest-VolumesExtendTest-17992438-project-member] Matched version: v2 {{(pid=99809) process_request /opt/stack/glance/glance/api/middleware/version_negotiation.py:69}}
Aug 07 14:03:56.994616 np0000006710 devstack@g-api.service[99809]: DEBUG glance.api.middleware.version_negotiation [None req-fa671c52-5c3a-4504-9659-4bbcdd9a3476 tempest-VolumesExtendTest-17992438 tempest-VolumesExtendTest-17992438-project-member] new path /v2/images/10f618dd-476b-4239-ab2a-30edcc967917 {{(pid=99809) process_request /opt/stack/glance/glance/api/middleware/version_negotiation.py:70}}
Aug 07 14:03:57.007064 np0000006710 devstack@g-api.service[99809]: [pid: 99809|app: 0|req: 159/456] 127.0.0.1 () {44 vars in 1111 bytes} [Fri Aug 7 14:03:56 2026] GET /v2/images/10f618dd-476b-4239-ab2a-30edcc967917 => generated 1044 bytes in 13 msecs (HTTP/1.1 200) 4 headers in 158 bytes (1 switches on core 0)
Aug 07 14:03:57.016773 np0000006710 devstack@g-api.service[99811]: DEBUG glance.api.middleware.version_negotiation [None req-fa671c52-5c3a-4504-9659-4bbcdd9a3476 tempest-VolumesExtendTest-17992438 tempest-VolumesExtendTest-17992438-project-member] Determining version of request: GET /v2/schemas/image Accept: */* {{(pid=99811) process_request /opt/stack/glance/glance/api/middleware/version_negotiation.py:44}}
Aug 07 14:03:57.017006 np0000006710 devstack@g-api.service[99811]: DEBUG glance.api.middleware.version_negotiation [None req-fa671c52-5c3a-4504-9659-4bbcdd9a3476 tempest-VolumesExtendTest-17992438 tempest-VolumesExtendTest-17992438-project-member] Using url versioning {{(pid=99811) process_request /opt/stack/glance/glance/api/middleware/version_negotiation.py:57}}
Aug 07 14:03:57.017118 np0000006710 devstack@g-api.service[99811]: DEBUG glance.api.middleware.version_negotiation [None req-fa671c52-5c3a-4504-9659-4bbcdd9a3476 tempest-VolumesExtendTest-17992438 tempest-VolumesExtendTest-17992438-project-member] Matched version: v2 {{(pid=99811) process_request /opt/stack/glance/glance/api/middleware/version_negotiation.py:69}}
Aug 07 14:03:57.017235 np0000006710 devstack@g-api.service[99811]: DEBUG glance.api.middleware.version_negotiation [None req-fa671c52-5c3a-4504-9659-4bbcdd9a3476 tempest-VolumesExtendTest-17992438 tempest-VolumesExtendTest-17992438-project-member] new path /v2/schemas/image {{(pid=99811) process_request /opt/stack/glance/glance/api/middleware/version_negotiation.py:70}}
Aug 07 14:03:57.026069 np0000006710 devstack@g-api.service[99811]: [pid: 99811|app: 0|req: 158/457] 127.0.0.1 () {44 vars in 1051 bytes} [Fri Aug 7 14:03:57 2026] GET /v2/schemas/image => generated 6083 bytes in 7 msecs (HTTP/1.1 200) 4 headers in 158 bytes (1 switches on core 0)
Aug 07 14:03:57.087598 np0000006710 devstack@g-api.service[99810]: [pid: 99810|app: 0|req: 141/458] 127.0.0.1 () {40 vars in 837 bytes} [Fri Aug 7 14:03:56 2026] DELETE /v2/images/1cfe73f7-876c-4511-aff0-cae5fc4f82d1 => generated 0 bytes in 392 msecs (HTTP/1.1 204) 4 headers in 171 bytes (1 switches on core 0)
Aug 07 14:03:57.098167 np0000006710 devstack@g-api.service[99809]: DEBUG glance.api.middleware.version_negotiation [None req-fa671c52-5c3a-4504-9659-4bbcdd9a3476 tempest-VolumesExtendTest-17992438 tempest-VolumesExtendTest-17992438-project-member] Determining version of request: GET /v2/images/1cfe73f7-876c-4511-aff0-cae5fc4f82d1 Accept: application/json {{(pid=99809) process_request /opt/stack/glance/glance/api/middleware/version_negotiation.py:44}}
Aug 07 14:03:57.100130 np0000006710 devstack@g-api.service[99809]: DEBUG glance.api.middleware.version_negotiation [None req-fa671c52-5c3a-4504-9659-4bbcdd9a3476 tempest-VolumesExtendTest-17992438 tempest-VolumesExtendTest-17992438-project-member] Using url versioning {{(pid=99809) process_request /opt/stack/glance/glance/api/middleware/version_negotiation.py:57}}
Aug 07 14:03:57.100325 np0000006710 devstack@g-api.service[99809]: DEBUG glance.api.middleware.version_negotiation [None req-fa671c52-5c3a-4504-9659-4bbcdd9a3476 tempest-VolumesExtendTest-17992438 tempest-VolumesExtendTest-17992438-project-member] Matched version: v2 {{(pid=99809) process_request /opt/stack/glance/glance/api/middleware/version_negotiation.py:69}}
Aug 07 14:03:57.100505 np0000006710 devstack@g-api.service[99809]: DEBUG glance.api.middleware.version_negotiation [None req-fa671c52-5c3a-4504-9659-4bbcdd9a3476 tempest-VolumesExtendTest-17992438 tempest-VolumesExtendTest-17992438-project-member] new path /v2/images/1cfe73f7-876c-4511-aff0-cae5fc4f82d1 {{(pid=99809) process_request /opt/stack/glance/glance/api/middleware/version_negotiation.py:70}}
Aug 07 14:03:57.110528 np0000006710 devstack@g-api.service[99809]: DEBUG glance.db.sqlalchemy.api [None req-b522019d-134f-4909-b00c-e68ae026ccee tempest-ImageDependencyTests-974624761 tempest-ImageDependencyTests-974624761-project-member] No image found with ID 1cfe73f7-876c-4511-aff0-cae5fc4f82d1 {{(pid=99809) _image_get /opt/stack/glance/glance/db/sqlalchemy/api.py:301}}
Aug 07 14:03:57.115269 np0000006710 devstack@g-api.service[99809]: [pid: 99809|app: 0|req: 160/459] 127.0.0.1 () {40 vars in 834 bytes} [Fri Aug 7 14:03:57 2026] GET /v2/images/1cfe73f7-876c-4511-aff0-cae5fc4f82d1 => generated 139 bytes in 17 msecs (HTTP/1.1 404) 4 headers in 164 bytes (1 switches on core 0)
Aug 07 14:03:57.526119 np0000006710 devstack@g-api.service[99811]: DEBUG glance.api.middleware.version_negotiation [None req-fa671c52-5c3a-4504-9659-4bbcdd9a3476 tempest-VolumesExtendTest-17992438 tempest-VolumesExtendTest-17992438-project-member] Determining version of request: GET /versions Accept: */* {{(pid=99811) process_request /opt/stack/glance/glance/api/middleware/version_negotiation.py:44}}
Aug 07 14:03:57.526755 np0000006710 devstack@g-api.service[99811]: [pid: 99811|app: 0|req: 159/460] 127.0.0.1 () {44 vars in 1035 bytes} [Fri Aug 7 14:03:57 2026] GET /versions => generated 1501 bytes in 1 msecs (HTTP/1.1 200) 3 headers in 92 bytes (1 switches on core 0)
Aug 07 14:03:57.537273 np0000006710 devstack@g-api.service[99810]: DEBUG glance.api.middleware.version_negotiation [None req-56600974-b563-49c0-9e31-90a418d6edd0 tempest-ImageDependencyTests-974624761 tempest-ImageDependencyTests-974624761-project-member] Determining version of request: GET /v2/images/10f618dd-476b-4239-ab2a-30edcc967917/locations Accept: */* {{(pid=99810) process_request /opt/stack/glance/glance/api/middleware/version_negotiation.py:44}}
Aug 07 14:03:57.537273 np0000006710 devstack@g-api.service[99810]: DEBUG glance.api.middleware.version_negotiation [None req-56600974-b563-49c0-9e31-90a418d6edd0 tempest-ImageDependencyTests-974624761 tempest-ImageDependencyTests-974624761-project-member] Using url versioning {{(pid=99810) process_request /opt/stack/glance/glance/api/middleware/version_negotiation.py:57}}
Aug 07 14:03:57.537273 np0000006710 devstack@g-api.service[99810]: DEBUG glance.api.middleware.version_negotiation [None req-56600974-b563-49c0-9e31-90a418d6edd0 tempest-ImageDependencyTests-974624761 tempest-ImageDependencyTests-974624761-project-member] Matched version: v2 {{(pid=99810) process_request /opt/stack/glance/glance/api/middleware/version_negotiation.py:69}}
Aug 07 14:03:57.537549 np0000006710 devstack@g-api.service[99810]: DEBUG glance.api.middleware.version_negotiation [None req-56600974-b563-49c0-9e31-90a418d6edd0 tempest-ImageDependencyTests-974624761 tempest-ImageDependencyTests-974624761-project-member] new path /v2/images/10f618dd-476b-4239-ab2a-30edcc967917/locations {{(pid=99810) process_request /opt/stack/glance/glance/api/middleware/version_negotiation.py:70}}
Aug 07 14:03:57.596476 np0000006710 devstack@g-api.service[99810]: [pid: 99810|app: 0|req: 142/461] 127.0.0.1 () {44 vars in 1131 bytes} [Fri Aug 7 14:03:57 2026] GET /v2/images/10f618dd-476b-4239-ab2a-30edcc967917/locations => generated 92 bytes in 60 msecs (HTTP/1.1 200) 4 headers in 156 bytes (1 switches on core 0)
Aug 07 14:03:57.605573 np0000006710 devstack@g-api.service[99809]: DEBUG glance.api.middleware.version_negotiation [None req-b522019d-134f-4909-b00c-e68ae026ccee tempest-ImageDependencyTests-974624761 tempest-ImageDependencyTests-974624761-project-member] Determining version of request: GET /v2/images/10f618dd-476b-4239-ab2a-30edcc967917 Accept: */* {{(pid=99809) process_request /opt/stack/glance/glance/api/middleware/version_negotiation.py:44}}
Aug 07 14:03:57.605755 np0000006710 devstack@g-api.service[99809]: DEBUG glance.api.middleware.version_negotiation [None req-b522019d-134f-4909-b00c-e68ae026ccee tempest-ImageDependencyTests-974624761 tempest-ImageDependencyTests-974624761-project-member] Using url versioning {{(pid=99809) process_request /opt/stack/glance/glance/api/middleware/version_negotiation.py:57}}
Aug 07 14:03:57.607089 np0000006710 devstack@g-api.service[99809]: DEBUG glance.api.middleware.version_negotiation [None req-b522019d-134f-4909-b00c-e68ae026ccee tempest-ImageDependencyTests-974624761 tempest-ImageDependencyTests-974624761-project-member] Matched version: v2 {{(pid=99809) process_request /opt/stack/glance/glance/api/middleware/version_negotiation.py:69}}
Aug 07 14:03:57.607322 np0000006710 devstack@g-api.service[99809]: DEBUG glance.api.middleware.version_negotiation [None req-b522019d-134f-4909-b00c-e68ae026ccee tempest-ImageDependencyTests-974624761 tempest-ImageDependencyTests-974624761-project-member] new path /v2/images/10f618dd-476b-4239-ab2a-30edcc967917 {{(pid=99809) process_request /opt/stack/glance/glance/api/middleware/version_negotiation.py:70}}
Aug 07 14:03:57.619607 np0000006710 devstack@g-api.service[99809]: [pid: 99809|app: 0|req: 161/462] 127.0.0.1 () {44 vars in 1111 bytes} [Fri Aug 7 14:03:57 2026] GET /v2/images/10f618dd-476b-4239-ab2a-30edcc967917 => generated 1044 bytes in 14 msecs (HTTP/1.1 200) 4 headers in 158 bytes (1 switches on core 0)
