Aug 07 13:57:55.069089 np0000006710 devstack@n-api.service[84354]: DEBUG nova.virt.hardware [None req-91b83f19-2ad7-44ff-b462-610e67478a51 tempest-VolumesAssistedSnapshotsTest-740559422 tempest-VolumesAssistedSnapshotsTest-740559422-project-member] Flavor limits 0:0:0 {{(pid=84354) get_cpu_topology_constraints /opt/stack/nova/nova/virt/hardware.py:516}}
Aug 07 13:57:55.070229 np0000006710 devstack@n-api.service[84354]: DEBUG nova.virt.hardware [None req-91b83f19-2ad7-44ff-b462-610e67478a51 tempest-VolumesAssistedSnapshotsTest-740559422 tempest-VolumesAssistedSnapshotsTest-740559422-project-member] Image limits 0:0:0 {{(pid=84354) get_cpu_topology_constraints /opt/stack/nova/nova/virt/hardware.py:520}}
Aug 07 13:57:55.070229 np0000006710 devstack@n-api.service[84354]: DEBUG nova.virt.hardware [None req-91b83f19-2ad7-44ff-b462-610e67478a51 tempest-VolumesAssistedSnapshotsTest-740559422 tempest-VolumesAssistedSnapshotsTest-740559422-project-member] Flavor pref 0:0:0 {{(pid=84354) get_cpu_topology_constraints /opt/stack/nova/nova/virt/hardware.py:556}}
Aug 07 13:57:55.070229 np0000006710 devstack@n-api.service[84354]: DEBUG nova.virt.hardware [None req-91b83f19-2ad7-44ff-b462-610e67478a51 tempest-VolumesAssistedSnapshotsTest-740559422 tempest-VolumesAssistedSnapshotsTest-740559422-project-member] Image pref 0:0:0 {{(pid=84354) get_cpu_topology_constraints /opt/stack/nova/nova/virt/hardware.py:560}}
Aug 07 13:57:55.070229 np0000006710 devstack@n-api.service[84354]: DEBUG nova.virt.hardware [None req-91b83f19-2ad7-44ff-b462-610e67478a51 tempest-VolumesAssistedSnapshotsTest-740559422 tempest-VolumesAssistedSnapshotsTest-740559422-project-member] Chose sockets=0, cores=0, threads=0; limits were sockets=65536, cores=65536, threads=65536 {{(pid=84354) get_cpu_topology_constraints /opt/stack/nova/nova/virt/hardware.py:598}}
Aug 07 13:57:55.099378 np0000006710 devstack@n-api.service[84354]: DEBUG oslo_concurrency.lockutils [None req-91b83f19-2ad7-44ff-b462-610e67478a51 tempest-VolumesAssistedSnapshotsTest-740559422 tempest-VolumesAssistedSnapshotsTest-740559422-project-member] Acquiring lock "00000000-0000-0000-0000-000000000000" by "nova.context.set_target_cell..get_or_set_cached_cell_and_set_connections" {{(pid=84354) inner /opt/stack/data/venv/lib/python3.12/site-packages/oslo_concurrency/lockutils.py:512}}
Aug 07 13:57:55.099378 np0000006710 devstack@n-api.service[84354]: DEBUG oslo_concurrency.lockutils [None req-91b83f19-2ad7-44ff-b462-610e67478a51 tempest-VolumesAssistedSnapshotsTest-740559422 tempest-VolumesAssistedSnapshotsTest-740559422-project-member] Lock "00000000-0000-0000-0000-000000000000" acquired by "nova.context.set_target_cell..get_or_set_cached_cell_and_set_connections" :: waited 0.000s {{(pid=84354) inner /opt/stack/data/venv/lib/python3.12/site-packages/oslo_concurrency/lockutils.py:525}}
Aug 07 13:57:55.099378 np0000006710 devstack@n-api.service[84354]: DEBUG oslo_concurrency.lockutils [None req-91b83f19-2ad7-44ff-b462-610e67478a51 tempest-VolumesAssistedSnapshotsTest-740559422 tempest-VolumesAssistedSnapshotsTest-740559422-project-member] Lock "00000000-0000-0000-0000-000000000000" "released" by "nova.context.set_target_cell..get_or_set_cached_cell_and_set_connections" :: held 0.000s {{(pid=84354) inner /opt/stack/data/venv/lib/python3.12/site-packages/oslo_concurrency/lockutils.py:544}}
Aug 07 13:57:55.100504 np0000006710 devstack@n-api.service[84354]: DEBUG oslo_concurrency.lockutils [None req-91b83f19-2ad7-44ff-b462-610e67478a51 tempest-VolumesAssistedSnapshotsTest-740559422 tempest-VolumesAssistedSnapshotsTest-740559422-project-member] Acquiring lock "b33c52d2-868d-4c09-8b70-76d01e00679f" by "nova.context.set_target_cell..get_or_set_cached_cell_and_set_connections" {{(pid=84354) inner /opt/stack/data/venv/lib/python3.12/site-packages/oslo_concurrency/lockutils.py:512}}
Aug 07 13:57:55.100504 np0000006710 devstack@n-api.service[84354]: DEBUG oslo_concurrency.lockutils [None req-91b83f19-2ad7-44ff-b462-610e67478a51 tempest-VolumesAssistedSnapshotsTest-740559422 tempest-VolumesAssistedSnapshotsTest-740559422-project-member] Lock "b33c52d2-868d-4c09-8b70-76d01e00679f" acquired by "nova.context.set_target_cell..get_or_set_cached_cell_and_set_connections" :: waited 0.000s {{(pid=84354) inner /opt/stack/data/venv/lib/python3.12/site-packages/oslo_concurrency/lockutils.py:525}}
Aug 07 13:57:55.100504 np0000006710 devstack@n-api.service[84354]: DEBUG oslo_concurrency.lockutils [None req-91b83f19-2ad7-44ff-b462-610e67478a51 tempest-VolumesAssistedSnapshotsTest-740559422 tempest-VolumesAssistedSnapshotsTest-740559422-project-member] Lock "b33c52d2-868d-4c09-8b70-76d01e00679f" "released" by "nova.context.set_target_cell..get_or_set_cached_cell_and_set_connections" :: held 0.000s {{(pid=84354) inner /opt/stack/data/venv/lib/python3.12/site-packages/oslo_concurrency/lockutils.py:544}}
Aug 07 13:57:55.106888 np0000006710 devstack@n-api.service[84355]: WARNING neutronclient.v2_0.client [None req-1935de2f-ea92-45f6-b3a3-20fad49bef40 tempest-ServerActionsTestOtherB-1923745336 tempest-ServerActionsTestOtherB-1923745336-project-member] The python binding code in neutronclient is deprecated in favor of OpenstackSDK, please use that as this will be removed in a future release.
Aug 07 13:57:55.135018 np0000006710 devstack@n-api.service[84354]: DEBUG nova.quota [None req-91b83f19-2ad7-44ff-b462-610e67478a51 tempest-VolumesAssistedSnapshotsTest-740559422 tempest-VolumesAssistedSnapshotsTest-740559422-project-member] Getting quotas for project f851d1b2475f4177843c76832702c656. Resources: {'ram', 'instances', 'cores'} {{(pid=84354) _get_quotas /opt/stack/nova/nova/quota.py:389}}
Aug 07 13:57:55.145758 np0000006710 devstack@n-api.service[84354]: DEBUG nova.quota [None req-91b83f19-2ad7-44ff-b462-610e67478a51 tempest-VolumesAssistedSnapshotsTest-740559422 tempest-VolumesAssistedSnapshotsTest-740559422-project-member] Getting quotas for user ede214fd6a87474d88b2b14a7b796d37 and project f851d1b2475f4177843c76832702c656. Resources: {'ram', 'instances', 'cores'} {{(pid=84354) _get_quotas /opt/stack/nova/nova/quota.py:379}}
Aug 07 13:57:55.165014 np0000006710 devstack@n-api.service[84354]: DEBUG nova.compute.api [None req-91b83f19-2ad7-44ff-b462-610e67478a51 tempest-VolumesAssistedSnapshotsTest-740559422 tempest-VolumesAssistedSnapshotsTest-740559422-project-member] Going to run 1 instances... {{(pid=84354) _provision_instances /opt/stack/nova/nova/compute/api.py:1480}}
Aug 07 13:57:55.171285 np0000006710 devstack@n-api.service[84354]: DEBUG nova.compute.api [None req-91b83f19-2ad7-44ff-b462-610e67478a51 tempest-VolumesAssistedSnapshotsTest-740559422 tempest-VolumesAssistedSnapshotsTest-740559422-project-member] [instance: ed3654be-fe88-4aa8-a35a-5c0bfda48eba] block_device_mapping [BlockDeviceMapping(attachment_id=,boot_index=0,connection_info=None,created_at=,delete_on_termination=True,deleted=,deleted_at=,destination_type='local',device_name=None,device_type='disk',disk_bus=None,encrypted=False,encryption_format=None,encryption_options=None,encryption_secret_uuid=None,guest_format=None,id=,image_id='10f618dd-476b-4239-ab2a-30edcc967917',instance=,instance_uuid=,no_device=False,snapshot_id=None,source_type='image',tag=None,updated_at=,uuid=,volume_id=None,volume_size=None,volume_type=None)] {{(pid=84354) _bdm_validate_set_size_and_instance /opt/stack/nova/nova/compute/api.py:1942}}
Aug 07 13:57:55.171437 np0000006710 devstack@n-api.service[84353]: DEBUG nova.policy [None req-01a087be-9bf7-4d6d-96df-b56f3b28c135 tempest-VolumesAdminNegativeTest-208359420 tempest-VolumesAdminNegativeTest-208359420-project-member] Policy check for os_compute_api:os-extended-server-attributes failed with credentials {'is_admin': False, 'user_id': '4a789fe1bf524d44b1501d2b03ee42f6', 'user_domain_id': 'default', 'system_scope': None, 'domain_id': None, 'project_id': '63a9223578ed4868b04bfe9a3deb2869', 'project_domain_id': 'default', 'roles': ['member', 'reader'], 'is_admin_project': True, 'service_user_id': None, 'service_user_domain_id': None, 'service_project_id': None, 'service_project_domain_id': None, 'service_roles': []} {{(pid=84353) authorize /opt/stack/nova/nova/policy.py:202}}
Aug 07 13:57:55.194298 np0000006710 devstack@n-api.service[84353]: INFO nova.api.openstack.requestlog [None req-01a087be-9bf7-4d6d-96df-b56f3b28c135 tempest-VolumesAdminNegativeTest-208359420 tempest-VolumesAdminNegativeTest-208359420-project-member] 10.4.3.33 "GET /compute/v2.1/servers/95ca1d34-2163-422f-b144-281ddde0ceb2" status: 200 len: 1311 microversion: 2.1 time: 0.380347
Aug 07 13:57:55.194902 np0000006710 devstack@n-api.service[84353]: [pid: 84353|app: 0|req: 37/95] 10.4.3.33 () {66 vars in 1347 bytes} [Fri Aug 7 13:57:54 2026] GET /compute/v2.1/servers/95ca1d34-2163-422f-b144-281ddde0ceb2 => generated 1311 bytes in 381 msecs (HTTP/1.1 200) 9 headers in 358 bytes (1 switches on core 0)
Aug 07 13:57:55.198964 np0000006710 devstack@n-api.service[84353]: DEBUG nova.api.openstack.wsgi [req-0165777a-532f-406d-8ad3-fe2096579887 req-510b0cb0-e984-4493-93b7-ddbbdf86a6f0 service nova] Action: 'create', calling method: >, body: {"events": [{"server_uuid": "08c26bd2-13b0-4ae1-9c23-7f24a6e9dacf", "name": "network-vif-plugged", "status": "completed", "tag": "b3509a98-c491-43cc-bef6-c66bca90e22c"}, {"server_uuid": "08c26bd2-13b0-4ae1-9c23-7f24a6e9dacf", "name": "network-vif-plugged", "status": "completed", "tag": "b3509a98-c491-43cc-bef6-c66bca90e22c"}, {"server_uuid": "e2e763a9-61ca-4937-8793-2ca490db67fd", "name": "network-vif-plugged", "status": "completed", "tag": "3445004b-57da-4b8f-aa3e-a1ede8b3ee32"}, {"name": "network-changed", "server_uuid": "165efdae-7b42-4db4-bd8f-6ea09596737a", "tag": "820138fe-f0fd-4c92-a432-dffd6d54a1ed"}, {"server_uuid": "e2e763a9-61ca-4937-8793-2ca490db67fd", "name": "network-vif-plugged", "status": "completed", "tag": "3445004b-57da-4b8f-aa3e-a1ede8b3ee32"}, {"server_uuid": "95ca1d34-2163-422f-b144-281ddde0ceb2", "name": "network-vif-unplugged", "status": "completed", "tag": "5524a825-cd54-4834-86c2-cb868b955473"}, {"server_uuid": "165efdae-7b42-4db4-bd8f-6ea09596737a", "name": "network-vif-unplugged", "status": "completed", "tag": "820138fe-f0fd-4c92-a432-dffd6d54a1ed"}]} {{(pid=84353) _process_stack /opt/stack/nova/nova/api/openstack/wsgi.py:549}}
Aug 07 13:57:55.212949 np0000006710 devstack@n-api.service[84353]: DEBUG oslo_concurrency.lockutils [req-0165777a-532f-406d-8ad3-fe2096579887 req-510b0cb0-e984-4493-93b7-ddbbdf86a6f0 service nova] Acquiring lock "b33c52d2-868d-4c09-8b70-76d01e00679f" by "nova.context.set_target_cell..get_or_set_cached_cell_and_set_connections" {{(pid=84353) inner /opt/stack/data/venv/lib/python3.12/site-packages/oslo_concurrency/lockutils.py:512}}
Aug 07 13:57:55.213826 np0000006710 devstack@n-api.service[84353]: DEBUG oslo_concurrency.lockutils [req-0165777a-532f-406d-8ad3-fe2096579887 req-510b0cb0-e984-4493-93b7-ddbbdf86a6f0 service nova] Lock "b33c52d2-868d-4c09-8b70-76d01e00679f" acquired by "nova.context.set_target_cell..get_or_set_cached_cell_and_set_connections" :: waited 0.001s {{(pid=84353) inner /opt/stack/data/venv/lib/python3.12/site-packages/oslo_concurrency/lockutils.py:525}}
Aug 07 13:57:55.214054 np0000006710 devstack@n-api.service[84353]: DEBUG oslo_concurrency.lockutils [req-0165777a-532f-406d-8ad3-fe2096579887 req-510b0cb0-e984-4493-93b7-ddbbdf86a6f0 service nova] Lock "b33c52d2-868d-4c09-8b70-76d01e00679f" "released" by "nova.context.set_target_cell..get_or_set_cached_cell_and_set_connections" :: held 0.001s {{(pid=84353) inner /opt/stack/data/venv/lib/python3.12/site-packages/oslo_concurrency/lockutils.py:544}}
Aug 07 13:57:55.230016 np0000006710 devstack@n-api.service[84353]: INFO nova.api.openstack.compute.server_external_events [req-0165777a-532f-406d-8ad3-fe2096579887 req-510b0cb0-e984-4493-93b7-ddbbdf86a6f0 service nova] Creating event network-vif-plugged:b3509a98-c491-43cc-bef6-c66bca90e22c for instance 08c26bd2-13b0-4ae1-9c23-7f24a6e9dacf on np0000006710
Aug 07 13:57:55.231727 np0000006710 devstack@n-api.service[84353]: INFO nova.api.openstack.compute.server_external_events [req-0165777a-532f-406d-8ad3-fe2096579887 req-510b0cb0-e984-4493-93b7-ddbbdf86a6f0 service nova] Creating event network-vif-plugged:b3509a98-c491-43cc-bef6-c66bca90e22c for instance 08c26bd2-13b0-4ae1-9c23-7f24a6e9dacf on np0000006710
Aug 07 13:57:55.231727 np0000006710 devstack@n-api.service[84353]: INFO nova.api.openstack.compute.server_external_events [req-0165777a-532f-406d-8ad3-fe2096579887 req-510b0cb0-e984-4493-93b7-ddbbdf86a6f0 service nova] Creating event network-vif-plugged:3445004b-57da-4b8f-aa3e-a1ede8b3ee32 for instance e2e763a9-61ca-4937-8793-2ca490db67fd on np0000006710
Aug 07 13:57:55.231727 np0000006710 devstack@n-api.service[84353]: INFO nova.api.openstack.compute.server_external_events [req-0165777a-532f-406d-8ad3-fe2096579887 req-510b0cb0-e984-4493-93b7-ddbbdf86a6f0 service nova] Creating event network-changed:820138fe-f0fd-4c92-a432-dffd6d54a1ed for instance 165efdae-7b42-4db4-bd8f-6ea09596737a on np0000006710
Aug 07 13:57:55.231727 np0000006710 devstack@n-api.service[84353]: INFO nova.api.openstack.compute.server_external_events [req-0165777a-532f-406d-8ad3-fe2096579887 req-510b0cb0-e984-4493-93b7-ddbbdf86a6f0 service nova] Creating event network-vif-plugged:3445004b-57da-4b8f-aa3e-a1ede8b3ee32 for instance e2e763a9-61ca-4937-8793-2ca490db67fd on np0000006710
Aug 07 13:57:55.231727 np0000006710 devstack@n-api.service[84353]: INFO nova.api.openstack.compute.server_external_events [req-0165777a-532f-406d-8ad3-fe2096579887 req-510b0cb0-e984-4493-93b7-ddbbdf86a6f0 service nova] Creating event network-vif-unplugged:5524a825-cd54-4834-86c2-cb868b955473 for instance 95ca1d34-2163-422f-b144-281ddde0ceb2 on np0000006710
Aug 07 13:57:55.232072 np0000006710 devstack@n-api.service[84353]: INFO nova.api.openstack.compute.server_external_events [req-0165777a-532f-406d-8ad3-fe2096579887 req-510b0cb0-e984-4493-93b7-ddbbdf86a6f0 service nova] Creating event network-vif-unplugged:820138fe-f0fd-4c92-a432-dffd6d54a1ed for instance 165efdae-7b42-4db4-bd8f-6ea09596737a on np0000006710
Aug 07 13:57:55.233137 np0000006710 devstack@n-api.service[84353]: DEBUG nova.compute.rpcapi [req-0165777a-532f-406d-8ad3-fe2096579887 req-510b0cb0-e984-4493-93b7-ddbbdf86a6f0 service nova] RPC: Sending the message to topic: compute-alt {{(pid=84353) prepare_for_alt_rpcserver /opt/stack/nova/nova/compute/rpcapi.py:595}}
Aug 07 13:57:55.248136 np0000006710 devstack@n-api.service[84353]: INFO nova.api.openstack.requestlog [req-0165777a-532f-406d-8ad3-fe2096579887 req-510b0cb0-e984-4493-93b7-ddbbdf86a6f0 service nova] 10.4.3.33 "POST /compute/v2.1/os-server-external-events" status: 200 len: 1209 microversion: 2.1 time: 0.052513
Aug 07 13:57:55.248594 np0000006710 devstack@n-api.service[84353]: [pid: 84353|app: 0|req: 38/96] 10.4.3.33 () {72 vars in 1426 bytes} [Fri Aug 7 13:57:55 2026] POST /compute/v2.1/os-server-external-events => generated 1209 bytes in 53 msecs (HTTP/1.1 200) 9 headers in 358 bytes (1 switches on core 0)
Aug 07 13:57:55.252190 np0000006710 devstack@n-api.service[84353]: DEBUG nova.api.openstack.wsgi [None req-6546500a-f880-4456-a3eb-4a31fe292ac8 tempest-AttachSCSIVolumeTestJSON-477541851 tempest-AttachSCSIVolumeTestJSON-477541851-project-member] Calling method '>' {{(pid=84353) _process_stack /opt/stack/nova/nova/api/openstack/wsgi.py:551}}
Aug 07 13:57:55.259233 np0000006710 devstack@n-api.service[84353]: DEBUG nova.compute.api [None req-6546500a-f880-4456-a3eb-4a31fe292ac8 tempest-AttachSCSIVolumeTestJSON-477541851 tempest-AttachSCSIVolumeTestJSON-477541851-project-member] [instance: 165efdae-7b42-4db4-bd8f-6ea09596737a] Fetching instance by UUID {{(pid=84353) get /opt/stack/nova/nova/compute/api.py:3068}}
Aug 07 13:57:55.263784 np0000006710 devstack@n-api.service[84353]: DEBUG oslo_concurrency.lockutils [None req-6546500a-f880-4456-a3eb-4a31fe292ac8 tempest-AttachSCSIVolumeTestJSON-477541851 tempest-AttachSCSIVolumeTestJSON-477541851-project-member] Acquiring lock "b33c52d2-868d-4c09-8b70-76d01e00679f" by "nova.context.set_target_cell..get_or_set_cached_cell_and_set_connections" {{(pid=84353) inner /opt/stack/data/venv/lib/python3.12/site-packages/oslo_concurrency/lockutils.py:512}}
Aug 07 13:57:55.264124 np0000006710 devstack@n-api.service[84353]: DEBUG oslo_concurrency.lockutils [None req-6546500a-f880-4456-a3eb-4a31fe292ac8 tempest-AttachSCSIVolumeTestJSON-477541851 tempest-AttachSCSIVolumeTestJSON-477541851-project-member] Lock "b33c52d2-868d-4c09-8b70-76d01e00679f" acquired by "nova.context.set_target_cell..get_or_set_cached_cell_and_set_connections" :: waited 0.000s {{(pid=84353) inner /opt/stack/data/venv/lib/python3.12/site-packages/oslo_concurrency/lockutils.py:525}}
Aug 07 13:57:55.264353 np0000006710 devstack@n-api.service[84353]: DEBUG oslo_concurrency.lockutils [None req-6546500a-f880-4456-a3eb-4a31fe292ac8 tempest-AttachSCSIVolumeTestJSON-477541851 tempest-AttachSCSIVolumeTestJSON-477541851-project-member] Lock "b33c52d2-868d-4c09-8b70-76d01e00679f" "released" by "nova.context.set_target_cell..get_or_set_cached_cell_and_set_connections" :: held 0.000s {{(pid=84353) inner /opt/stack/data/venv/lib/python3.12/site-packages/oslo_concurrency/lockutils.py:544}}
Aug 07 13:57:55.265427 np0000006710 devstack@n-api.service[84353]: DEBUG oslo_concurrency.lockutils [None req-6546500a-f880-4456-a3eb-4a31fe292ac8 tempest-AttachSCSIVolumeTestJSON-477541851 tempest-AttachSCSIVolumeTestJSON-477541851-project-member] Acquiring lock "b33c52d2-868d-4c09-8b70-76d01e00679f" by "nova.context.set_target_cell..get_or_set_cached_cell_and_set_connections" {{(pid=84353) inner /opt/stack/data/venv/lib/python3.12/site-packages/oslo_concurrency/lockutils.py:512}}
Aug 07 13:57:55.265569 np0000006710 devstack@n-api.service[84353]: DEBUG oslo_concurrency.lockutils [None req-6546500a-f880-4456-a3eb-4a31fe292ac8 tempest-AttachSCSIVolumeTestJSON-477541851 tempest-AttachSCSIVolumeTestJSON-477541851-project-member] Lock "b33c52d2-868d-4c09-8b70-76d01e00679f" acquired by "nova.context.set_target_cell..get_or_set_cached_cell_and_set_connections" :: waited 0.000s {{(pid=84353) inner /opt/stack/data/venv/lib/python3.12/site-packages/oslo_concurrency/lockutils.py:525}}
Aug 07 13:57:55.266011 np0000006710 devstack@n-api.service[84353]: DEBUG oslo_concurrency.lockutils [None req-6546500a-f880-4456-a3eb-4a31fe292ac8 tempest-AttachSCSIVolumeTestJSON-477541851 tempest-AttachSCSIVolumeTestJSON-477541851-project-member] Lock "b33c52d2-868d-4c09-8b70-76d01e00679f" "released" by "nova.context.set_target_cell..get_or_set_cached_cell_and_set_connections" :: held 0.000s {{(pid=84353) inner /opt/stack/data/venv/lib/python3.12/site-packages/oslo_concurrency/lockutils.py:544}}
Aug 07 13:57:55.269872 np0000006710 devstack@n-api.service[84354]: INFO nova.api.openstack.requestlog [None req-91b83f19-2ad7-44ff-b462-610e67478a51 tempest-VolumesAssistedSnapshotsTest-740559422 tempest-VolumesAssistedSnapshotsTest-740559422-project-member] 10.4.3.33 "POST /compute/v2.1/servers" status: 202 len: 402 microversion: 2.1 time: 1.115960
Aug 07 13:57:55.271110 np0000006710 devstack@n-api.service[84354]: [pid: 84354|app: 0|req: 30/97] 10.4.3.33 () {68 vars in 1258 bytes} [Fri Aug 7 13:57:54 2026] POST /compute/v2.1/servers => generated 402 bytes in 1117 msecs (HTTP/1.1 202) 10 headers in 450 bytes (1 switches on core 0)
Aug 07 13:57:55.275832 np0000006710 devstack@n-api.service[84354]: DEBUG nova.api.openstack.wsgi [None req-5bdd0fa5-130a-48c1-905a-c1a5c4f06b20 tempest-ServerRescueNegativeTestJSON-1909194411 tempest-ServerRescueNegativeTestJSON-1909194411-project-member] Calling method '>' {{(pid=84354) _process_stack /opt/stack/nova/nova/api/openstack/wsgi.py:551}}
Aug 07 13:57:55.278842 np0000006710 devstack@n-api.service[84354]: DEBUG nova.compute.api [None req-5bdd0fa5-130a-48c1-905a-c1a5c4f06b20 tempest-ServerRescueNegativeTestJSON-1909194411 tempest-ServerRescueNegativeTestJSON-1909194411-project-member] [instance: e2e763a9-61ca-4937-8793-2ca490db67fd] Fetching instance by UUID {{(pid=84354) get /opt/stack/nova/nova/compute/api.py:3068}}
Aug 07 13:57:55.285545 np0000006710 devstack@n-api.service[84354]: DEBUG oslo_concurrency.lockutils [None req-5bdd0fa5-130a-48c1-905a-c1a5c4f06b20 tempest-ServerRescueNegativeTestJSON-1909194411 tempest-ServerRescueNegativeTestJSON-1909194411-project-member] Acquiring lock "b33c52d2-868d-4c09-8b70-76d01e00679f" by "nova.context.set_target_cell..get_or_set_cached_cell_and_set_connections" {{(pid=84354) inner /opt/stack/data/venv/lib/python3.12/site-packages/oslo_concurrency/lockutils.py:512}}
Aug 07 13:57:55.285869 np0000006710 devstack@n-api.service[84354]: DEBUG oslo_concurrency.lockutils [None req-5bdd0fa5-130a-48c1-905a-c1a5c4f06b20 tempest-ServerRescueNegativeTestJSON-1909194411 tempest-ServerRescueNegativeTestJSON-1909194411-project-member] Lock "b33c52d2-868d-4c09-8b70-76d01e00679f" acquired by "nova.context.set_target_cell..get_or_set_cached_cell_and_set_connections" :: waited 0.001s {{(pid=84354) inner /opt/stack/data/venv/lib/python3.12/site-packages/oslo_concurrency/lockutils.py:525}}
Aug 07 13:57:55.286213 np0000006710 devstack@n-api.service[84354]: DEBUG oslo_concurrency.lockutils [None req-5bdd0fa5-130a-48c1-905a-c1a5c4f06b20 tempest-ServerRescueNegativeTestJSON-1909194411 tempest-ServerRescueNegativeTestJSON-1909194411-project-member] Lock "b33c52d2-868d-4c09-8b70-76d01e00679f" "released" by "nova.context.set_target_cell..get_or_set_cached_cell_and_set_connections" :: held 0.000s {{(pid=84354) inner /opt/stack/data/venv/lib/python3.12/site-packages/oslo_concurrency/lockutils.py:544}}
Aug 07 13:57:55.287902 np0000006710 devstack@n-api.service[84354]: DEBUG oslo_concurrency.lockutils [None req-5bdd0fa5-130a-48c1-905a-c1a5c4f06b20 tempest-ServerRescueNegativeTestJSON-1909194411 tempest-ServerRescueNegativeTestJSON-1909194411-project-member] Acquiring lock "b33c52d2-868d-4c09-8b70-76d01e00679f" by "nova.context.set_target_cell..get_or_set_cached_cell_and_set_connections" {{(pid=84354) inner /opt/stack/data/venv/lib/python3.12/site-packages/oslo_concurrency/lockutils.py:512}}
Aug 07 13:57:55.287902 np0000006710 devstack@n-api.service[84354]: DEBUG oslo_concurrency.lockutils [None req-5bdd0fa5-130a-48c1-905a-c1a5c4f06b20 tempest-ServerRescueNegativeTestJSON-1909194411 tempest-ServerRescueNegativeTestJSON-1909194411-project-member] Lock "b33c52d2-868d-4c09-8b70-76d01e00679f" acquired by "nova.context.set_target_cell..get_or_set_cached_cell_and_set_connections" :: waited 0.000s {{(pid=84354) inner /opt/stack/data/venv/lib/python3.12/site-packages/oslo_concurrency/lockutils.py:525}}
Aug 07 13:57:55.287902 np0000006710 devstack@n-api.service[84354]: DEBUG oslo_concurrency.lockutils [None req-5bdd0fa5-130a-48c1-905a-c1a5c4f06b20 tempest-ServerRescueNegativeTestJSON-1909194411 tempest-ServerRescueNegativeTestJSON-1909194411-project-member] Lock "b33c52d2-868d-4c09-8b70-76d01e00679f" "released" by "nova.context.set_target_cell..get_or_set_cached_cell_and_set_connections" :: held 0.000s {{(pid=84354) inner /opt/stack/data/venv/lib/python3.12/site-packages/oslo_concurrency/lockutils.py:544}}
Aug 07 13:57:55.309584 np0000006710 devstack@n-api.service[84353]: WARNING neutronclient.v2_0.client [None req-6546500a-f880-4456-a3eb-4a31fe292ac8 tempest-AttachSCSIVolumeTestJSON-477541851 tempest-AttachSCSIVolumeTestJSON-477541851-project-member] The python binding code in neutronclient is deprecated in favor of OpenstackSDK, please use that as this will be removed in a future release.
Aug 07 13:57:55.334860 np0000006710 devstack@n-api.service[84354]: WARNING neutronclient.v2_0.client [None req-5bdd0fa5-130a-48c1-905a-c1a5c4f06b20 tempest-ServerRescueNegativeTestJSON-1909194411 tempest-ServerRescueNegativeTestJSON-1909194411-project-member] The python binding code in neutronclient is deprecated in favor of OpenstackSDK, please use that as this will be removed in a future release.
Aug 07 13:57:55.500097 np0000006710 devstack@n-api.service[84355]: DEBUG nova.policy [None req-1935de2f-ea92-45f6-b3a3-20fad49bef40 tempest-ServerActionsTestOtherB-1923745336 tempest-ServerActionsTestOtherB-1923745336-project-member] Policy check for os_compute_api:os-extended-server-attributes failed with credentials {'is_admin': False, 'user_id': '0b190211b98341fbae6e14b0be528ef8', 'user_domain_id': 'default', 'system_scope': None, 'domain_id': None, 'project_id': '88421af274904a6d811f6c3490dda785', 'project_domain_id': 'default', 'roles': ['member', 'reader'], 'is_admin_project': True, 'service_user_id': None, 'service_user_domain_id': None, 'service_project_id': None, 'service_project_domain_id': None, 'service_roles': []} {{(pid=84355) authorize /opt/stack/nova/nova/policy.py:202}}
Aug 07 13:57:55.518314 np0000006710 devstack@n-api.service[84355]: INFO nova.api.openstack.requestlog [None req-1935de2f-ea92-45f6-b3a3-20fad49bef40 tempest-ServerActionsTestOtherB-1923745336 tempest-ServerActionsTestOtherB-1923745336-project-member] 10.4.3.33 "GET /compute/v2.1/servers/d36f0c31-d31f-4f8e-abe3-2291a9f402ef" status: 200 len: 1360 microversion: 2.1 time: 0.482966
Aug 07 13:57:55.518314 np0000006710 devstack@n-api.service[84355]: [pid: 84355|app: 0|req: 30/98] 10.4.3.33 () {66 vars in 1347 bytes} [Fri Aug 7 13:57:55 2026] GET /compute/v2.1/servers/d36f0c31-d31f-4f8e-abe3-2291a9f402ef => generated 1360 bytes in 485 msecs (HTTP/1.1 200) 9 headers in 358 bytes (1 switches on core 0)
Aug 07 13:57:55.528654 np0000006710 devstack@n-api.service[84355]: DEBUG nova.api.openstack.wsgi [None req-965909ba-798a-4109-b3ae-aacf56f2e31a tempest-DeleteServersTestJSON-142657252 tempest-DeleteServersTestJSON-142657252-project-member] Calling method '>' {{(pid=84355) _process_stack /opt/stack/nova/nova/api/openstack/wsgi.py:551}}
Aug 07 13:57:55.531582 np0000006710 devstack@n-api.service[84355]: DEBUG nova.compute.api [None req-965909ba-798a-4109-b3ae-aacf56f2e31a tempest-DeleteServersTestJSON-142657252 tempest-DeleteServersTestJSON-142657252-project-member] [instance: 139eb57c-0e24-4c4e-935a-765247a7a366] Fetching instance by UUID {{(pid=84355) get /opt/stack/nova/nova/compute/api.py:3068}}
Aug 07 13:57:55.541835 np0000006710 devstack@n-api.service[84355]: DEBUG oslo_concurrency.lockutils [None req-965909ba-798a-4109-b3ae-aacf56f2e31a tempest-DeleteServersTestJSON-142657252 tempest-DeleteServersTestJSON-142657252-project-member] Acquiring lock "b33c52d2-868d-4c09-8b70-76d01e00679f" by "nova.context.set_target_cell..get_or_set_cached_cell_and_set_connections" {{(pid=84355) inner /opt/stack/data/venv/lib/python3.12/site-packages/oslo_concurrency/lockutils.py:512}}
Aug 07 13:57:55.542227 np0000006710 devstack@n-api.service[84355]: DEBUG oslo_concurrency.lockutils [None req-965909ba-798a-4109-b3ae-aacf56f2e31a tempest-DeleteServersTestJSON-142657252 tempest-DeleteServersTestJSON-142657252-project-member] Lock "b33c52d2-868d-4c09-8b70-76d01e00679f" acquired by "nova.context.set_target_cell..get_or_set_cached_cell_and_set_connections" :: waited 0.000s {{(pid=84355) inner /opt/stack/data/venv/lib/python3.12/site-packages/oslo_concurrency/lockutils.py:525}}
Aug 07 13:57:55.542324 np0000006710 devstack@n-api.service[84355]: DEBUG oslo_concurrency.lockutils [None req-965909ba-798a-4109-b3ae-aacf56f2e31a tempest-DeleteServersTestJSON-142657252 tempest-DeleteServersTestJSON-142657252-project-member] Lock "b33c52d2-868d-4c09-8b70-76d01e00679f" "released" by "nova.context.set_target_cell..get_or_set_cached_cell_and_set_connections" :: held 0.000s {{(pid=84355) inner /opt/stack/data/venv/lib/python3.12/site-packages/oslo_concurrency/lockutils.py:544}}
Aug 07 13:57:55.542679 np0000006710 devstack@n-api.service[84355]: DEBUG oslo_concurrency.lockutils [None req-965909ba-798a-4109-b3ae-aacf56f2e31a tempest-DeleteServersTestJSON-142657252 tempest-DeleteServersTestJSON-142657252-project-member] Acquiring lock "b33c52d2-868d-4c09-8b70-76d01e00679f" by "nova.context.set_target_cell..get_or_set_cached_cell_and_set_connections" {{(pid=84355) inner /opt/stack/data/venv/lib/python3.12/site-packages/oslo_concurrency/lockutils.py:512}}
Aug 07 13:57:55.543012 np0000006710 devstack@n-api.service[84355]: DEBUG oslo_concurrency.lockutils [None req-965909ba-798a-4109-b3ae-aacf56f2e31a tempest-DeleteServersTestJSON-142657252 tempest-DeleteServersTestJSON-142657252-project-member] Lock "b33c52d2-868d-4c09-8b70-76d01e00679f" acquired by "nova.context.set_target_cell..get_or_set_cached_cell_and_set_connections" :: waited 0.000s {{(pid=84355) inner /opt/stack/data/venv/lib/python3.12/site-packages/oslo_concurrency/lockutils.py:525}}
Aug 07 13:57:55.543400 np0000006710 devstack@n-api.service[84355]: DEBUG oslo_concurrency.lockutils [None req-965909ba-798a-4109-b3ae-aacf56f2e31a tempest-DeleteServersTestJSON-142657252 tempest-DeleteServersTestJSON-142657252-project-member] Lock "b33c52d2-868d-4c09-8b70-76d01e00679f" "released" by "nova.context.set_target_cell..get_or_set_cached_cell_and_set_connections" :: held 0.000s {{(pid=84355) inner /opt/stack/data/venv/lib/python3.12/site-packages/oslo_concurrency/lockutils.py:544}}
Aug 07 13:57:55.568881 np0000006710 devstack@n-api.service[84353]: DEBUG nova.policy [None req-6546500a-f880-4456-a3eb-4a31fe292ac8 tempest-AttachSCSIVolumeTestJSON-477541851 tempest-AttachSCSIVolumeTestJSON-477541851-project-member] Policy check for os_compute_api:os-extended-server-attributes failed with credentials {'is_admin': False, 'user_id': '97cd65eaf55a4d7eb8f439d8c3a8f820', 'user_domain_id': 'default', 'system_scope': None, 'domain_id': None, 'project_id': 'a7a5e541aa114325b09f663d48a8f2ad', 'project_domain_id': 'default', 'roles': ['member', 'reader'], 'is_admin_project': True, 'service_user_id': None, 'service_user_domain_id': None, 'service_project_id': None, 'service_project_domain_id': None, 'service_roles': []} {{(pid=84353) authorize /opt/stack/nova/nova/policy.py:202}}
Aug 07 13:57:55.581882 np0000006710 devstack@n-api.service[84353]: INFO nova.api.openstack.requestlog [None req-6546500a-f880-4456-a3eb-4a31fe292ac8 tempest-AttachSCSIVolumeTestJSON-477541851 tempest-AttachSCSIVolumeTestJSON-477541851-project-member] 10.4.3.33 "GET /compute/v2.1/servers/165efdae-7b42-4db4-bd8f-6ea09596737a" status: 200 len: 1364 microversion: 2.1 time: 0.332438
Aug 07 13:57:55.583555 np0000006710 devstack@n-api.service[84353]: [pid: 84353|app: 0|req: 39/99] 10.4.3.33 () {66 vars in 1347 bytes} [Fri Aug 7 13:57:55 2026] GET /compute/v2.1/servers/165efdae-7b42-4db4-bd8f-6ea09596737a => generated 1364 bytes in 333 msecs (HTTP/1.1 200) 9 headers in 358 bytes (1 switches on core 0)
Aug 07 13:57:55.585497 np0000006710 devstack@n-api.service[84353]: DEBUG nova.api.openstack.wsgi [None req-e6972934-f716-430e-9ec4-3968e0bbdc05 tempest-VolumesAssistedSnapshotsTest-740559422 tempest-VolumesAssistedSnapshotsTest-740559422-project-member] Calling method '>' {{(pid=84353) _process_stack /opt/stack/nova/nova/api/openstack/wsgi.py:551}}
Aug 07 13:57:55.587695 np0000006710 devstack@n-api.service[84353]: DEBUG nova.compute.api [None req-e6972934-f716-430e-9ec4-3968e0bbdc05 tempest-VolumesAssistedSnapshotsTest-740559422 tempest-VolumesAssistedSnapshotsTest-740559422-project-member] [instance: ed3654be-fe88-4aa8-a35a-5c0bfda48eba] Fetching instance by UUID {{(pid=84353) get /opt/stack/nova/nova/compute/api.py:3068}}
Aug 07 13:57:55.589324 np0000006710 devstack@n-api.service[84355]: WARNING neutronclient.v2_0.client [None req-965909ba-798a-4109-b3ae-aacf56f2e31a tempest-DeleteServersTestJSON-142657252 tempest-DeleteServersTestJSON-142657252-project-member] The python binding code in neutronclient is deprecated in favor of OpenstackSDK, please use that as this will be removed in a future release.
Aug 07 13:57:55.606114 np0000006710 devstack@n-api.service[84353]: WARNING neutronclient.v2_0.client [None req-e6972934-f716-430e-9ec4-3968e0bbdc05 tempest-VolumesAssistedSnapshotsTest-740559422 tempest-VolumesAssistedSnapshotsTest-740559422-project-member] The python binding code in neutronclient is deprecated in favor of OpenstackSDK, please use that as this will be removed in a future release.
Aug 07 13:57:55.636440 np0000006710 devstack@n-api.service[84354]: DEBUG nova.policy [None req-5bdd0fa5-130a-48c1-905a-c1a5c4f06b20 tempest-ServerRescueNegativeTestJSON-1909194411 tempest-ServerRescueNegativeTestJSON-1909194411-project-member] Policy check for os_compute_api:os-extended-server-attributes failed with credentials {'is_admin': False, 'user_id': 'f242e69310f7451f9e17c6b7b6687c16', 'user_domain_id': 'default', 'system_scope': None, 'domain_id': None, 'project_id': 'fc37c9ede13746d3b8c15c09790bad0a', 'project_domain_id': 'default', 'roles': ['member', 'reader'], 'is_admin_project': True, 'service_user_id': None, 'service_user_domain_id': None, 'service_project_id': None, 'service_project_domain_id': None, 'service_roles': []} {{(pid=84354) authorize /opt/stack/nova/nova/policy.py:202}}
Aug 07 13:57:55.673877 np0000006710 devstack@n-api.service[84354]: INFO nova.api.openstack.requestlog [None req-5bdd0fa5-130a-48c1-905a-c1a5c4f06b20 tempest-ServerRescueNegativeTestJSON-1909194411 tempest-ServerRescueNegativeTestJSON-1909194411-project-member] 10.4.3.33 "GET /compute/v2.1/servers/e2e763a9-61ca-4937-8793-2ca490db67fd" status: 200 len: 1316 microversion: 2.1 time: 0.402827
Aug 07 13:57:55.674276 np0000006710 devstack@n-api.service[84354]: [pid: 84354|app: 0|req: 31/100] 10.4.3.33 () {66 vars in 1347 bytes} [Fri Aug 7 13:57:55 2026] GET /compute/v2.1/servers/e2e763a9-61ca-4937-8793-2ca490db67fd => generated 1316 bytes in 403 msecs (HTTP/1.1 200) 9 headers in 358 bytes (1 switches on core 0)
Aug 07 13:57:55.713702 np0000006710 devstack@n-api.service[84353]: DEBUG nova.policy [None req-e6972934-f716-430e-9ec4-3968e0bbdc05 tempest-VolumesAssistedSnapshotsTest-740559422 tempest-VolumesAssistedSnapshotsTest-740559422-project-member] Policy check for os_compute_api:os-extended-server-attributes failed with credentials {'is_admin': False, 'user_id': 'ede214fd6a87474d88b2b14a7b796d37', 'user_domain_id': 'default', 'system_scope': None, 'domain_id': None, 'project_id': 'f851d1b2475f4177843c76832702c656', 'project_domain_id': 'default', 'roles': ['member', 'reader'], 'is_admin_project': True, 'service_user_id': None, 'service_user_domain_id': None, 'service_project_id': None, 'service_project_domain_id': None, 'service_roles': []} {{(pid=84353) authorize /opt/stack/nova/nova/policy.py:202}}
Aug 07 13:57:55.726960 np0000006710 devstack@n-api.service[84353]: INFO nova.api.openstack.requestlog [None req-e6972934-f716-430e-9ec4-3968e0bbdc05 tempest-VolumesAssistedSnapshotsTest-740559422 tempest-VolumesAssistedSnapshotsTest-740559422-project-member] 10.4.3.33 "GET /compute/v2.1/servers/ed3654be-fe88-4aa8-a35a-5c0bfda48eba" status: 200 len: 1238 microversion: 2.1 time: 0.143641
Aug 07 13:57:55.728188 np0000006710 devstack@n-api.service[84353]: [pid: 84353|app: 0|req: 40/101] 10.4.3.33 () {66 vars in 1347 bytes} [Fri Aug 7 13:57:55 2026] GET /compute/v2.1/servers/ed3654be-fe88-4aa8-a35a-5c0bfda48eba => generated 1238 bytes in 144 msecs (HTTP/1.1 200) 9 headers in 358 bytes (1 switches on core 0)
Aug 07 13:57:55.799860 np0000006710 devstack@n-api.service[84355]: DEBUG nova.policy [None req-965909ba-798a-4109-b3ae-aacf56f2e31a tempest-DeleteServersTestJSON-142657252 tempest-DeleteServersTestJSON-142657252-project-member] Policy check for os_compute_api:os-extended-server-attributes failed with credentials {'is_admin': False, 'user_id': '8b54306d2ce9421b8ed87a884aa68e19', 'user_domain_id': 'default', 'system_scope': None, 'domain_id': None, 'project_id': 'ca1b05684d1d4763b302007a0b85f448', 'project_domain_id': 'default', 'roles': ['member', 'reader'], 'is_admin_project': True, 'service_user_id': None, 'service_user_domain_id': None, 'service_project_id': None, 'service_project_domain_id': None, 'service_roles': []} {{(pid=84355) authorize /opt/stack/nova/nova/policy.py:202}}
Aug 07 13:57:55.814988 np0000006710 devstack@n-api.service[84355]: INFO nova.api.openstack.requestlog [None req-965909ba-798a-4109-b3ae-aacf56f2e31a tempest-DeleteServersTestJSON-142657252 tempest-DeleteServersTestJSON-142657252-project-member] 10.4.3.33 "GET /compute/v2.1/servers/139eb57c-0e24-4c4e-935a-765247a7a366" status: 200 len: 1308 microversion: 2.1 time: 0.295988
Aug 07 13:57:55.815353 np0000006710 devstack@n-api.service[84355]: [pid: 84355|app: 0|req: 31/102] 10.4.3.33 () {66 vars in 1347 bytes} [Fri Aug 7 13:57:55 2026] GET /compute/v2.1/servers/139eb57c-0e24-4c4e-935a-765247a7a366 => generated 1308 bytes in 297 msecs (HTTP/1.1 200) 9 headers in 358 bytes (1 switches on core 0)
Aug 07 13:57:56.057948 np0000006710 devstack@n-api.service[84354]: DEBUG nova.api.openstack.wsgi [None req-d6cb1285-b5b3-4715-aea2-a22aa25bf656 tempest-AttachVolumeTestJSON-1715866909 tempest-AttachVolumeTestJSON-1715866909-project-member] Calling method '>' {{(pid=84354) _process_stack /opt/stack/nova/nova/api/openstack/wsgi.py:551}}
Aug 07 13:57:56.065255 np0000006710 devstack@n-api.service[84354]: DEBUG nova.compute.api [None req-d6cb1285-b5b3-4715-aea2-a22aa25bf656 tempest-AttachVolumeTestJSON-1715866909 tempest-AttachVolumeTestJSON-1715866909-project-member] [instance: 6423ba1c-cf6e-4f0d-94a8-a87155a2c970] Fetching instance by UUID {{(pid=84354) get /opt/stack/nova/nova/compute/api.py:3068}}
Aug 07 13:57:56.066957 np0000006710 devstack@n-api.service[84353]: DEBUG dbcounter [-] [84353] Writing DB stats nova_cell0:SELECT=1 {{(pid=84353) stat_writer /opt/stack/data/venv/lib/python3.12/site-packages/dbcounter.py:115}}
Aug 07 13:57:56.076418 np0000006710 devstack@n-api.service[84354]: DEBUG oslo_concurrency.lockutils [None req-d6cb1285-b5b3-4715-aea2-a22aa25bf656 tempest-AttachVolumeTestJSON-1715866909 tempest-AttachVolumeTestJSON-1715866909-project-member] Acquiring lock "b33c52d2-868d-4c09-8b70-76d01e00679f" by "nova.context.set_target_cell..get_or_set_cached_cell_and_set_connections" {{(pid=84354) inner /opt/stack/data/venv/lib/python3.12/site-packages/oslo_concurrency/lockutils.py:512}}
Aug 07 13:57:56.077102 np0000006710 devstack@n-api.service[84354]: DEBUG oslo_concurrency.lockutils [None req-d6cb1285-b5b3-4715-aea2-a22aa25bf656 tempest-AttachVolumeTestJSON-1715866909 tempest-AttachVolumeTestJSON-1715866909-project-member] Lock "b33c52d2-868d-4c09-8b70-76d01e00679f" acquired by "nova.context.set_target_cell..get_or_set_cached_cell_and_set_connections" :: waited 0.002s {{(pid=84354) inner /opt/stack/data/venv/lib/python3.12/site-packages/oslo_concurrency/lockutils.py:525}}
Aug 07 13:57:56.077400 np0000006710 devstack@n-api.service[84354]: DEBUG oslo_concurrency.lockutils [None req-d6cb1285-b5b3-4715-aea2-a22aa25bf656 tempest-AttachVolumeTestJSON-1715866909 tempest-AttachVolumeTestJSON-1715866909-project-member] Lock "b33c52d2-868d-4c09-8b70-76d01e00679f" "released" by "nova.context.set_target_cell..get_or_set_cached_cell_and_set_connections" :: held 0.000s {{(pid=84354) inner /opt/stack/data/venv/lib/python3.12/site-packages/oslo_concurrency/lockutils.py:544}}
Aug 07 13:57:56.078254 np0000006710 devstack@n-api.service[84354]: DEBUG oslo_concurrency.lockutils [None req-d6cb1285-b5b3-4715-aea2-a22aa25bf656 tempest-AttachVolumeTestJSON-1715866909 tempest-AttachVolumeTestJSON-1715866909-project-member] Acquiring lock "b33c52d2-868d-4c09-8b70-76d01e00679f" by "nova.context.set_target_cell..get_or_set_cached_cell_and_set_connections" {{(pid=84354) inner /opt/stack/data/venv/lib/python3.12/site-packages/oslo_concurrency/lockutils.py:512}}
Aug 07 13:57:56.079280 np0000006710 devstack@n-api.service[84354]: DEBUG oslo_concurrency.lockutils [None req-d6cb1285-b5b3-4715-aea2-a22aa25bf656 tempest-AttachVolumeTestJSON-1715866909 tempest-AttachVolumeTestJSON-1715866909-project-member] Lock "b33c52d2-868d-4c09-8b70-76d01e00679f" acquired by "nova.context.set_target_cell..get_or_set_cached_cell_and_set_connections" :: waited 0.001s {{(pid=84354) inner /opt/stack/data/venv/lib/python3.12/site-packages/oslo_concurrency/lockutils.py:525}}
Aug 07 13:57:56.079732 np0000006710 devstack@n-api.service[84354]: DEBUG oslo_concurrency.lockutils [None req-d6cb1285-b5b3-4715-aea2-a22aa25bf656 tempest-AttachVolumeTestJSON-1715866909 tempest-AttachVolumeTestJSON-1715866909-project-member] Lock "b33c52d2-868d-4c09-8b70-76d01e00679f" "released" by "nova.context.set_target_cell..get_or_set_cached_cell_and_set_connections" :: held 0.001s {{(pid=84354) inner /opt/stack/data/venv/lib/python3.12/site-packages/oslo_concurrency/lockutils.py:544}}
Aug 07 13:57:56.123051 np0000006710 devstack@n-api.service[84354]: WARNING neutronclient.v2_0.client [None req-d6cb1285-b5b3-4715-aea2-a22aa25bf656 tempest-AttachVolumeTestJSON-1715866909 tempest-AttachVolumeTestJSON-1715866909-project-member] The python binding code in neutronclient is deprecated in favor of OpenstackSDK, please use that as this will be removed in a future release.
Aug 07 13:57:56.232405 np0000006710 devstack@n-api.service[84353]: DEBUG nova.api.openstack.wsgi [None req-e2da9a96-092b-4ff2-894c-120eda12aca4 tempest-VolumesAdminNegativeTest-208359420 tempest-VolumesAdminNegativeTest-208359420-project-member] Calling method '>' {{(pid=84353) _process_stack /opt/stack/nova/nova/api/openstack/wsgi.py:551}}
Aug 07 13:57:56.234014 np0000006710 devstack@n-api.service[84353]: DEBUG nova.compute.api [None req-e2da9a96-092b-4ff2-894c-120eda12aca4 tempest-VolumesAdminNegativeTest-208359420 tempest-VolumesAdminNegativeTest-208359420-project-member] [instance: 95ca1d34-2163-422f-b144-281ddde0ceb2] Fetching instance by UUID {{(pid=84353) get /opt/stack/nova/nova/compute/api.py:3068}}
Aug 07 13:57:56.273907 np0000006710 devstack@n-api.service[84353]: DEBUG oslo_concurrency.lockutils [None req-e2da9a96-092b-4ff2-894c-120eda12aca4 tempest-VolumesAdminNegativeTest-208359420 tempest-VolumesAdminNegativeTest-208359420-project-member] Acquiring lock "b33c52d2-868d-4c09-8b70-76d01e00679f" by "nova.context.set_target_cell..get_or_set_cached_cell_and_set_connections" {{(pid=84353) inner /opt/stack/data/venv/lib/python3.12/site-packages/oslo_concurrency/lockutils.py:512}}
Aug 07 13:57:56.274266 np0000006710 devstack@n-api.service[84353]: DEBUG oslo_concurrency.lockutils [None req-e2da9a96-092b-4ff2-894c-120eda12aca4 tempest-VolumesAdminNegativeTest-208359420 tempest-VolumesAdminNegativeTest-208359420-project-member] Lock "b33c52d2-868d-4c09-8b70-76d01e00679f" acquired by "nova.context.set_target_cell..get_or_set_cached_cell_and_set_connections" :: waited 0.001s {{(pid=84353) inner /opt/stack/data/venv/lib/python3.12/site-packages/oslo_concurrency/lockutils.py:525}}
Aug 07 13:57:56.274987 np0000006710 devstack@n-api.service[84353]: DEBUG oslo_concurrency.lockutils [None req-e2da9a96-092b-4ff2-894c-120eda12aca4 tempest-VolumesAdminNegativeTest-208359420 tempest-VolumesAdminNegativeTest-208359420-project-member] Lock "b33c52d2-868d-4c09-8b70-76d01e00679f" "released" by "nova.context.set_target_cell..get_or_set_cached_cell_and_set_connections" :: held 0.000s {{(pid=84353) inner /opt/stack/data/venv/lib/python3.12/site-packages/oslo_concurrency/lockutils.py:544}}
Aug 07 13:57:56.275938 np0000006710 devstack@n-api.service[84353]: DEBUG oslo_concurrency.lockutils [None req-e2da9a96-092b-4ff2-894c-120eda12aca4 tempest-VolumesAdminNegativeTest-208359420 tempest-VolumesAdminNegativeTest-208359420-project-member] Acquiring lock "b33c52d2-868d-4c09-8b70-76d01e00679f" by "nova.context.set_target_cell..get_or_set_cached_cell_and_set_connections" {{(pid=84353) inner /opt/stack/data/venv/lib/python3.12/site-packages/oslo_concurrency/lockutils.py:512}}
Aug 07 13:57:56.275938 np0000006710 devstack@n-api.service[84353]: DEBUG oslo_concurrency.lockutils [None req-e2da9a96-092b-4ff2-894c-120eda12aca4 tempest-VolumesAdminNegativeTest-208359420 tempest-VolumesAdminNegativeTest-208359420-project-member] Lock "b33c52d2-868d-4c09-8b70-76d01e00679f" acquired by "nova.context.set_target_cell..get_or_set_cached_cell_and_set_connections" :: waited 0.001s {{(pid=84353) inner /opt/stack/data/venv/lib/python3.12/site-packages/oslo_concurrency/lockutils.py:525}}
Aug 07 13:57:56.276225 np0000006710 devstack@n-api.service[84353]: DEBUG oslo_concurrency.lockutils [None req-e2da9a96-092b-4ff2-894c-120eda12aca4 tempest-VolumesAdminNegativeTest-208359420 tempest-VolumesAdminNegativeTest-208359420-project-member] Lock "b33c52d2-868d-4c09-8b70-76d01e00679f" "released" by "nova.context.set_target_cell..get_or_set_cached_cell_and_set_connections" :: held 0.000s {{(pid=84353) inner /opt/stack/data/venv/lib/python3.12/site-packages/oslo_concurrency/lockutils.py:544}}
Aug 07 13:57:56.318405 np0000006710 devstack@n-api.service[84353]: WARNING neutronclient.v2_0.client [None req-e2da9a96-092b-4ff2-894c-120eda12aca4 tempest-VolumesAdminNegativeTest-208359420 tempest-VolumesAdminNegativeTest-208359420-project-member] The python binding code in neutronclient is deprecated in favor of OpenstackSDK, please use that as this will be removed in a future release.
Aug 07 13:57:56.504178 np0000006710 devstack@n-api.service[84354]: DEBUG nova.policy [None req-d6cb1285-b5b3-4715-aea2-a22aa25bf656 tempest-AttachVolumeTestJSON-1715866909 tempest-AttachVolumeTestJSON-1715866909-project-member] Policy check for os_compute_api:os-extended-server-attributes failed with credentials {'is_admin': False, 'user_id': '4550616eb36d45168e1f209c2e5ee6d8', 'user_domain_id': 'default', 'system_scope': None, 'domain_id': None, 'project_id': 'fdd0fbd3181f4269b289f34f6379be08', 'project_domain_id': 'default', 'roles': ['member', 'reader'], 'is_admin_project': True, 'service_user_id': None, 'service_user_domain_id': None, 'service_project_id': None, 'service_project_domain_id': None, 'service_roles': []} {{(pid=84354) authorize /opt/stack/nova/nova/policy.py:202}}
Aug 07 13:57:56.523331 np0000006710 devstack@n-api.service[84354]: INFO nova.api.openstack.requestlog [None req-d6cb1285-b5b3-4715-aea2-a22aa25bf656 tempest-AttachVolumeTestJSON-1715866909 tempest-AttachVolumeTestJSON-1715866909-project-member] 10.4.3.33 "GET /compute/v2.1/servers/6423ba1c-cf6e-4f0d-94a8-a87155a2c970" status: 200 len: 1540 microversion: 2.1 time: 0.471720
Aug 07 13:57:56.523893 np0000006710 devstack@n-api.service[84354]: [pid: 84354|app: 0|req: 32/103] 10.4.3.33 () {66 vars in 1347 bytes} [Fri Aug 7 13:57:56 2026] GET /compute/v2.1/servers/6423ba1c-cf6e-4f0d-94a8-a87155a2c970 => generated 1540 bytes in 473 msecs (HTTP/1.1 200) 9 headers in 358 bytes (1 switches on core 0)
Aug 07 13:57:56.545298 np0000006710 devstack@n-api.service[84355]: DEBUG nova.api.openstack.wsgi [None req-3eafe9ad-ed52-46f4-811e-64675be586cc tempest-ServerActionsTestOtherB-1923745336 tempest-ServerActionsTestOtherB-1923745336-project-member] Calling method '>' {{(pid=84355) _process_stack /opt/stack/nova/nova/api/openstack/wsgi.py:551}}
Aug 07 13:57:56.548761 np0000006710 devstack@n-api.service[84353]: DEBUG nova.policy [None req-e2da9a96-092b-4ff2-894c-120eda12aca4 tempest-VolumesAdminNegativeTest-208359420 tempest-VolumesAdminNegativeTest-208359420-project-member] Policy check for os_compute_api:os-extended-server-attributes failed with credentials {'is_admin': False, 'user_id': '4a789fe1bf524d44b1501d2b03ee42f6', 'user_domain_id': 'default', 'system_scope': None, 'domain_id': None, 'project_id': '63a9223578ed4868b04bfe9a3deb2869', 'project_domain_id': 'default', 'roles': ['member', 'reader'], 'is_admin_project': True, 'service_user_id': None, 'service_user_domain_id': None, 'service_project_id': None, 'service_project_domain_id': None, 'service_roles': []} {{(pid=84353) authorize /opt/stack/nova/nova/policy.py:202}}
Aug 07 13:57:56.553013 np0000006710 devstack@n-api.service[84354]: DEBUG nova.api.openstack.wsgi [None req-643267f3-6e22-4994-b02d-3168c8dd9925 tempest-AttachVolumeTestJSON-1715866909 tempest-AttachVolumeTestJSON-1715866909-project-member] Calling method '>' {{(pid=84354) _process_stack /opt/stack/nova/nova/api/openstack/wsgi.py:551}}
Aug 07 13:57:56.554615 np0000006710 devstack@n-api.service[84355]: DEBUG nova.compute.api [None req-3eafe9ad-ed52-46f4-811e-64675be586cc tempest-ServerActionsTestOtherB-1923745336 tempest-ServerActionsTestOtherB-1923745336-project-member] [instance: d36f0c31-d31f-4f8e-abe3-2291a9f402ef] Fetching instance by UUID {{(pid=84355) get /opt/stack/nova/nova/compute/api.py:3068}}
Aug 07 13:57:56.557374 np0000006710 devstack@n-api.service[84354]: DEBUG nova.compute.api [None req-643267f3-6e22-4994-b02d-3168c8dd9925 tempest-AttachVolumeTestJSON-1715866909 tempest-AttachVolumeTestJSON-1715866909-project-member] [instance: 6423ba1c-cf6e-4f0d-94a8-a87155a2c970] Fetching instance by UUID {{(pid=84354) get /opt/stack/nova/nova/compute/api.py:3068}}
Aug 07 13:57:56.564104 np0000006710 devstack@n-api.service[84353]: INFO nova.api.openstack.requestlog [None req-e2da9a96-092b-4ff2-894c-120eda12aca4 tempest-VolumesAdminNegativeTest-208359420 tempest-VolumesAdminNegativeTest-208359420-project-member] 10.4.3.33 "GET /compute/v2.1/servers/95ca1d34-2163-422f-b144-281ddde0ceb2" status: 200 len: 1311 microversion: 2.1 time: 0.333077
Aug 07 13:57:56.564104 np0000006710 devstack@n-api.service[84353]: [pid: 84353|app: 0|req: 41/104] 10.4.3.33 () {66 vars in 1347 bytes} [Fri Aug 7 13:57:56 2026] GET /compute/v2.1/servers/95ca1d34-2163-422f-b144-281ddde0ceb2 => generated 1311 bytes in 334 msecs (HTTP/1.1 200) 9 headers in 358 bytes (1 switches on core 0)
Aug 07 13:57:56.571499 np0000006710 devstack@n-api.service[84354]: DEBUG oslo_concurrency.lockutils [None req-643267f3-6e22-4994-b02d-3168c8dd9925 tempest-AttachVolumeTestJSON-1715866909 tempest-AttachVolumeTestJSON-1715866909-project-member] Acquiring lock "b33c52d2-868d-4c09-8b70-76d01e00679f" by "nova.context.set_target_cell..get_or_set_cached_cell_and_set_connections" {{(pid=84354) inner /opt/stack/data/venv/lib/python3.12/site-packages/oslo_concurrency/lockutils.py:512}}
