Aug 04 10:43:49.403765 np0000006413 devstack@g-api.service[103029]: DEBUG glance.api.middleware.version_negotiation [None req-1bef38b0-aba6-46b6-91a4-3cd8dbeab30b tempest-AttachSCSIVolumeTestJSON-1135025268 tempest-AttachSCSIVolumeTestJSON-1135025268-project-admin] new path /v2/images/bc732645-3b79-4b3e-b3c0-edc65f2bdc4a {{(pid=103029) process_request /opt/stack/glance/glance/api/middleware/version_negotiation.py:70}}
Aug 04 10:43:49.476173 np0000006413 devstack@g-api.service[103028]: INFO glance.api.v2.image_data [None req-1f3e372f-b2f8-43cb-b25c-b2eb5d2e3098 tempest-AttachSCSIVolumeTestJSON-1135025268 tempest-AttachSCSIVolumeTestJSON-1135025268-project-admin] Unable to create trust: no such option collect_timing in group [keystone_authtoken] Use the existing user token.
Aug 04 10:43:49.785886 np0000006413 devstack@g-api.service[103029]: [pid: 103029|app: 0|req: 8/35] 127.0.0.1 () {44 vars in 1115 bytes} [Tue Aug 4 10:43:49 2026] GET /v2/images/bc732645-3b79-4b3e-b3c0-edc65f2bdc4a => generated 1044 bytes in 383 msecs (HTTP/1.1 200) 4 headers in 158 bytes (1 switches on core 0)
Aug 04 10:43:49.838312 np0000006413 devstack@g-api.service[103030]: DEBUG glance.api.middleware.version_negotiation [None req-c1a639fc-eff7-4fdb-8683-47ee04f55eb5 tempest-ServerActionsV293TestJSON-758050861 tempest-ServerActionsV293TestJSON-758050861-project-member] Determining version of request: GET /v2/images/bc732645-3b79-4b3e-b3c0-edc65f2bdc4a/file Accept: */* {{(pid=103030) process_request /opt/stack/glance/glance/api/middleware/version_negotiation.py:44}}
Aug 04 10:43:49.838508 np0000006413 devstack@g-api.service[103030]: DEBUG glance.api.middleware.version_negotiation [None req-c1a639fc-eff7-4fdb-8683-47ee04f55eb5 tempest-ServerActionsV293TestJSON-758050861 tempest-ServerActionsV293TestJSON-758050861-project-member] Using url versioning {{(pid=103030) process_request /opt/stack/glance/glance/api/middleware/version_negotiation.py:57}}
Aug 04 10:43:49.838587 np0000006413 devstack@g-api.service[103030]: DEBUG glance.api.middleware.version_negotiation [None req-c1a639fc-eff7-4fdb-8683-47ee04f55eb5 tempest-ServerActionsV293TestJSON-758050861 tempest-ServerActionsV293TestJSON-758050861-project-member] Matched version: v2 {{(pid=103030) process_request /opt/stack/glance/glance/api/middleware/version_negotiation.py:69}}
Aug 04 10:43:49.838691 np0000006413 devstack@g-api.service[103030]: DEBUG glance.api.middleware.version_negotiation [None req-c1a639fc-eff7-4fdb-8683-47ee04f55eb5 tempest-ServerActionsV293TestJSON-758050861 tempest-ServerActionsV293TestJSON-758050861-project-member] new path /v2/images/bc732645-3b79-4b3e-b3c0-edc65f2bdc4a/file {{(pid=103030) process_request /opt/stack/glance/glance/api/middleware/version_negotiation.py:70}}
Aug 04 10:43:49.844491 np0000006413 devstack@g-api.service[103031]: [pid: 103031|app: 0|req: 7/36] 127.0.0.1 () {44 vars in 1135 bytes} [Tue Aug 4 10:43:49 2026] GET /v2/images/bc732645-3b79-4b3e-b3c0-edc65f2bdc4a/locations => generated 92 bytes in 701 msecs (HTTP/1.1 200) 4 headers in 156 bytes (1 switches on core 0)
Aug 04 10:43:49.854294 np0000006413 devstack@g-api.service[103030]: DEBUG glance.api.middleware.cache [None req-a588b567-202d-40ff-afc7-55eff9fe359a tempest-DeleteServersTestJSON-1627119519 tempest-DeleteServersTestJSON-1627119519-project-member] Cache hit for image 'bc732645-3b79-4b3e-b3c0-edc65f2bdc4a' {{(pid=103030) process_request /opt/stack/glance/glance/api/middleware/cache.py:160}}
Aug 04 10:43:49.856651 np0000006413 devstack@g-api.service[103029]: DEBUG glance.api.middleware.version_negotiation [None req-a588b567-202d-40ff-afc7-55eff9fe359a tempest-DeleteServersTestJSON-1627119519 tempest-DeleteServersTestJSON-1627119519-project-member] Determining version of request: GET /v2/images/bc732645-3b79-4b3e-b3c0-edc65f2bdc4a Accept: */* {{(pid=103029) process_request /opt/stack/glance/glance/api/middleware/version_negotiation.py:44}}
Aug 04 10:43:49.856651 np0000006413 devstack@g-api.service[103029]: DEBUG glance.api.middleware.version_negotiation [None req-a588b567-202d-40ff-afc7-55eff9fe359a tempest-DeleteServersTestJSON-1627119519 tempest-DeleteServersTestJSON-1627119519-project-member] Using url versioning {{(pid=103029) process_request /opt/stack/glance/glance/api/middleware/version_negotiation.py:57}}
Aug 04 10:43:49.856651 np0000006413 devstack@g-api.service[103029]: DEBUG glance.api.middleware.version_negotiation [None req-a588b567-202d-40ff-afc7-55eff9fe359a tempest-DeleteServersTestJSON-1627119519 tempest-DeleteServersTestJSON-1627119519-project-member] Matched version: v2 {{(pid=103029) process_request /opt/stack/glance/glance/api/middleware/version_negotiation.py:69}}
Aug 04 10:43:49.856651 np0000006413 devstack@g-api.service[103029]: DEBUG glance.api.middleware.version_negotiation [None req-a588b567-202d-40ff-afc7-55eff9fe359a tempest-DeleteServersTestJSON-1627119519 tempest-DeleteServersTestJSON-1627119519-project-member] new path /v2/images/bc732645-3b79-4b3e-b3c0-edc65f2bdc4a {{(pid=103029) process_request /opt/stack/glance/glance/api/middleware/version_negotiation.py:70}}
Aug 04 10:43:49.867122 np0000006413 devstack@g-api.service[103029]: [pid: 103029|app: 0|req: 9/37] 127.0.0.1 () {44 vars in 1115 bytes} [Tue Aug 4 10:43:49 2026] GET /v2/images/bc732645-3b79-4b3e-b3c0-edc65f2bdc4a => generated 1044 bytes in 11 msecs (HTTP/1.1 200) 4 headers in 158 bytes (1 switches on core 0)
Aug 04 10:43:49.882869 np0000006413 devstack@g-api.service[103031]: DEBUG glance.api.middleware.version_negotiation [None req-c1a639fc-eff7-4fdb-8683-47ee04f55eb5 service glance] Determining version of request: GET /v2/schemas/image Accept: */* {{(pid=103031) process_request /opt/stack/glance/glance/api/middleware/version_negotiation.py:44}}
Aug 04 10:43:49.883110 np0000006413 devstack@g-api.service[103031]: DEBUG glance.api.middleware.version_negotiation [None req-c1a639fc-eff7-4fdb-8683-47ee04f55eb5 service glance] Using url versioning {{(pid=103031) process_request /opt/stack/glance/glance/api/middleware/version_negotiation.py:57}}
Aug 04 10:43:49.883321 np0000006413 devstack@g-api.service[103031]: DEBUG glance.api.middleware.version_negotiation [None req-c1a639fc-eff7-4fdb-8683-47ee04f55eb5 service glance] Matched version: v2 {{(pid=103031) process_request /opt/stack/glance/glance/api/middleware/version_negotiation.py:69}}
Aug 04 10:43:49.883474 np0000006413 devstack@g-api.service[103031]: DEBUG glance.api.middleware.version_negotiation [None req-c1a639fc-eff7-4fdb-8683-47ee04f55eb5 service glance] new path /v2/schemas/image {{(pid=103031) process_request /opt/stack/glance/glance/api/middleware/version_negotiation.py:70}}
Aug 04 10:43:49.888898 np0000006413 devstack@g-api.service[103031]: [pid: 103031|app: 0|req: 8/38] 127.0.0.1 () {44 vars in 1055 bytes} [Tue Aug 4 10:43:49 2026] GET /v2/schemas/image => generated 6083 bytes in 6 msecs (HTTP/1.1 200) 4 headers in 158 bytes (1 switches on core 0)
Aug 04 10:43:49.901115 np0000006413 devstack@g-api.service[103029]: DEBUG glance.api.middleware.version_negotiation [None req-c1a639fc-eff7-4fdb-8683-47ee04f55eb5 tempest-ServerActionsV293TestJSON-758050861 tempest-ServerActionsV293TestJSON-758050861-project-member] Determining version of request: GET /v2/schemas/image Accept: */* {{(pid=103029) process_request /opt/stack/glance/glance/api/middleware/version_negotiation.py:44}}
Aug 04 10:43:49.901115 np0000006413 devstack@g-api.service[103029]: DEBUG glance.api.middleware.version_negotiation [None req-c1a639fc-eff7-4fdb-8683-47ee04f55eb5 tempest-ServerActionsV293TestJSON-758050861 tempest-ServerActionsV293TestJSON-758050861-project-member] Using url versioning {{(pid=103029) process_request /opt/stack/glance/glance/api/middleware/version_negotiation.py:57}}
Aug 04 10:43:49.901115 np0000006413 devstack@g-api.service[103029]: DEBUG glance.api.middleware.version_negotiation [None req-c1a639fc-eff7-4fdb-8683-47ee04f55eb5 tempest-ServerActionsV293TestJSON-758050861 tempest-ServerActionsV293TestJSON-758050861-project-member] Matched version: v2 {{(pid=103029) process_request /opt/stack/glance/glance/api/middleware/version_negotiation.py:69}}
Aug 04 10:43:49.901364 np0000006413 devstack@g-api.service[103029]: DEBUG glance.api.middleware.version_negotiation [None req-c1a639fc-eff7-4fdb-8683-47ee04f55eb5 tempest-ServerActionsV293TestJSON-758050861 tempest-ServerActionsV293TestJSON-758050861-project-member] new path /v2/schemas/image {{(pid=103029) process_request /opt/stack/glance/glance/api/middleware/version_negotiation.py:70}}
Aug 04 10:43:49.907424 np0000006413 devstack@g-api.service[103029]: [pid: 103029|app: 0|req: 10/39] 127.0.0.1 () {44 vars in 1055 bytes} [Tue Aug 4 10:43:49 2026] GET /v2/schemas/image => generated 6083 bytes in 6 msecs (HTTP/1.1 200) 4 headers in 158 bytes (1 switches on core 0)
Aug 04 10:43:49.952381 np0000006413 devstack@g-api.service[103030]: [pid: 103030|app: 0|req: 12/40] 127.0.0.1 () {44 vars in 1125 bytes} [Tue Aug 4 10:43:49 2026] GET /v2/images/bc732645-3b79-4b3e-b3c0-edc65f2bdc4a/file => generated 21692416 bytes in 114 msecs (HTTP/1.1 200) 5 headers in 217 bytes (340 switches on core 0)
Aug 04 10:43:49.961241 np0000006413 devstack@g-api.service[103031]: DEBUG glance.api.middleware.version_negotiation [None req-c1a639fc-eff7-4fdb-8683-47ee04f55eb5 tempest-ServerActionsV293TestJSON-758050861 tempest-ServerActionsV293TestJSON-758050861-project-member] Determining version of request: GET /v2/images/bc732645-3b79-4b3e-b3c0-edc65f2bdc4a Accept: */* {{(pid=103031) process_request /opt/stack/glance/glance/api/middleware/version_negotiation.py:44}}
Aug 04 10:43:49.961527 np0000006413 devstack@g-api.service[103031]: DEBUG glance.api.middleware.version_negotiation [None req-c1a639fc-eff7-4fdb-8683-47ee04f55eb5 tempest-ServerActionsV293TestJSON-758050861 tempest-ServerActionsV293TestJSON-758050861-project-member] Using url versioning {{(pid=103031) process_request /opt/stack/glance/glance/api/middleware/version_negotiation.py:57}}
Aug 04 10:43:49.961680 np0000006413 devstack@g-api.service[103031]: DEBUG glance.api.middleware.version_negotiation [None req-c1a639fc-eff7-4fdb-8683-47ee04f55eb5 tempest-ServerActionsV293TestJSON-758050861 tempest-ServerActionsV293TestJSON-758050861-project-member] Matched version: v2 {{(pid=103031) process_request /opt/stack/glance/glance/api/middleware/version_negotiation.py:69}}
Aug 04 10:43:49.961822 np0000006413 devstack@g-api.service[103031]: DEBUG glance.api.middleware.version_negotiation [None req-c1a639fc-eff7-4fdb-8683-47ee04f55eb5 tempest-ServerActionsV293TestJSON-758050861 tempest-ServerActionsV293TestJSON-758050861-project-member] new path /v2/images/bc732645-3b79-4b3e-b3c0-edc65f2bdc4a {{(pid=103031) process_request /opt/stack/glance/glance/api/middleware/version_negotiation.py:70}}
Aug 04 10:43:49.985532 np0000006413 devstack@g-api.service[103031]: [pid: 103031|app: 0|req: 9/41] 127.0.0.1 () {44 vars in 1115 bytes} [Tue Aug 4 10:43:49 2026] GET /v2/images/bc732645-3b79-4b3e-b3c0-edc65f2bdc4a => generated 1044 bytes in 24 msecs (HTTP/1.1 200) 4 headers in 158 bytes (1 switches on core 0)
Aug 04 10:43:49.995315 np0000006413 devstack@g-api.service[103029]: DEBUG glance.api.middleware.version_negotiation [None req-c1a639fc-eff7-4fdb-8683-47ee04f55eb5 tempest-ServerActionsV293TestJSON-758050861 tempest-ServerActionsV293TestJSON-758050861-project-member] Determining version of request: GET /v2/images/bc732645-3b79-4b3e-b3c0-edc65f2bdc4a/file Accept: */* {{(pid=103029) process_request /opt/stack/glance/glance/api/middleware/version_negotiation.py:44}}
Aug 04 10:43:49.995315 np0000006413 devstack@g-api.service[103029]: DEBUG glance.api.middleware.version_negotiation [None req-c1a639fc-eff7-4fdb-8683-47ee04f55eb5 tempest-ServerActionsV293TestJSON-758050861 tempest-ServerActionsV293TestJSON-758050861-project-member] Using url versioning {{(pid=103029) process_request /opt/stack/glance/glance/api/middleware/version_negotiation.py:57}}
Aug 04 10:43:49.995592 np0000006413 devstack@g-api.service[103029]: DEBUG glance.api.middleware.version_negotiation [None req-c1a639fc-eff7-4fdb-8683-47ee04f55eb5 tempest-ServerActionsV293TestJSON-758050861 tempest-ServerActionsV293TestJSON-758050861-project-member] Matched version: v2 {{(pid=103029) process_request /opt/stack/glance/glance/api/middleware/version_negotiation.py:69}}
Aug 04 10:43:49.996872 np0000006413 devstack@g-api.service[103029]: DEBUG glance.api.middleware.version_negotiation [None req-c1a639fc-eff7-4fdb-8683-47ee04f55eb5 tempest-ServerActionsV293TestJSON-758050861 tempest-ServerActionsV293TestJSON-758050861-project-member] new path /v2/images/bc732645-3b79-4b3e-b3c0-edc65f2bdc4a/file {{(pid=103029) process_request /opt/stack/glance/glance/api/middleware/version_negotiation.py:70}}
Aug 04 10:43:50.009776 np0000006413 devstack@g-api.service[103029]: DEBUG glance.api.middleware.cache [None req-c1a639fc-eff7-4fdb-8683-47ee04f55eb5 tempest-ServerActionsV293TestJSON-758050861 tempest-ServerActionsV293TestJSON-758050861-project-member] Cache hit for image 'bc732645-3b79-4b3e-b3c0-edc65f2bdc4a' {{(pid=103029) process_request /opt/stack/glance/glance/api/middleware/cache.py:160}}
Aug 04 10:43:50.030947 np0000006413 devstack@g-api.service[103030]: DEBUG glance.api.middleware.version_negotiation [None req-a588b567-202d-40ff-afc7-55eff9fe359a tempest-DeleteServersTestJSON-1627119519 tempest-DeleteServersTestJSON-1627119519-project-member] Determining version of request: GET /v2/images/bc732645-3b79-4b3e-b3c0-edc65f2bdc4a Accept: */* {{(pid=103030) process_request /opt/stack/glance/glance/api/middleware/version_negotiation.py:44}}
Aug 04 10:43:50.031141 np0000006413 devstack@g-api.service[103030]: DEBUG glance.api.middleware.version_negotiation [None req-a588b567-202d-40ff-afc7-55eff9fe359a tempest-DeleteServersTestJSON-1627119519 tempest-DeleteServersTestJSON-1627119519-project-member] Using url versioning {{(pid=103030) process_request /opt/stack/glance/glance/api/middleware/version_negotiation.py:57}}
Aug 04 10:43:50.031308 np0000006413 devstack@g-api.service[103030]: DEBUG glance.api.middleware.version_negotiation [None req-a588b567-202d-40ff-afc7-55eff9fe359a tempest-DeleteServersTestJSON-1627119519 tempest-DeleteServersTestJSON-1627119519-project-member] Matched version: v2 {{(pid=103030) process_request /opt/stack/glance/glance/api/middleware/version_negotiation.py:69}}
Aug 04 10:43:50.031445 np0000006413 devstack@g-api.service[103030]: DEBUG glance.api.middleware.version_negotiation [None req-a588b567-202d-40ff-afc7-55eff9fe359a tempest-DeleteServersTestJSON-1627119519 tempest-DeleteServersTestJSON-1627119519-project-member] new path /v2/images/bc732645-3b79-4b3e-b3c0-edc65f2bdc4a {{(pid=103030) process_request /opt/stack/glance/glance/api/middleware/version_negotiation.py:70}}
Aug 04 10:43:50.042507 np0000006413 devstack@g-api.service[103030]: [pid: 103030|app: 0|req: 13/42] 127.0.0.1 () {44 vars in 1115 bytes} [Tue Aug 4 10:43:50 2026] GET /v2/images/bc732645-3b79-4b3e-b3c0-edc65f2bdc4a => generated 1044 bytes in 12 msecs (HTTP/1.1 200) 4 headers in 158 bytes (1 switches on core 0)
Aug 04 10:43:50.077496 np0000006413 devstack@g-api.service[103031]: DEBUG glance.api.middleware.version_negotiation [None req-c1a639fc-eff7-4fdb-8683-47ee04f55eb5 tempest-ServerActionsV293TestJSON-758050861 tempest-ServerActionsV293TestJSON-758050861-project-member] Determining version of request: GET /v2/schemas/image Accept: */* {{(pid=103031) process_request /opt/stack/glance/glance/api/middleware/version_negotiation.py:44}}
Aug 04 10:43:50.077696 np0000006413 devstack@g-api.service[103031]: DEBUG glance.api.middleware.version_negotiation [None req-c1a639fc-eff7-4fdb-8683-47ee04f55eb5 tempest-ServerActionsV293TestJSON-758050861 tempest-ServerActionsV293TestJSON-758050861-project-member] Using url versioning {{(pid=103031) process_request /opt/stack/glance/glance/api/middleware/version_negotiation.py:57}}
Aug 04 10:43:50.078063 np0000006413 devstack@g-api.service[103031]: DEBUG glance.api.middleware.version_negotiation [None req-c1a639fc-eff7-4fdb-8683-47ee04f55eb5 tempest-ServerActionsV293TestJSON-758050861 tempest-ServerActionsV293TestJSON-758050861-project-member] Matched version: v2 {{(pid=103031) process_request /opt/stack/glance/glance/api/middleware/version_negotiation.py:69}}
Aug 04 10:43:50.078063 np0000006413 devstack@g-api.service[103031]: DEBUG glance.api.middleware.version_negotiation [None req-c1a639fc-eff7-4fdb-8683-47ee04f55eb5 tempest-ServerActionsV293TestJSON-758050861 tempest-ServerActionsV293TestJSON-758050861-project-member] new path /v2/schemas/image {{(pid=103031) process_request /opt/stack/glance/glance/api/middleware/version_negotiation.py:70}}
Aug 04 10:43:50.080772 np0000006413 devstack@g-api.service[103031]: [pid: 103031|app: 0|req: 10/43] 127.0.0.1 () {44 vars in 1055 bytes} [Tue Aug 4 10:43:50 2026] GET /v2/schemas/image => generated 6083 bytes in 3 msecs (HTTP/1.1 200) 4 headers in 158 bytes (1 switches on core 0)
Aug 04 10:43:50.091944 np0000006413 devstack@g-api.service[103029]: [pid: 103029|app: 0|req: 11/44] 127.0.0.1 () {44 vars in 1125 bytes} [Tue Aug 4 10:43:49 2026] GET /v2/images/bc732645-3b79-4b3e-b3c0-edc65f2bdc4a/file => generated 21692416 bytes in 97 msecs (HTTP/1.1 200) 5 headers in 217 bytes (339 switches on core 0)
Aug 04 10:43:50.176468 np0000006413 devstack@g-api.service[103030]: DEBUG glance.api.middleware.version_negotiation [None req-a588b567-202d-40ff-afc7-55eff9fe359a tempest-DeleteServersTestJSON-1627119519 tempest-DeleteServersTestJSON-1627119519-project-member] Determining version of request: GET /v2/images/bc732645-3b79-4b3e-b3c0-edc65f2bdc4a Accept: */* {{(pid=103030) process_request /opt/stack/glance/glance/api/middleware/version_negotiation.py:44}}
Aug 04 10:43:50.176728 np0000006413 devstack@g-api.service[103030]: DEBUG glance.api.middleware.version_negotiation [None req-a588b567-202d-40ff-afc7-55eff9fe359a tempest-DeleteServersTestJSON-1627119519 tempest-DeleteServersTestJSON-1627119519-project-member] Using url versioning {{(pid=103030) process_request /opt/stack/glance/glance/api/middleware/version_negotiation.py:57}}
Aug 04 10:43:50.176755 np0000006413 devstack@g-api.service[103030]: DEBUG glance.api.middleware.version_negotiation [None req-a588b567-202d-40ff-afc7-55eff9fe359a tempest-DeleteServersTestJSON-1627119519 tempest-DeleteServersTestJSON-1627119519-project-member] Matched version: v2 {{(pid=103030) process_request /opt/stack/glance/glance/api/middleware/version_negotiation.py:69}}
Aug 04 10:43:50.177316 np0000006413 devstack@g-api.service[103030]: DEBUG glance.api.middleware.version_negotiation [None req-a588b567-202d-40ff-afc7-55eff9fe359a tempest-DeleteServersTestJSON-1627119519 tempest-DeleteServersTestJSON-1627119519-project-member] new path /v2/images/bc732645-3b79-4b3e-b3c0-edc65f2bdc4a {{(pid=103030) process_request /opt/stack/glance/glance/api/middleware/version_negotiation.py:70}}
Aug 04 10:43:50.192181 np0000006413 devstack@g-api.service[103030]: [pid: 103030|app: 0|req: 14/45] 127.0.0.1 () {44 vars in 1115 bytes} [Tue Aug 4 10:43:50 2026] GET /v2/images/bc732645-3b79-4b3e-b3c0-edc65f2bdc4a => generated 1044 bytes in 16 msecs (HTTP/1.1 200) 4 headers in 158 bytes (1 switches on core 0)
Aug 04 10:43:50.200040 np0000006413 devstack@g-api.service[103031]: DEBUG glance.api.middleware.version_negotiation [None req-a588b567-202d-40ff-afc7-55eff9fe359a tempest-DeleteServersTestJSON-1627119519 tempest-DeleteServersTestJSON-1627119519-project-member] Determining version of request: GET /v2/schemas/image Accept: */* {{(pid=103031) process_request /opt/stack/glance/glance/api/middleware/version_negotiation.py:44}}
Aug 04 10:43:50.200403 np0000006413 devstack@g-api.service[103031]: DEBUG glance.api.middleware.version_negotiation [None req-a588b567-202d-40ff-afc7-55eff9fe359a tempest-DeleteServersTestJSON-1627119519 tempest-DeleteServersTestJSON-1627119519-project-member] Using url versioning {{(pid=103031) process_request /opt/stack/glance/glance/api/middleware/version_negotiation.py:57}}
Aug 04 10:43:50.200403 np0000006413 devstack@g-api.service[103031]: DEBUG glance.api.middleware.version_negotiation [None req-a588b567-202d-40ff-afc7-55eff9fe359a tempest-DeleteServersTestJSON-1627119519 tempest-DeleteServersTestJSON-1627119519-project-member] Matched version: v2 {{(pid=103031) process_request /opt/stack/glance/glance/api/middleware/version_negotiation.py:69}}
Aug 04 10:43:50.200464 np0000006413 devstack@g-api.service[103031]: DEBUG glance.api.middleware.version_negotiation [None req-a588b567-202d-40ff-afc7-55eff9fe359a tempest-DeleteServersTestJSON-1627119519 tempest-DeleteServersTestJSON-1627119519-project-member] new path /v2/schemas/image {{(pid=103031) process_request /opt/stack/glance/glance/api/middleware/version_negotiation.py:70}}
Aug 04 10:43:50.203910 np0000006413 devstack@g-api.service[103031]: [pid: 103031|app: 0|req: 11/46] 127.0.0.1 () {44 vars in 1055 bytes} [Tue Aug 4 10:43:50 2026] GET /v2/schemas/image => generated 6083 bytes in 4 msecs (HTTP/1.1 200) 4 headers in 158 bytes (1 switches on core 0)
Aug 04 10:43:50.300563 np0000006413 devstack@g-api.service[103028]: DEBUG glance.location [None req-1f3e372f-b2f8-43cb-b25c-b2eb5d2e3098 tempest-AttachSCSIVolumeTestJSON-1135025268 tempest-AttachSCSIVolumeTestJSON-1135025268-project-admin] Enabling in-flight format inspection for qcow2 {{(pid=103028) set_data /opt/stack/glance/glance/location.py:596}}
Aug 04 10:43:50.300952 np0000006413 devstack@g-api.service[103028]: DEBUG glance_store.backend [None req-1f3e372f-b2f8-43cb-b25c-b2eb5d2e3098 tempest-AttachSCSIVolumeTestJSON-1135025268 tempest-AttachSCSIVolumeTestJSON-1135025268-project-admin] Attempting to import store swift {{(pid=103028) _load_store /opt/stack/data/venv/lib/python3.12/site-packages/glance_store/backend.py:215}}
Aug 04 10:43:50.302225 np0000006413 devstack@g-api.service[103028]: DEBUG glance_store.capabilities [None req-1f3e372f-b2f8-43cb-b25c-b2eb5d2e3098 tempest-AttachSCSIVolumeTestJSON-1135025268 tempest-AttachSCSIVolumeTestJSON-1135025268-project-admin] Store glance_store._drivers.swift.store.SingleTenantStore doesn't support updating dynamic storage capabilities. Please overwrite 'update_capabilities' method of the store to implement updating logics if needed. {{(pid=103028) update_capabilities /opt/stack/data/venv/lib/python3.12/site-packages/glance_store/capabilities.py:91}}
Aug 04 10:43:50.302448 np0000006413 devstack@g-api.service[103028]: DEBUG glance_store.driver [None req-1f3e372f-b2f8-43cb-b25c-b2eb5d2e3098 tempest-AttachSCSIVolumeTestJSON-1135025268 tempest-AttachSCSIVolumeTestJSON-1135025268-project-admin] Late loading location class glance_store._drivers.swift.store.StoreLocation {{(pid=103028) get_store_location_class /opt/stack/data/venv/lib/python3.12/site-packages/glance_store/driver.py:134}}
Aug 04 10:43:50.302574 np0000006413 devstack@g-api.service[103028]: DEBUG glance_store.location [None req-1f3e372f-b2f8-43cb-b25c-b2eb5d2e3098 tempest-AttachSCSIVolumeTestJSON-1135025268 tempest-AttachSCSIVolumeTestJSON-1135025268-project-admin] Registering scheme swift+https with {'store': , 'location_class': , 'store_entry': 'swift'} {{(pid=103028) register_scheme_map /opt/stack/data/venv/lib/python3.12/site-packages/glance_store/location.py:146}}
Aug 04 10:43:50.302670 np0000006413 devstack@g-api.service[103028]: DEBUG glance_store.location [None req-1f3e372f-b2f8-43cb-b25c-b2eb5d2e3098 tempest-AttachSCSIVolumeTestJSON-1135025268 tempest-AttachSCSIVolumeTestJSON-1135025268-project-admin] Registering scheme swift+https with {'store': , 'location_class': , 'store_entry': 'swift'} {{(pid=103028) register_scheme_map /opt/stack/data/venv/lib/python3.12/site-packages/glance_store/location.py:146}}
Aug 04 10:43:50.302670 np0000006413 devstack@g-api.service[103028]: DEBUG glance_store.location [None req-1f3e372f-b2f8-43cb-b25c-b2eb5d2e3098 tempest-AttachSCSIVolumeTestJSON-1135025268 tempest-AttachSCSIVolumeTestJSON-1135025268-project-admin] Registering scheme swift with {'store': , 'location_class': , 'store_entry': 'swift'} {{(pid=103028) register_scheme_map /opt/stack/data/venv/lib/python3.12/site-packages/glance_store/location.py:146}}
Aug 04 10:43:50.302805 np0000006413 devstack@g-api.service[103028]: DEBUG glance_store.location [None req-1f3e372f-b2f8-43cb-b25c-b2eb5d2e3098 tempest-AttachSCSIVolumeTestJSON-1135025268 tempest-AttachSCSIVolumeTestJSON-1135025268-project-admin] Registering scheme swift+https with {'store': , 'location_class': , 'store_entry': 'swift'} {{(pid=103028) register_scheme_map /opt/stack/data/venv/lib/python3.12/site-packages/glance_store/location.py:146}}
Aug 04 10:43:50.302805 np0000006413 devstack@g-api.service[103028]: DEBUG glance_store.location [None req-1f3e372f-b2f8-43cb-b25c-b2eb5d2e3098 tempest-AttachSCSIVolumeTestJSON-1135025268 tempest-AttachSCSIVolumeTestJSON-1135025268-project-admin] Registering scheme swift with {'store': , 'location_class': , 'store_entry': 'swift'} {{(pid=103028) register_scheme_map /opt/stack/data/venv/lib/python3.12/site-packages/glance_store/location.py:146}}
Aug 04 10:43:50.302894 np0000006413 devstack@g-api.service[103028]: DEBUG glance_store.location [None req-1f3e372f-b2f8-43cb-b25c-b2eb5d2e3098 tempest-AttachSCSIVolumeTestJSON-1135025268 tempest-AttachSCSIVolumeTestJSON-1135025268-project-admin] Registering scheme swift+http with {'store': , 'location_class': , 'store_entry': 'swift'} {{(pid=103028) register_scheme_map /opt/stack/data/venv/lib/python3.12/site-packages/glance_store/location.py:146}}
Aug 04 10:43:50.303013 np0000006413 devstack@g-api.service[103028]: DEBUG glance_store.location [None req-1f3e372f-b2f8-43cb-b25c-b2eb5d2e3098 tempest-AttachSCSIVolumeTestJSON-1135025268 tempest-AttachSCSIVolumeTestJSON-1135025268-project-admin] Registering scheme swift+https with {'store': , 'location_class': , 'store_entry': 'swift'} {{(pid=103028) register_scheme_map /opt/stack/data/venv/lib/python3.12/site-packages/glance_store/location.py:146}}
Aug 04 10:43:50.303013 np0000006413 devstack@g-api.service[103028]: DEBUG glance_store.location [None req-1f3e372f-b2f8-43cb-b25c-b2eb5d2e3098 tempest-AttachSCSIVolumeTestJSON-1135025268 tempest-AttachSCSIVolumeTestJSON-1135025268-project-admin] Registering scheme swift with {'store': , 'location_class': , 'store_entry': 'swift'} {{(pid=103028) register_scheme_map /opt/stack/data/venv/lib/python3.12/site-packages/glance_store/location.py:146}}
Aug 04 10:43:50.303145 np0000006413 devstack@g-api.service[103028]: DEBUG glance_store.location [None req-1f3e372f-b2f8-43cb-b25c-b2eb5d2e3098 tempest-AttachSCSIVolumeTestJSON-1135025268 tempest-AttachSCSIVolumeTestJSON-1135025268-project-admin] Registering scheme swift+http with {'store': , 'location_class': , 'store_entry': 'swift'} {{(pid=103028) register_scheme_map /opt/stack/data/venv/lib/python3.12/site-packages/glance_store/location.py:146}}
Aug 04 10:43:50.303206 np0000006413 devstack@g-api.service[103028]: DEBUG glance_store.location [None req-1f3e372f-b2f8-43cb-b25c-b2eb5d2e3098 tempest-AttachSCSIVolumeTestJSON-1135025268 tempest-AttachSCSIVolumeTestJSON-1135025268-project-admin] Registering scheme swift+config with {'store': , 'location_class': , 'store_entry': 'swift'} {{(pid=103028) register_scheme_map /opt/stack/data/venv/lib/python3.12/site-packages/glance_store/location.py:146}}
Aug 04 10:43:50.687552 np0000006413 devstack@g-api.service[103028]: DEBUG swiftclient [None req-1f3e372f-b2f8-43cb-b25c-b2eb5d2e3098 tempest-AttachSCSIVolumeTestJSON-1135025268 tempest-AttachSCSIVolumeTestJSON-1135025268-project-admin] REQ: curl -i https://10.4.3.232:8080/v1/AUTH_c4470a69404c4fbb8962051bbe566bd4/glance -I -H "X-Auth-Token: gAAAAABqccJm04xO..." {{(pid=103028) http_log /opt/stack/data/venv/lib/python3.12/site-packages/swiftclient/client.py:160}}
Aug 04 10:43:50.687887 np0000006413 devstack@g-api.service[103028]: DEBUG swiftclient [None req-1f3e372f-b2f8-43cb-b25c-b2eb5d2e3098 tempest-AttachSCSIVolumeTestJSON-1135025268 tempest-AttachSCSIVolumeTestJSON-1135025268-project-admin] RESP STATUS: 204 No Content {{(pid=103028) http_log /opt/stack/data/venv/lib/python3.12/site-packages/swiftclient/client.py:161}}
Aug 04 10:43:50.687887 np0000006413 devstack@g-api.service[103028]: DEBUG swiftclient [None req-1f3e372f-b2f8-43cb-b25c-b2eb5d2e3098 tempest-AttachSCSIVolumeTestJSON-1135025268 tempest-AttachSCSIVolumeTestJSON-1135025268-project-admin] RESP HEADERS: {'Date': 'Tue, 04 Aug 2026 10:43:50 GMT', 'Server': 'Apache/2.4.58 (Ubuntu)', 'Content-Type': 'text/plain; charset=utf-8', 'X-Container-Object-Count': '3', 'X-Container-Bytes-Used': '64356352', 'X-Timestamp': '1785840111.25984', 'Last-Modified': 'Tue, 04 Aug 2026 10:41:52 GMT', 'Accept-Ranges': 'bytes', 'X-Storage-Policy': 'Policy-0', 'X-Container-Sharding': 'False', 'Vary': 'Accept', 'X-Trans-Id': 'tx5799c42f8f3e44339e5e4-006a71c266', 'X-Openstack-Request-Id': 'tx5799c42f8f3e44339e5e4-006a71c266', 'Connection': 'close'} {{(pid=103028) http_log /opt/stack/data/venv/lib/python3.12/site-packages/swiftclient/client.py:162}}
Aug 04 10:43:50.687993 np0000006413 devstack@g-api.service[103028]: DEBUG glance_store._drivers.swift.store [None req-1f3e372f-b2f8-43cb-b25c-b2eb5d2e3098 tempest-AttachSCSIVolumeTestJSON-1135025268 tempest-AttachSCSIVolumeTestJSON-1135025268-project-admin] Adding image object 'ae084964-4d0a-4ffb-8f2c-806ea38d71d3' to Swift {{(pid=103028) add /opt/stack/data/venv/lib/python3.12/site-packages/glance_store/_drivers/swift/store.py:970}}
Aug 04 10:43:50.688046 np0000006413 devstack@g-api.service[103028]: DEBUG glance_store._drivers.swift.store [None req-1f3e372f-b2f8-43cb-b25c-b2eb5d2e3098 tempest-AttachSCSIVolumeTestJSON-1135025268 tempest-AttachSCSIVolumeTestJSON-1135025268-project-admin] Cannot determine image size because it is either not provided in the request or chunked-transfer encoding is used. Adding image as a segmented object to Swift. {{(pid=103028) add /opt/stack/data/venv/lib/python3.12/site-packages/glance_store/_drivers/swift/store.py:994}}
Aug 04 10:43:50.693123 np0000006413 devstack@g-api.service[103028]: DEBUG oslo_utils.imageutils.format_inspector [None req-1f3e372f-b2f8-43cb-b25c-b2eb5d2e3098 tempest-AttachSCSIVolumeTestJSON-1135025268 tempest-AttachSCSIVolumeTestJSON-1135025268-project-admin] Format inspector for vmdk does not match, excluding from consideration (Signature KDMV not found: b'QFI\xfb') {{(pid=103028) _process_chunk /opt/stack/data/venv/lib/python3.12/site-packages/oslo_utils/imageutils/format_inspector.py:1758}}
Aug 04 10:43:50.695350 np0000006413 devstack@g-api.service[103028]: DEBUG oslo_utils.imageutils.format_inspector [None req-1f3e372f-b2f8-43cb-b25c-b2eb5d2e3098 tempest-AttachSCSIVolumeTestJSON-1135025268 tempest-AttachSCSIVolumeTestJSON-1135025268-project-admin] Format inspector for vhdx does not match, excluding from consideration (Region signature not found at 30000) {{(pid=103028) _process_chunk /opt/stack/data/venv/lib/python3.12/site-packages/oslo_utils/imageutils/format_inspector.py:1758}}
Aug 04 10:43:51.113716 np0000006413 devstack@g-api.service[103029]: DEBUG glance.api.middleware.version_negotiation [None req-c1a639fc-eff7-4fdb-8683-47ee04f55eb5 tempest-ServerActionsV293TestJSON-758050861 tempest-ServerActionsV293TestJSON-758050861-project-member] Determining version of request: GET /v2/images/bc732645-3b79-4b3e-b3c0-edc65f2bdc4a Accept: */* {{(pid=103029) process_request /opt/stack/glance/glance/api/middleware/version_negotiation.py:44}}
Aug 04 10:43:51.114189 np0000006413 devstack@g-api.service[103029]: DEBUG glance.api.middleware.version_negotiation [None req-c1a639fc-eff7-4fdb-8683-47ee04f55eb5 tempest-ServerActionsV293TestJSON-758050861 tempest-ServerActionsV293TestJSON-758050861-project-member] Using url versioning {{(pid=103029) process_request /opt/stack/glance/glance/api/middleware/version_negotiation.py:57}}
Aug 04 10:43:51.114189 np0000006413 devstack@g-api.service[103029]: DEBUG glance.api.middleware.version_negotiation [None req-c1a639fc-eff7-4fdb-8683-47ee04f55eb5 tempest-ServerActionsV293TestJSON-758050861 tempest-ServerActionsV293TestJSON-758050861-project-member] Matched version: v2 {{(pid=103029) process_request /opt/stack/glance/glance/api/middleware/version_negotiation.py:69}}
Aug 04 10:43:51.114189 np0000006413 devstack@g-api.service[103029]: DEBUG glance.api.middleware.version_negotiation [None req-c1a639fc-eff7-4fdb-8683-47ee04f55eb5 tempest-ServerActionsV293TestJSON-758050861 tempest-ServerActionsV293TestJSON-758050861-project-member] new path /v2/images/bc732645-3b79-4b3e-b3c0-edc65f2bdc4a {{(pid=103029) process_request /opt/stack/glance/glance/api/middleware/version_negotiation.py:70}}
Aug 04 10:43:51.124818 np0000006413 devstack@g-api.service[103029]: [pid: 103029|app: 0|req: 12/47] 127.0.0.1 () {44 vars in 1115 bytes} [Tue Aug 4 10:43:51 2026] GET /v2/images/bc732645-3b79-4b3e-b3c0-edc65f2bdc4a => generated 1044 bytes in 11 msecs (HTTP/1.1 200) 4 headers in 158 bytes (1 switches on core 0)
Aug 04 10:43:51.134278 np0000006413 devstack@g-api.service[103030]: DEBUG glance.api.middleware.version_negotiation [None req-c1a639fc-eff7-4fdb-8683-47ee04f55eb5 tempest-ServerActionsV293TestJSON-758050861 tempest-ServerActionsV293TestJSON-758050861-project-member] Determining version of request: GET /v2/schemas/image Accept: */* {{(pid=103030) process_request /opt/stack/glance/glance/api/middleware/version_negotiation.py:44}}
Aug 04 10:43:51.134454 np0000006413 devstack@g-api.service[103030]: DEBUG glance.api.middleware.version_negotiation [None req-c1a639fc-eff7-4fdb-8683-47ee04f55eb5 tempest-ServerActionsV293TestJSON-758050861 tempest-ServerActionsV293TestJSON-758050861-project-member] Using url versioning {{(pid=103030) process_request /opt/stack/glance/glance/api/middleware/version_negotiation.py:57}}
Aug 04 10:43:51.134514 np0000006413 devstack@g-api.service[103030]: DEBUG glance.api.middleware.version_negotiation [None req-c1a639fc-eff7-4fdb-8683-47ee04f55eb5 tempest-ServerActionsV293TestJSON-758050861 tempest-ServerActionsV293TestJSON-758050861-project-member] Matched version: v2 {{(pid=103030) process_request /opt/stack/glance/glance/api/middleware/version_negotiation.py:69}}
Aug 04 10:43:51.134580 np0000006413 devstack@g-api.service[103030]: DEBUG glance.api.middleware.version_negotiation [None req-c1a639fc-eff7-4fdb-8683-47ee04f55eb5 tempest-ServerActionsV293TestJSON-758050861 tempest-ServerActionsV293TestJSON-758050861-project-member] new path /v2/schemas/image {{(pid=103030) process_request /opt/stack/glance/glance/api/middleware/version_negotiation.py:70}}
Aug 04 10:43:51.137589 np0000006413 devstack@g-api.service[103030]: [pid: 103030|app: 0|req: 15/48] 127.0.0.1 () {44 vars in 1055 bytes} [Tue Aug 4 10:43:51 2026] GET /v2/schemas/image => generated 6083 bytes in 3 msecs (HTTP/1.1 200) 4 headers in 158 bytes (1 switches on core 0)
Aug 04 10:43:52.329514 np0000006413 devstack@g-api.service[103028]: DEBUG swiftclient [None req-1f3e372f-b2f8-43cb-b25c-b2eb5d2e3098 tempest-AttachSCSIVolumeTestJSON-1135025268 tempest-AttachSCSIVolumeTestJSON-1135025268-project-admin] REQ: curl -i https://10.4.3.232:8080/v1/AUTH_c4470a69404c4fbb8962051bbe566bd4/glance/ae084964-4d0a-4ffb-8f2c-806ea38d71d3-00001 -X PUT -H "X-Auth-Token: gAAAAABqccJm04xO..." {{(pid=103028) http_log /opt/stack/data/venv/lib/python3.12/site-packages/swiftclient/client.py:160}}
Aug 04 10:43:52.329743 np0000006413 devstack@g-api.service[103028]: DEBUG swiftclient [None req-1f3e372f-b2f8-43cb-b25c-b2eb5d2e3098 tempest-AttachSCSIVolumeTestJSON-1135025268 tempest-AttachSCSIVolumeTestJSON-1135025268-project-admin] RESP STATUS: 201 Created {{(pid=103028) http_log /opt/stack/data/venv/lib/python3.12/site-packages/swiftclient/client.py:161}}
Aug 04 10:43:52.329743 np0000006413 devstack@g-api.service[103028]: DEBUG swiftclient [None req-1f3e372f-b2f8-43cb-b25c-b2eb5d2e3098 tempest-AttachSCSIVolumeTestJSON-1135025268 tempest-AttachSCSIVolumeTestJSON-1135025268-project-admin] RESP HEADERS: {'Date': 'Tue, 04 Aug 2026 10:43:52 GMT', 'Server': 'Apache/2.4.58 (Ubuntu)', 'Content-Type': 'text/html; charset=UTF-8', 'Content-Length': '0', 'Etag': '87617e24a5e30cb3b87fda8c0764838f', 'Last-Modified': 'Tue, 04 Aug 2026 10:43:51 GMT', 'X-Trans-Id': 'tx49e37ede8ae44d7192d5b-006a71c266', 'X-Openstack-Request-Id': 'tx49e37ede8ae44d7192d5b-006a71c266', 'Connection': 'close'} {{(pid=103028) http_log /opt/stack/data/venv/lib/python3.12/site-packages/swiftclient/client.py:162}}
Aug 04 10:43:52.329861 np0000006413 devstack@g-api.service[103028]: DEBUG glance_store._drivers.swift.store [None req-1f3e372f-b2f8-43cb-b25c-b2eb5d2e3098 tempest-AttachSCSIVolumeTestJSON-1135025268 tempest-AttachSCSIVolumeTestJSON-1135025268-project-admin] Wrote chunk ae084964-4d0a-4ffb-8f2c-806ea38d71d3-00001 (1/?) of length 21692416 to Swift returning MD5 of content: 87617e24a5e30cb3b87fda8c0764838f {{(pid=103028) add /opt/stack/data/venv/lib/python3.12/site-packages/glance_store/_drivers/swift/store.py:1059}}
Aug 04 10:43:52.330102 np0000006413 devstack@g-api.service[103028]: DEBUG glance_store._drivers.swift.store [None req-1f3e372f-b2f8-43cb-b25c-b2eb5d2e3098 tempest-AttachSCSIVolumeTestJSON-1135025268 tempest-AttachSCSIVolumeTestJSON-1135025268-project-admin] Not writing zero-length chunk. {{(pid=103028) add /opt/stack/data/venv/lib/python3.12/site-packages/glance_store/_drivers/swift/store.py:1028}}
Aug 04 10:43:52.354257 np0000006413 devstack@g-api.service[103028]: DEBUG swiftclient [None req-1f3e372f-b2f8-43cb-b25c-b2eb5d2e3098 tempest-AttachSCSIVolumeTestJSON-1135025268 tempest-AttachSCSIVolumeTestJSON-1135025268-project-admin] REQ: curl -i https://10.4.3.232:8080/v1/AUTH_c4470a69404c4fbb8962051bbe566bd4/glance/ae084964-4d0a-4ffb-8f2c-806ea38d71d3 -X PUT -H "X-Object-Manifest: glance/ae084964-4d0a-4ffb-8f2c-806ea38d71d3-" -H "X-Auth-Token: gAAAAABqccJm04xO..." -H "Content-Length: 0" {{(pid=103028) http_log /opt/stack/data/venv/lib/python3.12/site-packages/swiftclient/client.py:160}}
Aug 04 10:43:52.354418 np0000006413 devstack@g-api.service[103028]: DEBUG swiftclient [None req-1f3e372f-b2f8-43cb-b25c-b2eb5d2e3098 tempest-AttachSCSIVolumeTestJSON-1135025268 tempest-AttachSCSIVolumeTestJSON-1135025268-project-admin] RESP STATUS: 201 Created {{(pid=103028) http_log /opt/stack/data/venv/lib/python3.12/site-packages/swiftclient/client.py:161}}
Aug 04 10:43:52.354539 np0000006413 devstack@g-api.service[103028]: DEBUG swiftclient [None req-1f3e372f-b2f8-43cb-b25c-b2eb5d2e3098 tempest-AttachSCSIVolumeTestJSON-1135025268 tempest-AttachSCSIVolumeTestJSON-1135025268-project-admin] RESP HEADERS: {'Date': 'Tue, 04 Aug 2026 10:43:52 GMT', 'Server': 'Apache/2.4.58 (Ubuntu)', 'Content-Type': 'text/html; charset=UTF-8', 'Content-Length': '0', 'Etag': 'd41d8cd98f00b204e9800998ecf8427e', 'Last-Modified': 'Tue, 04 Aug 2026 10:43:53 GMT', 'X-Trans-Id': 'tx389fe96ed78b4c48a8608-006a71c268', 'X-Openstack-Request-Id': 'tx389fe96ed78b4c48a8608-006a71c268', 'Connection': 'close'} {{(pid=103028) http_log /opt/stack/data/venv/lib/python3.12/site-packages/swiftclient/client.py:162}}
Aug 04 10:43:52.355008 np0000006413 devstack@g-api.service[103028]: INFO glance.location [None req-1f3e372f-b2f8-43cb-b25c-b2eb5d2e3098 tempest-AttachSCSIVolumeTestJSON-1135025268 tempest-AttachSCSIVolumeTestJSON-1135025268-project-admin] Image format matched and virtual size computed: 117440512
Aug 04 10:43:52.380935 np0000006413 devstack@g-api.service[103028]: DEBUG glance_store.backend [None req-1f3e372f-b2f8-43cb-b25c-b2eb5d2e3098 tempest-AttachSCSIVolumeTestJSON-1135025268 tempest-AttachSCSIVolumeTestJSON-1135025268-project-admin] Attempting to import store swift {{(pid=103028) _load_store /opt/stack/data/venv/lib/python3.12/site-packages/glance_store/backend.py:215}}
Aug 04 10:43:52.382092 np0000006413 devstack@g-api.service[103028]: DEBUG glance_store.capabilities [None req-1f3e372f-b2f8-43cb-b25c-b2eb5d2e3098 tempest-AttachSCSIVolumeTestJSON-1135025268 tempest-AttachSCSIVolumeTestJSON-1135025268-project-admin] Store glance_store._drivers.swift.store.SingleTenantStore doesn't support updating dynamic storage capabilities. Please overwrite 'update_capabilities' method of the store to implement updating logics if needed. {{(pid=103028) update_capabilities /opt/stack/data/venv/lib/python3.12/site-packages/glance_store/capabilities.py:91}}
Aug 04 10:43:52.382179 np0000006413 devstack@g-api.service[103028]: DEBUG glance_store.driver [None req-1f3e372f-b2f8-43cb-b25c-b2eb5d2e3098 tempest-AttachSCSIVolumeTestJSON-1135025268 tempest-AttachSCSIVolumeTestJSON-1135025268-project-admin] Late loading location class glance_store._drivers.swift.store.StoreLocation {{(pid=103028) get_store_location_class /opt/stack/data/venv/lib/python3.12/site-packages/glance_store/driver.py:134}}
Aug 04 10:43:52.382314 np0000006413 devstack@g-api.service[103028]: DEBUG glance_store.location [None req-1f3e372f-b2f8-43cb-b25c-b2eb5d2e3098 tempest-AttachSCSIVolumeTestJSON-1135025268 tempest-AttachSCSIVolumeTestJSON-1135025268-project-admin] Registering scheme swift+https with {'store': , 'location_class': , 'store_entry': 'swift'} {{(pid=103028) register_scheme_map /opt/stack/data/venv/lib/python3.12/site-packages/glance_store/location.py:146}}
Aug 04 10:43:52.382439 np0000006413 devstack@g-api.service[103028]: DEBUG glance_store.location [None req-1f3e372f-b2f8-43cb-b25c-b2eb5d2e3098 tempest-AttachSCSIVolumeTestJSON-1135025268 tempest-AttachSCSIVolumeTestJSON-1135025268-project-admin] Registering scheme swift+https with {'store': , 'location_class': , 'store_entry': 'swift'} {{(pid=103028) register_scheme_map /opt/stack/data/venv/lib/python3.12/site-packages/glance_store/location.py:146}}
Aug 04 10:43:52.382523 np0000006413 devstack@g-api.service[103028]: DEBUG glance_store.location [None req-1f3e372f-b2f8-43cb-b25c-b2eb5d2e3098 tempest-AttachSCSIVolumeTestJSON-1135025268 tempest-AttachSCSIVolumeTestJSON-1135025268-project-admin] Registering scheme swift with {'store': , 'location_class': , 'store_entry': 'swift'} {{(pid=103028) register_scheme_map /opt/stack/data/venv/lib/python3.12/site-packages/glance_store/location.py:146}}
Aug 04 10:43:52.382640 np0000006413 devstack@g-api.service[103028]: DEBUG glance_store.location [None req-1f3e372f-b2f8-43cb-b25c-b2eb5d2e3098 tempest-AttachSCSIVolumeTestJSON-1135025268 tempest-AttachSCSIVolumeTestJSON-1135025268-project-admin] Registering scheme swift+https with {'store': , 'location_class': , 'store_entry': 'swift'} {{(pid=103028) register_scheme_map /opt/stack/data/venv/lib/python3.12/site-packages/glance_store/location.py:146}}
Aug 04 10:43:52.382732 np0000006413 devstack@g-api.service[103028]: DEBUG glance_store.location [None req-1f3e372f-b2f8-43cb-b25c-b2eb5d2e3098 tempest-AttachSCSIVolumeTestJSON-1135025268 tempest-AttachSCSIVolumeTestJSON-1135025268-project-admin] Registering scheme swift with {'store': , 'location_class': , 'store_entry': 'swift'} {{(pid=103028) register_scheme_map /opt/stack/data/venv/lib/python3.12/site-packages/glance_store/location.py:146}}
Aug 04 10:43:52.382822 np0000006413 devstack@g-api.service[103028]: DEBUG glance_store.location [None req-1f3e372f-b2f8-43cb-b25c-b2eb5d2e3098 tempest-AttachSCSIVolumeTestJSON-1135025268 tempest-AttachSCSIVolumeTestJSON-1135025268-project-admin] Registering scheme swift+http with {'store': , 'location_class': , 'store_entry': 'swift'} {{(pid=103028) register_scheme_map /opt/stack/data/venv/lib/python3.12/site-packages/glance_store/location.py:146}}
Aug 04 10:43:52.382929 np0000006413 devstack@g-api.service[103028]: DEBUG glance_store.location [None req-1f3e372f-b2f8-43cb-b25c-b2eb5d2e3098 tempest-AttachSCSIVolumeTestJSON-1135025268 tempest-AttachSCSIVolumeTestJSON-1135025268-project-admin] Registering scheme swift+https with {'store': , 'location_class': , 'store_entry': 'swift'} {{(pid=103028) register_scheme_map /opt/stack/data/venv/lib/python3.12/site-packages/glance_store/location.py:146}}
Aug 04 10:43:52.383020 np0000006413 devstack@g-api.service[103028]: DEBUG glance_store.location [None req-1f3e372f-b2f8-43cb-b25c-b2eb5d2e3098 tempest-AttachSCSIVolumeTestJSON-1135025268 tempest-AttachSCSIVolumeTestJSON-1135025268-project-admin] Registering scheme swift with {'store': , 'location_class': , 'store_entry': 'swift'} {{(pid=103028) register_scheme_map /opt/stack/data/venv/lib/python3.12/site-packages/glance_store/location.py:146}}
Aug 04 10:43:52.383141 np0000006413 devstack@g-api.service[103028]: DEBUG glance_store.location [None req-1f3e372f-b2f8-43cb-b25c-b2eb5d2e3098 tempest-AttachSCSIVolumeTestJSON-1135025268 tempest-AttachSCSIVolumeTestJSON-1135025268-project-admin] Registering scheme swift+http with {'store': , 'location_class': , 'store_entry': 'swift'} {{(pid=103028) register_scheme_map /opt/stack/data/venv/lib/python3.12/site-packages/glance_store/location.py:146}}
Aug 04 10:43:52.383255 np0000006413 devstack@g-api.service[103028]: DEBUG glance_store.location [None req-1f3e372f-b2f8-43cb-b25c-b2eb5d2e3098 tempest-AttachSCSIVolumeTestJSON-1135025268 tempest-AttachSCSIVolumeTestJSON-1135025268-project-admin] Registering scheme swift+config with {'store': , 'location_class': , 'store_entry': 'swift'} {{(pid=103028) register_scheme_map /opt/stack/data/venv/lib/python3.12/site-packages/glance_store/location.py:146}}
Aug 04 10:43:52.383430 np0000006413 devstack@g-api.service[103028]: DEBUG glance_store.backend [None req-1f3e372f-b2f8-43cb-b25c-b2eb5d2e3098 tempest-AttachSCSIVolumeTestJSON-1135025268 tempest-AttachSCSIVolumeTestJSON-1135025268-project-admin] Skipping store.set_acls... not implemented. {{(pid=103028) set_acls /opt/stack/data/venv/lib/python3.12/site-packages/glance_store/backend.py:507}}
Aug 04 10:43:52.385201 np0000006413 devstack@g-api.service[103028]: [pid: 103028|app: 0|req: 11/49] 127.0.0.1 () {40 vars in 858 bytes} [Tue Aug 4 10:43:48 2026] PUT /v2/images/ae084964-4d0a-4ffb-8f2c-806ea38d71d3/file => generated 0 bytes in 3871 msecs (HTTP/1.1 204) 4 headers in 171 bytes (1 switches on core 0)
Aug 04 10:43:56.180395 np0000006413 devstack@g-api.service[103031]: DEBUG glance.api.middleware.version_negotiation [None req-c1a639fc-eff7-4fdb-8683-47ee04f55eb5 tempest-ServerActionsV293TestJSON-758050861 tempest-ServerActionsV293TestJSON-758050861-project-member] Determining version of request: GET /v2/images/bc732645-3b79-4b3e-b3c0-edc65f2bdc4a Accept: */* {{(pid=103031) process_request /opt/stack/glance/glance/api/middleware/version_negotiation.py:44}}
Aug 04 10:43:56.180764 np0000006413 devstack@g-api.service[103031]: DEBUG glance.api.middleware.version_negotiation [None req-c1a639fc-eff7-4fdb-8683-47ee04f55eb5 tempest-ServerActionsV293TestJSON-758050861 tempest-ServerActionsV293TestJSON-758050861-project-member] Using url versioning {{(pid=103031) process_request /opt/stack/glance/glance/api/middleware/version_negotiation.py:57}}
Aug 04 10:43:56.181011 np0000006413 devstack@g-api.service[103031]: DEBUG glance.api.middleware.version_negotiation [None req-c1a639fc-eff7-4fdb-8683-47ee04f55eb5 tempest-ServerActionsV293TestJSON-758050861 tempest-ServerActionsV293TestJSON-758050861-project-member] Matched version: v2 {{(pid=103031) process_request /opt/stack/glance/glance/api/middleware/version_negotiation.py:69}}
Aug 04 10:43:56.181182 np0000006413 devstack@g-api.service[103031]: DEBUG glance.api.middleware.version_negotiation [None req-c1a639fc-eff7-4fdb-8683-47ee04f55eb5 tempest-ServerActionsV293TestJSON-758050861 tempest-ServerActionsV293TestJSON-758050861-project-member] new path /v2/images/bc732645-3b79-4b3e-b3c0-edc65f2bdc4a {{(pid=103031) process_request /opt/stack/glance/glance/api/middleware/version_negotiation.py:70}}
Aug 04 10:43:56.197412 np0000006413 devstack@g-api.service[103031]: [pid: 103031|app: 0|req: 12/50] 127.0.0.1 () {44 vars in 1115 bytes} [Tue Aug 4 10:43:56 2026] GET /v2/images/bc732645-3b79-4b3e-b3c0-edc65f2bdc4a => generated 1044 bytes in 17 msecs (HTTP/1.1 200) 4 headers in 158 bytes (1 switches on core 0)
Aug 04 10:43:56.208601 np0000006413 devstack@g-api.service[103029]: DEBUG glance.api.middleware.version_negotiation [None req-c1a639fc-eff7-4fdb-8683-47ee04f55eb5 tempest-ServerActionsV293TestJSON-758050861 tempest-ServerActionsV293TestJSON-758050861-project-member] Determining version of request: GET /v2/schemas/image Accept: */* {{(pid=103029) process_request /opt/stack/glance/glance/api/middleware/version_negotiation.py:44}}
Aug 04 10:43:56.209210 np0000006413 devstack@g-api.service[103029]: DEBUG glance.api.middleware.version_negotiation [None req-c1a639fc-eff7-4fdb-8683-47ee04f55eb5 tempest-ServerActionsV293TestJSON-758050861 tempest-ServerActionsV293TestJSON-758050861-project-member] Using url versioning {{(pid=103029) process_request /opt/stack/glance/glance/api/middleware/version_negotiation.py:57}}
Aug 04 10:43:56.209210 np0000006413 devstack@g-api.service[103029]: DEBUG glance.api.middleware.version_negotiation [None req-c1a639fc-eff7-4fdb-8683-47ee04f55eb5 tempest-ServerActionsV293TestJSON-758050861 tempest-ServerActionsV293TestJSON-758050861-project-member] Matched version: v2 {{(pid=103029) process_request /opt/stack/glance/glance/api/middleware/version_negotiation.py:69}}
Aug 04 10:43:56.209210 np0000006413 devstack@g-api.service[103029]: DEBUG glance.api.middleware.version_negotiation [None req-c1a639fc-eff7-4fdb-8683-47ee04f55eb5 tempest-ServerActionsV293TestJSON-758050861 tempest-ServerActionsV293TestJSON-758050861-project-member] new path /v2/schemas/image {{(pid=103029) process_request /opt/stack/glance/glance/api/middleware/version_negotiation.py:70}}
Aug 04 10:43:56.211180 np0000006413 devstack@g-api.service[103029]: [pid: 103029|app: 0|req: 13/51] 127.0.0.1 () {44 vars in 1055 bytes} [Tue Aug 4 10:43:56 2026] GET /v2/schemas/image => generated 6083 bytes in 2 msecs (HTTP/1.1 200) 4 headers in 158 bytes (1 switches on core 0)
