Jul 05 20:09:22.982069 np0000004598 devstack@g-api.service[102664]: [pid: 102664|app: 0|req: 98/385] 127.0.0.1 () {44 vars in 1055 bytes} [Sun Jul 5 20:09:22 2026] GET /v2/schemas/image => generated 6083 bytes in 3 msecs (HTTP/1.1 200) 4 headers in 158 bytes (1 switches on core 0)
Jul 05 20:09:22.990743 np0000004598 devstack@g-api.service[102663]: DEBUG glance.api.middleware.version_negotiation [None req-05696656-0ab0-49bc-8b75-4f007a090a09 tempest-VolumeImageDependencyTests-1660802983 tempest-VolumeImageDependencyTests-1660802983-project-member] Determining version of request: GET /v2/schemas/image Accept: */* {{(pid=102663) process_request /opt/stack/glance/glance/api/middleware/version_negotiation.py:44}}
Jul 05 20:09:22.991226 np0000004598 devstack@g-api.service[102663]: DEBUG glance.api.middleware.version_negotiation [None req-05696656-0ab0-49bc-8b75-4f007a090a09 tempest-VolumeImageDependencyTests-1660802983 tempest-VolumeImageDependencyTests-1660802983-project-member] Using url versioning {{(pid=102663) process_request /opt/stack/glance/glance/api/middleware/version_negotiation.py:57}}
Jul 05 20:09:22.991226 np0000004598 devstack@g-api.service[102663]: DEBUG glance.api.middleware.version_negotiation [None req-05696656-0ab0-49bc-8b75-4f007a090a09 tempest-VolumeImageDependencyTests-1660802983 tempest-VolumeImageDependencyTests-1660802983-project-member] Matched version: v2 {{(pid=102663) process_request /opt/stack/glance/glance/api/middleware/version_negotiation.py:69}}
Jul 05 20:09:22.991226 np0000004598 devstack@g-api.service[102663]: DEBUG glance.api.middleware.version_negotiation [None req-05696656-0ab0-49bc-8b75-4f007a090a09 tempest-VolumeImageDependencyTests-1660802983 tempest-VolumeImageDependencyTests-1660802983-project-member] new path /v2/schemas/image {{(pid=102663) process_request /opt/stack/glance/glance/api/middleware/version_negotiation.py:70}}
Jul 05 20:09:22.994801 np0000004598 devstack@g-api.service[102663]: [pid: 102663|app: 0|req: 97/386] 127.0.0.1 () {44 vars in 1055 bytes} [Sun Jul 5 20:09:22 2026] GET /v2/schemas/image => generated 6083 bytes in 5 msecs (HTTP/1.1 200) 4 headers in 158 bytes (1 switches on core 0)
Jul 05 20:09:23.004709 np0000004598 devstack@g-api.service[102665]: DEBUG glance.api.middleware.version_negotiation [None req-554805f4-bbb3-4f5a-9e5f-719526349466 tempest-AttachVolumeMultiAttachTest-822327002 tempest-AttachVolumeMultiAttachTest-822327002-project-member] Determining version of request: GET /v2/images/25107920-b1d5-499d-9ee6-116b69a3a5ff Accept: */* {{(pid=102665) process_request /opt/stack/glance/glance/api/middleware/version_negotiation.py:44}}
Jul 05 20:09:23.005232 np0000004598 devstack@g-api.service[102665]: DEBUG glance.api.middleware.version_negotiation [None req-554805f4-bbb3-4f5a-9e5f-719526349466 tempest-AttachVolumeMultiAttachTest-822327002 tempest-AttachVolumeMultiAttachTest-822327002-project-member] Using url versioning {{(pid=102665) process_request /opt/stack/glance/glance/api/middleware/version_negotiation.py:57}}
Jul 05 20:09:23.005232 np0000004598 devstack@g-api.service[102665]: DEBUG glance.api.middleware.version_negotiation [None req-554805f4-bbb3-4f5a-9e5f-719526349466 tempest-AttachVolumeMultiAttachTest-822327002 tempest-AttachVolumeMultiAttachTest-822327002-project-member] Matched version: v2 {{(pid=102665) process_request /opt/stack/glance/glance/api/middleware/version_negotiation.py:69}}
Jul 05 20:09:23.005232 np0000004598 devstack@g-api.service[102665]: DEBUG glance.api.middleware.version_negotiation [None req-554805f4-bbb3-4f5a-9e5f-719526349466 tempest-AttachVolumeMultiAttachTest-822327002 tempest-AttachVolumeMultiAttachTest-822327002-project-member] new path /v2/images/25107920-b1d5-499d-9ee6-116b69a3a5ff {{(pid=102665) process_request /opt/stack/glance/glance/api/middleware/version_negotiation.py:70}}
Jul 05 20:09:23.023021 np0000004598 devstack@g-api.service[102666]: DEBUG glance.location [None req-b1600674-de0c-4480-a58d-c74858941982 tempest-VolumeImageDependencyTests-1660802983 tempest-VolumeImageDependencyTests-1660802983-project-member] Enabling in-flight format inspection for raw {{(pid=102666) set_data /opt/stack/glance/glance/location.py:596}}
Jul 05 20:09:23.023457 np0000004598 devstack@g-api.service[102666]: DEBUG glance_store.backend [None req-b1600674-de0c-4480-a58d-c74858941982 tempest-VolumeImageDependencyTests-1660802983 tempest-VolumeImageDependencyTests-1660802983-project-member] Attempting to import store swift {{(pid=102666) _load_store /opt/stack/data/venv/lib/python3.12/site-packages/glance_store/backend.py:215}}
Jul 05 20:09:23.024928 np0000004598 devstack@g-api.service[102666]: DEBUG glance_store.capabilities [None req-b1600674-de0c-4480-a58d-c74858941982 tempest-VolumeImageDependencyTests-1660802983 tempest-VolumeImageDependencyTests-1660802983-project-member] Store glance_store._drivers.swift.store.SingleTenantStore doesn't support updating dynamic storage capabilities. Please overwrite 'update_capabilities' method of the store to implement updating logics if needed. {{(pid=102666) update_capabilities /opt/stack/data/venv/lib/python3.12/site-packages/glance_store/capabilities.py:91}}
Jul 05 20:09:23.025059 np0000004598 devstack@g-api.service[102666]: DEBUG glance_store.driver [None req-b1600674-de0c-4480-a58d-c74858941982 tempest-VolumeImageDependencyTests-1660802983 tempest-VolumeImageDependencyTests-1660802983-project-member] Late loading location class glance_store._drivers.swift.store.StoreLocation {{(pid=102666) get_store_location_class /opt/stack/data/venv/lib/python3.12/site-packages/glance_store/driver.py:134}}
Jul 05 20:09:23.025178 np0000004598 devstack@g-api.service[102666]: DEBUG glance_store.location [None req-b1600674-de0c-4480-a58d-c74858941982 tempest-VolumeImageDependencyTests-1660802983 tempest-VolumeImageDependencyTests-1660802983-project-member] Registering scheme swift+https with {'store': , 'location_class': , 'store_entry': 'swift'} {{(pid=102666) register_scheme_map /opt/stack/data/venv/lib/python3.12/site-packages/glance_store/location.py:146}}
Jul 05 20:09:23.025267 np0000004598 devstack@g-api.service[102666]: DEBUG glance_store.location [None req-b1600674-de0c-4480-a58d-c74858941982 tempest-VolumeImageDependencyTests-1660802983 tempest-VolumeImageDependencyTests-1660802983-project-member] Registering scheme swift+https with {'store': , 'location_class': , 'store_entry': 'swift'} {{(pid=102666) register_scheme_map /opt/stack/data/venv/lib/python3.12/site-packages/glance_store/location.py:146}}
Jul 05 20:09:23.025984 np0000004598 devstack@g-api.service[102666]: DEBUG glance_store.location [None req-b1600674-de0c-4480-a58d-c74858941982 tempest-VolumeImageDependencyTests-1660802983 tempest-VolumeImageDependencyTests-1660802983-project-member] Registering scheme swift with {'store': , 'location_class': , 'store_entry': 'swift'} {{(pid=102666) register_scheme_map /opt/stack/data/venv/lib/python3.12/site-packages/glance_store/location.py:146}}
Jul 05 20:09:23.026135 np0000004598 devstack@g-api.service[102666]: DEBUG glance_store.location [None req-b1600674-de0c-4480-a58d-c74858941982 tempest-VolumeImageDependencyTests-1660802983 tempest-VolumeImageDependencyTests-1660802983-project-member] Registering scheme swift+https with {'store': , 'location_class': , 'store_entry': 'swift'} {{(pid=102666) register_scheme_map /opt/stack/data/venv/lib/python3.12/site-packages/glance_store/location.py:146}}
Jul 05 20:09:23.026254 np0000004598 devstack@g-api.service[102666]: DEBUG glance_store.location [None req-b1600674-de0c-4480-a58d-c74858941982 tempest-VolumeImageDependencyTests-1660802983 tempest-VolumeImageDependencyTests-1660802983-project-member] Registering scheme swift with {'store': , 'location_class': , 'store_entry': 'swift'} {{(pid=102666) register_scheme_map /opt/stack/data/venv/lib/python3.12/site-packages/glance_store/location.py:146}}
Jul 05 20:09:23.026370 np0000004598 devstack@g-api.service[102666]: DEBUG glance_store.location [None req-b1600674-de0c-4480-a58d-c74858941982 tempest-VolumeImageDependencyTests-1660802983 tempest-VolumeImageDependencyTests-1660802983-project-member] Registering scheme swift+http with {'store': , 'location_class': , 'store_entry': 'swift'} {{(pid=102666) register_scheme_map /opt/stack/data/venv/lib/python3.12/site-packages/glance_store/location.py:146}}
Jul 05 20:09:23.026502 np0000004598 devstack@g-api.service[102666]: DEBUG glance_store.location [None req-b1600674-de0c-4480-a58d-c74858941982 tempest-VolumeImageDependencyTests-1660802983 tempest-VolumeImageDependencyTests-1660802983-project-member] Registering scheme swift+https with {'store': , 'location_class': , 'store_entry': 'swift'} {{(pid=102666) register_scheme_map /opt/stack/data/venv/lib/python3.12/site-packages/glance_store/location.py:146}}
Jul 05 20:09:23.026609 np0000004598 devstack@g-api.service[102666]: DEBUG glance_store.location [None req-b1600674-de0c-4480-a58d-c74858941982 tempest-VolumeImageDependencyTests-1660802983 tempest-VolumeImageDependencyTests-1660802983-project-member] Registering scheme swift with {'store': , 'location_class': , 'store_entry': 'swift'} {{(pid=102666) register_scheme_map /opt/stack/data/venv/lib/python3.12/site-packages/glance_store/location.py:146}}
Jul 05 20:09:23.026737 np0000004598 devstack@g-api.service[102666]: DEBUG glance_store.location [None req-b1600674-de0c-4480-a58d-c74858941982 tempest-VolumeImageDependencyTests-1660802983 tempest-VolumeImageDependencyTests-1660802983-project-member] Registering scheme swift+http with {'store': , 'location_class': , 'store_entry': 'swift'} {{(pid=102666) register_scheme_map /opt/stack/data/venv/lib/python3.12/site-packages/glance_store/location.py:146}}
Jul 05 20:09:23.026848 np0000004598 devstack@g-api.service[102666]: DEBUG glance_store.location [None req-b1600674-de0c-4480-a58d-c74858941982 tempest-VolumeImageDependencyTests-1660802983 tempest-VolumeImageDependencyTests-1660802983-project-member] Registering scheme swift+config with {'store': , 'location_class': , 'store_entry': 'swift'} {{(pid=102666) register_scheme_map /opt/stack/data/venv/lib/python3.12/site-packages/glance_store/location.py:146}}
Jul 05 20:09:23.029105 np0000004598 devstack@g-api.service[102665]: [pid: 102665|app: 0|req: 97/387] 127.0.0.1 () {44 vars in 1115 bytes} [Sun Jul 5 20:09:23 2026] GET /v2/images/25107920-b1d5-499d-9ee6-116b69a3a5ff => generated 1044 bytes in 24 msecs (HTTP/1.1 200) 4 headers in 158 bytes (1 switches on core 0)
Jul 05 20:09:23.037421 np0000004598 devstack@g-api.service[102664]: DEBUG glance.api.middleware.version_negotiation [None req-554805f4-bbb3-4f5a-9e5f-719526349466 tempest-AttachVolumeMultiAttachTest-822327002 tempest-AttachVolumeMultiAttachTest-822327002-project-member] Determining version of request: GET /v2/schemas/image Accept: */* {{(pid=102664) process_request /opt/stack/glance/glance/api/middleware/version_negotiation.py:44}}
Jul 05 20:09:23.037627 np0000004598 devstack@g-api.service[102664]: DEBUG glance.api.middleware.version_negotiation [None req-554805f4-bbb3-4f5a-9e5f-719526349466 tempest-AttachVolumeMultiAttachTest-822327002 tempest-AttachVolumeMultiAttachTest-822327002-project-member] Using url versioning {{(pid=102664) process_request /opt/stack/glance/glance/api/middleware/version_negotiation.py:57}}
Jul 05 20:09:23.037796 np0000004598 devstack@g-api.service[102664]: DEBUG glance.api.middleware.version_negotiation [None req-554805f4-bbb3-4f5a-9e5f-719526349466 tempest-AttachVolumeMultiAttachTest-822327002 tempest-AttachVolumeMultiAttachTest-822327002-project-member] Matched version: v2 {{(pid=102664) process_request /opt/stack/glance/glance/api/middleware/version_negotiation.py:69}}
Jul 05 20:09:23.037916 np0000004598 devstack@g-api.service[102664]: DEBUG glance.api.middleware.version_negotiation [None req-554805f4-bbb3-4f5a-9e5f-719526349466 tempest-AttachVolumeMultiAttachTest-822327002 tempest-AttachVolumeMultiAttachTest-822327002-project-member] new path /v2/schemas/image {{(pid=102664) process_request /opt/stack/glance/glance/api/middleware/version_negotiation.py:70}}
Jul 05 20:09:23.043582 np0000004598 devstack@g-api.service[102664]: [pid: 102664|app: 0|req: 99/388] 127.0.0.1 () {44 vars in 1055 bytes} [Sun Jul 5 20:09:23 2026] GET /v2/schemas/image => generated 6083 bytes in 6 msecs (HTTP/1.1 200) 4 headers in 158 bytes (1 switches on core 0)
Jul 05 20:09:23.052869 np0000004598 devstack@g-api.service[102663]: DEBUG glance.api.middleware.version_negotiation [None req-554805f4-bbb3-4f5a-9e5f-719526349466 tempest-AttachVolumeMultiAttachTest-822327002 tempest-AttachVolumeMultiAttachTest-822327002-project-member] Determining version of request: GET /v2/schemas/image Accept: */* {{(pid=102663) process_request /opt/stack/glance/glance/api/middleware/version_negotiation.py:44}}
Jul 05 20:09:23.052997 np0000004598 devstack@g-api.service[102663]: DEBUG glance.api.middleware.version_negotiation [None req-554805f4-bbb3-4f5a-9e5f-719526349466 tempest-AttachVolumeMultiAttachTest-822327002 tempest-AttachVolumeMultiAttachTest-822327002-project-member] Using url versioning {{(pid=102663) process_request /opt/stack/glance/glance/api/middleware/version_negotiation.py:57}}
Jul 05 20:09:23.053641 np0000004598 devstack@g-api.service[102663]: DEBUG glance.api.middleware.version_negotiation [None req-554805f4-bbb3-4f5a-9e5f-719526349466 tempest-AttachVolumeMultiAttachTest-822327002 tempest-AttachVolumeMultiAttachTest-822327002-project-member] Matched version: v2 {{(pid=102663) process_request /opt/stack/glance/glance/api/middleware/version_negotiation.py:69}}
Jul 05 20:09:23.053641 np0000004598 devstack@g-api.service[102663]: DEBUG glance.api.middleware.version_negotiation [None req-554805f4-bbb3-4f5a-9e5f-719526349466 tempest-AttachVolumeMultiAttachTest-822327002 tempest-AttachVolumeMultiAttachTest-822327002-project-member] new path /v2/schemas/image {{(pid=102663) process_request /opt/stack/glance/glance/api/middleware/version_negotiation.py:70}}
Jul 05 20:09:23.055692 np0000004598 devstack@g-api.service[102663]: [pid: 102663|app: 0|req: 98/389] 127.0.0.1 () {44 vars in 1055 bytes} [Sun Jul 5 20:09:23 2026] GET /v2/schemas/image => generated 6083 bytes in 3 msecs (HTTP/1.1 200) 4 headers in 158 bytes (1 switches on core 0)
Jul 05 20:09:23.076397 np0000004598 devstack@g-api.service[102665]: DEBUG glance.api.middleware.version_negotiation [None req-554805f4-bbb3-4f5a-9e5f-719526349466 tempest-AttachVolumeMultiAttachTest-822327002 tempest-AttachVolumeMultiAttachTest-822327002-project-member] Determining version of request: GET /v2/images/25107920-b1d5-499d-9ee6-116b69a3a5ff Accept: */* {{(pid=102665) process_request /opt/stack/glance/glance/api/middleware/version_negotiation.py:44}}
Jul 05 20:09:23.077682 np0000004598 devstack@g-api.service[102665]: DEBUG glance.api.middleware.version_negotiation [None req-554805f4-bbb3-4f5a-9e5f-719526349466 tempest-AttachVolumeMultiAttachTest-822327002 tempest-AttachVolumeMultiAttachTest-822327002-project-member] Using url versioning {{(pid=102665) process_request /opt/stack/glance/glance/api/middleware/version_negotiation.py:57}}
Jul 05 20:09:23.077811 np0000004598 devstack@g-api.service[102665]: DEBUG glance.api.middleware.version_negotiation [None req-554805f4-bbb3-4f5a-9e5f-719526349466 tempest-AttachVolumeMultiAttachTest-822327002 tempest-AttachVolumeMultiAttachTest-822327002-project-member] Matched version: v2 {{(pid=102665) process_request /opt/stack/glance/glance/api/middleware/version_negotiation.py:69}}
Jul 05 20:09:23.077931 np0000004598 devstack@g-api.service[102665]: DEBUG glance.api.middleware.version_negotiation [None req-554805f4-bbb3-4f5a-9e5f-719526349466 tempest-AttachVolumeMultiAttachTest-822327002 tempest-AttachVolumeMultiAttachTest-822327002-project-member] new path /v2/images/25107920-b1d5-499d-9ee6-116b69a3a5ff {{(pid=102665) process_request /opt/stack/glance/glance/api/middleware/version_negotiation.py:70}}
Jul 05 20:09:23.086690 np0000004598 devstack@g-api.service[102665]: [pid: 102665|app: 0|req: 98/390] 127.0.0.1 () {44 vars in 1115 bytes} [Sun Jul 5 20:09:23 2026] GET /v2/images/25107920-b1d5-499d-9ee6-116b69a3a5ff => generated 1044 bytes in 10 msecs (HTTP/1.1 200) 4 headers in 158 bytes (1 switches on core 0)
Jul 05 20:09:23.094480 np0000004598 devstack@g-api.service[102664]: DEBUG glance.api.middleware.version_negotiation [None req-554805f4-bbb3-4f5a-9e5f-719526349466 tempest-AttachVolumeMultiAttachTest-822327002 tempest-AttachVolumeMultiAttachTest-822327002-project-member] Determining version of request: GET /v2/schemas/image Accept: */* {{(pid=102664) process_request /opt/stack/glance/glance/api/middleware/version_negotiation.py:44}}
Jul 05 20:09:23.094731 np0000004598 devstack@g-api.service[102664]: DEBUG glance.api.middleware.version_negotiation [None req-554805f4-bbb3-4f5a-9e5f-719526349466 tempest-AttachVolumeMultiAttachTest-822327002 tempest-AttachVolumeMultiAttachTest-822327002-project-member] Using url versioning {{(pid=102664) process_request /opt/stack/glance/glance/api/middleware/version_negotiation.py:57}}
Jul 05 20:09:23.094937 np0000004598 devstack@g-api.service[102664]: DEBUG glance.api.middleware.version_negotiation [None req-554805f4-bbb3-4f5a-9e5f-719526349466 tempest-AttachVolumeMultiAttachTest-822327002 tempest-AttachVolumeMultiAttachTest-822327002-project-member] Matched version: v2 {{(pid=102664) process_request /opt/stack/glance/glance/api/middleware/version_negotiation.py:69}}
Jul 05 20:09:23.095115 np0000004598 devstack@g-api.service[102664]: DEBUG glance.api.middleware.version_negotiation [None req-554805f4-bbb3-4f5a-9e5f-719526349466 tempest-AttachVolumeMultiAttachTest-822327002 tempest-AttachVolumeMultiAttachTest-822327002-project-member] new path /v2/schemas/image {{(pid=102664) process_request /opt/stack/glance/glance/api/middleware/version_negotiation.py:70}}
Jul 05 20:09:23.098350 np0000004598 devstack@g-api.service[102664]: [pid: 102664|app: 0|req: 100/391] 127.0.0.1 () {44 vars in 1055 bytes} [Sun Jul 5 20:09:23 2026] GET /v2/schemas/image => generated 6083 bytes in 4 msecs (HTTP/1.1 200) 4 headers in 158 bytes (1 switches on core 0)
Jul 05 20:09:23.261629 np0000004598 devstack@g-api.service[102666]: DEBUG swiftclient [None req-b1600674-de0c-4480-a58d-c74858941982 tempest-VolumeImageDependencyTests-1660802983 tempest-VolumeImageDependencyTests-1660802983-project-member] REQ: curl -i https://10.4.3.227:8080/v1/AUTH_2ba8d1ceafed408aa013a8971bee82bd/glance -I -H "X-Auth-Token: gAAAAABqSrnzRV0y..." {{(pid=102666) http_log /opt/stack/data/venv/lib/python3.12/site-packages/swiftclient/client.py:160}}
Jul 05 20:09:23.261629 np0000004598 devstack@g-api.service[102666]: DEBUG swiftclient [None req-b1600674-de0c-4480-a58d-c74858941982 tempest-VolumeImageDependencyTests-1660802983 tempest-VolumeImageDependencyTests-1660802983-project-member] RESP STATUS: 204 No Content {{(pid=102666) http_log /opt/stack/data/venv/lib/python3.12/site-packages/swiftclient/client.py:161}}
Jul 05 20:09:23.261767 np0000004598 devstack@g-api.service[102666]: DEBUG swiftclient [None req-b1600674-de0c-4480-a58d-c74858941982 tempest-VolumeImageDependencyTests-1660802983 tempest-VolumeImageDependencyTests-1660802983-project-member] RESP HEADERS: {'Date': 'Sun, 05 Jul 2026 20:09:23 GMT', 'Server': 'Apache/2.4.58 (Ubuntu)', 'Content-Type': 'text/plain; charset=utf-8', 'X-Container-Object-Count': '5', 'X-Container-Bytes-Used': '87883776', 'X-Timestamp': '1783281745.74246', 'Last-Modified': 'Sun, 05 Jul 2026 20:02:26 GMT', 'Accept-Ranges': 'bytes', 'X-Storage-Policy': 'Policy-0', 'X-Container-Sharding': 'False', 'Vary': 'Accept', 'X-Trans-Id': 'tx64759b7198fa4d3ab6f70-006a4ab9f3', 'X-Openstack-Request-Id': 'tx64759b7198fa4d3ab6f70-006a4ab9f3', 'Connection': 'close'} {{(pid=102666) http_log /opt/stack/data/venv/lib/python3.12/site-packages/swiftclient/client.py:162}}
Jul 05 20:09:23.261952 np0000004598 devstack@g-api.service[102666]: DEBUG glance_store._drivers.swift.store [None req-b1600674-de0c-4480-a58d-c74858941982 tempest-VolumeImageDependencyTests-1660802983 tempest-VolumeImageDependencyTests-1660802983-project-member] Adding image object 'da37e93b-a8dd-4bc6-93a1-4c9bd118d819' to Swift {{(pid=102666) add /opt/stack/data/venv/lib/python3.12/site-packages/glance_store/_drivers/swift/store.py:970}}
Jul 05 20:09:23.269908 np0000004598 devstack@g-api.service[102666]: DEBUG oslo_utils.imageutils.format_inspector [None req-b1600674-de0c-4480-a58d-c74858941982 tempest-VolumeImageDependencyTests-1660802983 tempest-VolumeImageDependencyTests-1660802983-project-member] Format inspector for vmdk does not match, excluding from consideration (Signature KDMV not found: b'\xd4\x96\xb6\xd9') {{(pid=102666) _process_chunk /opt/stack/data/venv/lib/python3.12/site-packages/oslo_utils/imageutils/format_inspector.py:1758}}
Jul 05 20:09:23.311464 np0000004598 devstack@g-api.service[102666]: DEBUG swiftclient [None req-b1600674-de0c-4480-a58d-c74858941982 tempest-VolumeImageDependencyTests-1660802983 tempest-VolumeImageDependencyTests-1660802983-project-member] REQ: curl -i https://10.4.3.227:8080/v1/AUTH_2ba8d1ceafed408aa013a8971bee82bd/glance/da37e93b-a8dd-4bc6-93a1-4c9bd118d819 -X PUT -H "X-Auth-Token: gAAAAABqSrnzRV0y..." -H "Content-Length: 1024" {{(pid=102666) http_log /opt/stack/data/venv/lib/python3.12/site-packages/swiftclient/client.py:160}}
Jul 05 20:09:23.311571 np0000004598 devstack@g-api.service[102666]: DEBUG swiftclient [None req-b1600674-de0c-4480-a58d-c74858941982 tempest-VolumeImageDependencyTests-1660802983 tempest-VolumeImageDependencyTests-1660802983-project-member] RESP STATUS: 201 Created {{(pid=102666) http_log /opt/stack/data/venv/lib/python3.12/site-packages/swiftclient/client.py:161}}
Jul 05 20:09:23.312404 np0000004598 devstack@g-api.service[102666]: DEBUG swiftclient [None req-b1600674-de0c-4480-a58d-c74858941982 tempest-VolumeImageDependencyTests-1660802983 tempest-VolumeImageDependencyTests-1660802983-project-member] RESP HEADERS: {'Date': 'Sun, 05 Jul 2026 20:09:23 GMT', 'Server': 'Apache/2.4.58 (Ubuntu)', 'Content-Type': 'text/html; charset=UTF-8', 'Content-Length': '0', 'Etag': '831c9a8bcaf01ca401c950b5ec29f27e', 'Last-Modified': 'Sun, 05 Jul 2026 20:09:24 GMT', 'X-Trans-Id': 'txd3ad72addc8d4f4882be5-006a4ab9f3', 'X-Openstack-Request-Id': 'txd3ad72addc8d4f4882be5-006a4ab9f3', 'Connection': 'close'} {{(pid=102666) http_log /opt/stack/data/venv/lib/python3.12/site-packages/swiftclient/client.py:162}}
Jul 05 20:09:23.312404 np0000004598 devstack@g-api.service[102666]: INFO glance.location [None req-b1600674-de0c-4480-a58d-c74858941982 tempest-VolumeImageDependencyTests-1660802983 tempest-VolumeImageDependencyTests-1660802983-project-member] Image format matched and virtual size computed: 1024
Jul 05 20:09:23.371812 np0000004598 devstack@g-api.service[102666]: DEBUG glance_store.backend [None req-b1600674-de0c-4480-a58d-c74858941982 tempest-VolumeImageDependencyTests-1660802983 tempest-VolumeImageDependencyTests-1660802983-project-member] Attempting to import store swift {{(pid=102666) _load_store /opt/stack/data/venv/lib/python3.12/site-packages/glance_store/backend.py:215}}
Jul 05 20:09:23.372952 np0000004598 devstack@g-api.service[102666]: DEBUG glance_store.capabilities [None req-b1600674-de0c-4480-a58d-c74858941982 tempest-VolumeImageDependencyTests-1660802983 tempest-VolumeImageDependencyTests-1660802983-project-member] Store glance_store._drivers.swift.store.SingleTenantStore doesn't support updating dynamic storage capabilities. Please overwrite 'update_capabilities' method of the store to implement updating logics if needed. {{(pid=102666) update_capabilities /opt/stack/data/venv/lib/python3.12/site-packages/glance_store/capabilities.py:91}}
Jul 05 20:09:23.373036 np0000004598 devstack@g-api.service[102666]: DEBUG glance_store.driver [None req-b1600674-de0c-4480-a58d-c74858941982 tempest-VolumeImageDependencyTests-1660802983 tempest-VolumeImageDependencyTests-1660802983-project-member] Late loading location class glance_store._drivers.swift.store.StoreLocation {{(pid=102666) get_store_location_class /opt/stack/data/venv/lib/python3.12/site-packages/glance_store/driver.py:134}}
Jul 05 20:09:23.373139 np0000004598 devstack@g-api.service[102666]: DEBUG glance_store.location [None req-b1600674-de0c-4480-a58d-c74858941982 tempest-VolumeImageDependencyTests-1660802983 tempest-VolumeImageDependencyTests-1660802983-project-member] Registering scheme swift+https with {'store': , 'location_class': , 'store_entry': 'swift'} {{(pid=102666) register_scheme_map /opt/stack/data/venv/lib/python3.12/site-packages/glance_store/location.py:146}}
Jul 05 20:09:23.373220 np0000004598 devstack@g-api.service[102666]: DEBUG glance_store.location [None req-b1600674-de0c-4480-a58d-c74858941982 tempest-VolumeImageDependencyTests-1660802983 tempest-VolumeImageDependencyTests-1660802983-project-member] Registering scheme swift+https with {'store': , 'location_class': , 'store_entry': 'swift'} {{(pid=102666) register_scheme_map /opt/stack/data/venv/lib/python3.12/site-packages/glance_store/location.py:146}}
Jul 05 20:09:23.373290 np0000004598 devstack@g-api.service[102666]: DEBUG glance_store.location [None req-b1600674-de0c-4480-a58d-c74858941982 tempest-VolumeImageDependencyTests-1660802983 tempest-VolumeImageDependencyTests-1660802983-project-member] Registering scheme swift with {'store': , 'location_class': , 'store_entry': 'swift'} {{(pid=102666) register_scheme_map /opt/stack/data/venv/lib/python3.12/site-packages/glance_store/location.py:146}}
Jul 05 20:09:23.373359 np0000004598 devstack@g-api.service[102666]: DEBUG glance_store.location [None req-b1600674-de0c-4480-a58d-c74858941982 tempest-VolumeImageDependencyTests-1660802983 tempest-VolumeImageDependencyTests-1660802983-project-member] Registering scheme swift+https with {'store': , 'location_class': , 'store_entry': 'swift'} {{(pid=102666) register_scheme_map /opt/stack/data/venv/lib/python3.12/site-packages/glance_store/location.py:146}}
Jul 05 20:09:23.373416 np0000004598 devstack@g-api.service[102666]: DEBUG glance_store.location [None req-b1600674-de0c-4480-a58d-c74858941982 tempest-VolumeImageDependencyTests-1660802983 tempest-VolumeImageDependencyTests-1660802983-project-member] Registering scheme swift with {'store': , 'location_class': , 'store_entry': 'swift'} {{(pid=102666) register_scheme_map /opt/stack/data/venv/lib/python3.12/site-packages/glance_store/location.py:146}}
Jul 05 20:09:23.373478 np0000004598 devstack@g-api.service[102666]: DEBUG glance_store.location [None req-b1600674-de0c-4480-a58d-c74858941982 tempest-VolumeImageDependencyTests-1660802983 tempest-VolumeImageDependencyTests-1660802983-project-member] Registering scheme swift+http with {'store': , 'location_class': , 'store_entry': 'swift'} {{(pid=102666) register_scheme_map /opt/stack/data/venv/lib/python3.12/site-packages/glance_store/location.py:146}}
Jul 05 20:09:23.373542 np0000004598 devstack@g-api.service[102666]: DEBUG glance_store.location [None req-b1600674-de0c-4480-a58d-c74858941982 tempest-VolumeImageDependencyTests-1660802983 tempest-VolumeImageDependencyTests-1660802983-project-member] Registering scheme swift+https with {'store': , 'location_class': , 'store_entry': 'swift'} {{(pid=102666) register_scheme_map /opt/stack/data/venv/lib/python3.12/site-packages/glance_store/location.py:146}}
Jul 05 20:09:23.373600 np0000004598 devstack@g-api.service[102666]: DEBUG glance_store.location [None req-b1600674-de0c-4480-a58d-c74858941982 tempest-VolumeImageDependencyTests-1660802983 tempest-VolumeImageDependencyTests-1660802983-project-member] Registering scheme swift with {'store': , 'location_class': , 'store_entry': 'swift'} {{(pid=102666) register_scheme_map /opt/stack/data/venv/lib/python3.12/site-packages/glance_store/location.py:146}}
Jul 05 20:09:23.373678 np0000004598 devstack@g-api.service[102666]: DEBUG glance_store.location [None req-b1600674-de0c-4480-a58d-c74858941982 tempest-VolumeImageDependencyTests-1660802983 tempest-VolumeImageDependencyTests-1660802983-project-member] Registering scheme swift+http with {'store': , 'location_class': , 'store_entry': 'swift'} {{(pid=102666) register_scheme_map /opt/stack/data/venv/lib/python3.12/site-packages/glance_store/location.py:146}}
Jul 05 20:09:23.373760 np0000004598 devstack@g-api.service[102666]: DEBUG glance_store.location [None req-b1600674-de0c-4480-a58d-c74858941982 tempest-VolumeImageDependencyTests-1660802983 tempest-VolumeImageDependencyTests-1660802983-project-member] Registering scheme swift+config with {'store': , 'location_class': , 'store_entry': 'swift'} {{(pid=102666) register_scheme_map /opt/stack/data/venv/lib/python3.12/site-packages/glance_store/location.py:146}}
Jul 05 20:09:23.373760 np0000004598 devstack@g-api.service[102666]: DEBUG glance_store.backend [None req-b1600674-de0c-4480-a58d-c74858941982 tempest-VolumeImageDependencyTests-1660802983 tempest-VolumeImageDependencyTests-1660802983-project-member] Skipping store.set_acls... not implemented. {{(pid=102666) set_acls /opt/stack/data/venv/lib/python3.12/site-packages/glance_store/backend.py:507}}
Jul 05 20:09:23.376328 np0000004598 devstack@g-api.service[102666]: [pid: 102666|app: 0|req: 96/392] 127.0.0.1 () {40 vars in 847 bytes} [Sun Jul 5 20:09:21 2026] PUT /v2/images/da37e93b-a8dd-4bc6-93a1-4c9bd118d819/file => generated 0 bytes in 1475 msecs (HTTP/1.1 204) 4 headers in 171 bytes (1 switches on core 0)
Jul 05 20:09:23.390822 np0000004598 devstack@g-api.service[102663]: DEBUG glance.api.middleware.version_negotiation [None req-554805f4-bbb3-4f5a-9e5f-719526349466 tempest-AttachVolumeMultiAttachTest-822327002 tempest-AttachVolumeMultiAttachTest-822327002-project-member] Determining version of request: GET /v2/images/da37e93b-a8dd-4bc6-93a1-4c9bd118d819 Accept: application/json {{(pid=102663) process_request /opt/stack/glance/glance/api/middleware/version_negotiation.py:44}}
Jul 05 20:09:23.391065 np0000004598 devstack@g-api.service[102663]: DEBUG glance.api.middleware.version_negotiation [None req-554805f4-bbb3-4f5a-9e5f-719526349466 tempest-AttachVolumeMultiAttachTest-822327002 tempest-AttachVolumeMultiAttachTest-822327002-project-member] Using url versioning {{(pid=102663) process_request /opt/stack/glance/glance/api/middleware/version_negotiation.py:57}}
Jul 05 20:09:23.391240 np0000004598 devstack@g-api.service[102663]: DEBUG glance.api.middleware.version_negotiation [None req-554805f4-bbb3-4f5a-9e5f-719526349466 tempest-AttachVolumeMultiAttachTest-822327002 tempest-AttachVolumeMultiAttachTest-822327002-project-member] Matched version: v2 {{(pid=102663) process_request /opt/stack/glance/glance/api/middleware/version_negotiation.py:69}}
Jul 05 20:09:23.391354 np0000004598 devstack@g-api.service[102663]: DEBUG glance.api.middleware.version_negotiation [None req-554805f4-bbb3-4f5a-9e5f-719526349466 tempest-AttachVolumeMultiAttachTest-822327002 tempest-AttachVolumeMultiAttachTest-822327002-project-member] new path /v2/images/da37e93b-a8dd-4bc6-93a1-4c9bd118d819 {{(pid=102663) process_request /opt/stack/glance/glance/api/middleware/version_negotiation.py:70}}
Jul 05 20:09:23.403524 np0000004598 devstack@g-api.service[102663]: [pid: 102663|app: 0|req: 99/393] 127.0.0.1 () {40 vars in 838 bytes} [Sun Jul 5 20:09:23 2026] GET /v2/images/da37e93b-a8dd-4bc6-93a1-4c9bd118d819 => generated 818 bytes in 13 msecs (HTTP/1.1 200) 4 headers in 157 bytes (1 switches on core 0)
Jul 05 20:09:23.412787 np0000004598 devstack@g-api.service[102665]: DEBUG glance.api.middleware.version_negotiation [None req-554805f4-bbb3-4f5a-9e5f-719526349466 tempest-AttachVolumeMultiAttachTest-822327002 tempest-AttachVolumeMultiAttachTest-822327002-project-member] Determining version of request: GET /v2/images/da37e93b-a8dd-4bc6-93a1-4c9bd118d819 Accept: application/json {{(pid=102665) process_request /opt/stack/glance/glance/api/middleware/version_negotiation.py:44}}
Jul 05 20:09:23.412934 np0000004598 devstack@g-api.service[102665]: DEBUG glance.api.middleware.version_negotiation [None req-554805f4-bbb3-4f5a-9e5f-719526349466 tempest-AttachVolumeMultiAttachTest-822327002 tempest-AttachVolumeMultiAttachTest-822327002-project-member] Using url versioning {{(pid=102665) process_request /opt/stack/glance/glance/api/middleware/version_negotiation.py:57}}
Jul 05 20:09:23.413107 np0000004598 devstack@g-api.service[102665]: DEBUG glance.api.middleware.version_negotiation [None req-554805f4-bbb3-4f5a-9e5f-719526349466 tempest-AttachVolumeMultiAttachTest-822327002 tempest-AttachVolumeMultiAttachTest-822327002-project-member] Matched version: v2 {{(pid=102665) process_request /opt/stack/glance/glance/api/middleware/version_negotiation.py:69}}
Jul 05 20:09:23.413219 np0000004598 devstack@g-api.service[102665]: DEBUG glance.api.middleware.version_negotiation [None req-554805f4-bbb3-4f5a-9e5f-719526349466 tempest-AttachVolumeMultiAttachTest-822327002 tempest-AttachVolumeMultiAttachTest-822327002-project-member] new path /v2/images/da37e93b-a8dd-4bc6-93a1-4c9bd118d819 {{(pid=102665) process_request /opt/stack/glance/glance/api/middleware/version_negotiation.py:70}}
Jul 05 20:09:23.423798 np0000004598 devstack@g-api.service[102665]: [pid: 102665|app: 0|req: 99/394] 127.0.0.1 () {40 vars in 838 bytes} [Sun Jul 5 20:09:23 2026] GET /v2/images/da37e93b-a8dd-4bc6-93a1-4c9bd118d819 => generated 818 bytes in 11 msecs (HTTP/1.1 200) 4 headers in 157 bytes (1 switches on core 0)
Jul 05 20:09:23.433822 np0000004598 devstack@g-api.service[102664]: DEBUG glance.api.middleware.version_negotiation [None req-554805f4-bbb3-4f5a-9e5f-719526349466 tempest-AttachVolumeMultiAttachTest-822327002 tempest-AttachVolumeMultiAttachTest-822327002-project-member] Determining version of request: GET /v2/images/da37e93b-a8dd-4bc6-93a1-4c9bd118d819 Accept: application/json {{(pid=102664) process_request /opt/stack/glance/glance/api/middleware/version_negotiation.py:44}}
Jul 05 20:09:23.433994 np0000004598 devstack@g-api.service[102664]: DEBUG glance.api.middleware.version_negotiation [None req-554805f4-bbb3-4f5a-9e5f-719526349466 tempest-AttachVolumeMultiAttachTest-822327002 tempest-AttachVolumeMultiAttachTest-822327002-project-member] Using url versioning {{(pid=102664) process_request /opt/stack/glance/glance/api/middleware/version_negotiation.py:57}}
Jul 05 20:09:23.434142 np0000004598 devstack@g-api.service[102664]: DEBUG glance.api.middleware.version_negotiation [None req-554805f4-bbb3-4f5a-9e5f-719526349466 tempest-AttachVolumeMultiAttachTest-822327002 tempest-AttachVolumeMultiAttachTest-822327002-project-member] Matched version: v2 {{(pid=102664) process_request /opt/stack/glance/glance/api/middleware/version_negotiation.py:69}}
Jul 05 20:09:23.434227 np0000004598 devstack@g-api.service[102664]: DEBUG glance.api.middleware.version_negotiation [None req-554805f4-bbb3-4f5a-9e5f-719526349466 tempest-AttachVolumeMultiAttachTest-822327002 tempest-AttachVolumeMultiAttachTest-822327002-project-member] new path /v2/images/da37e93b-a8dd-4bc6-93a1-4c9bd118d819 {{(pid=102664) process_request /opt/stack/glance/glance/api/middleware/version_negotiation.py:70}}
Jul 05 20:09:23.451636 np0000004598 devstack@g-api.service[102664]: [pid: 102664|app: 0|req: 101/395] 127.0.0.1 () {40 vars in 838 bytes} [Sun Jul 5 20:09:23 2026] GET /v2/images/da37e93b-a8dd-4bc6-93a1-4c9bd118d819 => generated 818 bytes in 16 msecs (HTTP/1.1 200) 4 headers in 157 bytes (1 switches on core 0)
Jul 05 20:09:23.473450 np0000004598 devstack@g-api.service[102666]: DEBUG glance.api.middleware.version_negotiation [None req-b1600674-de0c-4480-a58d-c74858941982 tempest-VolumeImageDependencyTests-1660802983 tempest-VolumeImageDependencyTests-1660802983-project-member] Determining version of request: GET /v2/images/da37e93b-a8dd-4bc6-93a1-4c9bd118d819 Accept: */* {{(pid=102666) process_request /opt/stack/glance/glance/api/middleware/version_negotiation.py:44}}
Jul 05 20:09:23.473614 np0000004598 devstack@g-api.service[102666]: DEBUG glance.api.middleware.version_negotiation [None req-b1600674-de0c-4480-a58d-c74858941982 tempest-VolumeImageDependencyTests-1660802983 tempest-VolumeImageDependencyTests-1660802983-project-member] Using url versioning {{(pid=102666) process_request /opt/stack/glance/glance/api/middleware/version_negotiation.py:57}}
Jul 05 20:09:23.473796 np0000004598 devstack@g-api.service[102666]: DEBUG glance.api.middleware.version_negotiation [None req-b1600674-de0c-4480-a58d-c74858941982 tempest-VolumeImageDependencyTests-1660802983 tempest-VolumeImageDependencyTests-1660802983-project-member] Matched version: v2 {{(pid=102666) process_request /opt/stack/glance/glance/api/middleware/version_negotiation.py:69}}
Jul 05 20:09:23.473881 np0000004598 devstack@g-api.service[102666]: DEBUG glance.api.middleware.version_negotiation [None req-b1600674-de0c-4480-a58d-c74858941982 tempest-VolumeImageDependencyTests-1660802983 tempest-VolumeImageDependencyTests-1660802983-project-member] new path /v2/images/da37e93b-a8dd-4bc6-93a1-4c9bd118d819 {{(pid=102666) process_request /opt/stack/glance/glance/api/middleware/version_negotiation.py:70}}
Jul 05 20:09:23.549020 np0000004598 devstack@g-api.service[102663]: DEBUG glance.api.middleware.version_negotiation [None req-02bb58d9-aefa-4d29-aa36-a1efdb24b92d tempest-VolumeImageDependencyTests-1660802983 tempest-VolumeImageDependencyTests-1660802983-project-member] Determining version of request: GET /versions Accept: */* {{(pid=102663) process_request /opt/stack/glance/glance/api/middleware/version_negotiation.py:44}}
Jul 05 20:09:23.549743 np0000004598 devstack@g-api.service[102663]: [pid: 102663|app: 0|req: 100/396] 127.0.0.1 () {44 vars in 1039 bytes} [Sun Jul 5 20:09:23 2026] GET /versions => generated 1515 bytes in 1 msecs (HTTP/1.1 200) 3 headers in 92 bytes (1 switches on core 0)
Jul 05 20:09:23.559724 np0000004598 devstack@g-api.service[102665]: DEBUG glance.api.middleware.version_negotiation [None req-bb21d8bf-ecb2-410e-9737-caed3aaced5c tempest-VolumeImageDependencyTests-1660802983 tempest-VolumeImageDependencyTests-1660802983-project-member] Determining version of request: GET /v2/images/25107920-b1d5-499d-9ee6-116b69a3a5ff/locations Accept: */* {{(pid=102665) process_request /opt/stack/glance/glance/api/middleware/version_negotiation.py:44}}
Jul 05 20:09:23.559861 np0000004598 devstack@g-api.service[102665]: DEBUG glance.api.middleware.version_negotiation [None req-bb21d8bf-ecb2-410e-9737-caed3aaced5c tempest-VolumeImageDependencyTests-1660802983 tempest-VolumeImageDependencyTests-1660802983-project-member] Using url versioning {{(pid=102665) process_request /opt/stack/glance/glance/api/middleware/version_negotiation.py:57}}
Jul 05 20:09:23.559973 np0000004598 devstack@g-api.service[102665]: DEBUG glance.api.middleware.version_negotiation [None req-bb21d8bf-ecb2-410e-9737-caed3aaced5c tempest-VolumeImageDependencyTests-1660802983 tempest-VolumeImageDependencyTests-1660802983-project-member] Matched version: v2 {{(pid=102665) process_request /opt/stack/glance/glance/api/middleware/version_negotiation.py:69}}
Jul 05 20:09:23.560100 np0000004598 devstack@g-api.service[102665]: DEBUG glance.api.middleware.version_negotiation [None req-bb21d8bf-ecb2-410e-9737-caed3aaced5c tempest-VolumeImageDependencyTests-1660802983 tempest-VolumeImageDependencyTests-1660802983-project-member] new path /v2/images/25107920-b1d5-499d-9ee6-116b69a3a5ff/locations {{(pid=102665) process_request /opt/stack/glance/glance/api/middleware/version_negotiation.py:70}}
Jul 05 20:09:23.560444 np0000004598 devstack@g-api.service[102666]: [pid: 102666|app: 0|req: 97/397] 127.0.0.1 () {44 vars in 1115 bytes} [Sun Jul 5 20:09:23 2026] GET /v2/images/da37e93b-a8dd-4bc6-93a1-4c9bd118d819 => generated 818 bytes in 87 msecs (HTTP/1.1 200) 4 headers in 157 bytes (1 switches on core 0)
Jul 05 20:09:23.568077 np0000004598 devstack@g-api.service[102664]: DEBUG glance.api.middleware.version_negotiation [None req-e2604836-c640-4ef6-946b-c126c159f665 tempest-VolumeImageDependencyTests-1660802983 tempest-VolumeImageDependencyTests-1660802983-project-member] Determining version of request: GET /v2/schemas/image Accept: */* {{(pid=102664) process_request /opt/stack/glance/glance/api/middleware/version_negotiation.py:44}}
Jul 05 20:09:23.568268 np0000004598 devstack@g-api.service[102664]: DEBUG glance.api.middleware.version_negotiation [None req-e2604836-c640-4ef6-946b-c126c159f665 tempest-VolumeImageDependencyTests-1660802983 tempest-VolumeImageDependencyTests-1660802983-project-member] Using url versioning {{(pid=102664) process_request /opt/stack/glance/glance/api/middleware/version_negotiation.py:57}}
Jul 05 20:09:23.568441 np0000004598 devstack@g-api.service[102664]: DEBUG glance.api.middleware.version_negotiation [None req-e2604836-c640-4ef6-946b-c126c159f665 tempest-VolumeImageDependencyTests-1660802983 tempest-VolumeImageDependencyTests-1660802983-project-member] Matched version: v2 {{(pid=102664) process_request /opt/stack/glance/glance/api/middleware/version_negotiation.py:69}}
Jul 05 20:09:23.568544 np0000004598 devstack@g-api.service[102664]: DEBUG glance.api.middleware.version_negotiation [None req-e2604836-c640-4ef6-946b-c126c159f665 tempest-VolumeImageDependencyTests-1660802983 tempest-VolumeImageDependencyTests-1660802983-project-member] new path /v2/schemas/image {{(pid=102664) process_request /opt/stack/glance/glance/api/middleware/version_negotiation.py:70}}
Jul 05 20:09:23.571073 np0000004598 devstack@g-api.service[102664]: [pid: 102664|app: 0|req: 102/398] 127.0.0.1 () {44 vars in 1055 bytes} [Sun Jul 5 20:09:23 2026] GET /v2/schemas/image => generated 6083 bytes in 3 msecs (HTTP/1.1 200) 4 headers in 158 bytes (1 switches on core 0)
Jul 05 20:09:23.581306 np0000004598 devstack@g-api.service[102663]: DEBUG glance.api.middleware.version_negotiation [None req-02bb58d9-aefa-4d29-aa36-a1efdb24b92d tempest-VolumeImageDependencyTests-1660802983 tempest-VolumeImageDependencyTests-1660802983-project-member] Determining version of request: GET /v2/schemas/image Accept: */* {{(pid=102663) process_request /opt/stack/glance/glance/api/middleware/version_negotiation.py:44}}
Jul 05 20:09:23.587195 np0000004598 devstack@g-api.service[102663]: DEBUG glance.api.middleware.version_negotiation [None req-02bb58d9-aefa-4d29-aa36-a1efdb24b92d tempest-VolumeImageDependencyTests-1660802983 tempest-VolumeImageDependencyTests-1660802983-project-member] Using url versioning {{(pid=102663) process_request /opt/stack/glance/glance/api/middleware/version_negotiation.py:57}}
Jul 05 20:09:23.587195 np0000004598 devstack@g-api.service[102663]: DEBUG glance.api.middleware.version_negotiation [None req-02bb58d9-aefa-4d29-aa36-a1efdb24b92d tempest-VolumeImageDependencyTests-1660802983 tempest-VolumeImageDependencyTests-1660802983-project-member] Matched version: v2 {{(pid=102663) process_request /opt/stack/glance/glance/api/middleware/version_negotiation.py:69}}
Jul 05 20:09:23.587195 np0000004598 devstack@g-api.service[102663]: DEBUG glance.api.middleware.version_negotiation [None req-02bb58d9-aefa-4d29-aa36-a1efdb24b92d tempest-VolumeImageDependencyTests-1660802983 tempest-VolumeImageDependencyTests-1660802983-project-member] new path /v2/schemas/image {{(pid=102663) process_request /opt/stack/glance/glance/api/middleware/version_negotiation.py:70}}
Jul 05 20:09:23.587195 np0000004598 devstack@g-api.service[102663]: [pid: 102663|app: 0|req: 101/399] 127.0.0.1 () {44 vars in 1055 bytes} [Sun Jul 5 20:09:23 2026] GET /v2/schemas/image => generated 6083 bytes in 2 msecs (HTTP/1.1 200) 4 headers in 158 bytes (1 switches on core 0)
Jul 05 20:09:23.591422 np0000004598 devstack@g-api.service[102666]: DEBUG glance.api.middleware.version_negotiation [None req-c01338a4-3de0-4612-aab7-2f193f874e8c tempest-VolumeImageDependencyTests-1660802983 tempest-VolumeImageDependencyTests-1660802983-project-member] Determining version of request: GET /v2/images/da37e93b-a8dd-4bc6-93a1-4c9bd118d819 Accept: */* {{(pid=102666) process_request /opt/stack/glance/glance/api/middleware/version_negotiation.py:44}}
Jul 05 20:09:23.591478 np0000004598 devstack@g-api.service[102666]: DEBUG glance.api.middleware.version_negotiation [None req-c01338a4-3de0-4612-aab7-2f193f874e8c tempest-VolumeImageDependencyTests-1660802983 tempest-VolumeImageDependencyTests-1660802983-project-member] Using url versioning {{(pid=102666) process_request /opt/stack/glance/glance/api/middleware/version_negotiation.py:57}}
Jul 05 20:09:23.591612 np0000004598 devstack@g-api.service[102666]: DEBUG glance.api.middleware.version_negotiation [None req-c01338a4-3de0-4612-aab7-2f193f874e8c tempest-VolumeImageDependencyTests-1660802983 tempest-VolumeImageDependencyTests-1660802983-project-member] Matched version: v2 {{(pid=102666) process_request /opt/stack/glance/glance/api/middleware/version_negotiation.py:69}}
Jul 05 20:09:23.591755 np0000004598 devstack@g-api.service[102666]: DEBUG glance.api.middleware.version_negotiation [None req-c01338a4-3de0-4612-aab7-2f193f874e8c tempest-VolumeImageDependencyTests-1660802983 tempest-VolumeImageDependencyTests-1660802983-project-member] new path /v2/images/da37e93b-a8dd-4bc6-93a1-4c9bd118d819 {{(pid=102666) process_request /opt/stack/glance/glance/api/middleware/version_negotiation.py:70}}
Jul 05 20:09:23.599747 np0000004598 devstack@g-api.service[102666]: [pid: 102666|app: 0|req: 98/400] 127.0.0.1 () {44 vars in 1115 bytes} [Sun Jul 5 20:09:23 2026] GET /v2/images/da37e93b-a8dd-4bc6-93a1-4c9bd118d819 => generated 818 bytes in 9 msecs (HTTP/1.1 200) 4 headers in 157 bytes (1 switches on core 0)
Jul 05 20:09:23.606737 np0000004598 devstack@g-api.service[102664]: DEBUG glance.api.middleware.version_negotiation [None req-c01338a4-3de0-4612-aab7-2f193f874e8c tempest-VolumeImageDependencyTests-1660802983 tempest-VolumeImageDependencyTests-1660802983-project-member] Determining version of request: GET /v2/schemas/image Accept: */* {{(pid=102664) process_request /opt/stack/glance/glance/api/middleware/version_negotiation.py:44}}
Jul 05 20:09:23.606929 np0000004598 devstack@g-api.service[102664]: DEBUG glance.api.middleware.version_negotiation [None req-c01338a4-3de0-4612-aab7-2f193f874e8c tempest-VolumeImageDependencyTests-1660802983 tempest-VolumeImageDependencyTests-1660802983-project-member] Using url versioning {{(pid=102664) process_request /opt/stack/glance/glance/api/middleware/version_negotiation.py:57}}
Jul 05 20:09:23.607121 np0000004598 devstack@g-api.service[102664]: DEBUG glance.api.middleware.version_negotiation [None req-c01338a4-3de0-4612-aab7-2f193f874e8c tempest-VolumeImageDependencyTests-1660802983 tempest-VolumeImageDependencyTests-1660802983-project-member] Matched version: v2 {{(pid=102664) process_request /opt/stack/glance/glance/api/middleware/version_negotiation.py:69}}
Jul 05 20:09:23.607269 np0000004598 devstack@g-api.service[102664]: DEBUG glance.api.middleware.version_negotiation [None req-c01338a4-3de0-4612-aab7-2f193f874e8c tempest-VolumeImageDependencyTests-1660802983 tempest-VolumeImageDependencyTests-1660802983-project-member] new path /v2/schemas/image {{(pid=102664) process_request /opt/stack/glance/glance/api/middleware/version_negotiation.py:70}}
Jul 05 20:09:23.613878 np0000004598 devstack@g-api.service[102664]: [pid: 102664|app: 0|req: 103/401] 127.0.0.1 () {44 vars in 1055 bytes} [Sun Jul 5 20:09:23 2026] GET /v2/schemas/image => generated 6083 bytes in 7 msecs (HTTP/1.1 200) 4 headers in 158 bytes (1 switches on core 0)
Jul 05 20:09:23.621186 np0000004598 devstack@g-api.service[102663]: DEBUG glance.api.middleware.version_negotiation [None req-c01338a4-3de0-4612-aab7-2f193f874e8c tempest-VolumeImageDependencyTests-1660802983 tempest-VolumeImageDependencyTests-1660802983-project-member] Determining version of request: GET /v2/schemas/image Accept: */* {{(pid=102663) process_request /opt/stack/glance/glance/api/middleware/version_negotiation.py:44}}
Jul 05 20:09:23.621380 np0000004598 devstack@g-api.service[102663]: DEBUG glance.api.middleware.version_negotiation [None req-c01338a4-3de0-4612-aab7-2f193f874e8c tempest-VolumeImageDependencyTests-1660802983 tempest-VolumeImageDependencyTests-1660802983-project-member] Using url versioning {{(pid=102663) process_request /opt/stack/glance/glance/api/middleware/version_negotiation.py:57}}
Jul 05 20:09:23.621540 np0000004598 devstack@g-api.service[102663]: DEBUG glance.api.middleware.version_negotiation [None req-c01338a4-3de0-4612-aab7-2f193f874e8c tempest-VolumeImageDependencyTests-1660802983 tempest-VolumeImageDependencyTests-1660802983-project-member] Matched version: v2 {{(pid=102663) process_request /opt/stack/glance/glance/api/middleware/version_negotiation.py:69}}
Jul 05 20:09:23.621716 np0000004598 devstack@g-api.service[102663]: DEBUG glance.api.middleware.version_negotiation [None req-c01338a4-3de0-4612-aab7-2f193f874e8c tempest-VolumeImageDependencyTests-1660802983 tempest-VolumeImageDependencyTests-1660802983-project-member] new path /v2/schemas/image {{(pid=102663) process_request /opt/stack/glance/glance/api/middleware/version_negotiation.py:70}}
Jul 05 20:09:23.624075 np0000004598 devstack@g-api.service[102663]: [pid: 102663|app: 0|req: 102/402] 127.0.0.1 () {44 vars in 1055 bytes} [Sun Jul 5 20:09:23 2026] GET /v2/schemas/image => generated 6083 bytes in 3 msecs (HTTP/1.1 200) 4 headers in 158 bytes (1 switches on core 0)
Jul 05 20:09:23.626203 np0000004598 devstack@g-api.service[102665]: [pid: 102665|app: 0|req: 100/403] 127.0.0.1 () {44 vars in 1135 bytes} [Sun Jul 5 20:09:23 2026] GET /v2/images/25107920-b1d5-499d-9ee6-116b69a3a5ff/locations => generated 92 bytes in 66 msecs (HTTP/1.1 200) 4 headers in 156 bytes (1 switches on core 0)
