Jul 05 20:01:55.944657 np0000004598 nova-scheduler[96297]: DEBUG cotyledon.oslo_config_glue [-] profiler.filter_error_trace = False {{(pid=96297) log_opt_values /opt/stack/data/venv/lib/python3.12/site-packages/oslo_config/cfg.py:3253}}
Jul 05 20:01:55.944657 np0000004598 nova-scheduler[96297]: DEBUG cotyledon.oslo_config_glue [-] profiler.hmac_keys = **** {{(pid=96297) log_opt_values /opt/stack/data/venv/lib/python3.12/site-packages/oslo_config/cfg.py:3253}}
Jul 05 20:01:55.944657 np0000004598 nova-scheduler[96297]: DEBUG cotyledon.oslo_config_glue [-] profiler.sentinel_service_name = mymaster {{(pid=96297) log_opt_values /opt/stack/data/venv/lib/python3.12/site-packages/oslo_config/cfg.py:3253}}
Jul 05 20:01:55.944968 np0000004598 nova-scheduler[96297]: DEBUG cotyledon.oslo_config_glue [-] profiler.socket_timeout = 0.1 {{(pid=96297) log_opt_values /opt/stack/data/venv/lib/python3.12/site-packages/oslo_config/cfg.py:3253}}
Jul 05 20:01:55.944968 np0000004598 nova-scheduler[96297]: DEBUG cotyledon.oslo_config_glue [-] profiler.trace_requests = False {{(pid=96297) log_opt_values /opt/stack/data/venv/lib/python3.12/site-packages/oslo_config/cfg.py:3253}}
Jul 05 20:01:55.944968 np0000004598 nova-scheduler[96297]: DEBUG cotyledon.oslo_config_glue [-] profiler.trace_sqlalchemy = False {{(pid=96297) log_opt_values /opt/stack/data/venv/lib/python3.12/site-packages/oslo_config/cfg.py:3253}}
Jul 05 20:01:55.944968 np0000004598 nova-scheduler[96297]: DEBUG cotyledon.oslo_config_glue [-] profiler_jaeger.process_tags = {} {{(pid=96297) log_opt_values /opt/stack/data/venv/lib/python3.12/site-packages/oslo_config/cfg.py:3253}}
Jul 05 20:01:55.944968 np0000004598 nova-scheduler[96297]: DEBUG cotyledon.oslo_config_glue [-] profiler_jaeger.service_name_prefix = None {{(pid=96297) log_opt_values /opt/stack/data/venv/lib/python3.12/site-packages/oslo_config/cfg.py:3253}}
Jul 05 20:01:55.944968 np0000004598 nova-scheduler[96297]: DEBUG cotyledon.oslo_config_glue [-] profiler_otlp.service_name_prefix = None {{(pid=96297) log_opt_values /opt/stack/data/venv/lib/python3.12/site-packages/oslo_config/cfg.py:3253}}
Jul 05 20:01:55.944968 np0000004598 nova-scheduler[96297]: DEBUG cotyledon.oslo_config_glue [-] oslo_messaging_rabbit.amqp_auto_delete = False {{(pid=96297) log_opt_values /opt/stack/data/venv/lib/python3.12/site-packages/oslo_config/cfg.py:3253}}
Jul 05 20:01:55.944968 np0000004598 nova-scheduler[96297]: DEBUG cotyledon.oslo_config_glue [-] oslo_messaging_rabbit.amqp_durable_queues = False {{(pid=96297) log_opt_values /opt/stack/data/venv/lib/python3.12/site-packages/oslo_config/cfg.py:3253}}
Jul 05 20:01:55.944968 np0000004598 nova-scheduler[96297]: DEBUG cotyledon.oslo_config_glue [-] oslo_messaging_rabbit.conn_pool_min_size = 2 {{(pid=96297) log_opt_values /opt/stack/data/venv/lib/python3.12/site-packages/oslo_config/cfg.py:3253}}
Jul 05 20:01:55.945269 np0000004598 nova-scheduler[96297]: DEBUG cotyledon.oslo_config_glue [-] oslo_messaging_rabbit.conn_pool_ttl = 1200 {{(pid=96297) log_opt_values /opt/stack/data/venv/lib/python3.12/site-packages/oslo_config/cfg.py:3253}}
Jul 05 20:01:55.945269 np0000004598 nova-scheduler[96297]: DEBUG cotyledon.oslo_config_glue [-] oslo_messaging_rabbit.direct_mandatory_flag = True {{(pid=96297) log_opt_values /opt/stack/data/venv/lib/python3.12/site-packages/oslo_config/cfg.py:3253}}
Jul 05 20:01:55.945269 np0000004598 nova-scheduler[96297]: DEBUG cotyledon.oslo_config_glue [-] oslo_messaging_rabbit.enable_cancel_on_failover = False {{(pid=96297) log_opt_values /opt/stack/data/venv/lib/python3.12/site-packages/oslo_config/cfg.py:3253}}
Jul 05 20:01:55.945269 np0000004598 nova-scheduler[96297]: DEBUG cotyledon.oslo_config_glue [-] oslo_messaging_rabbit.heartbeat_rate = 3 {{(pid=96297) log_opt_values /opt/stack/data/venv/lib/python3.12/site-packages/oslo_config/cfg.py:3253}}
Jul 05 20:01:55.945269 np0000004598 nova-scheduler[96297]: DEBUG cotyledon.oslo_config_glue [-] oslo_messaging_rabbit.heartbeat_timeout_threshold = 60 {{(pid=96297) log_opt_values /opt/stack/data/venv/lib/python3.12/site-packages/oslo_config/cfg.py:3253}}
Jul 05 20:01:55.945269 np0000004598 nova-scheduler[96297]: DEBUG cotyledon.oslo_config_glue [-] oslo_messaging_rabbit.hostname = np0000004598 {{(pid=96297) log_opt_values /opt/stack/data/venv/lib/python3.12/site-packages/oslo_config/cfg.py:3253}}
Jul 05 20:01:55.945269 np0000004598 nova-scheduler[96297]: DEBUG cotyledon.oslo_config_glue [-] oslo_messaging_rabbit.kombu_compression = None {{(pid=96297) log_opt_values /opt/stack/data/venv/lib/python3.12/site-packages/oslo_config/cfg.py:3253}}
Jul 05 20:01:55.945269 np0000004598 nova-scheduler[96297]: DEBUG cotyledon.oslo_config_glue [-] oslo_messaging_rabbit.kombu_failover_strategy = round-robin {{(pid=96297) log_opt_values /opt/stack/data/venv/lib/python3.12/site-packages/oslo_config/cfg.py:3253}}
Jul 05 20:01:55.945269 np0000004598 nova-scheduler[96297]: DEBUG cotyledon.oslo_config_glue [-] oslo_messaging_rabbit.kombu_missing_consumer_retry_timeout = 60 {{(pid=96297) log_opt_values /opt/stack/data/venv/lib/python3.12/site-packages/oslo_config/cfg.py:3253}}
Jul 05 20:01:55.945573 np0000004598 nova-scheduler[96297]: DEBUG cotyledon.oslo_config_glue [-] oslo_messaging_rabbit.kombu_reconnect_delay = 1.0 {{(pid=96297) log_opt_values /opt/stack/data/venv/lib/python3.12/site-packages/oslo_config/cfg.py:3253}}
Jul 05 20:01:55.945573 np0000004598 nova-scheduler[96297]: DEBUG cotyledon.oslo_config_glue [-] oslo_messaging_rabbit.kombu_reconnect_splay = 0.0 {{(pid=96297) log_opt_values /opt/stack/data/venv/lib/python3.12/site-packages/oslo_config/cfg.py:3253}}
Jul 05 20:01:55.945573 np0000004598 nova-scheduler[96297]: DEBUG cotyledon.oslo_config_glue [-] oslo_messaging_rabbit.processname = nova-scheduler {{(pid=96297) log_opt_values /opt/stack/data/venv/lib/python3.12/site-packages/oslo_config/cfg.py:3253}}
Jul 05 20:01:55.945573 np0000004598 nova-scheduler[96297]: DEBUG cotyledon.oslo_config_glue [-] oslo_messaging_rabbit.rabbit_ha_queues = False {{(pid=96297) log_opt_values /opt/stack/data/venv/lib/python3.12/site-packages/oslo_config/cfg.py:3253}}
Jul 05 20:01:55.945573 np0000004598 nova-scheduler[96297]: DEBUG cotyledon.oslo_config_glue [-] oslo_messaging_rabbit.rabbit_interval_max = 30 {{(pid=96297) log_opt_values /opt/stack/data/venv/lib/python3.12/site-packages/oslo_config/cfg.py:3253}}
Jul 05 20:01:55.945573 np0000004598 nova-scheduler[96297]: DEBUG cotyledon.oslo_config_glue [-] oslo_messaging_rabbit.rabbit_login_method = AMQPLAIN {{(pid=96297) log_opt_values /opt/stack/data/venv/lib/python3.12/site-packages/oslo_config/cfg.py:3253}}
Jul 05 20:01:55.945573 np0000004598 nova-scheduler[96297]: DEBUG cotyledon.oslo_config_glue [-] oslo_messaging_rabbit.rabbit_qos_prefetch_count = 0 {{(pid=96297) log_opt_values /opt/stack/data/venv/lib/python3.12/site-packages/oslo_config/cfg.py:3253}}
Jul 05 20:01:55.945573 np0000004598 nova-scheduler[96297]: DEBUG cotyledon.oslo_config_glue [-] oslo_messaging_rabbit.rabbit_quorum_delivery_limit = 0 {{(pid=96297) log_opt_values /opt/stack/data/venv/lib/python3.12/site-packages/oslo_config/cfg.py:3253}}
Jul 05 20:01:55.945573 np0000004598 nova-scheduler[96297]: DEBUG cotyledon.oslo_config_glue [-] oslo_messaging_rabbit.rabbit_quorum_max_memory_bytes = 0 {{(pid=96297) log_opt_values /opt/stack/data/venv/lib/python3.12/site-packages/oslo_config/cfg.py:3253}}
Jul 05 20:01:55.945868 np0000004598 nova-scheduler[96297]: DEBUG cotyledon.oslo_config_glue [-] oslo_messaging_rabbit.rabbit_quorum_max_memory_length = 0 {{(pid=96297) log_opt_values /opt/stack/data/venv/lib/python3.12/site-packages/oslo_config/cfg.py:3253}}
Jul 05 20:01:55.945868 np0000004598 nova-scheduler[96297]: DEBUG cotyledon.oslo_config_glue [-] oslo_messaging_rabbit.rabbit_quorum_queue = False {{(pid=96297) log_opt_values /opt/stack/data/venv/lib/python3.12/site-packages/oslo_config/cfg.py:3253}}
Jul 05 20:01:55.945868 np0000004598 nova-scheduler[96297]: DEBUG cotyledon.oslo_config_glue [-] oslo_messaging_rabbit.rabbit_retry_backoff = 2 {{(pid=96297) log_opt_values /opt/stack/data/venv/lib/python3.12/site-packages/oslo_config/cfg.py:3253}}
Jul 05 20:01:55.945868 np0000004598 nova-scheduler[96297]: DEBUG cotyledon.oslo_config_glue [-] oslo_messaging_rabbit.rabbit_retry_interval = 1 {{(pid=96297) log_opt_values /opt/stack/data/venv/lib/python3.12/site-packages/oslo_config/cfg.py:3253}}
Jul 05 20:01:55.945868 np0000004598 nova-scheduler[96297]: DEBUG cotyledon.oslo_config_glue [-] oslo_messaging_rabbit.rabbit_stream_fanout = False {{(pid=96297) log_opt_values /opt/stack/data/venv/lib/python3.12/site-packages/oslo_config/cfg.py:3253}}
Jul 05 20:01:55.945868 np0000004598 nova-scheduler[96297]: DEBUG cotyledon.oslo_config_glue [-] oslo_messaging_rabbit.rabbit_transient_queues_ttl = 1800 {{(pid=96297) log_opt_values /opt/stack/data/venv/lib/python3.12/site-packages/oslo_config/cfg.py:3253}}
Jul 05 20:01:55.945868 np0000004598 nova-scheduler[96297]: DEBUG cotyledon.oslo_config_glue [-] oslo_messaging_rabbit.rabbit_transient_quorum_queue = False {{(pid=96297) log_opt_values /opt/stack/data/venv/lib/python3.12/site-packages/oslo_config/cfg.py:3253}}
Jul 05 20:01:55.945868 np0000004598 nova-scheduler[96297]: DEBUG cotyledon.oslo_config_glue [-] oslo_messaging_rabbit.rpc_conn_pool_size = 30 {{(pid=96297) log_opt_values /opt/stack/data/venv/lib/python3.12/site-packages/oslo_config/cfg.py:3253}}
Jul 05 20:01:55.945868 np0000004598 nova-scheduler[96297]: DEBUG cotyledon.oslo_config_glue [-] oslo_messaging_rabbit.ssl = False {{(pid=96297) log_opt_values /opt/stack/data/venv/lib/python3.12/site-packages/oslo_config/cfg.py:3253}}
Jul 05 20:01:55.946185 np0000004598 nova-scheduler[96297]: DEBUG cotyledon.oslo_config_glue [-] oslo_messaging_rabbit.ssl_ca_file = {{(pid=96297) log_opt_values /opt/stack/data/venv/lib/python3.12/site-packages/oslo_config/cfg.py:3253}}
Jul 05 20:01:55.946185 np0000004598 nova-scheduler[96297]: DEBUG cotyledon.oslo_config_glue [-] oslo_messaging_rabbit.ssl_cert_file = {{(pid=96297) log_opt_values /opt/stack/data/venv/lib/python3.12/site-packages/oslo_config/cfg.py:3253}}
Jul 05 20:01:55.946185 np0000004598 nova-scheduler[96297]: DEBUG cotyledon.oslo_config_glue [-] oslo_messaging_rabbit.ssl_enforce_fips_mode = False {{(pid=96297) log_opt_values /opt/stack/data/venv/lib/python3.12/site-packages/oslo_config/cfg.py:3253}}
Jul 05 20:01:55.946185 np0000004598 nova-scheduler[96297]: DEBUG cotyledon.oslo_config_glue [-] oslo_messaging_rabbit.ssl_enforce_hostname_verification = True {{(pid=96297) log_opt_values /opt/stack/data/venv/lib/python3.12/site-packages/oslo_config/cfg.py:3253}}
Jul 05 20:01:55.946185 np0000004598 nova-scheduler[96297]: DEBUG cotyledon.oslo_config_glue [-] oslo_messaging_rabbit.ssl_key_file = {{(pid=96297) log_opt_values /opt/stack/data/venv/lib/python3.12/site-packages/oslo_config/cfg.py:3253}}
Jul 05 20:01:55.946185 np0000004598 nova-scheduler[96297]: DEBUG cotyledon.oslo_config_glue [-] oslo_messaging_rabbit.ssl_version = {{(pid=96297) log_opt_values /opt/stack/data/venv/lib/python3.12/site-packages/oslo_config/cfg.py:3253}}
Jul 05 20:01:55.946185 np0000004598 nova-scheduler[96297]: DEBUG cotyledon.oslo_config_glue [-] oslo_messaging_rabbit.use_queue_manager = False {{(pid=96297) log_opt_values /opt/stack/data/venv/lib/python3.12/site-packages/oslo_config/cfg.py:3253}}
Jul 05 20:01:55.946185 np0000004598 nova-scheduler[96297]: DEBUG cotyledon.oslo_config_glue [-] oslo_messaging_notifications.driver = ['messagingv2'] {{(pid=96297) log_opt_values /opt/stack/data/venv/lib/python3.12/site-packages/oslo_config/cfg.py:3253}}
Jul 05 20:01:55.946185 np0000004598 nova-scheduler[96297]: DEBUG cotyledon.oslo_config_glue [-] oslo_messaging_notifications.retry = -1 {{(pid=96297) log_opt_values /opt/stack/data/venv/lib/python3.12/site-packages/oslo_config/cfg.py:3253}}
Jul 05 20:01:55.946471 np0000004598 nova-scheduler[96297]: DEBUG cotyledon.oslo_config_glue [-] oslo_messaging_notifications.topics = ['notifications'] {{(pid=96297) log_opt_values /opt/stack/data/venv/lib/python3.12/site-packages/oslo_config/cfg.py:3253}}
Jul 05 20:01:55.946471 np0000004598 nova-scheduler[96297]: DEBUG cotyledon.oslo_config_glue [-] oslo_messaging_notifications.transport_url = **** {{(pid=96297) log_opt_values /opt/stack/data/venv/lib/python3.12/site-packages/oslo_config/cfg.py:3253}}
Jul 05 20:01:55.946471 np0000004598 nova-scheduler[96297]: DEBUG cotyledon.oslo_config_glue [-] oslo_limit.auth_section = None {{(pid=96297) log_opt_values /opt/stack/data/venv/lib/python3.12/site-packages/oslo_config/cfg.py:3253}}
Jul 05 20:01:55.946471 np0000004598 nova-scheduler[96297]: DEBUG cotyledon.oslo_config_glue [-] oslo_limit.auth_type = None {{(pid=96297) log_opt_values /opt/stack/data/venv/lib/python3.12/site-packages/oslo_config/cfg.py:3253}}
Jul 05 20:01:55.946471 np0000004598 nova-scheduler[96297]: DEBUG cotyledon.oslo_config_glue [-] oslo_limit.cafile = None {{(pid=96297) log_opt_values /opt/stack/data/venv/lib/python3.12/site-packages/oslo_config/cfg.py:3253}}
Jul 05 20:01:55.946471 np0000004598 nova-scheduler[96297]: DEBUG cotyledon.oslo_config_glue [-] oslo_limit.certfile = None {{(pid=96297) log_opt_values /opt/stack/data/venv/lib/python3.12/site-packages/oslo_config/cfg.py:3253}}
Jul 05 20:01:55.946471 np0000004598 nova-scheduler[96297]: DEBUG cotyledon.oslo_config_glue [-] oslo_limit.collect_timing = False {{(pid=96297) log_opt_values /opt/stack/data/venv/lib/python3.12/site-packages/oslo_config/cfg.py:3253}}
Jul 05 20:01:55.946471 np0000004598 nova-scheduler[96297]: DEBUG cotyledon.oslo_config_glue [-] oslo_limit.connect_retries = None {{(pid=96297) log_opt_values /opt/stack/data/venv/lib/python3.12/site-packages/oslo_config/cfg.py:3253}}
Jul 05 20:01:55.946471 np0000004598 nova-scheduler[96297]: DEBUG cotyledon.oslo_config_glue [-] oslo_limit.connect_retry_delay = None {{(pid=96297) log_opt_values /opt/stack/data/venv/lib/python3.12/site-packages/oslo_config/cfg.py:3253}}
Jul 05 20:01:55.946793 np0000004598 nova-scheduler[96297]: DEBUG cotyledon.oslo_config_glue [-] oslo_limit.endpoint_id = None {{(pid=96297) log_opt_values /opt/stack/data/venv/lib/python3.12/site-packages/oslo_config/cfg.py:3253}}
Jul 05 20:01:55.946793 np0000004598 nova-scheduler[96297]: DEBUG cotyledon.oslo_config_glue [-] oslo_limit.endpoint_interface = public {{(pid=96297) log_opt_values /opt/stack/data/venv/lib/python3.12/site-packages/oslo_config/cfg.py:3253}}
Jul 05 20:01:55.946793 np0000004598 nova-scheduler[96297]: DEBUG cotyledon.oslo_config_glue [-] oslo_limit.endpoint_override = None {{(pid=96297) log_opt_values /opt/stack/data/venv/lib/python3.12/site-packages/oslo_config/cfg.py:3253}}
Jul 05 20:01:55.946793 np0000004598 nova-scheduler[96297]: DEBUG cotyledon.oslo_config_glue [-] oslo_limit.endpoint_region_name = None {{(pid=96297) log_opt_values /opt/stack/data/venv/lib/python3.12/site-packages/oslo_config/cfg.py:3253}}
Jul 05 20:01:55.946793 np0000004598 nova-scheduler[96297]: DEBUG cotyledon.oslo_config_glue [-] oslo_limit.endpoint_service_name = None {{(pid=96297) log_opt_values /opt/stack/data/venv/lib/python3.12/site-packages/oslo_config/cfg.py:3253}}
Jul 05 20:01:55.946793 np0000004598 nova-scheduler[96297]: DEBUG cotyledon.oslo_config_glue [-] oslo_limit.endpoint_service_type = None {{(pid=96297) log_opt_values /opt/stack/data/venv/lib/python3.12/site-packages/oslo_config/cfg.py:3253}}
Jul 05 20:01:55.946793 np0000004598 nova-scheduler[96297]: DEBUG cotyledon.oslo_config_glue [-] oslo_limit.insecure = False {{(pid=96297) log_opt_values /opt/stack/data/venv/lib/python3.12/site-packages/oslo_config/cfg.py:3253}}
Jul 05 20:01:55.946793 np0000004598 nova-scheduler[96297]: DEBUG cotyledon.oslo_config_glue [-] oslo_limit.keyfile = None {{(pid=96297) log_opt_values /opt/stack/data/venv/lib/python3.12/site-packages/oslo_config/cfg.py:3253}}
Jul 05 20:01:55.946793 np0000004598 nova-scheduler[96297]: DEBUG cotyledon.oslo_config_glue [-] oslo_limit.max_version = None {{(pid=96297) log_opt_values /opt/stack/data/venv/lib/python3.12/site-packages/oslo_config/cfg.py:3253}}
Jul 05 20:01:55.947110 np0000004598 nova-scheduler[96297]: DEBUG cotyledon.oslo_config_glue [-] oslo_limit.min_version = None {{(pid=96297) log_opt_values /opt/stack/data/venv/lib/python3.12/site-packages/oslo_config/cfg.py:3253}}
Jul 05 20:01:55.947110 np0000004598 nova-scheduler[96297]: DEBUG cotyledon.oslo_config_glue [-] oslo_limit.region_name = None {{(pid=96297) log_opt_values /opt/stack/data/venv/lib/python3.12/site-packages/oslo_config/cfg.py:3253}}
Jul 05 20:01:55.947110 np0000004598 nova-scheduler[96297]: DEBUG cotyledon.oslo_config_glue [-] oslo_limit.retriable_status_codes = None {{(pid=96297) log_opt_values /opt/stack/data/venv/lib/python3.12/site-packages/oslo_config/cfg.py:3253}}
Jul 05 20:01:55.947110 np0000004598 nova-scheduler[96297]: DEBUG cotyledon.oslo_config_glue [-] oslo_limit.service_name = None {{(pid=96297) log_opt_values /opt/stack/data/venv/lib/python3.12/site-packages/oslo_config/cfg.py:3253}}
Jul 05 20:01:55.947110 np0000004598 nova-scheduler[96297]: DEBUG cotyledon.oslo_config_glue [-] oslo_limit.service_type = None {{(pid=96297) log_opt_values /opt/stack/data/venv/lib/python3.12/site-packages/oslo_config/cfg.py:3253}}
Jul 05 20:01:55.947110 np0000004598 nova-scheduler[96297]: DEBUG cotyledon.oslo_config_glue [-] oslo_limit.split_loggers = False {{(pid=96297) log_opt_values /opt/stack/data/venv/lib/python3.12/site-packages/oslo_config/cfg.py:3253}}
Jul 05 20:01:55.947110 np0000004598 nova-scheduler[96297]: DEBUG cotyledon.oslo_config_glue [-] oslo_limit.status_code_retries = None {{(pid=96297) log_opt_values /opt/stack/data/venv/lib/python3.12/site-packages/oslo_config/cfg.py:3253}}
Jul 05 20:01:55.947110 np0000004598 nova-scheduler[96297]: DEBUG cotyledon.oslo_config_glue [-] oslo_limit.status_code_retry_delay = None {{(pid=96297) log_opt_values /opt/stack/data/venv/lib/python3.12/site-packages/oslo_config/cfg.py:3253}}
Jul 05 20:01:55.947110 np0000004598 nova-scheduler[96297]: DEBUG cotyledon.oslo_config_glue [-] oslo_limit.timeout = None {{(pid=96297) log_opt_values /opt/stack/data/venv/lib/python3.12/site-packages/oslo_config/cfg.py:3253}}
Jul 05 20:01:55.947394 np0000004598 nova-scheduler[96297]: DEBUG cotyledon.oslo_config_glue [-] oslo_limit.valid_interfaces = None {{(pid=96297) log_opt_values /opt/stack/data/venv/lib/python3.12/site-packages/oslo_config/cfg.py:3253}}
Jul 05 20:01:55.947394 np0000004598 nova-scheduler[96297]: DEBUG cotyledon.oslo_config_glue [-] oslo_limit.version = None {{(pid=96297) log_opt_values /opt/stack/data/venv/lib/python3.12/site-packages/oslo_config/cfg.py:3253}}
Jul 05 20:01:55.947394 np0000004598 nova-scheduler[96297]: DEBUG cotyledon.oslo_config_glue [-] oslo_reports.file_event_handler = None {{(pid=96297) log_opt_values /opt/stack/data/venv/lib/python3.12/site-packages/oslo_config/cfg.py:3253}}
Jul 05 20:01:55.947394 np0000004598 nova-scheduler[96297]: DEBUG cotyledon.oslo_config_glue [-] oslo_reports.file_event_handler_interval = 1 {{(pid=96297) log_opt_values /opt/stack/data/venv/lib/python3.12/site-packages/oslo_config/cfg.py:3253}}
Jul 05 20:01:55.947394 np0000004598 nova-scheduler[96297]: DEBUG cotyledon.oslo_config_glue [-] oslo_reports.log_dir = None {{(pid=96297) log_opt_values /opt/stack/data/venv/lib/python3.12/site-packages/oslo_config/cfg.py:3253}}
Jul 05 20:01:55.947394 np0000004598 nova-scheduler[96297]: DEBUG cotyledon.oslo_config_glue [-] ******************************************************************************** {{(pid=96297) log_opt_values /opt/stack/data/venv/lib/python3.12/site-packages/oslo_config/cfg.py:3260}}
Jul 05 20:01:55.947394 np0000004598 nova-scheduler[96297]: DEBUG cotyledon._service_worker [-] Run service ServiceWrapper(3) [96297] {{(pid=96297) wait_forever /opt/stack/data/venv/lib/python3.12/site-packages/cotyledon/_service_worker.py:218}}
Jul 05 20:01:55.947394 np0000004598 nova-scheduler[96297]: INFO nova.service [-] Starting scheduler node (version 33.1.0)
Jul 05 20:01:55.947394 np0000004598 nova-scheduler[96297]: INFO dbcounter [None req-a1007315-2f3f-453a-ab5e-a18bb2b01fe3 None None] Registered counter for database nova_cell0
Jul 05 20:01:55.951016 np0000004598 nova-scheduler[96291]: DEBUG oslo_db.sqlalchemy.engines [None req-c8f72594-59d3-4c4e-8420-59cfc87bff73 None None] MySQL server mode set to STRICT_TRANS_TABLES,STRICT_ALL_TABLES,NO_ZERO_IN_DATE,NO_ZERO_DATE,ERROR_FOR_DIVISION_BY_ZERO,TRADITIONAL,NO_ENGINE_SUBSTITUTION {{(pid=96291) _check_effective_sql_mode /opt/stack/data/venv/lib/python3.12/site-packages/oslo_db/sqlalchemy/engines.py:325}}
Jul 05 20:01:55.959259 np0000004598 nova-scheduler[96293]: DEBUG oslo_db.sqlalchemy.engines [None req-a7f0e9e3-2423-4879-bdea-1d463b9377e5 None None] MySQL server mode set to STRICT_TRANS_TABLES,STRICT_ALL_TABLES,NO_ZERO_IN_DATE,NO_ZERO_DATE,ERROR_FOR_DIVISION_BY_ZERO,TRADITIONAL,NO_ENGINE_SUBSTITUTION {{(pid=96293) _check_effective_sql_mode /opt/stack/data/venv/lib/python3.12/site-packages/oslo_db/sqlalchemy/engines.py:325}}
Jul 05 20:01:55.961442 np0000004598 nova-scheduler[96291]: DEBUG dbcounter [-] [96291] Writer thread running {{(pid=96291) stat_writer /opt/stack/data/venv/lib/python3.12/site-packages/dbcounter.py:102}}
Jul 05 20:01:55.978074 np0000004598 nova-scheduler[96293]: DEBUG dbcounter [-] [96293] Writer thread running {{(pid=96293) stat_writer /opt/stack/data/venv/lib/python3.12/site-packages/dbcounter.py:102}}
Jul 05 20:01:55.981418 np0000004598 nova-scheduler[96295]: DEBUG oslo_db.sqlalchemy.engines [None req-92a29181-c2f1-4a75-a9fa-6bb2a7ba3290 None None] MySQL server mode set to STRICT_TRANS_TABLES,STRICT_ALL_TABLES,NO_ZERO_IN_DATE,NO_ZERO_DATE,ERROR_FOR_DIVISION_BY_ZERO,TRADITIONAL,NO_ENGINE_SUBSTITUTION {{(pid=96295) _check_effective_sql_mode /opt/stack/data/venv/lib/python3.12/site-packages/oslo_db/sqlalchemy/engines.py:325}}
Jul 05 20:01:55.989282 np0000004598 nova-scheduler[96291]: DEBUG nova.service [None req-c8f72594-59d3-4c4e-8420-59cfc87bff73 None None] Creating RPC server for service: nova-scheduler on topic: scheduler {{(pid=96291) start /opt/stack/nova/nova/service.py:196}}
Jul 05 20:01:55.993734 np0000004598 nova-scheduler[96295]: DEBUG dbcounter [-] [96295] Writer thread running {{(pid=96295) stat_writer /opt/stack/data/venv/lib/python3.12/site-packages/dbcounter.py:102}}
Jul 05 20:01:55.994839 np0000004598 nova-scheduler[96293]: DEBUG nova.service [None req-a7f0e9e3-2423-4879-bdea-1d463b9377e5 None None] Creating RPC server for service: nova-scheduler on topic: scheduler {{(pid=96293) start /opt/stack/nova/nova/service.py:196}}
Jul 05 20:01:55.996723 np0000004598 nova-scheduler[96295]: DEBUG nova.service [None req-92a29181-c2f1-4a75-a9fa-6bb2a7ba3290 None None] Creating RPC server for service: nova-scheduler on topic: scheduler {{(pid=96295) start /opt/stack/nova/nova/service.py:196}}
Jul 05 20:01:55.998238 np0000004598 nova-scheduler[96297]: DEBUG oslo_db.sqlalchemy.engines [None req-a1007315-2f3f-453a-ab5e-a18bb2b01fe3 None None] MySQL server mode set to STRICT_TRANS_TABLES,STRICT_ALL_TABLES,NO_ZERO_IN_DATE,NO_ZERO_DATE,ERROR_FOR_DIVISION_BY_ZERO,TRADITIONAL,NO_ENGINE_SUBSTITUTION {{(pid=96297) _check_effective_sql_mode /opt/stack/data/venv/lib/python3.12/site-packages/oslo_db/sqlalchemy/engines.py:325}}
Jul 05 20:01:56.008530 np0000004598 nova-scheduler[96297]: DEBUG dbcounter [-] [96297] Writer thread running {{(pid=96297) stat_writer /opt/stack/data/venv/lib/python3.12/site-packages/dbcounter.py:102}}
Jul 05 20:01:56.011360 np0000004598 nova-scheduler[96297]: DEBUG nova.service [None req-a1007315-2f3f-453a-ab5e-a18bb2b01fe3 None None] Creating RPC server for service: nova-scheduler on topic: scheduler {{(pid=96297) start /opt/stack/nova/nova/service.py:196}}
Jul 05 20:01:56.026801 np0000004598 nova-scheduler[96291]: DEBUG nova.service [None req-c8f72594-59d3-4c4e-8420-59cfc87bff73 None None] Join ServiceGroup membership for this service scheduler {{(pid=96291) start /opt/stack/nova/nova/service.py:222}}
Jul 05 20:01:56.030033 np0000004598 nova-scheduler[96291]: DEBUG nova.servicegroup.drivers.db [None req-c8f72594-59d3-4c4e-8420-59cfc87bff73 None None] DB_Driver: join new ServiceGroup member np0000004598 to the scheduler group, service = {{(pid=96291) join /opt/stack/nova/nova/servicegroup/drivers/db.py:44}}
Jul 05 20:01:56.030459 np0000004598 nova-scheduler[96293]: DEBUG nova.service [None req-a7f0e9e3-2423-4879-bdea-1d463b9377e5 None None] Join ServiceGroup membership for this service scheduler {{(pid=96293) start /opt/stack/nova/nova/service.py:222}}
Jul 05 20:01:56.030514 np0000004598 nova-scheduler[96293]: DEBUG nova.servicegroup.drivers.db [None req-a7f0e9e3-2423-4879-bdea-1d463b9377e5 None None] DB_Driver: join new ServiceGroup member np0000004598 to the scheduler group, service = {{(pid=96293) join /opt/stack/nova/nova/servicegroup/drivers/db.py:44}}
Jul 05 20:01:56.033026 np0000004598 nova-scheduler[96297]: DEBUG nova.service [None req-a1007315-2f3f-453a-ab5e-a18bb2b01fe3 None None] Join ServiceGroup membership for this service scheduler {{(pid=96297) start /opt/stack/nova/nova/service.py:222}}
Jul 05 20:01:56.033193 np0000004598 nova-scheduler[96297]: DEBUG nova.servicegroup.drivers.db [None req-a1007315-2f3f-453a-ab5e-a18bb2b01fe3 None None] DB_Driver: join new ServiceGroup member np0000004598 to the scheduler group, service = {{(pid=96297) join /opt/stack/nova/nova/servicegroup/drivers/db.py:44}}
Jul 05 20:01:56.036743 np0000004598 nova-scheduler[96295]: DEBUG nova.service [None req-92a29181-c2f1-4a75-a9fa-6bb2a7ba3290 None None] Join ServiceGroup membership for this service scheduler {{(pid=96295) start /opt/stack/nova/nova/service.py:222}}
Jul 05 20:01:56.037048 np0000004598 nova-scheduler[96295]: DEBUG nova.servicegroup.drivers.db [None req-92a29181-c2f1-4a75-a9fa-6bb2a7ba3290 None None] DB_Driver: join new ServiceGroup member np0000004598 to the scheduler group, service = {{(pid=96295) join /opt/stack/nova/nova/servicegroup/drivers/db.py:44}}
Jul 05 20:02:01.041523 np0000004598 nova-scheduler[96291]: DEBUG oslo.service.backend._threading.loopingcall [-] Fixed interval looping call 'nova.servicegroup.drivers.db.DbDriver._report_state' sleeping for 119.99 seconds {{(pid=96291) _run_loop /opt/stack/data/venv/lib/python3.12/site-packages/oslo_service/backend/_threading/loopingcall.py:125}}
Jul 05 20:02:01.041930 np0000004598 nova-scheduler[96293]: DEBUG oslo.service.backend._threading.loopingcall [-] Fixed interval looping call 'nova.servicegroup.drivers.db.DbDriver._report_state' sleeping for 119.99 seconds {{(pid=96293) _run_loop /opt/stack/data/venv/lib/python3.12/site-packages/oslo_service/backend/_threading/loopingcall.py:125}}
Jul 05 20:02:01.045322 np0000004598 nova-scheduler[96297]: DEBUG oslo.service.backend._threading.loopingcall [-] Fixed interval looping call 'nova.servicegroup.drivers.db.DbDriver._report_state' sleeping for 119.99 seconds {{(pid=96297) _run_loop /opt/stack/data/venv/lib/python3.12/site-packages/oslo_service/backend/_threading/loopingcall.py:125}}
Jul 05 20:02:01.047870 np0000004598 nova-scheduler[96295]: DEBUG oslo.service.backend._threading.loopingcall [-] Fixed interval looping call 'nova.servicegroup.drivers.db.DbDriver._report_state' sleeping for 119.99 seconds {{(pid=96295) _run_loop /opt/stack/data/venv/lib/python3.12/site-packages/oslo_service/backend/_threading/loopingcall.py:125}}
Jul 05 20:02:04.558015 np0000004598 nova-scheduler[95096]: DEBUG dbcounter [-] [95096] Writing DB stats nova_api:SELECT=3 {{(pid=95096) stat_writer /opt/stack/data/venv/lib/python3.12/site-packages/dbcounter.py:115}}
Jul 05 20:02:04.708290 np0000004598 nova-scheduler[95096]: DEBUG dbcounter [-] [95096] Writing DB stats nova_cell1:SELECT=1 {{(pid=95096) stat_writer /opt/stack/data/venv/lib/python3.12/site-packages/dbcounter.py:115}}
Jul 05 20:02:04.712924 np0000004598 nova-scheduler[95096]: DEBUG dbcounter [-] [95096] Writing DB stats nova_cell0:SELECT=1 {{(pid=95096) stat_writer /opt/stack/data/venv/lib/python3.12/site-packages/dbcounter.py:115}}
Jul 05 20:02:11.038091 np0000004598 nova-scheduler[96291]: DEBUG dbcounter [-] [96291] Writing DB stats nova_cell0:SELECT=4,nova_cell0:INSERT=1,nova_cell0:UPDATE=1 {{(pid=96291) stat_writer /opt/stack/data/venv/lib/python3.12/site-packages/dbcounter.py:115}}
Jul 05 20:02:11.045168 np0000004598 nova-scheduler[96293]: DEBUG dbcounter [-] [96293] Writing DB stats nova_cell0:SELECT=5,nova_cell0:INSERT=1,nova_cell0:UPDATE=1 {{(pid=96293) stat_writer /opt/stack/data/venv/lib/python3.12/site-packages/dbcounter.py:115}}
Jul 05 20:02:11.045456 np0000004598 nova-scheduler[96297]: DEBUG dbcounter [-] [96297] Writing DB stats nova_cell0:SELECT=3 {{(pid=96297) stat_writer /opt/stack/data/venv/lib/python3.12/site-packages/dbcounter.py:115}}
Jul 05 20:02:11.045715 np0000004598 nova-scheduler[96295]: DEBUG dbcounter [-] [96295] Writing DB stats nova_cell0:SELECT=3 {{(pid=96295) stat_writer /opt/stack/data/venv/lib/python3.12/site-packages/dbcounter.py:115}}
Jul 05 20:02:29.029345 np0000004598 nova-scheduler[96291]: DEBUG oslo.service.backend._threading.loopingcall [None req-dd37b860-bc81-4520-a358-77a31305cf08 None None] Dynamic interval looping call 'nova.service.Service.periodic_tasks' sleeping for 60.00 seconds {{(pid=96291) _run_loop /opt/stack/data/venv/lib/python3.12/site-packages/oslo_service/backend/_threading/loopingcall.py:125}}
Jul 05 20:02:35.035313 np0000004598 nova-scheduler[96297]: DEBUG oslo.service.backend._threading.loopingcall [None req-e3d8dea1-d26e-40dd-8614-a80edb0c342b None None] Dynamic interval looping call 'nova.service.Service.periodic_tasks' sleeping for 60.00 seconds {{(pid=96297) _run_loop /opt/stack/data/venv/lib/python3.12/site-packages/oslo_service/backend/_threading/loopingcall.py:125}}
Jul 05 20:02:43.039625 np0000004598 nova-scheduler[96295]: DEBUG oslo.service.backend._threading.loopingcall [None req-6f673ded-4037-4067-a601-5521cb6c766f None None] Dynamic interval looping call 'nova.service.Service.periodic_tasks' sleeping for 60.00 seconds {{(pid=96295) _run_loop /opt/stack/data/venv/lib/python3.12/site-packages/oslo_service/backend/_threading/loopingcall.py:125}}
Jul 05 20:02:44.032788 np0000004598 nova-scheduler[96293]: DEBUG oslo.service.backend._threading.loopingcall [None req-4d0d1faa-5e8e-47d4-b8d2-29397a991e53 None None] Dynamic interval looping call 'nova.service.Service.periodic_tasks' sleeping for 60.00 seconds {{(pid=96293) _run_loop /opt/stack/data/venv/lib/python3.12/site-packages/oslo_service/backend/_threading/loopingcall.py:125}}
Jul 05 20:03:29.029981 np0000004598 nova-scheduler[96291]: DEBUG oslo.service.backend._threading.loopingcall [None req-dd37b860-bc81-4520-a358-77a31305cf08 None None] Dynamic interval looping call 'nova.service.Service.periodic_tasks' sleeping for 60.00 seconds {{(pid=96291) _run_loop /opt/stack/data/venv/lib/python3.12/site-packages/oslo_service/backend/_threading/loopingcall.py:125}}
Jul 05 20:03:35.035850 np0000004598 nova-scheduler[96297]: DEBUG oslo.service.backend._threading.loopingcall [None req-e3d8dea1-d26e-40dd-8614-a80edb0c342b None None] Dynamic interval looping call 'nova.service.Service.periodic_tasks' sleeping for 60.00 seconds {{(pid=96297) _run_loop /opt/stack/data/venv/lib/python3.12/site-packages/oslo_service/backend/_threading/loopingcall.py:125}}
Jul 05 20:03:43.040093 np0000004598 nova-scheduler[96295]: DEBUG oslo.service.backend._threading.loopingcall [None req-6f673ded-4037-4067-a601-5521cb6c766f None None] Dynamic interval looping call 'nova.service.Service.periodic_tasks' sleeping for 60.00 seconds {{(pid=96295) _run_loop /opt/stack/data/venv/lib/python3.12/site-packages/oslo_service/backend/_threading/loopingcall.py:125}}
Jul 05 20:03:44.033294 np0000004598 nova-scheduler[96293]: DEBUG oslo.service.backend._threading.loopingcall [None req-4d0d1faa-5e8e-47d4-b8d2-29397a991e53 None None] Dynamic interval looping call 'nova.service.Service.periodic_tasks' sleeping for 60.00 seconds {{(pid=96293) _run_loop /opt/stack/data/venv/lib/python3.12/site-packages/oslo_service/backend/_threading/loopingcall.py:125}}
Jul 05 20:04:01.120128 np0000004598 nova-scheduler[96291]: DEBUG oslo.service.backend._threading.loopingcall [-] Fixed interval looping call 'nova.servicegroup.drivers.db.DbDriver._report_state' sleeping for 119.98 seconds {{(pid=96291) _run_loop /opt/stack/data/venv/lib/python3.12/site-packages/oslo_service/backend/_threading/loopingcall.py:125}}
Jul 05 20:04:01.121111 np0000004598 nova-scheduler[96293]: DEBUG oslo.service.backend._threading.loopingcall [-] Fixed interval looping call 'nova.servicegroup.drivers.db.DbDriver._report_state' sleeping for 119.98 seconds {{(pid=96293) _run_loop /opt/stack/data/venv/lib/python3.12/site-packages/oslo_service/backend/_threading/loopingcall.py:125}}
Jul 05 20:04:01.121815 np0000004598 nova-scheduler[96297]: DEBUG oslo.service.backend._threading.loopingcall [-] Fixed interval looping call 'nova.servicegroup.drivers.db.DbDriver._report_state' sleeping for 119.99 seconds {{(pid=96297) _run_loop /opt/stack/data/venv/lib/python3.12/site-packages/oslo_service/backend/_threading/loopingcall.py:125}}
Jul 05 20:04:01.123927 np0000004598 nova-scheduler[96295]: DEBUG oslo.service.backend._threading.loopingcall [-] Fixed interval looping call 'nova.servicegroup.drivers.db.DbDriver._report_state' sleeping for 119.99 seconds {{(pid=96295) _run_loop /opt/stack/data/venv/lib/python3.12/site-packages/oslo_service/backend/_threading/loopingcall.py:125}}
Jul 05 20:04:11.036936 np0000004598 nova-scheduler[96291]: DEBUG dbcounter [-] [96291] Writing DB stats nova_cell0:SELECT=1,nova_cell0:UPDATE=1 {{(pid=96291) stat_writer /opt/stack/data/venv/lib/python3.12/site-packages/dbcounter.py:115}}
Jul 05 20:04:11.040505 np0000004598 nova-scheduler[96293]: DEBUG dbcounter [-] [96293] Writing DB stats nova_cell0:SELECT=1,nova_cell0:UPDATE=1 {{(pid=96293) stat_writer /opt/stack/data/venv/lib/python3.12/site-packages/dbcounter.py:115}}
Jul 05 20:04:11.043300 np0000004598 nova-scheduler[96297]: DEBUG dbcounter [-] [96297] Writing DB stats nova_cell0:SELECT=1,nova_cell0:UPDATE=1 {{(pid=96297) stat_writer /opt/stack/data/venv/lib/python3.12/site-packages/dbcounter.py:115}}
Jul 05 20:04:11.054307 np0000004598 nova-scheduler[96295]: DEBUG dbcounter [-] [96295] Writing DB stats nova_cell0:SELECT=1,nova_cell0:UPDATE=1 {{(pid=96295) stat_writer /opt/stack/data/venv/lib/python3.12/site-packages/dbcounter.py:115}}
Jul 05 20:04:11.560678 np0000004598 nova-scheduler[96291]: DEBUG nova.scheduler.manager [None req-59beb682-f3cd-4b88-aa8f-bcac1280a142 tempest-ServersNegativeTestJSON-429111860 tempest-ServersNegativeTestJSON-429111860-project-member] Starting to schedule for instances: ['3cb6f0b8-e89c-4a62-9d9f-70eeed740954'] {{(pid=96291) select_destinations /opt/stack/nova/nova/scheduler/manager.py:209}}
Jul 05 20:04:11.561521 np0000004598 nova-scheduler[96291]: DEBUG nova.scheduler.request_filter [None req-59beb682-f3cd-4b88-aa8f-bcac1280a142 tempest-ServersNegativeTestJSON-429111860 tempest-ServersNegativeTestJSON-429111860-project-member] compute_status_filter request filter added forbidden trait COMPUTE_STATUS_DISABLED {{(pid=96291) compute_status_filter /opt/stack/nova/nova/scheduler/request_filter.py:253}}
Jul 05 20:04:11.561742 np0000004598 nova-scheduler[96291]: DEBUG nova.scheduler.request_filter [None req-59beb682-f3cd-4b88-aa8f-bcac1280a142 tempest-ServersNegativeTestJSON-429111860 tempest-ServersNegativeTestJSON-429111860-project-member] Request filter 'compute_status_filter' took 0.0 seconds {{(pid=96291) wrapper /opt/stack/nova/nova/scheduler/request_filter.py:46}}
Jul 05 20:04:11.562649 np0000004598 nova-scheduler[96291]: DEBUG nova.scheduler.request_filter [None req-59beb682-f3cd-4b88-aa8f-bcac1280a142 tempest-ServersNegativeTestJSON-429111860 tempest-ServersNegativeTestJSON-429111860-project-member] Request filter 'accelerators_filter' took 0.0 seconds {{(pid=96291) wrapper /opt/stack/nova/nova/scheduler/request_filter.py:46}}
Jul 05 20:04:11.562917 np0000004598 nova-scheduler[96291]: DEBUG nova.scheduler.request_filter [None req-59beb682-f3cd-4b88-aa8f-bcac1280a142 tempest-ServersNegativeTestJSON-429111860 tempest-ServersNegativeTestJSON-429111860-project-member] Request filter 'packed_virtqueue_filter' took 0.0 seconds {{(pid=96291) wrapper /opt/stack/nova/nova/scheduler/request_filter.py:46}}
Jul 05 20:04:11.563319 np0000004598 nova-scheduler[96291]: DEBUG nova.scheduler.request_filter [None req-59beb682-f3cd-4b88-aa8f-bcac1280a142 tempest-ServersNegativeTestJSON-429111860 tempest-ServersNegativeTestJSON-429111860-project-member] Request filter 'remote_managed_ports_filter' took 0.0 seconds {{(pid=96291) wrapper /opt/stack/nova/nova/scheduler/request_filter.py:46}}
Jul 05 20:04:11.563481 np0000004598 nova-scheduler[96291]: DEBUG nova.scheduler.request_filter [None req-59beb682-f3cd-4b88-aa8f-bcac1280a142 tempest-ServersNegativeTestJSON-429111860 tempest-ServersNegativeTestJSON-429111860-project-member] ephemeral_encryption_filter skipped {{(pid=96291) ephemeral_encryption_filter /opt/stack/nova/nova/scheduler/request_filter.py:426}}
Jul 05 20:04:11.563680 np0000004598 nova-scheduler[96291]: DEBUG nova.scheduler.request_filter [None req-59beb682-f3cd-4b88-aa8f-bcac1280a142 tempest-ServersNegativeTestJSON-429111860 tempest-ServersNegativeTestJSON-429111860-project-member] virtio_sound_filter skipped {{(pid=96291) virtio_sound_filter /opt/stack/nova/nova/scheduler/request_filter.py:460}}
Jul 05 20:04:11.564133 np0000004598 nova-scheduler[96291]: DEBUG nova.scheduler.request_filter [None req-59beb682-f3cd-4b88-aa8f-bcac1280a142 tempest-ServersNegativeTestJSON-429111860 tempest-ServersNegativeTestJSON-429111860-project-member] tpm_secret_security_filter skipped {{(pid=96291) tpm_secret_security_filter /opt/stack/nova/nova/scheduler/request_filter.py:477}}
Jul 05 20:04:12.125548 np0000004598 nova-scheduler[96291]: INFO nova.utils [None req-59beb682-f3cd-4b88-aa8f-bcac1280a142 tempest-ServersNegativeTestJSON-429111860 tempest-ServersNegativeTestJSON-429111860-project-member] The cell worker thread pool ForkProcess-1.cell_worker is initialized
Jul 05 20:04:12.127043 np0000004598 nova-scheduler[96291]: DEBUG oslo_concurrency.lockutils [None req-59beb682-f3cd-4b88-aa8f-bcac1280a142 tempest-ServersNegativeTestJSON-429111860 tempest-ServersNegativeTestJSON-429111860-project-member] Acquiring lock "a9c20a9b-73b7-4a5b-a8af-aa76551d29f4" by "nova.context.set_target_cell..get_or_set_cached_cell_and_set_connections" {{(pid=96291) inner /opt/stack/data/venv/lib/python3.12/site-packages/oslo_concurrency/lockutils.py:511}}
Jul 05 20:04:12.127043 np0000004598 nova-scheduler[96291]: DEBUG oslo_concurrency.lockutils [None req-59beb682-f3cd-4b88-aa8f-bcac1280a142 tempest-ServersNegativeTestJSON-429111860 tempest-ServersNegativeTestJSON-429111860-project-member] Lock "a9c20a9b-73b7-4a5b-a8af-aa76551d29f4" acquired by "nova.context.set_target_cell..get_or_set_cached_cell_and_set_connections" :: waited 0.000s {{(pid=96291) inner /opt/stack/data/venv/lib/python3.12/site-packages/oslo_concurrency/lockutils.py:524}}
Jul 05 20:04:12.127581 np0000004598 nova-scheduler[96291]: DEBUG oslo_concurrency.lockutils [None req-59beb682-f3cd-4b88-aa8f-bcac1280a142 tempest-ServersNegativeTestJSON-429111860 tempest-ServersNegativeTestJSON-429111860-project-member] Lock "a9c20a9b-73b7-4a5b-a8af-aa76551d29f4" "released" by "nova.context.set_target_cell..get_or_set_cached_cell_and_set_connections" :: held 0.002s {{(pid=96291) inner /opt/stack/data/venv/lib/python3.12/site-packages/oslo_concurrency/lockutils.py:543}}
Jul 05 20:04:12.129819 np0000004598 nova-scheduler[96291]: INFO dbcounter [None req-59beb682-f3cd-4b88-aa8f-bcac1280a142 tempest-ServersNegativeTestJSON-429111860 tempest-ServersNegativeTestJSON-429111860-project-member] Registered counter for database nova_cell1
Jul 05 20:04:12.191439 np0000004598 nova-scheduler[96291]: DEBUG oslo_db.sqlalchemy.engines [None req-59beb682-f3cd-4b88-aa8f-bcac1280a142 tempest-ServersNegativeTestJSON-429111860 tempest-ServersNegativeTestJSON-429111860-project-member] MySQL server mode set to STRICT_TRANS_TABLES,STRICT_ALL_TABLES,NO_ZERO_IN_DATE,NO_ZERO_DATE,ERROR_FOR_DIVISION_BY_ZERO,TRADITIONAL,NO_ENGINE_SUBSTITUTION {{(pid=96291) _check_effective_sql_mode /opt/stack/data/venv/lib/python3.12/site-packages/oslo_db/sqlalchemy/engines.py:325}}
Jul 05 20:04:12.199026 np0000004598 nova-scheduler[96291]: DEBUG dbcounter [-] [96291] Writer thread running {{(pid=96291) stat_writer /opt/stack/data/venv/lib/python3.12/site-packages/dbcounter.py:102}}
Jul 05 20:04:12.213217 np0000004598 nova-scheduler[96291]: DEBUG oslo_db.sqlalchemy.engines [None req-59beb682-f3cd-4b88-aa8f-bcac1280a142 tempest-ServersNegativeTestJSON-429111860 tempest-ServersNegativeTestJSON-429111860-project-member] Parent process 95096 forked (96291) with an open database connection, which is being discarded and recreated. {{(pid=96291) checkout /opt/stack/data/venv/lib/python3.12/site-packages/oslo_db/sqlalchemy/engines.py:402}}
Jul 05 20:04:12.271858 np0000004598 nova-scheduler[96291]: DEBUG dbcounter [-] [96291] Writer thread running {{(pid=96291) stat_writer /opt/stack/data/venv/lib/python3.12/site-packages/dbcounter.py:102}}
Jul 05 20:04:12.275560 np0000004598 nova-scheduler[96291]: DEBUG oslo_concurrency.lockutils [None req-59beb682-f3cd-4b88-aa8f-bcac1280a142 tempest-ServersNegativeTestJSON-429111860 tempest-ServersNegativeTestJSON-429111860-project-member] Acquiring lock "a9c20a9b-73b7-4a5b-a8af-aa76551d29f4" by "nova.context.set_target_cell..get_or_set_cached_cell_and_set_connections" {{(pid=96291) inner /opt/stack/data/venv/lib/python3.12/site-packages/oslo_concurrency/lockutils.py:511}}
Jul 05 20:04:12.275884 np0000004598 nova-scheduler[96291]: DEBUG oslo_concurrency.lockutils [None req-59beb682-f3cd-4b88-aa8f-bcac1280a142 tempest-ServersNegativeTestJSON-429111860 tempest-ServersNegativeTestJSON-429111860-project-member] Lock "a9c20a9b-73b7-4a5b-a8af-aa76551d29f4" acquired by "nova.context.set_target_cell..get_or_set_cached_cell_and_set_connections" :: waited 0.000s {{(pid=96291) inner /opt/stack/data/venv/lib/python3.12/site-packages/oslo_concurrency/lockutils.py:524}}
Jul 05 20:04:12.275884 np0000004598 nova-scheduler[96291]: DEBUG oslo_concurrency.lockutils [None req-59beb682-f3cd-4b88-aa8f-bcac1280a142 tempest-ServersNegativeTestJSON-429111860 tempest-ServersNegativeTestJSON-429111860-project-member] Lock "a9c20a9b-73b7-4a5b-a8af-aa76551d29f4" "released" by "nova.context.set_target_cell..get_or_set_cached_cell_and_set_connections" :: held 0.000s {{(pid=96291) inner /opt/stack/data/venv/lib/python3.12/site-packages/oslo_concurrency/lockutils.py:543}}
Jul 05 20:04:12.279983 np0000004598 nova-scheduler[96291]: DEBUG oslo_concurrency.lockutils [None req-59beb682-f3cd-4b88-aa8f-bcac1280a142 tempest-ServersNegativeTestJSON-429111860 tempest-ServersNegativeTestJSON-429111860-project-member] Acquiring lock "np0000004598-np0000004598" by "nova.scheduler.host_manager.HostState.update.._locked_update" {{(pid=96291) inner /opt/stack/data/venv/lib/python3.12/site-packages/oslo_concurrency/lockutils.py:511}}
Jul 05 20:04:12.279983 np0000004598 nova-scheduler[96291]: DEBUG oslo_concurrency.lockutils [None req-59beb682-f3cd-4b88-aa8f-bcac1280a142 tempest-ServersNegativeTestJSON-429111860 tempest-ServersNegativeTestJSON-429111860-project-member] Lock "np0000004598-np0000004598" acquired by "nova.scheduler.host_manager.HostState.update.._locked_update" :: waited 0.000s {{(pid=96291) inner /opt/stack/data/venv/lib/python3.12/site-packages/oslo_concurrency/lockutils.py:524}}
Jul 05 20:04:12.281963 np0000004598 nova-scheduler[96291]: DEBUG nova.scheduler.host_manager [None req-59beb682-f3cd-4b88-aa8f-bcac1280a142 tempest-ServersNegativeTestJSON-429111860 tempest-ServersNegativeTestJSON-429111860-project-member] Update host state from compute node: ComputeNode(cpu_allocation_ratio=4.0,cpu_info='{"arch": "x86_64", "model": "EPYC-Milan", "vendor": "AMD", "topology": {"cells": 1, "sockets": 16, "cores": 1, "threads": 1}, "maxphysaddr": {"mode": "emulate", "bits": 40}, "features": ["svme-addr-chk", "npt", "vme", "mmx", "lm", "vmcb-clean", "3dnowprefetch", "sse4.2", "hypervisor", "avx", "amd-psfd", "mds-no", "osvw", "pat", "pse", "wbnoinvd", "smap", "fsrm", "sep", "pdpe1gb", "pclmuldq", "sse2", "sse4a", "null-sel-clr-base", "ibpb", "no-nested-data-bp", "topoext", "xsave", "sse", "bmi2", "popcnt", "tsc_adjust", "pschange-mc-no", "cx16", "nrip-save", "arch-capabilities", "skip-l1dfl-vmentry", "flushbyasid", "fxsr", "mca", "arat", "pku", "vaes", "xsavec", "cr8legacy", "amd-ssbd", "vpclmulqdq", "clflushopt", "lbrv", "perfctr_core", "cmp_legacy", "fsgsbase", "pse36", "gds-no", "tsc", "invpcid", "rdpid", "de", "ibrs", "clwb", "fpu", "f16c", "mmxext", "clzero", "movbe", "fma", "ssbd", "stibp", "xsaves", "aes", "xgetbv1", "smep", "svm", "x2apic", "rdtscp", "apic", "stibp-always-on", "pause-filter", "pni", "pcid", "syscall", "lfence-always-serializing", "sha-ni", "amd-stibp", "pge", "xsaveerptr", "cmov", "mce", "mtrr", "rdctl-no", "tsc-scale", "tsc-deadline", "lahf_lm", "nx", "rdrand", "umip", "adx", "ssse3", "clflush", "v-vmsave-vmload", "cx8", "erms", "virt-ssbd", "sse4.1", "xsaveopt", "msr", "misalignsse", "rdseed", "abm", "vgif", "spec-ctrl", "pae", "avx2", "fxsr_opt", "pfthreshold", "bmi1"]}',created_at=2026-07-05T20:02:20Z,current_workload=0,deleted=False,deleted_at=None,disk_allocation_ratio=1.0,disk_available_least=74,free_disk_gb=95,free_ram_mb=63789,host='np0000004598',host_ip=10.4.3.227,hypervisor_hostname='np0000004598',hypervisor_type='QEMU',hypervisor_version=8002002,id=1,local_gb=95,local_gb_used=0,mapped=1,memory_mb=64301,memory_mb_used=512,metrics='[]',numa_topology='{"nova_object.name": "NUMATopology", "nova_object.namespace": "nova", "nova_object.version": "1.2", "nova_object.data": {"cells": [{"nova_object.name": "NUMACell", "nova_object.namespace": "nova", "nova_object.version": "1.5", "nova_object.data": {"id": 0, "cpuset": [0, 1, 2, 3, 4, 5, 6, 7, 8, 9, 10, 11, 12, 13, 14, 15], "pcpuset": [0, 1, 2, 3, 4, 5, 6, 7, 8, 9, 10, 11, 12, 13, 14, 15], "memory": 64301, "cpu_usage": 0, "memory_usage": 0, "pinned_cpus": [], "siblings": [[6], [12], [2], [15], [5], [11], [8], [14], [4], [1], [7], [10], [0], [13], [3], [9]], "mempages": [{"nova_object.name": "NUMAPagesTopology", "nova_object.namespace": "nova", "nova_object.version": "1.1", "nova_object.data": {"size_kb": 4, "total": 16461067, "used": 0, "reserved": 0}, "nova_object.changes": ["size_kb", "total", "reserved", "used"]}, {"nova_object.name": "NUMAPagesTopology", "nova_object.namespace": "nova", "nova_object.version": "1.1", "nova_object.data": {"size_kb": 2048, "total": 0, "used": 0, "reserved": 0}, "nova_object.changes": ["size_kb", "total", "reserved", "used"]}, {"nova_object.name": "NUMAPagesTopology", "nova_object.namespace": "nova", "nova_object.version": "1.1", "nova_object.data": {"size_kb": 1048576, "total": 0, "used": 0, "reserved": 0}, "nova_object.changes": ["size_kb", "total", "reserved", "used"]}], "network_metadata": {"nova_object.name": "NetworkMetadata", "nova_object.namespace": "nova", "nova_object.version": "1.0", "nova_object.data": {"physnets": [], "tunneled": false}, "nova_object.changes": ["physnets", "tunneled"]}, "socket": null}, "nova_object.changes": ["network_metadata", "memory", "cpuset", "socket", "pinned_cpus", "pcpuset", "memory_usage", "cpu_usage", "id", "mempages", "siblings"]}]}, "nova_object.changes": ["cells"]}',pci_device_pools=PciDevicePoolList,ram_allocation_ratio=1.0,running_vms=0,service_id=3,stats={failed_builds='0',uptime=' 20:04:06 up 25 min, 2 users, load average: 3.39, 1.99, 1.07
Jul 05 20:04:12.281963 np0000004598 nova-scheduler[96291]: '},supported_hv_specs=[HVSpec,HVSpec,HVSpec,HVSpec,HVSpec,HVSpec,HVSpec,HVSpec,HVSpec,HVSpec,HVSpec,HVSpec,HVSpec,HVSpec,HVSpec,HVSpec,HVSpec,HVSpec,HVSpec,HVSpec,HVSpec,HVSpec,HVSpec,HVSpec,HVSpec],updated_at=2026-07-05T20:04:09Z,uuid=4eeae89e-1011-429d-8f88-2e3c349293f7,vcpus=16,vcpus_used=0) {{(pid=96291) _locked_update /opt/stack/nova/nova/scheduler/host_manager.py:168}}
Jul 05 20:04:12.283077 np0000004598 nova-scheduler[96291]: DEBUG nova.scheduler.host_manager [None req-59beb682-f3cd-4b88-aa8f-bcac1280a142 tempest-ServersNegativeTestJSON-429111860 tempest-ServersNegativeTestJSON-429111860-project-member] Update host state with aggregates: [] {{(pid=96291) _locked_update /opt/stack/nova/nova/scheduler/host_manager.py:171}}
Jul 05 20:04:12.283172 np0000004598 nova-scheduler[96291]: DEBUG nova.scheduler.host_manager [None req-59beb682-f3cd-4b88-aa8f-bcac1280a142 tempest-ServersNegativeTestJSON-429111860 tempest-ServersNegativeTestJSON-429111860-project-member] Update host state with service dict: {'id': 3, 'uuid': '9ed2597b-c763-4dd9-b6d8-9c99024dcb5f', 'host': 'np0000004598', 'binary': 'nova-compute', 'topic': 'compute', 'report_count': 1, 'disabled': False, 'disabled_reason': None, 'last_seen_up': datetime.datetime(2026, 7, 5, 20, 2, 29, tzinfo=datetime.timezone.utc), 'forced_down': False, 'version': 72, 'created_at': datetime.datetime(2026, 7, 5, 20, 2, 19, tzinfo=datetime.timezone.utc), 'updated_at': datetime.datetime(2026, 7, 5, 20, 2, 29, tzinfo=datetime.timezone.utc), 'deleted_at': None, 'deleted': False} {{(pid=96291) _locked_update /opt/stack/nova/nova/scheduler/host_manager.py:174}}
Jul 05 20:04:12.283382 np0000004598 nova-scheduler[96291]: DEBUG nova.scheduler.host_manager [None req-59beb682-f3cd-4b88-aa8f-bcac1280a142 tempest-ServersNegativeTestJSON-429111860 tempest-ServersNegativeTestJSON-429111860-project-member] Update host state with instances: [] {{(pid=96291) _locked_update /opt/stack/nova/nova/scheduler/host_manager.py:177}}
