Jul 05 20:01:35.433367 np0000004598 devstack@neutron-api.service[90442]: DEBUG neutron_lib.callbacks.manager [None req-6c7c9be5-ca73-4b7b-8974-e3f556a8b438 admin admin] Publish callbacks ['neutron.objects.securitygroup.RbacNeutronDbObjectMixin.validate_rbac_policy_change-1492761749534', 'neutron.objects.address_group.RbacNeutronDbObjectMixin.validate_rbac_policy_change-1492761919890', 'neutron.objects.network.RbacNeutronDbObjectMixin.validate_rbac_policy_change-1492761918126', 'neutron.objects.qos.policy.RbacNeutronDbObjectMixin.validate_rbac_policy_change-1492761907125', 'neutron.objects.subnetpool.RbacNeutronDbObjectMixin.validate_rbac_policy_change-1492761947881', 'neutron.objects.address_scope.RbacNeutronDbObjectMixin.validate_rbac_policy_change-1492761948745', 'neutron.plugins.ml2.plugin.External_net_db_mixin._process_ext_policy_create-23736', 'neutron.plugins.ml2.plugin.NeutronDbPluginV2.validate_network_rbac_policy_change-28652'] for rbac-policy (None), before_create {{(pid=90442) _notify_loop /opt/stack/data/venv/lib/python3.12/site-packages/neutron_lib/callbacks/manager.py:184}}
Jul 05 20:01:35.469166 np0000004598 devstack@neutron-api.service[90442]: DEBUG neutron_lib.callbacks.manager [None req-6c7c9be5-ca73-4b7b-8974-e3f556a8b438 admin admin] Publish callbacks [] for subnetpool (None), before_response {{(pid=90442) _notify_loop /opt/stack/data/venv/lib/python3.12/site-packages/neutron_lib/callbacks/manager.py:184}}
Jul 05 20:01:35.469626 np0000004598 devstack@neutron-api.service[90442]: [pid: 90442|app: 0|req: 1/3] 10.4.3.227 () {68 vars in 1336 bytes} [Sun Jul 5 20:01:35 2026] POST /networking/v2.0/subnetpools => generated 533 bytes in 443 msecs (HTTP/1.1 201) 4 headers in 162 bytes (1 switches on core 0)
Jul 05 20:01:35.765331 np0000004598 devstack@neutron-api.service[90441]: DEBUG neutron.api.v2.base [None req-ac5ba7f5-d630-4dbf-a1bd-8e74f35c7e7b admin admin] Request body: {'subnetpool': {'is_default': True, 'shared': True, 'default_prefixlen': 64, 'prefixes': ['fd6e:8e27:3027::/56'], 'name': 'shared-default-subnetpool-v6'}} {{(pid=90441) prepare_request_body /opt/stack/neutron/neutron/api/v2/base.py:727}}
Jul 05 20:01:35.930166 np0000004598 devstack@neutron-api.service[90441]: DEBUG neutron.policy [None req-ac5ba7f5-d630-4dbf-a1bd-8e74f35c7e7b admin admin] Loaded default policies from ['neutron'] under neutron.policies entry points {{(pid=90441) register_rules /opt/stack/neutron/neutron/policy.py:65}}
Jul 05 20:01:36.059993 np0000004598 devstack@neutron-api.service[90441]: DEBUG neutron_lib.callbacks.manager [None req-ac5ba7f5-d630-4dbf-a1bd-8e74f35c7e7b admin admin] Publish callbacks ['neutron.objects.securitygroup.RbacNeutronDbObjectMixin.validate_rbac_policy_change-1492762618077', 'neutron.objects.address_group.RbacNeutronDbObjectMixin.validate_rbac_policy_change-1492762726166', 'neutron.objects.network.RbacNeutronDbObjectMixin.validate_rbac_policy_change-1492762595755', 'neutron.objects.qos.policy.RbacNeutronDbObjectMixin.validate_rbac_policy_change-1492762587321', 'neutron.objects.subnetpool.RbacNeutronDbObjectMixin.validate_rbac_policy_change-1492762543391', 'neutron.objects.address_scope.RbacNeutronDbObjectMixin.validate_rbac_policy_change-1492762553022', 'neutron.plugins.ml2.plugin.External_net_db_mixin._process_ext_policy_create-236082', 'neutron.plugins.ml2.plugin.NeutronDbPluginV2.validate_network_rbac_policy_change-202270'] for rbac-policy (None), before_create {{(pid=90441) _notify_loop /opt/stack/data/venv/lib/python3.12/site-packages/neutron_lib/callbacks/manager.py:184}}
Jul 05 20:01:36.096445 np0000004598 devstack@neutron-api.service[90441]: DEBUG neutron_lib.callbacks.manager [None req-ac5ba7f5-d630-4dbf-a1bd-8e74f35c7e7b admin admin] Publish callbacks [] for subnetpool (None), before_response {{(pid=90441) _notify_loop /opt/stack/data/venv/lib/python3.12/site-packages/neutron_lib/callbacks/manager.py:184}}
Jul 05 20:01:36.096883 np0000004598 devstack@neutron-api.service[90441]: [pid: 90441|app: 0|req: 1/4] 10.4.3.227 () {68 vars in 1336 bytes} [Sun Jul 5 20:01:35 2026] POST /networking/v2.0/subnetpools => generated 543 bytes in 416 msecs (HTTP/1.1 201) 4 headers in 162 bytes (1 switches on core 0)
Jul 05 20:01:36.416518 np0000004598 devstack@neutron-api.service[90440]: DEBUG neutron.api.v2.base [None req-c6b56dfc-113d-4639-a621-2941f06e5a22 admin admin] Request body: {'network': {'admin_state_up': True, 'name': 'private'}} {{(pid=90440) prepare_request_body /opt/stack/neutron/neutron/api/v2/base.py:727}}
Jul 05 20:01:36.444138 np0000004598 devstack@neutron-api.service[90440]: DEBUG neutron.pecan_wsgi.hooks.quota_enforcement [None req-c6b56dfc-113d-4639-a621-2941f06e5a22 admin admin] Made reservation on behalf of 3dbd36e73a184298973c81e4d3970c7b for: {'network': 1} {{(pid=90440) before /opt/stack/neutron/neutron/pecan_wsgi/hooks/quota_enforcement.py:66}}
Jul 05 20:01:36.626562 np0000004598 devstack@neutron-api.service[90440]: DEBUG neutron.policy [None req-c6b56dfc-113d-4639-a621-2941f06e5a22 admin admin] Loaded default policies from ['neutron'] under neutron.policies entry points {{(pid=90440) register_rules /opt/stack/neutron/neutron/policy.py:65}}
Jul 05 20:01:36.730715 np0000004598 devstack@neutron-api.service[90440]: DEBUG neutron_lib.callbacks.manager [None req-c6b56dfc-113d-4639-a621-2941f06e5a22 admin admin] Publish callbacks ['neutron.plugins.ml2.plugin.SecurityGroupDbMixin._ensure_default_security_group_handler-516768'] for network (None), before_create {{(pid=90440) _notify_loop /opt/stack/data/venv/lib/python3.12/site-packages/neutron_lib/callbacks/manager.py:184}}
Jul 05 20:01:36.752734 np0000004598 devstack@neutron-api.service[90440]: DEBUG neutron_lib.callbacks.manager [None req-c6b56dfc-113d-4639-a621-2941f06e5a22 admin admin] Publish callbacks [] for security_group (None), before_create {{(pid=90440) _notify_loop /opt/stack/data/venv/lib/python3.12/site-packages/neutron_lib/callbacks/manager.py:184}}
Jul 05 20:01:36.838747 np0000004598 devstack@neutron-api.service[90440]: DEBUG neutron_lib.callbacks.manager [None req-c6b56dfc-113d-4639-a621-2941f06e5a22 admin admin] Publish callbacks ['neutron.plugins.ml2.drivers.ovn.mech_driver.mech_driver.OVNMechanismDriver._create_security_group_precommit-327269'] for security_group (94f7a4f5-b202-4d39-8e83-208a4d613f83), precommit_create {{(pid=90440) _notify_loop /opt/stack/data/venv/lib/python3.12/site-packages/neutron_lib/callbacks/manager.py:184}}
Jul 05 20:01:36.838871 np0000004598 devstack@neutron-api.service[90440]: DEBUG neutron.db.ovn_revision_numbers_db [None req-c6b56dfc-113d-4639-a621-2941f06e5a22 admin admin] create_initial_revision uuid=94f7a4f5-b202-4d39-8e83-208a4d613f83, type=security_groups, rev=-1 {{(pid=90440) create_initial_revision /opt/stack/neutron/neutron/db/ovn_revision_numbers_db.py:98}}
Jul 05 20:01:36.840972 np0000004598 devstack@neutron-api.service[90440]: DEBUG neutron.db.ovn_revision_numbers_db [None req-c6b56dfc-113d-4639-a621-2941f06e5a22 admin admin] create_initial_revision uuid=6cee9634-4728-4006-9dfd-79ff73f2f282, type=security_group_rules, rev=-1 {{(pid=90440) create_initial_revision /opt/stack/neutron/neutron/db/ovn_revision_numbers_db.py:98}}
Jul 05 20:01:36.841907 np0000004598 devstack@neutron-api.service[90440]: DEBUG neutron.db.ovn_revision_numbers_db [None req-c6b56dfc-113d-4639-a621-2941f06e5a22 admin admin] create_initial_revision uuid=dcfbc690-615d-484e-a167-6758558aa33a, type=security_group_rules, rev=-1 {{(pid=90440) create_initial_revision /opt/stack/neutron/neutron/db/ovn_revision_numbers_db.py:98}}
Jul 05 20:01:36.842752 np0000004598 devstack@neutron-api.service[90440]: DEBUG neutron.db.ovn_revision_numbers_db [None req-c6b56dfc-113d-4639-a621-2941f06e5a22 admin admin] create_initial_revision uuid=f0c26c21-b3af-4941-9b12-6f3e22c4d924, type=security_group_rules, rev=-1 {{(pid=90440) create_initial_revision /opt/stack/neutron/neutron/db/ovn_revision_numbers_db.py:98}}
Jul 05 20:01:36.843589 np0000004598 devstack@neutron-api.service[90440]: DEBUG neutron.db.ovn_revision_numbers_db [None req-c6b56dfc-113d-4639-a621-2941f06e5a22 admin admin] create_initial_revision uuid=f239ab6a-e7e7-4667-b856-fdce75e58342, type=security_group_rules, rev=-1 {{(pid=90440) create_initial_revision /opt/stack/neutron/neutron/db/ovn_revision_numbers_db.py:98}}
Jul 05 20:01:36.847645 np0000004598 devstack@neutron-api.service[90440]: DEBUG neutron_lib.callbacks.manager [None req-c6b56dfc-113d-4639-a621-2941f06e5a22 admin admin] Publish callbacks ['neutron.plugins.ml2.drivers.ovn.mech_driver.mech_driver.OVNMechanismDriver._create_security_group-327259', 'neutron.plugins.ml2.ovo_rpc._ObjectChangeHandler.handle_event-132555657'] for security_group (94f7a4f5-b202-4d39-8e83-208a4d613f83), after_create {{(pid=90440) _notify_loop /opt/stack/data/venv/lib/python3.12/site-packages/neutron_lib/callbacks/manager.py:184}}
Jul 05 20:01:36.848562 np0000004598 devstack@neutron-api.service[90440]: DEBUG ovsdbapp.backend.ovs_idl.transaction [-] Running txn n=1 command(idx=0): PgAddCommand(_result=None, name=pg_94f7a4f5_b202_4d39_8e83_208a4d613f83, may_exist=False, columns={'acls': [], 'external_ids': {'neutron:security_group_id': '94f7a4f5-b202-4d39-8e83-208a4d613f83'}}) {{(pid=90440) do_commit /opt/stack/data/venv/lib/python3.12/site-packages/ovsdbapp/backend/ovs_idl/transaction.py:89}}
Jul 05 20:01:36.852430 np0000004598 devstack@neutron-api.service[90440]: DEBUG ovsdbapp.backend.ovs_idl.transaction [-] Running txn n=1 command(idx=1): PgAclAddCommand(_result=None, entity=pg_94f7a4f5_b202_4d39_8e83_208a4d613f83, direction=from-lport, priority=1002, match=inport == @pg_94f7a4f5_b202_4d39_8e83_208a4d613f83 && ip4, action=allow-related, log=False, may_exist=True, severity=[], name=[], meter=[], external_ids={'neutron:security_group_rule_id': '6cee9634-4728-4006-9dfd-79ff73f2f282'}) {{(pid=90440) do_commit /opt/stack/data/venv/lib/python3.12/site-packages/ovsdbapp/backend/ovs_idl/transaction.py:89}}
Jul 05 20:01:36.852832 np0000004598 devstack@neutron-api.service[90440]: DEBUG ovsdbapp.backend.ovs_idl.transaction [-] Running txn n=1 command(idx=2): PgAclAddCommand(_result=None, entity=pg_94f7a4f5_b202_4d39_8e83_208a4d613f83, direction=from-lport, priority=1002, match=inport == @pg_94f7a4f5_b202_4d39_8e83_208a4d613f83 && ip6, action=allow-related, log=False, may_exist=True, severity=[], name=[], meter=[], external_ids={'neutron:security_group_rule_id': 'dcfbc690-615d-484e-a167-6758558aa33a'}) {{(pid=90440) do_commit /opt/stack/data/venv/lib/python3.12/site-packages/ovsdbapp/backend/ovs_idl/transaction.py:89}}
Jul 05 20:01:36.853105 np0000004598 devstack@neutron-api.service[90440]: DEBUG ovsdbapp.backend.ovs_idl.transaction [-] Running txn n=1 command(idx=3): PgAclAddCommand(_result=None, entity=pg_94f7a4f5_b202_4d39_8e83_208a4d613f83, direction=to-lport, priority=1002, match=outport == @pg_94f7a4f5_b202_4d39_8e83_208a4d613f83 && ip6 && ip6.src == $pg_94f7a4f5_b202_4d39_8e83_208a4d613f83_ip6, action=allow-related, log=False, may_exist=True, severity=[], name=[], meter=[], external_ids={'neutron:security_group_rule_id': 'f0c26c21-b3af-4941-9b12-6f3e22c4d924'}) {{(pid=90440) do_commit /opt/stack/data/venv/lib/python3.12/site-packages/ovsdbapp/backend/ovs_idl/transaction.py:89}}
Jul 05 20:01:36.853300 np0000004598 devstack@neutron-api.service[90440]: DEBUG ovsdbapp.backend.ovs_idl.transaction [-] Running txn n=1 command(idx=4): PgAclAddCommand(_result=None, entity=pg_94f7a4f5_b202_4d39_8e83_208a4d613f83, direction=to-lport, priority=1002, match=outport == @pg_94f7a4f5_b202_4d39_8e83_208a4d613f83 && ip4 && ip4.src == $pg_94f7a4f5_b202_4d39_8e83_208a4d613f83_ip4, action=allow-related, log=False, may_exist=True, severity=[], name=[], meter=[], external_ids={'neutron:security_group_rule_id': 'f239ab6a-e7e7-4667-b856-fdce75e58342'}) {{(pid=90440) do_commit /opt/stack/data/venv/lib/python3.12/site-packages/ovsdbapp/backend/ovs_idl/transaction.py:89}}
Jul 05 20:01:36.859348 np0000004598 devstack@neutron-api.service[90443]: DEBUG neutron.plugins.ml2.drivers.ovn.mech_driver.ovsdb.ovsdb_monitor [-] Hash Ring: Node 62296a1b805153478c5dc39d43b48d43 (host: np0000004598) handling event "create" for row 7b7345d1-7a89-48b4-a528-64edb3242854 (table: ACL) {{(pid=90443) notify /opt/stack/neutron/neutron/plugins/ml2/drivers/ovn/mech_driver/ovsdb/ovsdb_monitor.py:1015}}
Jul 05 20:01:36.859649 np0000004598 devstack@neutron-api.service[90443]: DEBUG neutron.plugins.ml2.drivers.ovn.mech_driver.ovsdb.ovsdb_monitor [-] Hash Ring: Node 62296a1b805153478c5dc39d43b48d43 (host: np0000004598) handling event "create" for row 83ad1d66-35c5-43ac-9523-ec3f3b53624f (table: ACL) {{(pid=90443) notify /opt/stack/neutron/neutron/plugins/ml2/drivers/ovn/mech_driver/ovsdb/ovsdb_monitor.py:1015}}
Jul 05 20:01:36.860016 np0000004598 devstack@neutron-api.service[90443]: DEBUG neutron.plugins.ml2.drivers.ovn.mech_driver.ovsdb.ovsdb_monitor [-] Hash Ring: Node 62296a1b805153478c5dc39d43b48d43 (host: np0000004598) handling event "create" for row 9c907918-51c2-4f18-bf46-fc66b42126ee (table: ACL) {{(pid=90443) notify /opt/stack/neutron/neutron/plugins/ml2/drivers/ovn/mech_driver/ovsdb/ovsdb_monitor.py:1015}}
Jul 05 20:01:36.860016 np0000004598 devstack@neutron-api.service[90443]: DEBUG neutron.plugins.ml2.drivers.ovn.mech_driver.ovsdb.ovsdb_monitor [-] Hash Ring: Node 62296a1b805153478c5dc39d43b48d43 (host: np0000004598) handling event "create" for row fe0e6050-c6f0-490f-af3a-69baaebed618 (table: ACL) {{(pid=90443) notify /opt/stack/neutron/neutron/plugins/ml2/drivers/ovn/mech_driver/ovsdb/ovsdb_monitor.py:1015}}
Jul 05 20:01:36.860263 np0000004598 devstack@neutron-api.service[90441]: DEBUG neutron.plugins.ml2.drivers.ovn.mech_driver.ovsdb.ovsdb_monitor [-] Hash Ring: Node 204cc5e8c09f517b9dbadf2fd523eae0 (host: np0000004598) handling event "create" for row fe0e6050-c6f0-490f-af3a-69baaebed618 (table: ACL) {{(pid=90441) notify /opt/stack/neutron/neutron/plugins/ml2/drivers/ovn/mech_driver/ovsdb/ovsdb_monitor.py:1015}}
Jul 05 20:01:36.860748 np0000004598 devstack@neutron-api.service[90443]: DEBUG neutron.plugins.ml2.drivers.ovn.mech_driver.ovsdb.ovsdb_monitor [-] Hash Ring: Node 62296a1b805153478c5dc39d43b48d43 (host: np0000004598) handling event "create" for row 063e5211-970a-4952-ba58-f5829cf0909d (table: Port_Group) {{(pid=90443) notify /opt/stack/neutron/neutron/plugins/ml2/drivers/ovn/mech_driver/ovsdb/ovsdb_monitor.py:1015}}
Jul 05 20:01:36.860818 np0000004598 devstack@neutron-api.service[90440]: DEBUG neutron.plugins.ml2.drivers.ovn.mech_driver.ovsdb.ovsdb_monitor [-] Hash Ring: Node 3607d7728416545ea75f5fed2a024e43 (host: np0000004598) handling event "create" for row 7b7345d1-7a89-48b4-a528-64edb3242854 (table: ACL) {{(pid=90440) notify /opt/stack/neutron/neutron/plugins/ml2/drivers/ovn/mech_driver/ovsdb/ovsdb_monitor.py:1015}}
Jul 05 20:01:36.861139 np0000004598 devstack@neutron-api.service[90440]: DEBUG neutron.plugins.ml2.drivers.ovn.mech_driver.ovsdb.ovsdb_monitor [-] Hash Ring: Node 3607d7728416545ea75f5fed2a024e43 (host: np0000004598) handling event "create" for row 83ad1d66-35c5-43ac-9523-ec3f3b53624f (table: ACL) {{(pid=90440) notify /opt/stack/neutron/neutron/plugins/ml2/drivers/ovn/mech_driver/ovsdb/ovsdb_monitor.py:1015}}
Jul 05 20:01:36.861139 np0000004598 devstack@neutron-api.service[90440]: DEBUG neutron.plugins.ml2.drivers.ovn.mech_driver.ovsdb.ovsdb_monitor [-] Hash Ring: Node 3607d7728416545ea75f5fed2a024e43 (host: np0000004598) handling event "create" for row 9c907918-51c2-4f18-bf46-fc66b42126ee (table: ACL) {{(pid=90440) notify /opt/stack/neutron/neutron/plugins/ml2/drivers/ovn/mech_driver/ovsdb/ovsdb_monitor.py:1015}}
Jul 05 20:01:36.882261 np0000004598 devstack@neutron-api.service[90440]: INFO neutron.db.ovn_revision_numbers_db [None req-c6b56dfc-113d-4639-a621-2941f06e5a22 admin admin] Successfully bumped revision number for resource 94f7a4f5-b202-4d39-8e83-208a4d613f83 (type: security_groups) to 1
Jul 05 20:01:36.894347 np0000004598 devstack@neutron-api.service[90440]: INFO neutron.db.ovn_revision_numbers_db [None req-c6b56dfc-113d-4639-a621-2941f06e5a22 admin admin] Successfully bumped revision number for resource 6cee9634-4728-4006-9dfd-79ff73f2f282 (type: security_group_rules) to 0
Jul 05 20:01:36.902692 np0000004598 devstack@neutron-api.service[90440]: INFO neutron.db.ovn_revision_numbers_db [None req-c6b56dfc-113d-4639-a621-2941f06e5a22 admin admin] Successfully bumped revision number for resource dcfbc690-615d-484e-a167-6758558aa33a (type: security_group_rules) to 0
Jul 05 20:01:36.910641 np0000004598 devstack@neutron-api.service[90440]: INFO neutron.db.ovn_revision_numbers_db [None req-c6b56dfc-113d-4639-a621-2941f06e5a22 admin admin] Successfully bumped revision number for resource f0c26c21-b3af-4941-9b12-6f3e22c4d924 (type: security_group_rules) to 0
Jul 05 20:01:36.919331 np0000004598 devstack@neutron-api.service[90440]: INFO neutron.db.ovn_revision_numbers_db [None req-c6b56dfc-113d-4639-a621-2941f06e5a22 admin admin] Successfully bumped revision number for resource f239ab6a-e7e7-4667-b856-fdce75e58342 (type: security_group_rules) to 0
Jul 05 20:01:36.938455 np0000004598 devstack@neutron-api.service[90440]: DEBUG neutron.api.rpc.handlers.resources_rpc [None req-c6b56dfc-113d-4639-a621-2941f06e5a22 admin admin] Pushing event updated for resources: {'SecurityGroup': ['ID=94f7a4f5-b202-4d39-8e83-208a4d613f83,revision_number=1']} {{(pid=90440) push /opt/stack/neutron/neutron/api/rpc/handlers/resources_rpc.py:237}}
Jul 05 20:01:36.945026 np0000004598 devstack@neutron-api.service[90440]: DEBUG ovsdbapp.backend.ovs_idl.transaction [-] Running txn n=1 command(idx=0): CheckLivenessCommand(_result=None) {{(pid=90440) do_commit /opt/stack/data/venv/lib/python3.12/site-packages/ovsdbapp/backend/ovs_idl/transaction.py:89}}
Jul 05 20:01:36.947671 np0000004598 devstack@neutron-api.service[90443]: DEBUG neutron.plugins.ml2.drivers.ovn.mech_driver.ovsdb.ovsdb_monitor [-] Hash Ring: Node 62296a1b805153478c5dc39d43b48d43 (host: np0000004598) handling event "update" for row 890ab9fb-417e-44a3-b7c2-25fb7b798887 (table: NB_Global) {{(pid=90443) notify /opt/stack/neutron/neutron/plugins/ml2/drivers/ovn/mech_driver/ovsdb/ovsdb_monitor.py:1015}}
Jul 05 20:01:36.949456 np0000004598 devstack@neutron-api.service[90441]: DEBUG neutron.plugins.ml2.drivers.ovn.mech_driver.ovsdb.ovsdb_monitor [-] Hash Ring: Node 204cc5e8c09f517b9dbadf2fd523eae0 (host: np0000004598) handling event "update" for row 890ab9fb-417e-44a3-b7c2-25fb7b798887 (table: NB_Global) {{(pid=90441) notify /opt/stack/neutron/neutron/plugins/ml2/drivers/ovn/mech_driver/ovsdb/ovsdb_monitor.py:1015}}
Jul 05 20:01:36.949675 np0000004598 devstack@neutron-api.service[90443]: DEBUG neutron.plugins.ml2.drivers.ovn.mech_driver.ovsdb.ovsdb_monitor [-] Hash Ring: Node 62296a1b805153478c5dc39d43b48d43 (host: np0000004598) handling event "update" for row 890ab9fb-417e-44a3-b7c2-25fb7b798887 (table: NB_Global) {{(pid=90443) notify /opt/stack/neutron/neutron/plugins/ml2/drivers/ovn/mech_driver/ovsdb/ovsdb_monitor.py:1015}}
Jul 05 20:01:36.949851 np0000004598 devstack@neutron-api.service[90441]: DEBUG neutron.plugins.ml2.drivers.ovn.mech_driver.ovsdb.ovsdb_monitor [-] Hash Ring: Node 204cc5e8c09f517b9dbadf2fd523eae0 (host: np0000004598) handling event "update" for row 890ab9fb-417e-44a3-b7c2-25fb7b798887 (table: NB_Global) {{(pid=90441) notify /opt/stack/neutron/neutron/plugins/ml2/drivers/ovn/mech_driver/ovsdb/ovsdb_monitor.py:1015}}
Jul 05 20:01:36.949991 np0000004598 devstack@neutron-api.service[90443]: DEBUG neutron.plugins.ml2.drivers.ovn.mech_driver.ovsdb.ovsdb_monitor [-] Hash Ring: Node 62296a1b805153478c5dc39d43b48d43 (host: np0000004598) handling event "update" for row 890ab9fb-417e-44a3-b7c2-25fb7b798887 (table: NB_Global) {{(pid=90443) notify /opt/stack/neutron/neutron/plugins/ml2/drivers/ovn/mech_driver/ovsdb/ovsdb_monitor.py:1015}}
Jul 05 20:01:36.950144 np0000004598 devstack@neutron-api.service[90440]: DEBUG neutron.api.rpc.callbacks.version_manager [None req-c6b56dfc-113d-4639-a621-2941f06e5a22 admin admin] Tracked resource versions report:
Jul 05 20:01:36.950144 np0000004598 devstack@neutron-api.service[90440]: pushed versions:
Jul 05 20:01:36.950144 np0000004598 devstack@neutron-api.service[90440]: { 'AddressGroup': {'1.2'},
Jul 05 20:01:36.950144 np0000004598 devstack@neutron-api.service[90440]: 'Agent': {'1.1'},
Jul 05 20:01:36.950144 np0000004598 devstack@neutron-api.service[90440]: 'ConntrackHelper': {'1.0'},
Jul 05 20:01:36.950144 np0000004598 devstack@neutron-api.service[90440]: 'LocalIPAssociation': {'1.0'},
Jul 05 20:01:36.950144 np0000004598 devstack@neutron-api.service[90440]: 'Log': {'1.0'},
Jul 05 20:01:36.950144 np0000004598 devstack@neutron-api.service[90440]: 'NDPProxy': {'1.0'},
Jul 05 20:01:36.950144 np0000004598 devstack@neutron-api.service[90440]: 'Network': {'1.3'},
Jul 05 20:01:36.950144 np0000004598 devstack@neutron-api.service[90440]: 'Port': {'1.11'},
Jul 05 20:01:36.950144 np0000004598 devstack@neutron-api.service[90440]: 'PortForwarding': {'1.3'},
Jul 05 20:01:36.950144 np0000004598 devstack@neutron-api.service[90440]: 'QosPolicy': {'1.10'},
Jul 05 20:01:36.950144 np0000004598 devstack@neutron-api.service[90440]: 'SecurityGroup': {'1.6'},
Jul 05 20:01:36.950144 np0000004598 devstack@neutron-api.service[90440]: 'SecurityGroupRule': {'1.3'},
Jul 05 20:01:36.950144 np0000004598 devstack@neutron-api.service[90440]: 'SubPort': {'1.0'},
Jul 05 20:01:36.950144 np0000004598 devstack@neutron-api.service[90440]: 'Subnet': {'1.2'},
Jul 05 20:01:36.950144 np0000004598 devstack@neutron-api.service[90440]: 'Trunk': {'1.1'}}
Jul 05 20:01:36.950144 np0000004598 devstack@neutron-api.service[90440]: consumer versions:
Jul 05 20:01:36.950144 np0000004598 devstack@neutron-api.service[90440]: {}
Jul 05 20:01:36.950144 np0000004598 devstack@neutron-api.service[90440]: {{(pid=90440) report /opt/stack/neutron/neutron/api/rpc/callbacks/version_manager.py:183}}
Jul 05 20:01:36.952830 np0000004598 devstack@neutron-api.service[90441]: DEBUG neutron.plugins.ml2.drivers.ovn.mech_driver.ovsdb.ovsdb_monitor [-] Hash Ring: Node 204cc5e8c09f517b9dbadf2fd523eae0 (host: np0000004598) handling event "update" for row 890ab9fb-417e-44a3-b7c2-25fb7b798887 (table: NB_Global) {{(pid=90441) notify /opt/stack/neutron/neutron/plugins/ml2/drivers/ovn/mech_driver/ovsdb/ovsdb_monitor.py:1015}}
Jul 05 20:01:36.953435 np0000004598 devstack@neutron-api.service[90443]: DEBUG neutron.plugins.ml2.drivers.ovn.mech_driver.ovsdb.ovsdb_monitor [-] ChassisAgentWriteEvent : Matched Chassis_Private, update, None None {{(pid=90443) matches /opt/stack/neutron/neutron/plugins/ml2/drivers/ovn/mech_driver/ovsdb/ovsdb_monitor.py:64}}
Jul 05 20:01:36.953592 np0000004598 devstack@neutron-api.service[90441]: DEBUG neutron.plugins.ml2.drivers.ovn.mech_driver.ovsdb.ovsdb_monitor [-] ChassisAgentWriteEvent : Matched Chassis_Private, update, None None {{(pid=90441) matches /opt/stack/neutron/neutron/plugins/ml2/drivers/ovn/mech_driver/ovsdb/ovsdb_monitor.py:64}}
Jul 05 20:01:36.954103 np0000004598 devstack@neutron-api.service[90442]: DEBUG neutron.plugins.ml2.drivers.ovn.mech_driver.ovsdb.ovsdb_monitor [-] ChassisAgentWriteEvent : Matched Chassis_Private, update, None None {{(pid=90442) matches /opt/stack/neutron/neutron/plugins/ml2/drivers/ovn/mech_driver/ovsdb/ovsdb_monitor.py:64}}
Jul 05 20:01:36.954103 np0000004598 devstack@neutron-api.service[90442]: DEBUG neutron.plugins.ml2.drivers.ovn.mech_driver.ovsdb.ovsdb_monitor [-] Hash Ring: Node bd94264c21015620bba2d52bfd8bc19e (host: np0000004598) handling event "update" for row 3f0a9d39-cf17-4447-9378-33e1f4d246eb (table: Chassis_Private) {{(pid=90442) notify /opt/stack/neutron/neutron/plugins/ml2/drivers/ovn/mech_driver/ovsdb/ovsdb_monitor.py:1015}}
Jul 05 20:01:36.954934 np0000004598 devstack@neutron-api.service[90443]: DEBUG neutron.plugins.ml2.drivers.ovn.mech_driver.ovsdb.ovsdb_monitor [-] Hash Ring: Node 62296a1b805153478c5dc39d43b48d43 (host: np0000004598) handling event "update" for row 890ab9fb-417e-44a3-b7c2-25fb7b798887 (table: NB_Global) {{(pid=90443) notify /opt/stack/neutron/neutron/plugins/ml2/drivers/ovn/mech_driver/ovsdb/ovsdb_monitor.py:1015}}
Jul 05 20:01:36.955832 np0000004598 devstack@neutron-api.service[90440]: DEBUG neutron.plugins.ml2.drivers.ovn.mech_driver.ovsdb.ovsdb_monitor [-] ChassisAgentWriteEvent : Matched Chassis_Private, update, None None {{(pid=90440) matches /opt/stack/neutron/neutron/plugins/ml2/drivers/ovn/mech_driver/ovsdb/ovsdb_monitor.py:64}}
Jul 05 20:01:36.955920 np0000004598 devstack@neutron-api.service[90441]: DEBUG neutron.plugins.ml2.drivers.ovn.mech_driver.ovsdb.ovsdb_monitor [-] Hash Ring: Node 204cc5e8c09f517b9dbadf2fd523eae0 (host: np0000004598) handling event "update" for row 890ab9fb-417e-44a3-b7c2-25fb7b798887 (table: NB_Global) {{(pid=90441) notify /opt/stack/neutron/neutron/plugins/ml2/drivers/ovn/mech_driver/ovsdb/ovsdb_monitor.py:1015}}
Jul 05 20:01:36.956914 np0000004598 devstack@neutron-api.service[90441]: DEBUG neutron.plugins.ml2.drivers.ovn.mech_driver.ovsdb.ovsdb_monitor [-] ChassisOVNAgentWriteEvent : Matched Chassis_Private, update, None None {{(pid=90441) matches /opt/stack/neutron/neutron/plugins/ml2/drivers/ovn/mech_driver/ovsdb/ovsdb_monitor.py:64}}
Jul 05 20:01:36.957632 np0000004598 devstack@neutron-api.service[90443]: DEBUG neutron.common.ovn.hash_ring_manager [-] Allow caching, nodes 4>=4 {{(pid=90443) _wait_startup_before_caching /opt/stack/neutron/neutron/common/ovn/hash_ring_manager.py:71}}
Jul 05 20:01:36.957632 np0000004598 devstack@neutron-api.service[90443]: DEBUG neutron.plugins.ml2.drivers.ovn.mech_driver.ovsdb.ovsdb_monitor [-] Hash Ring: Node 62296a1b805153478c5dc39d43b48d43 (host: np0000004598) handling event "update" for row 3f0a9d39-cf17-4447-9378-33e1f4d246eb (table: Chassis_Private) {{(pid=90443) notify /opt/stack/neutron/neutron/plugins/ml2/drivers/ovn/mech_driver/ovsdb/ovsdb_monitor.py:1015}}
Jul 05 20:01:36.957741 np0000004598 devstack@neutron-api.service[90442]: DEBUG neutron.plugins.ml2.drivers.ovn.mech_driver.ovsdb.ovsdb_monitor [-] ChassisOVNAgentWriteEvent : Matched Chassis_Private, update, None None {{(pid=90442) matches /opt/stack/neutron/neutron/plugins/ml2/drivers/ovn/mech_driver/ovsdb/ovsdb_monitor.py:64}}
Jul 05 20:01:36.958064 np0000004598 devstack@neutron-api.service[90442]: DEBUG neutron.plugins.ml2.drivers.ovn.mech_driver.ovsdb.ovsdb_monitor [-] Hash Ring: Node bd94264c21015620bba2d52bfd8bc19e (host: np0000004598) handling event "update" for row 3f0a9d39-cf17-4447-9378-33e1f4d246eb (table: Chassis_Private) {{(pid=90442) notify /opt/stack/neutron/neutron/plugins/ml2/drivers/ovn/mech_driver/ovsdb/ovsdb_monitor.py:1015}}
Jul 05 20:01:36.958335 np0000004598 devstack@neutron-api.service[90440]: DEBUG neutron.plugins.ml2.drivers.ovn.mech_driver.ovsdb.ovsdb_monitor [-] ChassisOVNAgentWriteEvent : Matched Chassis_Private, update, None None {{(pid=90440) matches /opt/stack/neutron/neutron/plugins/ml2/drivers/ovn/mech_driver/ovsdb/ovsdb_monitor.py:64}}
Jul 05 20:01:36.959259 np0000004598 devstack@neutron-api.service[90443]: DEBUG neutron.plugins.ml2.drivers.ovn.mech_driver.ovsdb.ovsdb_monitor [-] ChassisOVNAgentWriteEvent : Matched Chassis_Private, update, None None {{(pid=90443) matches /opt/stack/neutron/neutron/plugins/ml2/drivers/ovn/mech_driver/ovsdb/ovsdb_monitor.py:64}}
Jul 05 20:01:36.959545 np0000004598 devstack@neutron-api.service[90443]: DEBUG neutron.plugins.ml2.drivers.ovn.mech_driver.ovsdb.ovsdb_monitor [-] Hash Ring: Node 62296a1b805153478c5dc39d43b48d43 (host: np0000004598) handling event "update" for row 3f0a9d39-cf17-4447-9378-33e1f4d246eb (table: Chassis_Private) {{(pid=90443) notify /opt/stack/neutron/neutron/plugins/ml2/drivers/ovn/mech_driver/ovsdb/ovsdb_monitor.py:1015}}
Jul 05 20:01:36.994506 np0000004598 devstack@neutron-api.service[90440]: DEBUG neutron.plugins.ml2.drivers.helpers [None req-c6b56dfc-113d-4639-a621-2941f06e5a22 admin admin] geneve segment allocate from pool success with {'geneve_vni': 35478} {{(pid=90440) allocate_partially_specified_segment /opt/stack/neutron/neutron/plugins/ml2/drivers/helpers.py:142}}
Jul 05 20:01:37.003405 np0000004598 devstack@neutron-api.service[90440]: DEBUG neutron_lib.callbacks.manager [None req-c6b56dfc-113d-4639-a621-2941f06e5a22 admin admin] Publish callbacks ['neutron.services.segments.db._add_segment_host_mapping_for_segment-8165202676006', 'neutron.plugins.ml2.plugin.Ml2Plugin._handle_segment_change-133934562'] for segment (db169ddd-8638-4c00-bf0c-c40cd33ca955), precommit_create {{(pid=90440) _notify_loop /opt/stack/data/venv/lib/python3.12/site-packages/neutron_lib/callbacks/manager.py:184}}
Jul 05 20:01:37.003564 np0000004598 devstack@neutron-api.service[90440]: INFO neutron.db.segments_db [None req-c6b56dfc-113d-4639-a621-2941f06e5a22 admin admin] Added segment db169ddd-8638-4c00-bf0c-c40cd33ca955 of type geneve for network 0ffeed39-fb13-4c9e-a577-0e48caa4665e
Jul 05 20:01:37.043370 np0000004598 devstack@neutron-api.service[90440]: DEBUG neutron_lib.callbacks.manager [None req-c6b56dfc-113d-4639-a621-2941f06e5a22 admin admin] Publish callbacks ['neutron.services.auto_allocate.db._ensure_external_network_default_value_callback-8165201408844'] for network (0ffeed39-fb13-4c9e-a577-0e48caa4665e), precommit_create {{(pid=90440) _notify_loop /opt/stack/data/venv/lib/python3.12/site-packages/neutron_lib/callbacks/manager.py:184}}
Jul 05 20:01:37.058226 np0000004598 devstack@neutron-api.service[90440]: DEBUG neutron.plugins.ml2.drivers.ovn.mech_driver.mech_driver [None req-c6b56dfc-113d-4639-a621-2941f06e5a22 admin admin] Validating network segment with type geneve, segmentation ID 35478, physical network None {{(pid=90440) _validate_network_segments /opt/stack/neutron/neutron/plugins/ml2/drivers/ovn/mech_driver/mech_driver.py:646}}
Jul 05 20:01:37.058333 np0000004598 devstack@neutron-api.service[90440]: DEBUG neutron.db.ovn_revision_numbers_db [None req-c6b56dfc-113d-4639-a621-2941f06e5a22 admin admin] create_initial_revision uuid=0ffeed39-fb13-4c9e-a577-0e48caa4665e, type=networks, rev=-1 {{(pid=90440) create_initial_revision /opt/stack/neutron/neutron/db/ovn_revision_numbers_db.py:98}}
Jul 05 20:01:37.072503 np0000004598 devstack@neutron-api.service[90440]: DEBUG neutron_lib.callbacks.manager [None req-c6b56dfc-113d-4639-a621-2941f06e5a22 admin admin] Publish callbacks ['neutron.plugins.ml2.ovo_rpc._ObjectChangeHandler.handle_event-132555662'] for network (0ffeed39-fb13-4c9e-a577-0e48caa4665e), after_create {{(pid=90440) _notify_loop /opt/stack/data/venv/lib/python3.12/site-packages/neutron_lib/callbacks/manager.py:184}}
Jul 05 20:01:37.116949 np0000004598 devstack@neutron-api.service[90440]: DEBUG neutron.api.rpc.handlers.resources_rpc [None req-c6b56dfc-113d-4639-a621-2941f06e5a22 admin admin] Pushing event updated for resources: {'Network': ['ID=0ffeed39-fb13-4c9e-a577-0e48caa4665e,revision_number=1']} {{(pid=90440) push /opt/stack/neutron/neutron/api/rpc/handlers/resources_rpc.py:237}}
Jul 05 20:01:37.123773 np0000004598 devstack@neutron-api.service[90440]: DEBUG ovsdbapp.backend.ovs_idl.transaction [-] Running txn n=1 command(idx=0): AddNetworkCommand(_result=None, network_uuid=0ffeed39-fb13-4c9e-a577-0e48caa4665e, may_exist=True, columns={'external_ids': {'neutron:network_name': 'private', 'neutron:mtu': '1372', 'neutron:revision_number': '1', 'neutron:availability_zone_hints': '', 'neutron:provnet-network-type': 'geneve'}, 'other_config': {'mcast_snoop': 'false', 'mcast_flood_unregistered': 'false', 'vlan-passthru': 'false'}}) {{(pid=90440) do_commit /opt/stack/data/venv/lib/python3.12/site-packages/ovsdbapp/backend/ovs_idl/transaction.py:89}}
Jul 05 20:01:37.124172 np0000004598 devstack@neutron-api.service[90440]: DEBUG neutron.common.ovn.utils [-] OVS persist_uuid supported=True {{(pid=90440) ovs_persist_uuid_supported /opt/stack/neutron/neutron/common/ovn/utils.py:1562}}
Jul 05 20:01:37.126729 np0000004598 devstack@neutron-api.service[90443]: DEBUG neutron.plugins.ml2.drivers.ovn.mech_driver.ovsdb.ovsdb_monitor [-] Hash Ring: Node 62296a1b805153478c5dc39d43b48d43 (host: np0000004598) handling event "create" for row 0ffeed39-fb13-4c9e-a577-0e48caa4665e (table: Logical_Switch) {{(pid=90443) notify /opt/stack/neutron/neutron/plugins/ml2/drivers/ovn/mech_driver/ovsdb/ovsdb_monitor.py:1015}}
Jul 05 20:01:37.133336 np0000004598 devstack@neutron-api.service[90443]: DEBUG neutron.plugins.ml2.drivers.ovn.mech_driver.ovsdb.ovsdb_monitor [-] Hash Ring: Node 62296a1b805153478c5dc39d43b48d43 (host: np0000004598) handling event "create" for row dee13667-868d-49b5-b69e-58ba1adf4476 (table: Datapath_Binding) {{(pid=90443) notify /opt/stack/neutron/neutron/plugins/ml2/drivers/ovn/mech_driver/ovsdb/ovsdb_monitor.py:1015}}
Jul 05 20:01:37.133866 np0000004598 devstack@neutron-api.service[90442]: DEBUG neutron.plugins.ml2.drivers.ovn.mech_driver.ovsdb.ovsdb_monitor [-] Hash Ring: Node bd94264c21015620bba2d52bfd8bc19e (host: np0000004598) handling event "create" for row dee13667-868d-49b5-b69e-58ba1adf4476 (table: Datapath_Binding) {{(pid=90442) notify /opt/stack/neutron/neutron/plugins/ml2/drivers/ovn/mech_driver/ovsdb/ovsdb_monitor.py:1015}}
Jul 05 20:01:37.152521 np0000004598 devstack@neutron-api.service[90440]: INFO neutron.db.ovn_revision_numbers_db [None req-c6b56dfc-113d-4639-a621-2941f06e5a22 admin admin] Successfully bumped revision number for resource 0ffeed39-fb13-4c9e-a577-0e48caa4665e (type: networks) to 1
Jul 05 20:01:37.204341 np0000004598 devstack@neutron-api.service[90440]: DEBUG neutron_lib.callbacks.manager [None req-c6b56dfc-113d-4639-a621-2941f06e5a22 admin admin] Publish callbacks ['neutron.plugins.ml2.plugin.SecurityGroupDbMixin._ensure_default_security_group_handler-516768'] for port (None), before_create {{(pid=90440) _notify_loop /opt/stack/data/venv/lib/python3.12/site-packages/neutron_lib/callbacks/manager.py:184}}
Jul 05 20:01:37.492545 np0000004598 devstack@neutron-api.service[90440]: DEBUG neutron_lib.callbacks.manager [None req-c6b56dfc-113d-4639-a621-2941f06e5a22 admin admin] Publish callbacks ['neutron.plugins.ml2.drivers.ovn.mech_driver.mech_driver.OVNMechanismDriver._validate_allowed_address_pairs-327405'] for allowed_address_pair (f1bfb645-805c-45b9-8d00-2abd23565e3c), before_create {{(pid=90440) _notify_loop /opt/stack/data/venv/lib/python3.12/site-packages/neutron_lib/callbacks/manager.py:184}}
Jul 05 20:01:37.493151 np0000004598 devstack@neutron-api.service[90440]: DEBUG neutron_lib.callbacks.manager [None req-c6b56dfc-113d-4639-a621-2941f06e5a22 admin admin] Publish callbacks [] for port (f1bfb645-805c-45b9-8d00-2abd23565e3c), precommit_create {{(pid=90440) _notify_loop /opt/stack/data/venv/lib/python3.12/site-packages/neutron_lib/callbacks/manager.py:184}}
Jul 05 20:01:37.493357 np0000004598 devstack@neutron-api.service[90440]: DEBUG neutron.plugins.ml2.drivers.ovn.mech_driver.mech_driver [None req-c6b56dfc-113d-4639-a621-2941f06e5a22 admin admin] No provisioning block for port f1bfb645-805c-45b9-8d00-2abd23565e3c since it does not have a host {{(pid=90440) _is_port_provisioning_required /opt/stack/neutron/neutron/plugins/ml2/drivers/ovn/mech_driver/mech_driver.py:899}}
Jul 05 20:01:37.493464 np0000004598 devstack@neutron-api.service[90440]: DEBUG neutron.db.ovn_revision_numbers_db [None req-c6b56dfc-113d-4639-a621-2941f06e5a22 admin admin] create_initial_revision uuid=f1bfb645-805c-45b9-8d00-2abd23565e3c, type=ports, rev=-1 {{(pid=90440) create_initial_revision /opt/stack/neutron/neutron/db/ovn_revision_numbers_db.py:98}}
Jul 05 20:01:37.548704 np0000004598 devstack@neutron-api.service[90440]: DEBUG neutron_lib.callbacks.manager [None req-c6b56dfc-113d-4639-a621-2941f06e5a22 admin admin] Publish callbacks ['neutron.plugins.ml2.ovo_rpc._ObjectChangeHandler.handle_event-132555677'] for port (f1bfb645-805c-45b9-8d00-2abd23565e3c), after_create {{(pid=90440) _notify_loop /opt/stack/data/venv/lib/python3.12/site-packages/neutron_lib/callbacks/manager.py:184}}
Jul 05 20:01:37.602175 np0000004598 devstack@neutron-api.service[90440]: DEBUG neutron.api.rpc.handlers.resources_rpc [None req-c6b56dfc-113d-4639-a621-2941f06e5a22 admin admin] Pushing event updated for resources: {'Port': ['ID=f1bfb645-805c-45b9-8d00-2abd23565e3c,revision_number=1']} {{(pid=90440) push /opt/stack/neutron/neutron/api/rpc/handlers/resources_rpc.py:237}}
Jul 05 20:01:37.640413 np0000004598 devstack@neutron-api.service[90440]: DEBUG neutron.plugins.ml2.drivers.ovn.mech_driver.ovsdb.commands [None req-c6b56dfc-113d-4639-a621-2941f06e5a22 admin admin] Converting tag [] to a tag_request {{(pid=90440) _tag_column_to_tag_request /opt/stack/neutron/neutron/plugins/ml2/drivers/ovn/mech_driver/ovsdb/commands.py:205}}
Jul 05 20:01:37.640958 np0000004598 devstack@neutron-api.service[90440]: DEBUG ovsdbapp.backend.ovs_idl.transaction [-] Running txn n=1 command(idx=0): AddLSwitchPortCommand(_result=None, lport=f1bfb645-805c-45b9-8d00-2abd23565e3c, lswitch=neutron-0ffeed39-fb13-4c9e-a577-0e48caa4665e, may_exist=True, network_uuid=0ffeed39-fb13-4c9e-a577-0e48caa4665e, columns={'addresses': ['fa:16:3e:37:83:6c'], 'external_ids': {'neutron:port_name': '', 'neutron:device_id': 'ovnmeta-0ffeed39-fb13-4c9e-a577-0e48caa4665e', 'neutron:project_id': '3dbd36e73a184298973c81e4d3970c7b', 'neutron:cidrs': '', 'neutron:device_owner': 'network:distributed', 'neutron:subnet_pool_addr_scope4': '', 'neutron:subnet_pool_addr_scope6': '', 'neutron:network_name': 'neutron-0ffeed39-fb13-4c9e-a577-0e48caa4665e', 'neutron:security_group_ids': '', 'neutron:revision_number': '1', 'neutron:vnic_type': 'normal', 'neutron:port_capabilities': '', 'neutron:mtu': '1372'}, 'parent_name': [], 'enabled': True, 'options': {}, 'type': 'localport', 'port_security': [], 'dhcpv4_options': [], 'dhcpv6_options': [], 'tag_request': []}) {{(pid=90440) do_commit /opt/stack/data/venv/lib/python3.12/site-packages/ovsdbapp/backend/ovs_idl/transaction.py:89}}
Jul 05 20:01:37.641314 np0000004598 devstack@neutron-api.service[90440]: DEBUG ovsdbapp.backend.ovs_idl.transaction [-] Running txn n=1 command(idx=1): QoSDelCommand(_result=None, switch=neutron-0ffeed39-fb13-4c9e-a577-0e48caa4665e, conditions=[('direction', '=', 'to-lport'), ('priority', '=', 2002), ('match', '=', 'outport == "f1bfb645-805c-45b9-8d00-2abd23565e3c"')], if_exists=True) {{(pid=90440) do_commit /opt/stack/data/venv/lib/python3.12/site-packages/ovsdbapp/backend/ovs_idl/transaction.py:89}}
Jul 05 20:01:37.641442 np0000004598 devstack@neutron-api.service[90440]: DEBUG ovsdbapp.backend.ovs_idl.transaction [-] Running txn n=1 command(idx=2): QoSDelCommand(_result=None, switch=neutron-0ffeed39-fb13-4c9e-a577-0e48caa4665e, conditions=[('direction', '=', 'from-lport'), ('priority', '=', 2002), ('match', '=', 'inport == "f1bfb645-805c-45b9-8d00-2abd23565e3c"')], if_exists=True) {{(pid=90440) do_commit /opt/stack/data/venv/lib/python3.12/site-packages/ovsdbapp/backend/ovs_idl/transaction.py:89}}
Jul 05 20:01:37.644812 np0000004598 devstack@neutron-api.service[90443]: DEBUG neutron.plugins.ml2.drivers.ovn.mech_driver.ovsdb.ovsdb_monitor [-] Hash Ring: Node 62296a1b805153478c5dc39d43b48d43 (host: np0000004598) handling event "update" for row 0ffeed39-fb13-4c9e-a577-0e48caa4665e (table: Logical_Switch) {{(pid=90443) notify /opt/stack/neutron/neutron/plugins/ml2/drivers/ovn/mech_driver/ovsdb/ovsdb_monitor.py:1015}}
Jul 05 20:01:37.644812 np0000004598 devstack@neutron-api.service[90443]: DEBUG neutron.plugins.ml2.drivers.ovn.mech_driver.ovsdb.ovsdb_monitor [-] Hash Ring: Node 62296a1b805153478c5dc39d43b48d43 (host: np0000004598) handling event "create" for row 01a69804-dc20-4af5-b313-a61e330e97f3 (table: Logical_Switch_Port) {{(pid=90443) notify /opt/stack/neutron/neutron/plugins/ml2/drivers/ovn/mech_driver/ovsdb/ovsdb_monitor.py:1015}}
Jul 05 20:01:37.645692 np0000004598 devstack@neutron-api.service[90443]: DEBUG ovsdbapp.backend.ovs_idl.event [-] Matched CREATE: LogicalSwitchPortCreateEvent(events=('create',), table='Logical_Switch_Port', conditions=[], old_conditions=None), priority=20 to row=Logical_Switch_Port(uuid=01a69804-dc20-4af5-b313-a61e330e97f3, addresses=['fa:16:3e:37:83:6c'], dhcpv4_options=[], dhcpv6_options=[], dynamic_addresses=[], enabled=True, external_ids={'neutron:cidrs': '', 'neutron:device_id': 'ovnmeta-0ffeed39-fb13-4c9e-a577-0e48caa4665e', 'neutron:device_owner': 'network:distributed', 'neutron:mtu': '1372', 'neutron:network_name': 'neutron-0ffeed39-fb13-4c9e-a577-0e48caa4665e', 'neutron:port_capabilities': '', 'neutron:port_name': '', 'neutron:project_id': '3dbd36e73a184298973c81e4d3970c7b', 'neutron:revision_number': '1', 'neutron:security_group_ids': '', 'neutron:subnet_pool_addr_scope4': '', 'neutron:subnet_pool_addr_scope6': '', 'neutron:vnic_type': 'normal'}, ha_chassis_group=[], mirror_rules=[], name='f1bfb645-805c-45b9-8d00-2abd23565e3c', options={}, parent_name=[], port_security=[], tag=[], tag_request=[], type='localport', up=[]) old= {{(pid=90443) matches /opt/stack/data/venv/lib/python3.12/site-packages/ovsdbapp/backend/ovs_idl/event.py:55}}
Jul 05 20:01:37.647493 np0000004598 devstack@neutron-api.service[90443]: INFO neutron.plugins.ml2.drivers.ovn.mech_driver.mech_driver [-] OVN reports status down for port: f1bfb645-805c-45b9-8d00-2abd23565e3c
Jul 05 20:01:37.648029 np0000004598 devstack@neutron-api.service[90442]: DEBUG neutron.plugins.ml2.drivers.ovn.mech_driver.ovsdb.ovsdb_monitor [-] Hash Ring: Node bd94264c21015620bba2d52bfd8bc19e (host: np0000004598) handling event "create" for row 01a69804-dc20-4af5-b313-a61e330e97f3 (table: Logical_Switch_Port) {{(pid=90442) notify /opt/stack/neutron/neutron/plugins/ml2/drivers/ovn/mech_driver/ovsdb/ovsdb_monitor.py:1015}}
Jul 05 20:01:37.648156 np0000004598 devstack@neutron-api.service[90443]: DEBUG neutron.plugins.ml2.drivers.ovn.mech_driver.ovsdb.ovsdb_monitor [-] Hash Ring: Node 62296a1b805153478c5dc39d43b48d43 (host: np0000004598) handling event "update" for row 01a69804-dc20-4af5-b313-a61e330e97f3 (table: Logical_Switch_Port) {{(pid=90443) notify /opt/stack/neutron/neutron/plugins/ml2/drivers/ovn/mech_driver/ovsdb/ovsdb_monitor.py:1015}}
Jul 05 20:01:37.649399 np0000004598 devstack@neutron-api.service[90441]: DEBUG neutron.plugins.ml2.drivers.ovn.mech_driver.ovsdb.ovsdb_monitor [-] Hash Ring: Node 204cc5e8c09f517b9dbadf2fd523eae0 (host: np0000004598) handling event "create" for row 80caafa9-8412-4e0a-b871-726b42a023b7 (table: Port_Binding) {{(pid=90441) notify /opt/stack/neutron/neutron/plugins/ml2/drivers/ovn/mech_driver/ovsdb/ovsdb_monitor.py:1015}}
Jul 05 20:01:37.650366 np0000004598 devstack@neutron-api.service[90442]: DEBUG ovsdbapp.backend.ovs_idl.event [-] Matched CREATE: LogicalSwitchPortCreateEvent(events=('create',), table='Logical_Switch_Port', conditions=[], old_conditions=None), priority=20 to row=Logical_Switch_Port(uuid=01a69804-dc20-4af5-b313-a61e330e97f3, addresses=['fa:16:3e:37:83:6c'], dhcpv4_options=[], dhcpv6_options=[], dynamic_addresses=[], enabled=True, external_ids={'neutron:cidrs': '', 'neutron:device_id': 'ovnmeta-0ffeed39-fb13-4c9e-a577-0e48caa4665e', 'neutron:device_owner': 'network:distributed', 'neutron:mtu': '1372', 'neutron:network_name': 'neutron-0ffeed39-fb13-4c9e-a577-0e48caa4665e', 'neutron:port_capabilities': '', 'neutron:port_name': '', 'neutron:project_id': '3dbd36e73a184298973c81e4d3970c7b', 'neutron:revision_number': '1', 'neutron:security_group_ids': '', 'neutron:subnet_pool_addr_scope4': '', 'neutron:subnet_pool_addr_scope6': '', 'neutron:vnic_type': 'normal'}, ha_chassis_group=[], mirror_rules=[], name='f1bfb645-805c-45b9-8d00-2abd23565e3c', options={}, parent_name=[], port_security=[], tag=[], tag_request=[], type='localport', up=[]) old= {{(pid=90442) matches /opt/stack/data/venv/lib/python3.12/site-packages/ovsdbapp/backend/ovs_idl/event.py:55}}
Jul 05 20:01:37.651213 np0000004598 devstack@neutron-api.service[90442]: INFO neutron.plugins.ml2.drivers.ovn.mech_driver.mech_driver [-] OVN reports status down for port: f1bfb645-805c-45b9-8d00-2abd23565e3c
Jul 05 20:01:37.651479 np0000004598 devstack@neutron-api.service[90443]: DEBUG neutron.plugins.ml2.drivers.ovn.mech_driver.ovsdb.ovsdb_monitor [-] Hash Ring: Node 62296a1b805153478c5dc39d43b48d43 (host: np0000004598) handling event "create" for row 80caafa9-8412-4e0a-b871-726b42a023b7 (table: Port_Binding) {{(pid=90443) notify /opt/stack/neutron/neutron/plugins/ml2/drivers/ovn/mech_driver/ovsdb/ovsdb_monitor.py:1015}}
Jul 05 20:01:37.652645 np0000004598 devstack@neutron-api.service[90442]: DEBUG neutron.plugins.ml2.drivers.ovn.mech_driver.ovsdb.ovsdb_monitor [-] Hash Ring: Node bd94264c21015620bba2d52bfd8bc19e (host: np0000004598) handling event "update" for row 01a69804-dc20-4af5-b313-a61e330e97f3 (table: Logical_Switch_Port) {{(pid=90442) notify /opt/stack/neutron/neutron/plugins/ml2/drivers/ovn/mech_driver/ovsdb/ovsdb_monitor.py:1015}}
Jul 05 20:01:37.691153 np0000004598 devstack@neutron-api.service[90440]: INFO neutron.db.ovn_revision_numbers_db [None req-c6b56dfc-113d-4639-a621-2941f06e5a22 admin admin] Successfully bumped revision number for resource f1bfb645-805c-45b9-8d00-2abd23565e3c (type: ports) to 1
Jul 05 20:01:37.698818 np0000004598 devstack@neutron-api.service[90440]: DEBUG neutron.pecan_wsgi.hooks.policy_enforcement [None req-c6b56dfc-113d-4639-a621-2941f06e5a22 admin admin] Attributes excluded by policy engine: ['standard_attr_id'] {{(pid=90440) _exclude_attributes_by_policy /opt/stack/neutron/neutron/pecan_wsgi/hooks/policy_enforcement.py:259}}
Jul 05 20:01:37.699100 np0000004598 devstack@neutron-api.service[90440]: DEBUG neutron_lib.callbacks.manager [None req-c6b56dfc-113d-4639-a621-2941f06e5a22 admin admin] Publish callbacks [] for network (None), before_response {{(pid=90440) _notify_loop /opt/stack/data/venv/lib/python3.12/site-packages/neutron_lib/callbacks/manager.py:184}}
Jul 05 20:01:37.710946 np0000004598 devstack@neutron-api.service[90442]: DEBUG neutron.db.provisioning_blocks [None req-89493738-8ee5-44d7-aed1-d3c4315467d8 None None] Transition to ACTIVE for port object f1bfb645-805c-45b9-8d00-2abd23565e3c will not be triggered until provisioned by entity L2. {{(pid=90442) add_provisioning_component /opt/stack/neutron/neutron/db/provisioning_blocks.py:74}}
Jul 05 20:01:37.711067 np0000004598 devstack@neutron-api.service[90440]: [pid: 90440|app: 0|req: 1/5] 10.4.3.227 () {68 vars in 1326 bytes} [Sun Jul 5 20:01:36 2026] POST /networking/v2.0/networks => generated 681 bytes in 1386 msecs (HTTP/1.1 201) 4 headers in 162 bytes (1 switches on core 0)
Jul 05 20:01:37.717130 np0000004598 devstack@neutron-api.service[90443]: DEBUG neutron_lib.db.api [None req-4baf60d3-03eb-4bb5-89b5-5a0457e2d476 None None] Retry wrapper got retriable exception: Failed to create a duplicate ProvisioningBlock: for attribute(s) ['provisioningblocks.PRIMARY'] with value(s) 14-L2 {{(pid=90443) wrapped /opt/stack/data/venv/lib/python3.12/site-packages/neutron_lib/db/api.py:185}}
Jul 05 20:01:37.717348 np0000004598 devstack@neutron-api.service[90443]: DEBUG oslo_db.api [None req-4baf60d3-03eb-4bb5-89b5-5a0457e2d476 None None] Performing DB retry for function neutron.db.provisioning_blocks.add_provisioning_component {{(pid=90443) wrapper /opt/stack/data/venv/lib/python3.12/site-packages/oslo_db/api.py:155}}
Jul 05 20:01:37.753915 np0000004598 devstack@neutron-api.service[90442]: DEBUG neutron.plugins.ml2.plugin [None req-89493738-8ee5-44d7-aed1-d3c4315467d8 None None] Current status of the port f1bfb645-805c-45b9-8d00-2abd23565e3c is: DOWN; New status is: DOWN {{(pid=90442) _update_individual_port_db_status /opt/stack/neutron/neutron/plugins/ml2/plugin.py:2473}}
Jul 05 20:01:37.754696 np0000004598 devstack@neutron-api.service[90442]: INFO neutron.plugins.ml2.drivers.ovn.mech_driver.ovsdb.extensions.qos [None req-89493738-8ee5-44d7-aed1-d3c4315467d8 None None] Starting OVNClientQosExtension
Jul 05 20:01:37.754891 np0000004598 devstack@neutron-api.service[90442]: INFO neutron.plugins.ml2.drivers.ovn.mech_driver.ovsdb.extensions.placement [None req-89493738-8ee5-44d7-aed1-d3c4315467d8 None None] Starting OVNClientPlacementExtension
Jul 05 20:01:37.756976 np0000004598 devstack@neutron-api.service[90442]: DEBUG ovsdbapp.backend.ovs_idl.transaction [-] Running txn n=1 command(idx=0): DbRemoveCommand(_result=None, table=Logical_Switch_Port, record=f1bfb645-805c-45b9-8d00-2abd23565e3c, column=external_ids, values=('neutron:host_id',), keyvalues={}, if_exists=True) {{(pid=90442) do_commit /opt/stack/data/venv/lib/python3.12/site-packages/ovsdbapp/backend/ovs_idl/transaction.py:89}}
Jul 05 20:01:38.165656 np0000004598 devstack@neutron-api.service[90443]: DEBUG neutron.policy [None req-4376e43d-154f-483a-af18-22d0c4abeafb admin admin] Loaded default policies from ['neutron'] under neutron.policies entry points {{(pid=90443) register_rules /opt/stack/neutron/neutron/policy.py:65}}
Jul 05 20:01:38.255683 np0000004598 devstack@neutron-api.service[90443]: DEBUG neutron.db.provisioning_blocks [None req-4baf60d3-03eb-4bb5-89b5-5a0457e2d476 None None] Ignored duplicate provisioning block setup for port f1bfb645-805c-45b9-8d00-2abd23565e3c by entity L2. {{(pid=90443) add_provisioning_component /opt/stack/neutron/neutron/db/provisioning_blocks.py:69}}
Jul 05 20:01:38.262144 np0000004598 devstack@neutron-api.service[90443]: DEBUG neutron.pecan_wsgi.hooks.policy_enforcement [None req-4376e43d-154f-483a-af18-22d0c4abeafb admin admin] Attributes excluded by policy engine: ['standard_attr_id'] {{(pid=90443) _exclude_attributes_by_policy /opt/stack/neutron/neutron/pecan_wsgi/hooks/policy_enforcement.py:259}}
