Jul 05 20:01:30.315679 np0000004598 devstack@neutron-api.service[90441]: INFO neutron.plugins.ml2.plugin [None req-ab1e5e07-d09c-4094-b2d0-e4b6e418c3b7 None None] Modular L2 Plugin initialization complete
Jul 05 20:01:30.315871 np0000004598 devstack@neutron-api.service[90442]: INFO neutron.quota.resource_registry [None req-824f92e9-4a3e-4bf2-9e2b-1ff598d881c7 None None] Creating instance of TrackedResource for resource:subnetpool
Jul 05 20:01:30.316470 np0000004598 devstack@neutron-api.service[90441]: DEBUG neutron.manager [None req-ab1e5e07-d09c-4094-b2d0-e4b6e418c3b7 None None] Loading services supported by the core plugin {{(pid=90441) _load_services_from_core_plugin /opt/stack/neutron/neutron/manager.py:167}}
Jul 05 20:01:30.316726 np0000004598 devstack@neutron-api.service[90442]: INFO neutron.quota.resource_registry [None req-824f92e9-4a3e-4bf2-9e2b-1ff598d881c7 None None] Creating instance of TrackedResource for resource:port
Jul 05 20:01:30.317075 np0000004598 devstack@neutron-api.service[90441]: INFO neutron.plugins.ml2.managers [None req-ab1e5e07-d09c-4094-b2d0-e4b6e418c3b7 None None] Got port-security extension from driver 'port_security'
Jul 05 20:01:30.317075 np0000004598 devstack@neutron-api.service[90441]: DEBUG neutron.manager [None req-ab1e5e07-d09c-4094-b2d0-e4b6e418c3b7 None None] Loading service plugins: ['ovn-router', 'auto_allocate', 'tag', 'timestamp', 'network_ip_availability', 'flavors', 'revisions'] {{(pid=90441) _load_service_plugins /opt/stack/neutron/neutron/manager.py:192}}
Jul 05 20:01:30.317075 np0000004598 devstack@neutron-api.service[90441]: INFO neutron.manager [None req-ab1e5e07-d09c-4094-b2d0-e4b6e418c3b7 None None] Loading Plugin: ovn-router
Jul 05 20:01:30.317330 np0000004598 devstack@neutron-api.service[90442]: INFO neutron.quota.resource_registry [None req-824f92e9-4a3e-4bf2-9e2b-1ff598d881c7 None None] Creating instance of CountableResource for resource:router_route
Jul 05 20:01:30.317330 np0000004598 devstack@neutron-api.service[90442]: DEBUG neutron.api.v2.resource_helper [None req-824f92e9-4a3e-4bf2-9e2b-1ff598d881c7 None None] Service L3_ROUTER_NAT assigned prefix: {{(pid=90442) build_resource_info /opt/stack/neutron/neutron/api/v2/resource_helper.py:77}}
Jul 05 20:01:30.317330 np0000004598 devstack@neutron-api.service[90442]: DEBUG neutron.api.v2.resource_helper [None req-824f92e9-4a3e-4bf2-9e2b-1ff598d881c7 None None] Service FLAVORS assigned prefix: {{(pid=90442) build_resource_info /opt/stack/neutron/neutron/api/v2/resource_helper.py:77}}
Jul 05 20:01:30.317967 np0000004598 devstack@neutron-api.service[90442]: DEBUG neutron.api.v2.resource_helper [None req-824f92e9-4a3e-4bf2-9e2b-1ff598d881c7 None None] Service L3_ROUTER_NAT assigned prefix: {{(pid=90442) build_resource_info /opt/stack/neutron/neutron/api/v2/resource_helper.py:77}}
Jul 05 20:01:30.318332 np0000004598 devstack@neutron-api.service[90442]: DEBUG neutron.api.v2.resource_helper [None req-824f92e9-4a3e-4bf2-9e2b-1ff598d881c7 None None] Service L3_ROUTER_NAT assigned prefix: {{(pid=90442) build_resource_info /opt/stack/neutron/neutron/api/v2/resource_helper.py:77}}
Jul 05 20:01:30.318527 np0000004598 devstack@neutron-api.service[90442]: INFO neutron.quota.resource_registry [None req-824f92e9-4a3e-4bf2-9e2b-1ff598d881c7 None None] Creating instance of TrackedResource for resource:router
Jul 05 20:01:30.318913 np0000004598 devstack@neutron-api.service[90442]: INFO neutron.quota.resource_registry [None req-824f92e9-4a3e-4bf2-9e2b-1ff598d881c7 None None] Creating instance of TrackedResource for resource:floatingip
Jul 05 20:01:30.319809 np0000004598 devstack@neutron-api.service[90442]: INFO neutron.quota.resource_registry [None req-824f92e9-4a3e-4bf2-9e2b-1ff598d881c7 None None] Creating instance of CountableResource for resource:rbac_policy
Jul 05 20:01:30.320459 np0000004598 devstack@neutron-api.service[90442]: INFO neutron.quota.resource_registry [None req-824f92e9-4a3e-4bf2-9e2b-1ff598d881c7 None None] Creating instance of TrackedResource for resource:security_group
Jul 05 20:01:30.320741 np0000004598 devstack@neutron-api.service[90442]: INFO neutron.quota.resource_registry [None req-824f92e9-4a3e-4bf2-9e2b-1ff598d881c7 None None] Creating instance of TrackedResource for resource:security_group_rule
Jul 05 20:01:30.321343 np0000004598 devstack@neutron-api.service[90442]: DEBUG neutron.api.v2.resource_helper [None req-824f92e9-4a3e-4bf2-9e2b-1ff598d881c7 None None] Service CORE assigned prefix: {{(pid=90442) build_resource_info /opt/stack/neutron/neutron/api/v2/resource_helper.py:77}}
Jul 05 20:01:30.321343 np0000004598 devstack@neutron-api.service[90442]: INFO neutron.quota.resource_registry [None req-824f92e9-4a3e-4bf2-9e2b-1ff598d881c7 None None] Creating instance of TrackedResource for resource:subnetpool
Jul 05 20:01:30.321550 np0000004598 devstack@neutron-api.service[90442]: WARNING neutron.quota.resource_registry [None req-824f92e9-4a3e-4bf2-9e2b-1ff598d881c7 None None] subnetpool is already registered
Jul 05 20:01:30.321891 np0000004598 devstack@neutron-api.service[90442]: DEBUG neutron.api.v2.resource_helper [None req-824f92e9-4a3e-4bf2-9e2b-1ff598d881c7 None None] Service CORE assigned prefix: {{(pid=90442) build_resource_info /opt/stack/neutron/neutron/api/v2/resource_helper.py:77}}
Jul 05 20:01:30.321891 np0000004598 devstack@neutron-api.service[90442]: INFO neutron.quota.resource_registry [None req-824f92e9-4a3e-4bf2-9e2b-1ff598d881c7 None None] Creating instance of TrackedResource for resource:subnetpool
Jul 05 20:01:30.322173 np0000004598 devstack@neutron-api.service[90442]: WARNING neutron.quota.resource_registry [None req-824f92e9-4a3e-4bf2-9e2b-1ff598d881c7 None None] subnetpool is already registered
Jul 05 20:01:30.324241 np0000004598 devstack@neutron-api.service[90442]: INFO neutron.quota.resource_registry [None req-824f92e9-4a3e-4bf2-9e2b-1ff598d881c7 None None] Creating instance of CountableResource for resource:router_route
Jul 05 20:01:30.324241 np0000004598 devstack@neutron-api.service[90442]: WARNING neutron.quota.resource_registry [None req-824f92e9-4a3e-4bf2-9e2b-1ff598d881c7 None None] router_route is already registered
Jul 05 20:01:30.324241 np0000004598 devstack@neutron-api.service[90442]: DEBUG neutron.api.v2.resource_helper [None req-824f92e9-4a3e-4bf2-9e2b-1ff598d881c7 None None] Service L3_ROUTER_NAT assigned prefix: {{(pid=90442) build_resource_info /opt/stack/neutron/neutron/api/v2/resource_helper.py:77}}
Jul 05 20:01:30.324711 np0000004598 devstack@neutron-api.service[90442]: DEBUG neutron.api.v2.resource_helper [None req-824f92e9-4a3e-4bf2-9e2b-1ff598d881c7 None None] Service FLAVORS assigned prefix: {{(pid=90442) build_resource_info /opt/stack/neutron/neutron/api/v2/resource_helper.py:77}}
Jul 05 20:01:30.325304 np0000004598 devstack@neutron-api.service[90442]: DEBUG neutron.api.v2.resource_helper [None req-824f92e9-4a3e-4bf2-9e2b-1ff598d881c7 None None] Service L3_ROUTER_NAT assigned prefix: {{(pid=90442) build_resource_info /opt/stack/neutron/neutron/api/v2/resource_helper.py:77}}
Jul 05 20:01:30.325595 np0000004598 devstack@neutron-api.service[90442]: DEBUG neutron.api.v2.resource_helper [None req-824f92e9-4a3e-4bf2-9e2b-1ff598d881c7 None None] Service L3_ROUTER_NAT assigned prefix: {{(pid=90442) build_resource_info /opt/stack/neutron/neutron/api/v2/resource_helper.py:77}}
Jul 05 20:01:30.325725 np0000004598 devstack@neutron-api.service[90442]: INFO neutron.quota.resource_registry [None req-824f92e9-4a3e-4bf2-9e2b-1ff598d881c7 None None] Creating instance of TrackedResource for resource:router
Jul 05 20:01:30.325725 np0000004598 devstack@neutron-api.service[90442]: WARNING neutron.quota.resource_registry [None req-824f92e9-4a3e-4bf2-9e2b-1ff598d881c7 None None] router is already registered
Jul 05 20:01:30.326293 np0000004598 devstack@neutron-api.service[90442]: INFO neutron.quota.resource_registry [None req-824f92e9-4a3e-4bf2-9e2b-1ff598d881c7 None None] Creating instance of TrackedResource for resource:floatingip
Jul 05 20:01:30.326434 np0000004598 devstack@neutron-api.service[90442]: WARNING neutron.quota.resource_registry [None req-824f92e9-4a3e-4bf2-9e2b-1ff598d881c7 None None] floatingip is already registered
Jul 05 20:01:30.327282 np0000004598 devstack@neutron-api.service[90442]: INFO neutron.quota.resource_registry [None req-824f92e9-4a3e-4bf2-9e2b-1ff598d881c7 None None] Creating instance of CountableResource for resource:rbac_policy
Jul 05 20:01:30.327282 np0000004598 devstack@neutron-api.service[90442]: WARNING neutron.quota.resource_registry [None req-824f92e9-4a3e-4bf2-9e2b-1ff598d881c7 None None] rbac_policy is already registered
Jul 05 20:01:30.327970 np0000004598 devstack@neutron-api.service[90442]: INFO neutron.quota.resource_registry [None req-824f92e9-4a3e-4bf2-9e2b-1ff598d881c7 None None] Creating instance of TrackedResource for resource:security_group
Jul 05 20:01:30.327970 np0000004598 devstack@neutron-api.service[90442]: WARNING neutron.quota.resource_registry [None req-824f92e9-4a3e-4bf2-9e2b-1ff598d881c7 None None] security_group is already registered
Jul 05 20:01:30.328413 np0000004598 devstack@neutron-api.service[90442]: INFO neutron.quota.resource_registry [None req-824f92e9-4a3e-4bf2-9e2b-1ff598d881c7 None None] Creating instance of TrackedResource for resource:security_group_rule
Jul 05 20:01:30.328413 np0000004598 devstack@neutron-api.service[90442]: WARNING neutron.quota.resource_registry [None req-824f92e9-4a3e-4bf2-9e2b-1ff598d881c7 None None] security_group_rule is already registered
Jul 05 20:01:30.329055 np0000004598 devstack@neutron-api.service[90441]: DEBUG neutron_lib.callbacks.manager [None req-ab1e5e07-d09c-4094-b2d0-e4b6e418c3b7 None None] Subscribe: > router before_delete 55550000, False {{(pid=90441) subscribe /opt/stack/data/venv/lib/python3.12/site-packages/neutron_lib/callbacks/manager.py:52}}
Jul 05 20:01:30.329286 np0000004598 devstack@neutron-api.service[90442]: DEBUG neutron.api.v2.resource_helper [None req-824f92e9-4a3e-4bf2-9e2b-1ff598d881c7 None None] Service CORE assigned prefix: {{(pid=90442) build_resource_info /opt/stack/neutron/neutron/api/v2/resource_helper.py:77}}
Jul 05 20:01:30.329286 np0000004598 devstack@neutron-api.service[90442]: INFO neutron.quota.resource_registry [None req-824f92e9-4a3e-4bf2-9e2b-1ff598d881c7 None None] Creating instance of TrackedResource for resource:subnetpool
Jul 05 20:01:30.329473 np0000004598 devstack@neutron-api.service[90441]: DEBUG neutron_lib.callbacks.manager [None req-ab1e5e07-d09c-4094-b2d0-e4b6e418c3b7 None None] Subscribe: port before_update 55550000, False {{(pid=90441) subscribe /opt/stack/data/venv/lib/python3.12/site-packages/neutron_lib/callbacks/manager.py:52}}
Jul 05 20:01:30.329573 np0000004598 devstack@neutron-api.service[90442]: WARNING neutron.quota.resource_registry [None req-824f92e9-4a3e-4bf2-9e2b-1ff598d881c7 None None] subnetpool is already registered
Jul 05 20:01:30.329681 np0000004598 devstack@neutron-api.service[90441]: DEBUG neutron_lib.callbacks.manager [None req-ab1e5e07-d09c-4094-b2d0-e4b6e418c3b7 None None] Subscribe: port after_update 55550000, False {{(pid=90441) subscribe /opt/stack/data/venv/lib/python3.12/site-packages/neutron_lib/callbacks/manager.py:52}}
Jul 05 20:01:30.329681 np0000004598 devstack@neutron-api.service[90441]: DEBUG neutron_lib.callbacks.manager [None req-ab1e5e07-d09c-4094-b2d0-e4b6e418c3b7 None None] Subscribe: > port precommit_delete 55550000, False {{(pid=90441) subscribe /opt/stack/data/venv/lib/python3.12/site-packages/neutron_lib/callbacks/manager.py:52}}
Jul 05 20:01:30.329681 np0000004598 devstack@neutron-api.service[90441]: DEBUG neutron_lib.callbacks.manager [None req-ab1e5e07-d09c-4094-b2d0-e4b6e418c3b7 None None] Subscribe: port before_update 55550000, False {{(pid=90441) subscribe /opt/stack/data/venv/lib/python3.12/site-packages/neutron_lib/callbacks/manager.py:52}}
Jul 05 20:01:30.329880 np0000004598 devstack@neutron-api.service[90442]: DEBUG neutron.api.v2.resource_helper [None req-824f92e9-4a3e-4bf2-9e2b-1ff598d881c7 None None] Service CORE assigned prefix: {{(pid=90442) build_resource_info /opt/stack/neutron/neutron/api/v2/resource_helper.py:77}}
Jul 05 20:01:30.330083 np0000004598 devstack@neutron-api.service[90441]: DEBUG neutron_lib.callbacks.manager [None req-ab1e5e07-d09c-4094-b2d0-e4b6e418c3b7 None None] Subscribe: port before_delete 55550000, False {{(pid=90441) subscribe /opt/stack/data/venv/lib/python3.12/site-packages/neutron_lib/callbacks/manager.py:52}}
Jul 05 20:01:30.330199 np0000004598 devstack@neutron-api.service[90442]: INFO neutron.quota.resource_registry [None req-824f92e9-4a3e-4bf2-9e2b-1ff598d881c7 None None] Creating instance of TrackedResource for resource:subnetpool
Jul 05 20:01:30.330294 np0000004598 devstack@neutron-api.service[90441]: DEBUG neutron_lib.callbacks.manager [None req-ab1e5e07-d09c-4094-b2d0-e4b6e418c3b7 None None] Subscribe: > router precommit_create 55550000, False {{(pid=90441) subscribe /opt/stack/data/venv/lib/python3.12/site-packages/neutron_lib/callbacks/manager.py:52}}
Jul 05 20:01:30.330413 np0000004598 devstack@neutron-api.service[90442]: WARNING neutron.quota.resource_registry [None req-824f92e9-4a3e-4bf2-9e2b-1ff598d881c7 None None] subnetpool is already registered
Jul 05 20:01:30.330550 np0000004598 devstack@neutron-api.service[90441]: DEBUG neutron_lib.callbacks.manager [None req-ab1e5e07-d09c-4094-b2d0-e4b6e418c3b7 None None] Subscribe: > router precommit_create 55550000, False {{(pid=90441) subscribe /opt/stack/data/venv/lib/python3.12/site-packages/neutron_lib/callbacks/manager.py:52}}
Jul 05 20:01:30.330550 np0000004598 devstack@neutron-api.service[90441]: DEBUG neutron_lib.callbacks.manager [None req-ab1e5e07-d09c-4094-b2d0-e4b6e418c3b7 None None] Subscribe: > router precommit_update 55550000, False {{(pid=90441) subscribe /opt/stack/data/venv/lib/python3.12/site-packages/neutron_lib/callbacks/manager.py:52}}
Jul 05 20:01:30.330550 np0000004598 devstack@neutron-api.service[90441]: DEBUG neutron_lib.callbacks.manager [None req-ab1e5e07-d09c-4094-b2d0-e4b6e418c3b7 None None] Subscribe: subnet after_update 55550000, False {{(pid=90441) subscribe /opt/stack/data/venv/lib/python3.12/site-packages/neutron_lib/callbacks/manager.py:52}}
Jul 05 20:01:30.330737 np0000004598 devstack@neutron-api.service[90442]: DEBUG neutron.api.extensions [None req-824f92e9-4a3e-4bf2-9e2b-1ff598d881c7 None None] Extended resource: extensions {{(pid=90442) __init__ /opt/stack/neutron/neutron/api/extensions.py:156}}
Jul 05 20:01:30.330852 np0000004598 devstack@neutron-api.service[90441]: DEBUG neutron.quota.resource_registry [None req-ab1e5e07-d09c-4094-b2d0-e4b6e418c3b7 None None] Tracking information for resource: router configured {{(pid=90441) set_tracked_resource /opt/stack/neutron/neutron/quota/resource_registry.py:203}}
Jul 05 20:01:30.330852 np0000004598 devstack@neutron-api.service[90441]: DEBUG neutron.quota.resource_registry [None req-ab1e5e07-d09c-4094-b2d0-e4b6e418c3b7 None None] Tracking information for resource: floatingip configured {{(pid=90441) set_tracked_resource /opt/stack/neutron/neutron/quota/resource_registry.py:203}}
Jul 05 20:01:30.330852 np0000004598 devstack@neutron-api.service[90441]: INFO neutron.services.ovn_l3.plugin [None req-ab1e5e07-d09c-4094-b2d0-e4b6e418c3b7 None None] Starting OVNL3RouterPlugin
Jul 05 20:01:30.331054 np0000004598 devstack@neutron-api.service[90442]: DEBUG neutron.api.extensions [None req-824f92e9-4a3e-4bf2-9e2b-1ff598d881c7 None None] Extended resource: address-groups {{(pid=90442) __init__ /opt/stack/neutron/neutron/api/extensions.py:156}}
Jul 05 20:01:30.331154 np0000004598 devstack@neutron-api.service[90441]: DEBUG neutron_lib.callbacks.manager [None req-ab1e5e07-d09c-4094-b2d0-e4b6e418c3b7 None None] Subscribe: > port_forwarding_plugin after_init 55550000, False {{(pid=90441) subscribe /opt/stack/data/venv/lib/python3.12/site-packages/neutron_lib/callbacks/manager.py:52}}
Jul 05 20:01:30.331154 np0000004598 devstack@neutron-api.service[90441]: DEBUG neutron_lib.callbacks.manager [None req-ab1e5e07-d09c-4094-b2d0-e4b6e418c3b7 None None] Subscribe: > router before_create 55550100, False {{(pid=90441) subscribe /opt/stack/data/venv/lib/python3.12/site-packages/neutron_lib/callbacks/manager.py:52}}
Jul 05 20:01:30.331298 np0000004598 devstack@neutron-api.service[90441]: DEBUG neutron_lib.callbacks.manager [None req-ab1e5e07-d09c-4094-b2d0-e4b6e418c3b7 None None] Subscribe: > router precommit_delete 55550100, False {{(pid=90441) subscribe /opt/stack/data/venv/lib/python3.12/site-packages/neutron_lib/callbacks/manager.py:52}}
Jul 05 20:01:30.331298 np0000004598 devstack@neutron-api.service[90441]: DEBUG neutron_lib.callbacks.manager [None req-ab1e5e07-d09c-4094-b2d0-e4b6e418c3b7 None None] Subscribe: > router precommit_create 55550100, False {{(pid=90441) subscribe /opt/stack/data/venv/lib/python3.12/site-packages/neutron_lib/callbacks/manager.py:52}}
Jul 05 20:01:30.331464 np0000004598 devstack@neutron-api.service[90442]: DEBUG neutron.api.extensions [None req-824f92e9-4a3e-4bf2-9e2b-1ff598d881c7 None None] Extended resource: address-scopes {{(pid=90442) __init__ /opt/stack/neutron/neutron/api/extensions.py:156}}
Jul 05 20:01:30.331565 np0000004598 devstack@neutron-api.service[90441]: DEBUG neutron_lib.callbacks.manager [None req-ab1e5e07-d09c-4094-b2d0-e4b6e418c3b7 None None] Subscribe: > router precommit_update 55550100, False {{(pid=90441) subscribe /opt/stack/data/venv/lib/python3.12/site-packages/neutron_lib/callbacks/manager.py:52}}
Jul 05 20:01:30.331856 np0000004598 devstack@neutron-api.service[90442]: DEBUG neutron.api.extensions [None req-824f92e9-4a3e-4bf2-9e2b-1ff598d881c7 None None] Extended resource: agents {{(pid=90442) __init__ /opt/stack/neutron/neutron/api/extensions.py:156}}
Jul 05 20:01:30.332245 np0000004598 devstack@neutron-api.service[90442]: DEBUG neutron.api.extensions [None req-824f92e9-4a3e-4bf2-9e2b-1ff598d881c7 None None] Extended resource: auto-allocated-topology {{(pid=90442) __init__ /opt/stack/neutron/neutron/api/extensions.py:156}}
Jul 05 20:01:30.332694 np0000004598 devstack@neutron-api.service[90442]: DEBUG neutron.api.extensions [None req-824f92e9-4a3e-4bf2-9e2b-1ff598d881c7 None None] Extended resource: availability_zones {{(pid=90442) __init__ /opt/stack/neutron/neutron/api/extensions.py:156}}
Jul 05 20:01:30.333119 np0000004598 devstack@neutron-api.service[90442]: DEBUG neutron.api.extensions [None req-824f92e9-4a3e-4bf2-9e2b-1ff598d881c7 None None] Extended resource: dhcp-networks {{(pid=90442) __init__ /opt/stack/neutron/neutron/api/extensions.py:156}}
Jul 05 20:01:30.333677 np0000004598 devstack@neutron-api.service[90442]: DEBUG neutron.api.extensions [None req-824f92e9-4a3e-4bf2-9e2b-1ff598d881c7 None None] Extended resource: dhcp-agents {{(pid=90442) __init__ /opt/stack/neutron/neutron/api/extensions.py:156}}
Jul 05 20:01:30.334197 np0000004598 devstack@neutron-api.service[90442]: DEBUG neutron.api.extensions [None req-824f92e9-4a3e-4bf2-9e2b-1ff598d881c7 None None] Extended resource: routers {{(pid=90442) __init__ /opt/stack/neutron/neutron/api/extensions.py:156}}
Jul 05 20:01:30.334970 np0000004598 devstack@neutron-api.service[90442]: DEBUG neutron.api.extensions [None req-824f92e9-4a3e-4bf2-9e2b-1ff598d881c7 None None] Extended resource: flavors {{(pid=90442) __init__ /opt/stack/neutron/neutron/api/extensions.py:156}}
Jul 05 20:01:30.335448 np0000004598 devstack@neutron-api.service[90442]: DEBUG neutron.api.extensions [None req-824f92e9-4a3e-4bf2-9e2b-1ff598d881c7 None None] Extended resource: service_profiles {{(pid=90442) __init__ /opt/stack/neutron/neutron/api/extensions.py:156}}
Jul 05 20:01:30.335876 np0000004598 devstack@neutron-api.service[90442]: DEBUG neutron.api.extensions [None req-824f92e9-4a3e-4bf2-9e2b-1ff598d881c7 None None] Extended resource: next_providers {{(pid=90442) __init__ /opt/stack/neutron/neutron/api/extensions.py:156}}
Jul 05 20:01:30.336164 np0000004598 devstack@neutron-api.service[90441]: DEBUG neutron.services.provider_configuration [None req-ab1e5e07-d09c-4094-b2d0-e4b6e418c3b7 None None] Service providers = [] {{(pid=90441) parse_service_provider_opt /opt/stack/neutron/neutron/services/provider_configuration.py:170}}
Jul 05 20:01:30.336338 np0000004598 devstack@neutron-api.service[90441]: DEBUG neutron.db.servicetype_db [None req-ab1e5e07-d09c-4094-b2d0-e4b6e418c3b7 None None] Adding provider configuration for service L3_ROUTER_NAT {{(pid=90441) add_provider_configuration /opt/stack/neutron/neutron/db/servicetype_db.py:45}}
Jul 05 20:01:30.336527 np0000004598 devstack@neutron-api.service[90442]: DEBUG neutron.api.extensions [None req-824f92e9-4a3e-4bf2-9e2b-1ff598d881c7 None None] Extended resource: service_profiles {{(pid=90442) __init__ /opt/stack/neutron/neutron/api/extensions.py:156}}
Jul 05 20:01:30.337598 np0000004598 devstack@neutron-api.service[90442]: DEBUG neutron.api.extensions [None req-824f92e9-4a3e-4bf2-9e2b-1ff598d881c7 None None] Extended resource: floatingip-pools {{(pid=90442) __init__ /opt/stack/neutron/neutron/api/extensions.py:156}}
Jul 05 20:01:30.337946 np0000004598 devstack@neutron-api.service[90441]: DEBUG neutron_lib.callbacks.manager [None req-ab1e5e07-d09c-4094-b2d0-e4b6e418c3b7 None None] Subscribe: > router precommit_create 55549900, False {{(pid=90441) subscribe /opt/stack/data/venv/lib/python3.12/site-packages/neutron_lib/callbacks/manager.py:52}}
Jul 05 20:01:30.338149 np0000004598 devstack@neutron-api.service[90442]: DEBUG neutron.api.extensions [None req-824f92e9-4a3e-4bf2-9e2b-1ff598d881c7 None None] Extended resource: routers {{(pid=90442) __init__ /opt/stack/neutron/neutron/api/extensions.py:156}}
Jul 05 20:01:30.338303 np0000004598 devstack@neutron-api.service[90441]: DEBUG neutron_lib.callbacks.manager [None req-ab1e5e07-d09c-4094-b2d0-e4b6e418c3b7 None None] Subscribe: > router_interface after_create 55550000, False {{(pid=90441) subscribe /opt/stack/data/venv/lib/python3.12/site-packages/neutron_lib/callbacks/manager.py:52}}
Jul 05 20:01:30.338303 np0000004598 devstack@neutron-api.service[90441]: DEBUG neutron_lib.callbacks.manager [None req-ab1e5e07-d09c-4094-b2d0-e4b6e418c3b7 None None] Subscribe: > floatingip after_create 55550000, False {{(pid=90441) subscribe /opt/stack/data/venv/lib/python3.12/site-packages/neutron_lib/callbacks/manager.py:52}}
Jul 05 20:01:30.338303 np0000004598 devstack@neutron-api.service[90441]: DEBUG neutron_lib.callbacks.manager [None req-ab1e5e07-d09c-4094-b2d0-e4b6e418c3b7 None None] Subscribe: > floatingip precommit_create 55550000, False {{(pid=90441) subscribe /opt/stack/data/venv/lib/python3.12/site-packages/neutron_lib/callbacks/manager.py:52}}
Jul 05 20:01:30.338556 np0000004598 devstack@neutron-api.service[90441]: DEBUG neutron_lib.callbacks.manager [None req-ab1e5e07-d09c-4094-b2d0-e4b6e418c3b7 None None] Subscribe: > floatingip precommit_update 55550000, False {{(pid=90441) subscribe /opt/stack/data/venv/lib/python3.12/site-packages/neutron_lib/callbacks/manager.py:52}}
Jul 05 20:01:30.338556 np0000004598 devstack@neutron-api.service[90441]: DEBUG neutron_lib.callbacks.manager [None req-ab1e5e07-d09c-4094-b2d0-e4b6e418c3b7 None None] Subscribe: > floatingip after_delete 55550000, False {{(pid=90441) subscribe /opt/stack/data/venv/lib/python3.12/site-packages/neutron_lib/callbacks/manager.py:52}}
Jul 05 20:01:30.338840 np0000004598 devstack@neutron-api.service[90441]: DEBUG neutron_lib.callbacks.manager [None req-ab1e5e07-d09c-4094-b2d0-e4b6e418c3b7 None None] Subscribe: > floatingip after_status_update 55550000, False {{(pid=90441) subscribe /opt/stack/data/venv/lib/python3.12/site-packages/neutron_lib/callbacks/manager.py:52}}
Jul 05 20:01:30.339129 np0000004598 devstack@neutron-api.service[90442]: DEBUG neutron.api.extensions [None req-824f92e9-4a3e-4bf2-9e2b-1ff598d881c7 None None] Extended resource: floatingips {{(pid=90442) __init__ /opt/stack/neutron/neutron/api/extensions.py:156}}
Jul 05 20:01:30.339476 np0000004598 devstack@neutron-api.service[90441]: DEBUG neutron_lib.callbacks.manager [None req-ab1e5e07-d09c-4094-b2d0-e4b6e418c3b7 None None] Subscribe: > floatingip after_update 55550000, False {{(pid=90441) subscribe /opt/stack/data/venv/lib/python3.12/site-packages/neutron_lib/callbacks/manager.py:52}}
Jul 05 20:01:30.339476 np0000004598 devstack@neutron-api.service[90441]: DEBUG neutron_lib.callbacks.manager [None req-ab1e5e07-d09c-4094-b2d0-e4b6e418c3b7 None None] Subscribe: > port_forwarding after_create 55550000, False {{(pid=90441) subscribe /opt/stack/data/venv/lib/python3.12/site-packages/neutron_lib/callbacks/manager.py:52}}
Jul 05 20:01:30.339476 np0000004598 devstack@neutron-api.service[90441]: DEBUG neutron_lib.callbacks.manager [None req-ab1e5e07-d09c-4094-b2d0-e4b6e418c3b7 None None] Subscribe: > router_interface after_delete 55550000, False {{(pid=90441) subscribe /opt/stack/data/venv/lib/python3.12/site-packages/neutron_lib/callbacks/manager.py:52}}
Jul 05 20:01:30.339714 np0000004598 devstack@neutron-api.service[90442]: DEBUG neutron.api.extensions [None req-824f92e9-4a3e-4bf2-9e2b-1ff598d881c7 None None] Extended resource: l3-routers {{(pid=90442) __init__ /opt/stack/neutron/neutron/api/extensions.py:156}}
Jul 05 20:01:30.339924 np0000004598 devstack@neutron-api.service[90441]: DEBUG neutron_lib.callbacks.manager [None req-ab1e5e07-d09c-4094-b2d0-e4b6e418c3b7 None None] Subscribe: > router after_create 55550000, False {{(pid=90441) subscribe /opt/stack/data/venv/lib/python3.12/site-packages/neutron_lib/callbacks/manager.py:52}}
Jul 05 20:01:30.339924 np0000004598 devstack@neutron-api.service[90441]: DEBUG neutron_lib.callbacks.manager [None req-ab1e5e07-d09c-4094-b2d0-e4b6e418c3b7 None None] Subscribe: > router precommit_create 55550000, False {{(pid=90441) subscribe /opt/stack/data/venv/lib/python3.12/site-packages/neutron_lib/callbacks/manager.py:52}}
Jul 05 20:01:30.339924 np0000004598 devstack@neutron-api.service[90441]: DEBUG neutron_lib.callbacks.manager [None req-ab1e5e07-d09c-4094-b2d0-e4b6e418c3b7 None None] Subscribe: > router after_delete 55550000, False {{(pid=90441) subscribe /opt/stack/data/venv/lib/python3.12/site-packages/neutron_lib/callbacks/manager.py:52}}
Jul 05 20:01:30.339924 np0000004598 devstack@neutron-api.service[90441]: DEBUG neutron_lib.callbacks.manager [None req-ab1e5e07-d09c-4094-b2d0-e4b6e418c3b7 None None] Subscribe: > router after_update 55550000, False {{(pid=90441) subscribe /opt/stack/data/venv/lib/python3.12/site-packages/neutron_lib/callbacks/manager.py:52}}
Jul 05 20:01:30.340260 np0000004598 devstack@neutron-api.service[90442]: DEBUG neutron.api.extensions [None req-824f92e9-4a3e-4bf2-9e2b-1ff598d881c7 None None] Extended resource: l3-agents {{(pid=90442) __init__ /opt/stack/neutron/neutron/api/extensions.py:156}}
Jul 05 20:01:30.340436 np0000004598 devstack@neutron-api.service[90441]: DEBUG neutron.services.service_base [None req-ab1e5e07-d09c-4094-b2d0-e4b6e418c3b7 None None] Loaded 'neutron.services.ovn_l3.service_providers.ovn.OvnDriver' provider for service L3_ROUTER_NAT {{(pid=90441) load_drivers /opt/stack/neutron/neutron/services/service_base.py:49}}
Jul 05 20:01:30.340436 np0000004598 devstack@neutron-api.service[90441]: DEBUG neutron_lib.callbacks.manager [None req-ab1e5e07-d09c-4094-b2d0-e4b6e418c3b7 None None] Subscribe: > process after_init 55550001, True {{(pid=90441) subscribe /opt/stack/data/venv/lib/python3.12/site-packages/neutron_lib/callbacks/manager.py:52}}
Jul 05 20:01:30.340436 np0000004598 devstack@neutron-api.service[90441]: DEBUG neutron.manager [None req-ab1e5e07-d09c-4094-b2d0-e4b6e418c3b7 None None] Successfully loaded L3_ROUTER_NAT plugin. Description: L3 Router Service Plugin for basic L3 forwarding using OVN {{(pid=90441) _create_and_add_service_plugin /opt/stack/neutron/neutron/manager.py:236}}
Jul 05 20:01:30.340436 np0000004598 devstack@neutron-api.service[90441]: INFO neutron.manager [None req-ab1e5e07-d09c-4094-b2d0-e4b6e418c3b7 None None] Loading Plugin: auto_allocate
Jul 05 20:01:30.340693 np0000004598 devstack@neutron-api.service[90442]: DEBUG neutron.api.extensions [None req-824f92e9-4a3e-4bf2-9e2b-1ff598d881c7 None None] Extended resource: network-ip-availabilities {{(pid=90442) __init__ /opt/stack/neutron/neutron/api/extensions.py:156}}
Jul 05 20:01:30.340693 np0000004598 devstack@neutron-api.service[90442]: DEBUG neutron.api.extensions [None req-824f92e9-4a3e-4bf2-9e2b-1ff598d881c7 None None] Extended resource: network-ip-availabilities {{(pid=90442) __init__ /opt/stack/neutron/neutron/api/extensions.py:156}}
Jul 05 20:01:30.341133 np0000004598 devstack@neutron-api.service[90442]: DEBUG neutron.api.extensions [None req-824f92e9-4a3e-4bf2-9e2b-1ff598d881c7 None None] Extended resource: bindings {{(pid=90442) __init__ /opt/stack/neutron/neutron/api/extensions.py:156}}
Jul 05 20:01:30.341468 np0000004598 devstack@neutron-api.service[90441]: DEBUG neutron_lib.callbacks.manager [None req-ab1e5e07-d09c-4094-b2d0-e4b6e418c3b7 None None] Subscribe: network precommit_update 55550000, False {{(pid=90441) subscribe /opt/stack/data/venv/lib/python3.12/site-packages/neutron_lib/callbacks/manager.py:52}}
Jul 05 20:01:30.341631 np0000004598 devstack@neutron-api.service[90441]: DEBUG neutron_lib.callbacks.manager [None req-ab1e5e07-d09c-4094-b2d0-e4b6e418c3b7 None None] Subscribe: network precommit_create 55550000, False {{(pid=90441) subscribe /opt/stack/data/venv/lib/python3.12/site-packages/neutron_lib/callbacks/manager.py:52}}
Jul 05 20:01:30.341823 np0000004598 devstack@neutron-api.service[90442]: DEBUG neutron.api.extensions [None req-824f92e9-4a3e-4bf2-9e2b-1ff598d881c7 None None] Extended resource: quotas {{(pid=90442) __init__ /opt/stack/neutron/neutron/api/extensions.py:156}}
Jul 05 20:01:30.342021 np0000004598 devstack@neutron-api.service[90440]: INFO neutron.plugins.ml2.drivers.type_vlan [None req-64b2f813-1eb3-470f-99d1-566fc2520ad0 None None] VlanTypeDriver initialization complete
Jul 05 20:01:30.342488 np0000004598 devstack@neutron-api.service[90441]: DEBUG neutron.manager [None req-ab1e5e07-d09c-4094-b2d0-e4b6e418c3b7 None None] Successfully loaded auto-allocated-topology plugin. Description: Auto Allocated Topology - aka get me a network. {{(pid=90441) _create_and_add_service_plugin /opt/stack/neutron/neutron/manager.py:236}}
Jul 05 20:01:30.342656 np0000004598 devstack@neutron-api.service[90440]: INFO neutron.plugins.ml2.managers [None req-64b2f813-1eb3-470f-99d1-566fc2520ad0 None None] Initializing extension driver 'port_security'
Jul 05 20:01:30.342816 np0000004598 devstack@neutron-api.service[90441]: INFO neutron.manager [None req-ab1e5e07-d09c-4094-b2d0-e4b6e418c3b7 None None] Loading Plugin: tag
Jul 05 20:01:30.342980 np0000004598 devstack@neutron-api.service[90440]: INFO neutron.plugins.ml2.extensions.port_security [None req-64b2f813-1eb3-470f-99d1-566fc2520ad0 None None] PortSecurityExtensionDriver initialization complete
Jul 05 20:01:30.342980 np0000004598 devstack@neutron-api.service[90440]: INFO neutron.plugins.ml2.managers [None req-64b2f813-1eb3-470f-99d1-566fc2520ad0 None None] Initializing extension driver 'qos'
Jul 05 20:01:30.343185 np0000004598 devstack@neutron-api.service[90442]: DEBUG neutron.api.extensions [None req-824f92e9-4a3e-4bf2-9e2b-1ff598d881c7 None None] Extended resource: quotas {{(pid=90442) __init__ /opt/stack/neutron/neutron/api/extensions.py:156}}
Jul 05 20:01:30.343614 np0000004598 devstack@neutron-api.service[90440]: DEBUG neutron.plugins.ml2.extensions.qos [None req-64b2f813-1eb3-470f-99d1-566fc2520ad0 None None] QosExtensionDriver initialization complete {{(pid=90440) initialize /opt/stack/neutron/neutron/plugins/ml2/extensions/qos.py:31}}
Jul 05 20:01:30.343614 np0000004598 devstack@neutron-api.service[90440]: INFO neutron.plugins.ml2.managers [None req-64b2f813-1eb3-470f-99d1-566fc2520ad0 None None] Initializing mechanism driver 'ovn'
Jul 05 20:01:30.343614 np0000004598 devstack@neutron-api.service[90440]: INFO neutron.plugins.ml2.drivers.ovn.mech_driver.mech_driver [None req-64b2f813-1eb3-470f-99d1-566fc2520ad0 None None] Starting OVNMechanismDriver
Jul 05 20:01:30.343912 np0000004598 devstack@neutron-api.service[90442]: DEBUG neutron.api.extensions [None req-824f92e9-4a3e-4bf2-9e2b-1ff598d881c7 None None] Extended resource: rbac-policies {{(pid=90442) __init__ /opt/stack/neutron/neutron/api/extensions.py:156}}
Jul 05 20:01:30.343912 np0000004598 devstack@neutron-api.service[90442]: DEBUG neutron.api.extensions [None req-824f92e9-4a3e-4bf2-9e2b-1ff598d881c7 None None] Extended resource: default-security-group-rules {{(pid=90442) __init__ /opt/stack/neutron/neutron/api/extensions.py:156}}
Jul 05 20:01:30.343912 np0000004598 devstack@neutron-api.service[90442]: DEBUG neutron.api.extensions [None req-824f92e9-4a3e-4bf2-9e2b-1ff598d881c7 None None] Extended resource: security-groups-default-statefulness {{(pid=90442) __init__ /opt/stack/neutron/neutron/api/extensions.py:156}}
Jul 05 20:01:30.344168 np0000004598 devstack@neutron-api.service[90442]: DEBUG neutron.api.extensions [None req-824f92e9-4a3e-4bf2-9e2b-1ff598d881c7 None None] Extended resource: security-groups {{(pid=90442) __init__ /opt/stack/neutron/neutron/api/extensions.py:156}}
Jul 05 20:01:30.344707 np0000004598 devstack@neutron-api.service[90442]: DEBUG neutron.api.extensions [None req-824f92e9-4a3e-4bf2-9e2b-1ff598d881c7 None None] Extended resource: security-group-rules {{(pid=90442) __init__ /opt/stack/neutron/neutron/api/extensions.py:156}}
Jul 05 20:01:30.344894 np0000004598 devstack@neutron-api.service[90440]: DEBUG neutron_lib.callbacks.manager [None req-64b2f813-1eb3-470f-99d1-566fc2520ad0 None None] Subscribe: > process before_spawn 55550000, False {{(pid=90440) subscribe /opt/stack/data/venv/lib/python3.12/site-packages/neutron_lib/callbacks/manager.py:52}}
Jul 05 20:01:30.344894 np0000004598 devstack@neutron-api.service[90440]: DEBUG neutron_lib.callbacks.manager [None req-64b2f813-1eb3-470f-99d1-566fc2520ad0 None None] Subscribe: > process after_init 55550000, True {{(pid=90440) subscribe /opt/stack/data/venv/lib/python3.12/site-packages/neutron_lib/callbacks/manager.py:52}}
Jul 05 20:01:30.345112 np0000004598 devstack@neutron-api.service[90442]: DEBUG neutron.api.extensions [None req-824f92e9-4a3e-4bf2-9e2b-1ff598d881c7 None None] Extended resource: service-providers {{(pid=90442) __init__ /opt/stack/neutron/neutron/api/extensions.py:156}}
Jul 05 20:01:30.345285 np0000004598 devstack@neutron-api.service[90440]: DEBUG neutron_lib.callbacks.manager [None req-64b2f813-1eb3-470f-99d1-566fc2520ad0 None None] Subscribe: > segment after_create 55550000, False {{(pid=90440) subscribe /opt/stack/data/venv/lib/python3.12/site-packages/neutron_lib/callbacks/manager.py:52}}
Jul 05 20:01:30.345285 np0000004598 devstack@neutron-api.service[90440]: DEBUG neutron_lib.callbacks.manager [None req-64b2f813-1eb3-470f-99d1-566fc2520ad0 None None] Subscribe: > segment after_create 55550000, False {{(pid=90440) subscribe /opt/stack/data/venv/lib/python3.12/site-packages/neutron_lib/callbacks/manager.py:52}}
Jul 05 20:01:30.345450 np0000004598 devstack@neutron-api.service[90440]: DEBUG neutron_lib.callbacks.manager [None req-64b2f813-1eb3-470f-99d1-566fc2520ad0 None None] Subscribe: > segment after_delete 55550000, False {{(pid=90440) subscribe /opt/stack/data/venv/lib/python3.12/site-packages/neutron_lib/callbacks/manager.py:52}}
Jul 05 20:01:30.345554 np0000004598 devstack@neutron-api.service[90442]: DEBUG neutron.api.extensions [None req-824f92e9-4a3e-4bf2-9e2b-1ff598d881c7 None None] Extended resource: subnetpools {{(pid=90442) __init__ /opt/stack/neutron/neutron/api/extensions.py:156}}
Jul 05 20:01:30.345645 np0000004598 devstack@neutron-api.service[90440]: DEBUG neutron_lib.callbacks.manager [None req-64b2f813-1eb3-470f-99d1-566fc2520ad0 None None] Subscribe: > allowed_address_pair before_create 55550000, False {{(pid=90440) subscribe /opt/stack/data/venv/lib/python3.12/site-packages/neutron_lib/callbacks/manager.py:52}}
Jul 05 20:01:30.345645 np0000004598 devstack@neutron-api.service[90440]: DEBUG neutron_lib.callbacks.manager [None req-64b2f813-1eb3-470f-99d1-566fc2520ad0 None None] Subscribe: > security_group precommit_create 55550000, False {{(pid=90440) subscribe /opt/stack/data/venv/lib/python3.12/site-packages/neutron_lib/callbacks/manager.py:52}}
Jul 05 20:01:30.345774 np0000004598 devstack@neutron-api.service[90441]: DEBUG neutron.manager [None req-ab1e5e07-d09c-4094-b2d0-e4b6e418c3b7 None None] Successfully loaded TAG plugin. Description: Tag support {{(pid=90441) _create_and_add_service_plugin /opt/stack/neutron/neutron/manager.py:236}}
Jul 05 20:01:30.345882 np0000004598 devstack@neutron-api.service[90440]: DEBUG neutron_lib.callbacks.manager [None req-64b2f813-1eb3-470f-99d1-566fc2520ad0 None None] Subscribe: > security_group after_update 55550000, False {{(pid=90440) subscribe /opt/stack/data/venv/lib/python3.12/site-packages/neutron_lib/callbacks/manager.py:52}}
Jul 05 20:01:30.346082 np0000004598 devstack@neutron-api.service[90441]: INFO neutron.manager [None req-ab1e5e07-d09c-4094-b2d0-e4b6e418c3b7 None None] Loading Plugin: timestamp
Jul 05 20:01:30.346165 np0000004598 devstack@neutron-api.service[90442]: DEBUG neutron.api.extensions [None req-824f92e9-4a3e-4bf2-9e2b-1ff598d881c7 None None] Extended resource: subnetpools {{(pid=90442) __init__ /opt/stack/neutron/neutron/api/extensions.py:156}}
Jul 05 20:01:30.346411 np0000004598 devstack@neutron-api.service[90440]: DEBUG neutron_lib.callbacks.manager [None req-64b2f813-1eb3-470f-99d1-566fc2520ad0 None None] Subscribe: > security_group after_create 55550000, False {{(pid=90440) subscribe /opt/stack/data/venv/lib/python3.12/site-packages/neutron_lib/callbacks/manager.py:52}}
Jul 05 20:01:30.346411 np0000004598 devstack@neutron-api.service[90440]: DEBUG neutron_lib.callbacks.manager [None req-64b2f813-1eb3-470f-99d1-566fc2520ad0 None None] Subscribe: > security_group precommit_delete 55550000, False {{(pid=90440) subscribe /opt/stack/data/venv/lib/python3.12/site-packages/neutron_lib/callbacks/manager.py:52}}
Jul 05 20:01:30.346411 np0000004598 devstack@neutron-api.service[90440]: DEBUG neutron_lib.callbacks.manager [None req-64b2f813-1eb3-470f-99d1-566fc2520ad0 None None] Subscribe: > security_group after_delete 55550000, False {{(pid=90440) subscribe /opt/stack/data/venv/lib/python3.12/site-packages/neutron_lib/callbacks/manager.py:52}}
Jul 05 20:01:30.346572 np0000004598 devstack@neutron-api.service[90442]: DEBUG neutron.api.extensions [None req-824f92e9-4a3e-4bf2-9e2b-1ff598d881c7 None None] Extended resource: tags {{(pid=90442) __init__ /opt/stack/neutron/neutron/api/extensions.py:156}}
Jul 05 20:01:30.346726 np0000004598 devstack@neutron-api.service[90440]: DEBUG neutron_lib.callbacks.manager [None req-64b2f813-1eb3-470f-99d1-566fc2520ad0 None None] Subscribe: > security_group_rule precommit_create 55550000, False {{(pid=90440) subscribe /opt/stack/data/venv/lib/python3.12/site-packages/neutron_lib/callbacks/manager.py:52}}
Jul 05 20:01:30.346726 np0000004598 devstack@neutron-api.service[90440]: DEBUG neutron_lib.callbacks.manager [None req-64b2f813-1eb3-470f-99d1-566fc2520ad0 None None] Subscribe: > security_group_rule after_create 55550000, False {{(pid=90440) subscribe /opt/stack/data/venv/lib/python3.12/site-packages/neutron_lib/callbacks/manager.py:52}}
Jul 05 20:01:30.346726 np0000004598 devstack@neutron-api.service[90440]: DEBUG neutron_lib.callbacks.manager [None req-64b2f813-1eb3-470f-99d1-566fc2520ad0 None None] Subscribe: > security_group_rule before_delete 55550000, False {{(pid=90440) subscribe /opt/stack/data/venv/lib/python3.12/site-packages/neutron_lib/callbacks/manager.py:52}}
Jul 05 20:01:30.346842 np0000004598 devstack@neutron-api.service[90440]: DEBUG neutron_lib.callbacks.manager [None req-64b2f813-1eb3-470f-99d1-566fc2520ad0 None None] Subscribe: > address_group after_create 55550000, False {{(pid=90440) subscribe /opt/stack/data/venv/lib/python3.12/site-packages/neutron_lib/callbacks/manager.py:52}}
Jul 05 20:01:30.347574 np0000004598 devstack@neutron-api.service[90440]: DEBUG neutron_lib.callbacks.manager [None req-64b2f813-1eb3-470f-99d1-566fc2520ad0 None None] Subscribe: > address_group after_update 55550000, False {{(pid=90440) subscribe /opt/stack/data/venv/lib/python3.12/site-packages/neutron_lib/callbacks/manager.py:52}}
Jul 05 20:01:30.347736 np0000004598 devstack@neutron-api.service[90442]: DEBUG neutron.api.extensions [None req-824f92e9-4a3e-4bf2-9e2b-1ff598d881c7 None None] Extended resource: tags {{(pid=90442) __init__ /opt/stack/neutron/neutron/api/extensions.py:156}}
Jul 05 20:01:30.347862 np0000004598 devstack@neutron-api.service[90440]: DEBUG neutron_lib.callbacks.manager [None req-64b2f813-1eb3-470f-99d1-566fc2520ad0 None None] Subscribe: > address_group after_delete 55550000, False {{(pid=90440) subscribe /opt/stack/data/venv/lib/python3.12/site-packages/neutron_lib/callbacks/manager.py:52}}
Jul 05 20:01:30.347862 np0000004598 devstack@neutron-api.service[90440]: DEBUG neutron_lib.callbacks.manager [None req-64b2f813-1eb3-470f-99d1-566fc2520ad0 None None] Subscribe: > qos_plugin after_init 55550000, False {{(pid=90440) subscribe /opt/stack/data/venv/lib/python3.12/site-packages/neutron_lib/callbacks/manager.py:52}}
Jul 05 20:01:30.348191 np0000004598 devstack@neutron-api.service[90441]: DEBUG neutron.manager [None req-ab1e5e07-d09c-4094-b2d0-e4b6e418c3b7 None None] Successfully loaded timestamp plugin. Description: Adds timestamps to Neutron resources with standard attributes {{(pid=90441) _create_and_add_service_plugin /opt/stack/neutron/neutron/manager.py:236}}
Jul 05 20:01:30.348437 np0000004598 devstack@neutron-api.service[90440]: DEBUG neutron_lib.callbacks.manager [None req-64b2f813-1eb3-470f-99d1-566fc2520ad0 None None] Subscribe: > trunk_plugin after_init 55550000, False {{(pid=90440) subscribe /opt/stack/data/venv/lib/python3.12/site-packages/neutron_lib/callbacks/manager.py:52}}
Jul 05 20:01:30.348790 np0000004598 devstack@neutron-api.service[90442]: DEBUG neutron.api.extensions [None req-824f92e9-4a3e-4bf2-9e2b-1ff598d881c7 None None] Extended resource: tags {{(pid=90442) __init__ /opt/stack/neutron/neutron/api/extensions.py:156}}
Jul 05 20:01:30.349264 np0000004598 devstack@neutron-api.service[90441]: INFO neutron.manager [None req-ab1e5e07-d09c-4094-b2d0-e4b6e418c3b7 None None] Loading Plugin: network_ip_availability
Jul 05 20:01:30.349710 np0000004598 devstack@neutron-api.service[90440]: DEBUG neutron_lib.callbacks.manager [None req-64b2f813-1eb3-470f-99d1-566fc2520ad0 None None] Subscribe: > logging-plugin after_init 55550000, False {{(pid=90440) subscribe /opt/stack/data/venv/lib/python3.12/site-packages/neutron_lib/callbacks/manager.py:52}}
Jul 05 20:01:30.350129 np0000004598 devstack@neutron-api.service[90442]: DEBUG neutron.api.extensions [None req-824f92e9-4a3e-4bf2-9e2b-1ff598d881c7 None None] Extended resource: tags {{(pid=90442) __init__ /opt/stack/neutron/neutron/api/extensions.py:156}}
Jul 05 20:01:30.350441 np0000004598 devstack@neutron-api.service[90440]: INFO neutron.services.logapi.drivers.ovn.driver [None req-64b2f813-1eb3-470f-99d1-566fc2520ad0 None None] OVN logging driver registered
Jul 05 20:01:30.350441 np0000004598 devstack@neutron-api.service[90440]: DEBUG neutron_lib.callbacks.manager [None req-64b2f813-1eb3-470f-99d1-566fc2520ad0 None None] Subscribe: ._register_pvlan_driver at 0x76d1bf0ac400> pvlan_plugin before_spawn 55550000, False {{(pid=90440) subscribe /opt/stack/data/venv/lib/python3.12/site-packages/neutron_lib/callbacks/manager.py:52}}
Jul 05 20:01:30.350441 np0000004598 devstack@neutron-api.service[90440]: DEBUG neutron_lib.callbacks.manager [None req-64b2f813-1eb3-470f-99d1-566fc2520ad0 None None] Subscribe: process after_init 55550000, False {{(pid=90440) subscribe /opt/stack/data/venv/lib/python3.12/site-packages/neutron_lib/callbacks/manager.py:52}}
Jul 05 20:01:30.350797 np0000004598 devstack@neutron-api.service[90442]: DEBUG neutron.api.extensions [None req-824f92e9-4a3e-4bf2-9e2b-1ff598d881c7 None None] Extended resource: tags {{(pid=90442) __init__ /opt/stack/neutron/neutron/api/extensions.py:156}}
Jul 05 20:01:30.350797 np0000004598 devstack@neutron-api.service[90442]: DEBUG neutron.api.extensions [None req-824f92e9-4a3e-4bf2-9e2b-1ff598d881c7 None None] Extended resource: tags {{(pid=90442) __init__ /opt/stack/neutron/neutron/api/extensions.py:156}}
Jul 05 20:01:30.351146 np0000004598 devstack@neutron-api.service[90441]: DEBUG neutron.manager [None req-ab1e5e07-d09c-4094-b2d0-e4b6e418c3b7 None None] Successfully loaded network-ip-availability plugin. Description: Provides IP availability data for each network and subnet. {{(pid=90441) _create_and_add_service_plugin /opt/stack/neutron/neutron/manager.py:236}}
Jul 05 20:01:30.351146 np0000004598 devstack@neutron-api.service[90441]: INFO neutron.manager [None req-ab1e5e07-d09c-4094-b2d0-e4b6e418c3b7 None None] Loading Plugin: flavors
Jul 05 20:01:30.351263 np0000004598 devstack@neutron-api.service[90442]: DEBUG neutron.api.extensions [None req-824f92e9-4a3e-4bf2-9e2b-1ff598d881c7 None None] Extended resource: tags {{(pid=90442) __init__ /opt/stack/neutron/neutron/api/extensions.py:156}}
Jul 05 20:01:30.351671 np0000004598 devstack@neutron-api.service[90440]: DEBUG neutron.plugins.ml2.plugin [None req-64b2f813-1eb3-470f-99d1-566fc2520ad0 None None] neutron.plugins.ml2.plugin.Ml2Plugin method _start_rpc_notifiers called with arguments () {} {{(pid=90440) wrapper /opt/stack/data/venv/lib/python3.12/site-packages/oslo_log/helpers.py:77}}
Jul 05 20:01:30.351797 np0000004598 devstack@neutron-api.service[90442]: DEBUG neutron.api.extensions [None req-824f92e9-4a3e-4bf2-9e2b-1ff598d881c7 None None] Extended resource: tags {{(pid=90442) __init__ /opt/stack/neutron/neutron/api/extensions.py:156}}
Jul 05 20:01:30.351890 np0000004598 devstack@neutron-api.service[90441]: DEBUG neutron.manager [None req-ab1e5e07-d09c-4094-b2d0-e4b6e418c3b7 None None] Successfully loaded FLAVORS plugin. Description: Neutron Flavors and Service Profiles manager plugin {{(pid=90441) _create_and_add_service_plugin /opt/stack/neutron/neutron/manager.py:236}}
Jul 05 20:01:30.351890 np0000004598 devstack@neutron-api.service[90441]: INFO neutron.manager [None req-ab1e5e07-d09c-4094-b2d0-e4b6e418c3b7 None None] Loading Plugin: revisions
Jul 05 20:01:30.352028 np0000004598 devstack@neutron-api.service[90440]: DEBUG neutron_lib.callbacks.manager [None req-64b2f813-1eb3-470f-99d1-566fc2520ad0 None None] Subscribe: > port after_create 55550000, False {{(pid=90440) subscribe /opt/stack/data/venv/lib/python3.12/site-packages/neutron_lib/callbacks/manager.py:52}}
Jul 05 20:01:30.352028 np0000004598 devstack@neutron-api.service[90440]: DEBUG neutron_lib.callbacks.manager [None req-64b2f813-1eb3-470f-99d1-566fc2520ad0 None None] Subscribe: > port after_update 55550000, False {{(pid=90440) subscribe /opt/stack/data/venv/lib/python3.12/site-packages/neutron_lib/callbacks/manager.py:52}}
Jul 05 20:01:30.352163 np0000004598 devstack@neutron-api.service[90442]: DEBUG neutron.api.extensions [None req-824f92e9-4a3e-4bf2-9e2b-1ff598d881c7 None None] Extended resource: tags {{(pid=90442) __init__ /opt/stack/neutron/neutron/api/extensions.py:156}}
Jul 05 20:01:30.352272 np0000004598 devstack@neutron-api.service[90440]: DEBUG neutron_lib.callbacks.manager [None req-64b2f813-1eb3-470f-99d1-566fc2520ad0 None None] Subscribe: > port after_delete 55550000, False {{(pid=90440) subscribe /opt/stack/data/venv/lib/python3.12/site-packages/neutron_lib/callbacks/manager.py:52}}
Jul 05 20:01:30.352272 np0000004598 devstack@neutron-api.service[90440]: DEBUG neutron_lib.callbacks.manager [None req-64b2f813-1eb3-470f-99d1-566fc2520ad0 None None] Subscribe: > subnet after_create 55550000, False {{(pid=90440) subscribe /opt/stack/data/venv/lib/python3.12/site-packages/neutron_lib/callbacks/manager.py:52}}
Jul 05 20:01:30.352272 np0000004598 devstack@neutron-api.service[90440]: DEBUG neutron_lib.callbacks.manager [None req-64b2f813-1eb3-470f-99d1-566fc2520ad0 None None] Subscribe: > subnet after_update 55550000, False {{(pid=90440) subscribe /opt/stack/data/venv/lib/python3.12/site-packages/neutron_lib/callbacks/manager.py:52}}
Jul 05 20:01:30.352272 np0000004598 devstack@neutron-api.service[90440]: DEBUG neutron_lib.callbacks.manager [None req-64b2f813-1eb3-470f-99d1-566fc2520ad0 None None] Subscribe: > subnet after_delete 55550000, False {{(pid=90440) subscribe /opt/stack/data/venv/lib/python3.12/site-packages/neutron_lib/callbacks/manager.py:52}}
Jul 05 20:01:30.352440 np0000004598 devstack@neutron-api.service[90442]: DEBUG neutron.api.extensions [None req-824f92e9-4a3e-4bf2-9e2b-1ff598d881c7 None None] Extended resource: tags {{(pid=90442) __init__ /opt/stack/neutron/neutron/api/extensions.py:156}}
Jul 05 20:01:30.352512 np0000004598 devstack@neutron-api.service[90440]: DEBUG neutron_lib.callbacks.manager [None req-64b2f813-1eb3-470f-99d1-566fc2520ad0 None None] Subscribe: > network after_create 55550000, False {{(pid=90440) subscribe /opt/stack/data/venv/lib/python3.12/site-packages/neutron_lib/callbacks/manager.py:52}}
Jul 05 20:01:30.352512 np0000004598 devstack@neutron-api.service[90440]: DEBUG neutron_lib.callbacks.manager [None req-64b2f813-1eb3-470f-99d1-566fc2520ad0 None None] Subscribe: > network after_update 55550000, False {{(pid=90440) subscribe /opt/stack/data/venv/lib/python3.12/site-packages/neutron_lib/callbacks/manager.py:52}}
Jul 05 20:01:30.352652 np0000004598 devstack@neutron-api.service[90441]: DEBUG neutron.manager [None req-ab1e5e07-d09c-4094-b2d0-e4b6e418c3b7 None None] Successfully loaded revision_plugin plugin. Description: Adds revision numbers to resources. {{(pid=90441) _create_and_add_service_plugin /opt/stack/neutron/neutron/manager.py:236}}
