Jul 24 00:49:06.398902 np0000005792 devstack@g-api.service[103008]: [pid: 103008|app: 0|req: 18/64] 127.0.0.1 () {44 vars in 1051 bytes} [Fri Jul 24 00:49:06 2026] GET /v2/schemas/image => generated 6083 bytes in 5 msecs (HTTP/1.1 200) 4 headers in 158 bytes (1 switches on core 0)
Jul 24 00:49:06.452124 np0000005792 devstack@g-api.service[103011]: DEBUG glance.api.middleware.version_negotiation [None req-b7e84bd5-1c54-440c-be26-b7b5de285456 tempest-ServerBootFromVolumeStableRescueTest-1139452997 tempest-ServerBootFromVolumeStableRescueTest-1139452997-project-member] Determining version of request: GET /v2/schemas/image Accept: */* {{(pid=103011) process_request /opt/stack/glance/glance/api/middleware/version_negotiation.py:44}}
Jul 24 00:49:06.452124 np0000005792 devstack@g-api.service[103011]: DEBUG glance.api.middleware.version_negotiation [None req-b7e84bd5-1c54-440c-be26-b7b5de285456 tempest-ServerBootFromVolumeStableRescueTest-1139452997 tempest-ServerBootFromVolumeStableRescueTest-1139452997-project-member] Using url versioning {{(pid=103011) process_request /opt/stack/glance/glance/api/middleware/version_negotiation.py:57}}
Jul 24 00:49:06.452124 np0000005792 devstack@g-api.service[103011]: DEBUG glance.api.middleware.version_negotiation [None req-b7e84bd5-1c54-440c-be26-b7b5de285456 tempest-ServerBootFromVolumeStableRescueTest-1139452997 tempest-ServerBootFromVolumeStableRescueTest-1139452997-project-member] Matched version: v2 {{(pid=103011) process_request /opt/stack/glance/glance/api/middleware/version_negotiation.py:69}}
Jul 24 00:49:06.452124 np0000005792 devstack@g-api.service[103011]: DEBUG glance.api.middleware.version_negotiation [None req-b7e84bd5-1c54-440c-be26-b7b5de285456 tempest-ServerBootFromVolumeStableRescueTest-1139452997 tempest-ServerBootFromVolumeStableRescueTest-1139452997-project-member] new path /v2/schemas/image {{(pid=103011) process_request /opt/stack/glance/glance/api/middleware/version_negotiation.py:70}}
Jul 24 00:49:06.456501 np0000005792 devstack@g-api.service[103011]: [pid: 103011|app: 0|req: 17/65] 127.0.0.1 () {44 vars in 1051 bytes} [Fri Jul 24 00:49:06 2026] GET /v2/schemas/image => generated 6083 bytes in 6 msecs (HTTP/1.1 200) 4 headers in 158 bytes (1 switches on core 0)
Jul 24 00:49:06.519283 np0000005792 devstack@g-api.service[103009]: DEBUG glance.api.middleware.version_negotiation [None req-4d51e927-a69d-4d91-9007-02fa4f07464b tempest-ServerBootFromVolumeStableRescueTest-1139452997 tempest-ServerBootFromVolumeStableRescueTest-1139452997-project-member] Determining version of request: PATCH /v2/images/d2976ee0-b6a7-4c10-b8b3-bd70b09e426e Accept: */* {{(pid=103009) process_request /opt/stack/glance/glance/api/middleware/version_negotiation.py:44}}
Jul 24 00:49:06.519614 np0000005792 devstack@g-api.service[103009]: DEBUG glance.api.middleware.version_negotiation [None req-4d51e927-a69d-4d91-9007-02fa4f07464b tempest-ServerBootFromVolumeStableRescueTest-1139452997 tempest-ServerBootFromVolumeStableRescueTest-1139452997-project-member] Using url versioning {{(pid=103009) process_request /opt/stack/glance/glance/api/middleware/version_negotiation.py:57}}
Jul 24 00:49:06.519689 np0000005792 devstack@g-api.service[103009]: DEBUG glance.api.middleware.version_negotiation [None req-4d51e927-a69d-4d91-9007-02fa4f07464b tempest-ServerBootFromVolumeStableRescueTest-1139452997 tempest-ServerBootFromVolumeStableRescueTest-1139452997-project-member] Matched version: v2 {{(pid=103009) process_request /opt/stack/glance/glance/api/middleware/version_negotiation.py:69}}
Jul 24 00:49:06.519864 np0000005792 devstack@g-api.service[103009]: DEBUG glance.api.middleware.version_negotiation [None req-4d51e927-a69d-4d91-9007-02fa4f07464b tempest-ServerBootFromVolumeStableRescueTest-1139452997 tempest-ServerBootFromVolumeStableRescueTest-1139452997-project-member] new path /v2/images/d2976ee0-b6a7-4c10-b8b3-bd70b09e426e {{(pid=103009) process_request /opt/stack/glance/glance/api/middleware/version_negotiation.py:70}}
Jul 24 00:49:06.694830 np0000005792 devstack@g-api.service[103010]: DEBUG glance.api.middleware.version_negotiation [None req-b7e84bd5-1c54-440c-be26-b7b5de285456 tempest-ServerBootFromVolumeStableRescueTest-1139452997 tempest-ServerBootFromVolumeStableRescueTest-1139452997-project-member] Determining version of request: GET /v2/images/d2976ee0-b6a7-4c10-b8b3-bd70b09e426e Accept: application/json {{(pid=103010) process_request /opt/stack/glance/glance/api/middleware/version_negotiation.py:44}}
Jul 24 00:49:06.695023 np0000005792 devstack@g-api.service[103010]: DEBUG glance.api.middleware.version_negotiation [None req-b7e84bd5-1c54-440c-be26-b7b5de285456 tempest-ServerBootFromVolumeStableRescueTest-1139452997 tempest-ServerBootFromVolumeStableRescueTest-1139452997-project-member] Using url versioning {{(pid=103010) process_request /opt/stack/glance/glance/api/middleware/version_negotiation.py:57}}
Jul 24 00:49:06.695106 np0000005792 devstack@g-api.service[103010]: DEBUG glance.api.middleware.version_negotiation [None req-b7e84bd5-1c54-440c-be26-b7b5de285456 tempest-ServerBootFromVolumeStableRescueTest-1139452997 tempest-ServerBootFromVolumeStableRescueTest-1139452997-project-member] Matched version: v2 {{(pid=103010) process_request /opt/stack/glance/glance/api/middleware/version_negotiation.py:69}}
Jul 24 00:49:06.695240 np0000005792 devstack@g-api.service[103010]: DEBUG glance.api.middleware.version_negotiation [None req-b7e84bd5-1c54-440c-be26-b7b5de285456 tempest-ServerBootFromVolumeStableRescueTest-1139452997 tempest-ServerBootFromVolumeStableRescueTest-1139452997-project-member] new path /v2/images/d2976ee0-b6a7-4c10-b8b3-bd70b09e426e {{(pid=103010) process_request /opt/stack/glance/glance/api/middleware/version_negotiation.py:70}}
Jul 24 00:49:06.708764 np0000005792 devstack@g-api.service[103010]: [pid: 103010|app: 0|req: 15/66] 127.0.0.1 () {40 vars in 834 bytes} [Fri Jul 24 00:49:06 2026] GET /v2/images/d2976ee0-b6a7-4c10-b8b3-bd70b09e426e => generated 1360 bytes in 14 msecs (HTTP/1.1 200) 4 headers in 158 bytes (1 switches on core 0)
Jul 24 00:49:06.737767 np0000005792 devstack@g-api.service[103009]: [pid: 103009|app: 0|req: 17/67] 127.0.0.1 () {46 vars in 1154 bytes} [Fri Jul 24 00:49:06 2026] PATCH /v2/images/d2976ee0-b6a7-4c10-b8b3-bd70b09e426e => generated 1471 bytes in 219 msecs (HTTP/1.1 200) 4 headers in 158 bytes (1 switches on core 0)
Jul 24 00:49:06.804023 np0000005792 devstack@g-api.service[103008]: DEBUG glance.api.middleware.version_negotiation [None req-b7e84bd5-1c54-440c-be26-b7b5de285456 tempest-ServerBootFromVolumeStableRescueTest-1139452997 tempest-ServerBootFromVolumeStableRescueTest-1139452997-project-member] Determining version of request: GET /v2/images/d2976ee0-b6a7-4c10-b8b3-bd70b09e426e Accept: */* {{(pid=103008) process_request /opt/stack/glance/glance/api/middleware/version_negotiation.py:44}}
Jul 24 00:49:06.804171 np0000005792 devstack@g-api.service[103008]: DEBUG glance.api.middleware.version_negotiation [None req-b7e84bd5-1c54-440c-be26-b7b5de285456 tempest-ServerBootFromVolumeStableRescueTest-1139452997 tempest-ServerBootFromVolumeStableRescueTest-1139452997-project-member] Using url versioning {{(pid=103008) process_request /opt/stack/glance/glance/api/middleware/version_negotiation.py:57}}
Jul 24 00:49:06.804325 np0000005792 devstack@g-api.service[103008]: DEBUG glance.api.middleware.version_negotiation [None req-b7e84bd5-1c54-440c-be26-b7b5de285456 tempest-ServerBootFromVolumeStableRescueTest-1139452997 tempest-ServerBootFromVolumeStableRescueTest-1139452997-project-member] Matched version: v2 {{(pid=103008) process_request /opt/stack/glance/glance/api/middleware/version_negotiation.py:69}}
Jul 24 00:49:06.804422 np0000005792 devstack@g-api.service[103008]: DEBUG glance.api.middleware.version_negotiation [None req-b7e84bd5-1c54-440c-be26-b7b5de285456 tempest-ServerBootFromVolumeStableRescueTest-1139452997 tempest-ServerBootFromVolumeStableRescueTest-1139452997-project-member] new path /v2/images/d2976ee0-b6a7-4c10-b8b3-bd70b09e426e {{(pid=103008) process_request /opt/stack/glance/glance/api/middleware/version_negotiation.py:70}}
Jul 24 00:49:06.822915 np0000005792 devstack@g-api.service[103008]: [pid: 103008|app: 0|req: 19/68] 127.0.0.1 () {44 vars in 1111 bytes} [Fri Jul 24 00:49:06 2026] GET /v2/images/d2976ee0-b6a7-4c10-b8b3-bd70b09e426e => generated 1471 bytes in 19 msecs (HTTP/1.1 200) 4 headers in 158 bytes (1 switches on core 0)
Jul 24 00:49:06.915217 np0000005792 devstack@g-api.service[103011]: DEBUG glance.api.middleware.version_negotiation [None req-b7e84bd5-1c54-440c-be26-b7b5de285456 tempest-ServerBootFromVolumeStableRescueTest-1139452997 tempest-ServerBootFromVolumeStableRescueTest-1139452997-project-member] Determining version of request: PUT /v2/images/d2976ee0-b6a7-4c10-b8b3-bd70b09e426e/file Accept: */* {{(pid=103011) process_request /opt/stack/glance/glance/api/middleware/version_negotiation.py:44}}
Jul 24 00:49:06.916009 np0000005792 devstack@g-api.service[103011]: DEBUG glance.api.middleware.version_negotiation [None req-b7e84bd5-1c54-440c-be26-b7b5de285456 tempest-ServerBootFromVolumeStableRescueTest-1139452997 tempest-ServerBootFromVolumeStableRescueTest-1139452997-project-member] Using url versioning {{(pid=103011) process_request /opt/stack/glance/glance/api/middleware/version_negotiation.py:57}}
Jul 24 00:49:06.916009 np0000005792 devstack@g-api.service[103011]: DEBUG glance.api.middleware.version_negotiation [None req-b7e84bd5-1c54-440c-be26-b7b5de285456 tempest-ServerBootFromVolumeStableRescueTest-1139452997 tempest-ServerBootFromVolumeStableRescueTest-1139452997-project-member] Matched version: v2 {{(pid=103011) process_request /opt/stack/glance/glance/api/middleware/version_negotiation.py:69}}
Jul 24 00:49:06.916009 np0000005792 devstack@g-api.service[103011]: DEBUG glance.api.middleware.version_negotiation [None req-b7e84bd5-1c54-440c-be26-b7b5de285456 tempest-ServerBootFromVolumeStableRescueTest-1139452997 tempest-ServerBootFromVolumeStableRescueTest-1139452997-project-member] new path /v2/images/d2976ee0-b6a7-4c10-b8b3-bd70b09e426e/file {{(pid=103011) process_request /opt/stack/glance/glance/api/middleware/version_negotiation.py:70}}
Jul 24 00:49:07.724709 np0000005792 devstack@g-api.service[103010]: DEBUG glance.api.middleware.version_negotiation [None req-3a1c109b-49b5-40c7-b42b-b591e0af1d39 tempest-ServerBootFromVolumeStableRescueTest-1139452997 tempest-ServerBootFromVolumeStableRescueTest-1139452997-project-member] Determining version of request: GET /v2/images/d2976ee0-b6a7-4c10-b8b3-bd70b09e426e Accept: application/json {{(pid=103010) process_request /opt/stack/glance/glance/api/middleware/version_negotiation.py:44}}
Jul 24 00:49:07.725219 np0000005792 devstack@g-api.service[103010]: DEBUG glance.api.middleware.version_negotiation [None req-3a1c109b-49b5-40c7-b42b-b591e0af1d39 tempest-ServerBootFromVolumeStableRescueTest-1139452997 tempest-ServerBootFromVolumeStableRescueTest-1139452997-project-member] Using url versioning {{(pid=103010) process_request /opt/stack/glance/glance/api/middleware/version_negotiation.py:57}}
Jul 24 00:49:07.725219 np0000005792 devstack@g-api.service[103010]: DEBUG glance.api.middleware.version_negotiation [None req-3a1c109b-49b5-40c7-b42b-b591e0af1d39 tempest-ServerBootFromVolumeStableRescueTest-1139452997 tempest-ServerBootFromVolumeStableRescueTest-1139452997-project-member] Matched version: v2 {{(pid=103010) process_request /opt/stack/glance/glance/api/middleware/version_negotiation.py:69}}
Jul 24 00:49:07.725219 np0000005792 devstack@g-api.service[103010]: DEBUG glance.api.middleware.version_negotiation [None req-3a1c109b-49b5-40c7-b42b-b591e0af1d39 tempest-ServerBootFromVolumeStableRescueTest-1139452997 tempest-ServerBootFromVolumeStableRescueTest-1139452997-project-member] new path /v2/images/d2976ee0-b6a7-4c10-b8b3-bd70b09e426e {{(pid=103010) process_request /opt/stack/glance/glance/api/middleware/version_negotiation.py:70}}
Jul 24 00:49:07.747598 np0000005792 devstack@g-api.service[103010]: [pid: 103010|app: 0|req: 16/69] 127.0.0.1 () {40 vars in 834 bytes} [Fri Jul 24 00:49:07 2026] GET /v2/images/d2976ee0-b6a7-4c10-b8b3-bd70b09e426e => generated 1471 bytes in 23 msecs (HTTP/1.1 200) 4 headers in 158 bytes (1 switches on core 0)
Jul 24 00:49:07.906794 np0000005792 devstack@g-api.service[103011]: INFO glance.api.v2.image_data [None req-b7e84bd5-1c54-440c-be26-b7b5de285456 tempest-ServerBootFromVolumeStableRescueTest-1139452997 tempest-ServerBootFromVolumeStableRescueTest-1139452997-project-member] Unable to create trust: no such option collect_timing in group [keystone_authtoken] Use the existing user token.
Jul 24 00:49:08.765168 np0000005792 devstack@g-api.service[103009]: DEBUG glance.api.middleware.version_negotiation [None req-b7e84bd5-1c54-440c-be26-b7b5de285456 tempest-ServerBootFromVolumeStableRescueTest-1139452997 tempest-ServerBootFromVolumeStableRescueTest-1139452997-project-member] Determining version of request: GET /v2/images/d2976ee0-b6a7-4c10-b8b3-bd70b09e426e Accept: application/json {{(pid=103009) process_request /opt/stack/glance/glance/api/middleware/version_negotiation.py:44}}
Jul 24 00:49:08.769078 np0000005792 devstack@g-api.service[103009]: DEBUG glance.api.middleware.version_negotiation [None req-b7e84bd5-1c54-440c-be26-b7b5de285456 tempest-ServerBootFromVolumeStableRescueTest-1139452997 tempest-ServerBootFromVolumeStableRescueTest-1139452997-project-member] Using url versioning {{(pid=103009) process_request /opt/stack/glance/glance/api/middleware/version_negotiation.py:57}}
Jul 24 00:49:08.769078 np0000005792 devstack@g-api.service[103009]: DEBUG glance.api.middleware.version_negotiation [None req-b7e84bd5-1c54-440c-be26-b7b5de285456 tempest-ServerBootFromVolumeStableRescueTest-1139452997 tempest-ServerBootFromVolumeStableRescueTest-1139452997-project-member] Matched version: v2 {{(pid=103009) process_request /opt/stack/glance/glance/api/middleware/version_negotiation.py:69}}
Jul 24 00:49:08.769078 np0000005792 devstack@g-api.service[103009]: DEBUG glance.api.middleware.version_negotiation [None req-b7e84bd5-1c54-440c-be26-b7b5de285456 tempest-ServerBootFromVolumeStableRescueTest-1139452997 tempest-ServerBootFromVolumeStableRescueTest-1139452997-project-member] new path /v2/images/d2976ee0-b6a7-4c10-b8b3-bd70b09e426e {{(pid=103009) process_request /opt/stack/glance/glance/api/middleware/version_negotiation.py:70}}
Jul 24 00:49:08.783870 np0000005792 devstack@g-api.service[103009]: [pid: 103009|app: 0|req: 18/70] 127.0.0.1 () {40 vars in 834 bytes} [Fri Jul 24 00:49:08 2026] GET /v2/images/d2976ee0-b6a7-4c10-b8b3-bd70b09e426e => generated 1471 bytes in 19 msecs (HTTP/1.1 200) 4 headers in 158 bytes (1 switches on core 0)
Jul 24 00:49:08.947022 np0000005792 devstack@g-api.service[103011]: DEBUG glance.location [None req-b7e84bd5-1c54-440c-be26-b7b5de285456 tempest-ServerBootFromVolumeStableRescueTest-1139452997 tempest-ServerBootFromVolumeStableRescueTest-1139452997-project-member] Enabling in-flight format inspection for qcow2 {{(pid=103011) set_data /opt/stack/glance/glance/location.py:596}}
Jul 24 00:49:08.947511 np0000005792 devstack@g-api.service[103011]: DEBUG glance_store.backend [None req-b7e84bd5-1c54-440c-be26-b7b5de285456 tempest-ServerBootFromVolumeStableRescueTest-1139452997 tempest-ServerBootFromVolumeStableRescueTest-1139452997-project-member] Attempting to import store swift {{(pid=103011) _load_store /opt/stack/data/venv/lib/python3.12/site-packages/glance_store/backend.py:215}}
Jul 24 00:49:08.949002 np0000005792 devstack@g-api.service[103011]: DEBUG glance_store.capabilities [None req-b7e84bd5-1c54-440c-be26-b7b5de285456 tempest-ServerBootFromVolumeStableRescueTest-1139452997 tempest-ServerBootFromVolumeStableRescueTest-1139452997-project-member] Store glance_store._drivers.swift.store.SingleTenantStore doesn't support updating dynamic storage capabilities. Please overwrite 'update_capabilities' method of the store to implement updating logics if needed. {{(pid=103011) update_capabilities /opt/stack/data/venv/lib/python3.12/site-packages/glance_store/capabilities.py:91}}
Jul 24 00:49:08.949244 np0000005792 devstack@g-api.service[103011]: DEBUG glance_store.driver [None req-b7e84bd5-1c54-440c-be26-b7b5de285456 tempest-ServerBootFromVolumeStableRescueTest-1139452997 tempest-ServerBootFromVolumeStableRescueTest-1139452997-project-member] Late loading location class glance_store._drivers.swift.store.StoreLocation {{(pid=103011) get_store_location_class /opt/stack/data/venv/lib/python3.12/site-packages/glance_store/driver.py:134}}
Jul 24 00:49:08.949244 np0000005792 devstack@g-api.service[103011]: DEBUG glance_store.location [None req-b7e84bd5-1c54-440c-be26-b7b5de285456 tempest-ServerBootFromVolumeStableRescueTest-1139452997 tempest-ServerBootFromVolumeStableRescueTest-1139452997-project-member] Registering scheme swift+https with {'store': , 'location_class': , 'store_entry': 'swift'} {{(pid=103011) register_scheme_map /opt/stack/data/venv/lib/python3.12/site-packages/glance_store/location.py:146}}
Jul 24 00:49:08.949419 np0000005792 devstack@g-api.service[103011]: DEBUG glance_store.location [None req-b7e84bd5-1c54-440c-be26-b7b5de285456 tempest-ServerBootFromVolumeStableRescueTest-1139452997 tempest-ServerBootFromVolumeStableRescueTest-1139452997-project-member] Registering scheme swift+https with {'store': , 'location_class': , 'store_entry': 'swift'} {{(pid=103011) register_scheme_map /opt/stack/data/venv/lib/python3.12/site-packages/glance_store/location.py:146}}
Jul 24 00:49:08.949419 np0000005792 devstack@g-api.service[103011]: DEBUG glance_store.location [None req-b7e84bd5-1c54-440c-be26-b7b5de285456 tempest-ServerBootFromVolumeStableRescueTest-1139452997 tempest-ServerBootFromVolumeStableRescueTest-1139452997-project-member] Registering scheme swift with {'store': , 'location_class': , 'store_entry': 'swift'} {{(pid=103011) register_scheme_map /opt/stack/data/venv/lib/python3.12/site-packages/glance_store/location.py:146}}
Jul 24 00:49:08.949557 np0000005792 devstack@g-api.service[103011]: DEBUG glance_store.location [None req-b7e84bd5-1c54-440c-be26-b7b5de285456 tempest-ServerBootFromVolumeStableRescueTest-1139452997 tempest-ServerBootFromVolumeStableRescueTest-1139452997-project-member] Registering scheme swift+https with {'store': , 'location_class': , 'store_entry': 'swift'} {{(pid=103011) register_scheme_map /opt/stack/data/venv/lib/python3.12/site-packages/glance_store/location.py:146}}
Jul 24 00:49:08.949557 np0000005792 devstack@g-api.service[103011]: DEBUG glance_store.location [None req-b7e84bd5-1c54-440c-be26-b7b5de285456 tempest-ServerBootFromVolumeStableRescueTest-1139452997 tempest-ServerBootFromVolumeStableRescueTest-1139452997-project-member] Registering scheme swift with {'store': , 'location_class': , 'store_entry': 'swift'} {{(pid=103011) register_scheme_map /opt/stack/data/venv/lib/python3.12/site-packages/glance_store/location.py:146}}
Jul 24 00:49:08.949615 np0000005792 devstack@g-api.service[103011]: DEBUG glance_store.location [None req-b7e84bd5-1c54-440c-be26-b7b5de285456 tempest-ServerBootFromVolumeStableRescueTest-1139452997 tempest-ServerBootFromVolumeStableRescueTest-1139452997-project-member] Registering scheme swift+http with {'store': , 'location_class': , 'store_entry': 'swift'} {{(pid=103011) register_scheme_map /opt/stack/data/venv/lib/python3.12/site-packages/glance_store/location.py:146}}
Jul 24 00:49:08.949735 np0000005792 devstack@g-api.service[103011]: DEBUG glance_store.location [None req-b7e84bd5-1c54-440c-be26-b7b5de285456 tempest-ServerBootFromVolumeStableRescueTest-1139452997 tempest-ServerBootFromVolumeStableRescueTest-1139452997-project-member] Registering scheme swift+https with {'store': , 'location_class': , 'store_entry': 'swift'} {{(pid=103011) register_scheme_map /opt/stack/data/venv/lib/python3.12/site-packages/glance_store/location.py:146}}
Jul 24 00:49:08.949735 np0000005792 devstack@g-api.service[103011]: DEBUG glance_store.location [None req-b7e84bd5-1c54-440c-be26-b7b5de285456 tempest-ServerBootFromVolumeStableRescueTest-1139452997 tempest-ServerBootFromVolumeStableRescueTest-1139452997-project-member] Registering scheme swift with {'store': , 'location_class': , 'store_entry': 'swift'} {{(pid=103011) register_scheme_map /opt/stack/data/venv/lib/python3.12/site-packages/glance_store/location.py:146}}
Jul 24 00:49:08.949892 np0000005792 devstack@g-api.service[103011]: DEBUG glance_store.location [None req-b7e84bd5-1c54-440c-be26-b7b5de285456 tempest-ServerBootFromVolumeStableRescueTest-1139452997 tempest-ServerBootFromVolumeStableRescueTest-1139452997-project-member] Registering scheme swift+http with {'store': , 'location_class': , 'store_entry': 'swift'} {{(pid=103011) register_scheme_map /opt/stack/data/venv/lib/python3.12/site-packages/glance_store/location.py:146}}
Jul 24 00:49:08.949978 np0000005792 devstack@g-api.service[103011]: DEBUG glance_store.location [None req-b7e84bd5-1c54-440c-be26-b7b5de285456 tempest-ServerBootFromVolumeStableRescueTest-1139452997 tempest-ServerBootFromVolumeStableRescueTest-1139452997-project-member] Registering scheme swift+config with {'store': , 'location_class': , 'store_entry': 'swift'} {{(pid=103011) register_scheme_map /opt/stack/data/venv/lib/python3.12/site-packages/glance_store/location.py:146}}
Jul 24 00:49:09.576586 np0000005792 devstack@g-api.service[103011]: DEBUG swiftclient [None req-b7e84bd5-1c54-440c-be26-b7b5de285456 tempest-ServerBootFromVolumeStableRescueTest-1139452997 tempest-ServerBootFromVolumeStableRescueTest-1139452997-project-member] REQ: curl -i https://10.4.3.67:8080/v1/AUTH_b5d786d35e4a4f5b882acd2ae504e319/glance -I -H "X-Auth-Token: gAAAAABqYraFQg1Z..." {{(pid=103011) http_log /opt/stack/data/venv/lib/python3.12/site-packages/swiftclient/client.py:160}}
Jul 24 00:49:09.576731 np0000005792 devstack@g-api.service[103011]: DEBUG swiftclient [None req-b7e84bd5-1c54-440c-be26-b7b5de285456 tempest-ServerBootFromVolumeStableRescueTest-1139452997 tempest-ServerBootFromVolumeStableRescueTest-1139452997-project-member] RESP STATUS: 204 No Content {{(pid=103011) http_log /opt/stack/data/venv/lib/python3.12/site-packages/swiftclient/client.py:161}}
Jul 24 00:49:09.576826 np0000005792 devstack@g-api.service[103011]: DEBUG swiftclient [None req-b7e84bd5-1c54-440c-be26-b7b5de285456 tempest-ServerBootFromVolumeStableRescueTest-1139452997 tempest-ServerBootFromVolumeStableRescueTest-1139452997-project-member] RESP HEADERS: {'Date': 'Fri, 24 Jul 2026 00:49:09 GMT', 'Server': 'Apache/2.4.58 (Ubuntu)', 'Content-Type': 'text/plain; charset=utf-8', 'X-Container-Object-Count': '3', 'X-Container-Bytes-Used': '64356352', 'X-Timestamp': '1784853997.04788', 'Last-Modified': 'Fri, 24 Jul 2026 00:46:38 GMT', 'Accept-Ranges': 'bytes', 'X-Storage-Policy': 'Policy-0', 'X-Container-Sharding': 'False', 'Vary': 'Accept', 'X-Trans-Id': 'txe8cf67caffa541f581a87-006a62b685', 'X-Openstack-Request-Id': 'txe8cf67caffa541f581a87-006a62b685', 'Connection': 'close'} {{(pid=103011) http_log /opt/stack/data/venv/lib/python3.12/site-packages/swiftclient/client.py:162}}
Jul 24 00:49:09.577116 np0000005792 devstack@g-api.service[103011]: DEBUG glance_store._drivers.swift.store [None req-b7e84bd5-1c54-440c-be26-b7b5de285456 tempest-ServerBootFromVolumeStableRescueTest-1139452997 tempest-ServerBootFromVolumeStableRescueTest-1139452997-project-member] Adding image object 'd2976ee0-b6a7-4c10-b8b3-bd70b09e426e' to Swift {{(pid=103011) add /opt/stack/data/venv/lib/python3.12/site-packages/glance_store/_drivers/swift/store.py:970}}
Jul 24 00:49:09.577116 np0000005792 devstack@g-api.service[103011]: DEBUG glance_store._drivers.swift.store [None req-b7e84bd5-1c54-440c-be26-b7b5de285456 tempest-ServerBootFromVolumeStableRescueTest-1139452997 tempest-ServerBootFromVolumeStableRescueTest-1139452997-project-member] Cannot determine image size because it is either not provided in the request or chunked-transfer encoding is used. Adding image as a segmented object to Swift. {{(pid=103011) add /opt/stack/data/venv/lib/python3.12/site-packages/glance_store/_drivers/swift/store.py:994}}
Jul 24 00:49:09.585351 np0000005792 devstack@g-api.service[103011]: DEBUG oslo_utils.imageutils.format_inspector [None req-b7e84bd5-1c54-440c-be26-b7b5de285456 tempest-ServerBootFromVolumeStableRescueTest-1139452997 tempest-ServerBootFromVolumeStableRescueTest-1139452997-project-member] Format inspector for vmdk does not match, excluding from consideration (Signature KDMV not found: b'QFI\xfb') {{(pid=103011) _process_chunk /opt/stack/data/venv/lib/python3.12/site-packages/oslo_utils/imageutils/format_inspector.py:1758}}
Jul 24 00:49:09.589140 np0000005792 devstack@g-api.service[103011]: DEBUG oslo_utils.imageutils.format_inspector [None req-b7e84bd5-1c54-440c-be26-b7b5de285456 tempest-ServerBootFromVolumeStableRescueTest-1139452997 tempest-ServerBootFromVolumeStableRescueTest-1139452997-project-member] Format inspector for vhdx does not match, excluding from consideration (Region signature not found at 30000) {{(pid=103011) _process_chunk /opt/stack/data/venv/lib/python3.12/site-packages/oslo_utils/imageutils/format_inspector.py:1758}}
Jul 24 00:49:09.805297 np0000005792 devstack@g-api.service[103008]: DEBUG glance.api.middleware.version_negotiation [None req-b7e84bd5-1c54-440c-be26-b7b5de285456 tempest-ServerBootFromVolumeStableRescueTest-1139452997 tempest-ServerBootFromVolumeStableRescueTest-1139452997-project-member] Determining version of request: GET /v2/images/d2976ee0-b6a7-4c10-b8b3-bd70b09e426e Accept: application/json {{(pid=103008) process_request /opt/stack/glance/glance/api/middleware/version_negotiation.py:44}}
Jul 24 00:49:09.805297 np0000005792 devstack@g-api.service[103008]: DEBUG glance.api.middleware.version_negotiation [None req-b7e84bd5-1c54-440c-be26-b7b5de285456 tempest-ServerBootFromVolumeStableRescueTest-1139452997 tempest-ServerBootFromVolumeStableRescueTest-1139452997-project-member] Using url versioning {{(pid=103008) process_request /opt/stack/glance/glance/api/middleware/version_negotiation.py:57}}
Jul 24 00:49:09.805297 np0000005792 devstack@g-api.service[103008]: DEBUG glance.api.middleware.version_negotiation [None req-b7e84bd5-1c54-440c-be26-b7b5de285456 tempest-ServerBootFromVolumeStableRescueTest-1139452997 tempest-ServerBootFromVolumeStableRescueTest-1139452997-project-member] Matched version: v2 {{(pid=103008) process_request /opt/stack/glance/glance/api/middleware/version_negotiation.py:69}}
Jul 24 00:49:09.805297 np0000005792 devstack@g-api.service[103008]: DEBUG glance.api.middleware.version_negotiation [None req-b7e84bd5-1c54-440c-be26-b7b5de285456 tempest-ServerBootFromVolumeStableRescueTest-1139452997 tempest-ServerBootFromVolumeStableRescueTest-1139452997-project-member] new path /v2/images/d2976ee0-b6a7-4c10-b8b3-bd70b09e426e {{(pid=103008) process_request /opt/stack/glance/glance/api/middleware/version_negotiation.py:70}}
Jul 24 00:49:09.821398 np0000005792 devstack@g-api.service[103008]: [pid: 103008|app: 0|req: 20/71] 127.0.0.1 () {40 vars in 834 bytes} [Fri Jul 24 00:49:09 2026] GET /v2/images/d2976ee0-b6a7-4c10-b8b3-bd70b09e426e => generated 1471 bytes in 18 msecs (HTTP/1.1 200) 4 headers in 158 bytes (1 switches on core 0)
Jul 24 00:49:09.891102 np0000005792 devstack@g-api.service[103011]: DEBUG swiftclient [None req-b7e84bd5-1c54-440c-be26-b7b5de285456 tempest-ServerBootFromVolumeStableRescueTest-1139452997 tempest-ServerBootFromVolumeStableRescueTest-1139452997-project-member] REQ: curl -i https://10.4.3.67:8080/v1/AUTH_b5d786d35e4a4f5b882acd2ae504e319/glance/d2976ee0-b6a7-4c10-b8b3-bd70b09e426e-00001 -X PUT -H "X-Auth-Token: gAAAAABqYraFQg1Z..." {{(pid=103011) http_log /opt/stack/data/venv/lib/python3.12/site-packages/swiftclient/client.py:160}}
Jul 24 00:49:09.891963 np0000005792 devstack@g-api.service[103011]: DEBUG swiftclient [None req-b7e84bd5-1c54-440c-be26-b7b5de285456 tempest-ServerBootFromVolumeStableRescueTest-1139452997 tempest-ServerBootFromVolumeStableRescueTest-1139452997-project-member] RESP STATUS: 201 Created {{(pid=103011) http_log /opt/stack/data/venv/lib/python3.12/site-packages/swiftclient/client.py:161}}
Jul 24 00:49:09.891963 np0000005792 devstack@g-api.service[103011]: DEBUG swiftclient [None req-b7e84bd5-1c54-440c-be26-b7b5de285456 tempest-ServerBootFromVolumeStableRescueTest-1139452997 tempest-ServerBootFromVolumeStableRescueTest-1139452997-project-member] RESP HEADERS: {'Date': 'Fri, 24 Jul 2026 00:49:09 GMT', 'Server': 'Apache/2.4.58 (Ubuntu)', 'Content-Type': 'text/html; charset=UTF-8', 'Content-Length': '0', 'Etag': '4fa343ee581d8d2e78533191fd1ac3e1', 'Last-Modified': 'Fri, 24 Jul 2026 00:49:10 GMT', 'X-Trans-Id': 'txfcdfb50d57684b31aeb56-006a62b685', 'X-Openstack-Request-Id': 'txfcdfb50d57684b31aeb56-006a62b685', 'Connection': 'close'} {{(pid=103011) http_log /opt/stack/data/venv/lib/python3.12/site-packages/swiftclient/client.py:162}}
Jul 24 00:49:09.891963 np0000005792 devstack@g-api.service[103011]: DEBUG glance_store._drivers.swift.store [None req-b7e84bd5-1c54-440c-be26-b7b5de285456 tempest-ServerBootFromVolumeStableRescueTest-1139452997 tempest-ServerBootFromVolumeStableRescueTest-1139452997-project-member] Wrote chunk d2976ee0-b6a7-4c10-b8b3-bd70b09e426e-00001 (1/?) of length 23527424 to Swift returning MD5 of content: 4fa343ee581d8d2e78533191fd1ac3e1 {{(pid=103011) add /opt/stack/data/venv/lib/python3.12/site-packages/glance_store/_drivers/swift/store.py:1059}}
Jul 24 00:49:09.892503 np0000005792 devstack@g-api.service[103011]: DEBUG glance_store._drivers.swift.store [None req-b7e84bd5-1c54-440c-be26-b7b5de285456 tempest-ServerBootFromVolumeStableRescueTest-1139452997 tempest-ServerBootFromVolumeStableRescueTest-1139452997-project-member] Not writing zero-length chunk. {{(pid=103011) add /opt/stack/data/venv/lib/python3.12/site-packages/glance_store/_drivers/swift/store.py:1028}}
Jul 24 00:49:09.936486 np0000005792 devstack@g-api.service[103011]: DEBUG swiftclient [None req-b7e84bd5-1c54-440c-be26-b7b5de285456 tempest-ServerBootFromVolumeStableRescueTest-1139452997 tempest-ServerBootFromVolumeStableRescueTest-1139452997-project-member] REQ: curl -i https://10.4.3.67:8080/v1/AUTH_b5d786d35e4a4f5b882acd2ae504e319/glance/d2976ee0-b6a7-4c10-b8b3-bd70b09e426e -X PUT -H "X-Object-Manifest: glance/d2976ee0-b6a7-4c10-b8b3-bd70b09e426e-" -H "X-Auth-Token: gAAAAABqYraFQg1Z..." -H "Content-Length: 0" {{(pid=103011) http_log /opt/stack/data/venv/lib/python3.12/site-packages/swiftclient/client.py:160}}
Jul 24 00:49:09.936486 np0000005792 devstack@g-api.service[103011]: DEBUG swiftclient [None req-b7e84bd5-1c54-440c-be26-b7b5de285456 tempest-ServerBootFromVolumeStableRescueTest-1139452997 tempest-ServerBootFromVolumeStableRescueTest-1139452997-project-member] RESP STATUS: 201 Created {{(pid=103011) http_log /opt/stack/data/venv/lib/python3.12/site-packages/swiftclient/client.py:161}}
Jul 24 00:49:09.936486 np0000005792 devstack@g-api.service[103011]: DEBUG swiftclient [None req-b7e84bd5-1c54-440c-be26-b7b5de285456 tempest-ServerBootFromVolumeStableRescueTest-1139452997 tempest-ServerBootFromVolumeStableRescueTest-1139452997-project-member] RESP HEADERS: {'Date': 'Fri, 24 Jul 2026 00:49:09 GMT', 'Server': 'Apache/2.4.58 (Ubuntu)', 'Content-Type': 'text/html; charset=UTF-8', 'Content-Length': '0', 'Etag': 'd41d8cd98f00b204e9800998ecf8427e', 'Last-Modified': 'Fri, 24 Jul 2026 00:49:10 GMT', 'X-Trans-Id': 'txa7622bd1ffb0470787802-006a62b685', 'X-Openstack-Request-Id': 'txa7622bd1ffb0470787802-006a62b685', 'Connection': 'close'} {{(pid=103011) http_log /opt/stack/data/venv/lib/python3.12/site-packages/swiftclient/client.py:162}}
Jul 24 00:49:09.936486 np0000005792 devstack@g-api.service[103011]: INFO glance.location [None req-b7e84bd5-1c54-440c-be26-b7b5de285456 tempest-ServerBootFromVolumeStableRescueTest-1139452997 tempest-ServerBootFromVolumeStableRescueTest-1139452997-project-member] Image format matched and virtual size computed: 1073741824
Jul 24 00:49:09.984526 np0000005792 devstack@g-api.service[103011]: DEBUG glance_store.backend [None req-b7e84bd5-1c54-440c-be26-b7b5de285456 tempest-ServerBootFromVolumeStableRescueTest-1139452997 tempest-ServerBootFromVolumeStableRescueTest-1139452997-project-member] Attempting to import store swift {{(pid=103011) _load_store /opt/stack/data/venv/lib/python3.12/site-packages/glance_store/backend.py:215}}
Jul 24 00:49:09.985844 np0000005792 devstack@g-api.service[103011]: DEBUG glance_store.capabilities [None req-b7e84bd5-1c54-440c-be26-b7b5de285456 tempest-ServerBootFromVolumeStableRescueTest-1139452997 tempest-ServerBootFromVolumeStableRescueTest-1139452997-project-member] Store glance_store._drivers.swift.store.SingleTenantStore doesn't support updating dynamic storage capabilities. Please overwrite 'update_capabilities' method of the store to implement updating logics if needed. {{(pid=103011) update_capabilities /opt/stack/data/venv/lib/python3.12/site-packages/glance_store/capabilities.py:91}}
Jul 24 00:49:09.985991 np0000005792 devstack@g-api.service[103011]: DEBUG glance_store.driver [None req-b7e84bd5-1c54-440c-be26-b7b5de285456 tempest-ServerBootFromVolumeStableRescueTest-1139452997 tempest-ServerBootFromVolumeStableRescueTest-1139452997-project-member] Late loading location class glance_store._drivers.swift.store.StoreLocation {{(pid=103011) get_store_location_class /opt/stack/data/venv/lib/python3.12/site-packages/glance_store/driver.py:134}}
Jul 24 00:49:09.986046 np0000005792 devstack@g-api.service[103011]: DEBUG glance_store.location [None req-b7e84bd5-1c54-440c-be26-b7b5de285456 tempest-ServerBootFromVolumeStableRescueTest-1139452997 tempest-ServerBootFromVolumeStableRescueTest-1139452997-project-member] Registering scheme swift+https with {'store': , 'location_class': , 'store_entry': 'swift'} {{(pid=103011) register_scheme_map /opt/stack/data/venv/lib/python3.12/site-packages/glance_store/location.py:146}}
Jul 24 00:49:09.986122 np0000005792 devstack@g-api.service[103011]: DEBUG glance_store.location [None req-b7e84bd5-1c54-440c-be26-b7b5de285456 tempest-ServerBootFromVolumeStableRescueTest-1139452997 tempest-ServerBootFromVolumeStableRescueTest-1139452997-project-member] Registering scheme swift+https with {'store': , 'location_class': , 'store_entry': 'swift'} {{(pid=103011) register_scheme_map /opt/stack/data/venv/lib/python3.12/site-packages/glance_store/location.py:146}}
Jul 24 00:49:09.986178 np0000005792 devstack@g-api.service[103011]: DEBUG glance_store.location [None req-b7e84bd5-1c54-440c-be26-b7b5de285456 tempest-ServerBootFromVolumeStableRescueTest-1139452997 tempest-ServerBootFromVolumeStableRescueTest-1139452997-project-member] Registering scheme swift with {'store': , 'location_class': , 'store_entry': 'swift'} {{(pid=103011) register_scheme_map /opt/stack/data/venv/lib/python3.12/site-packages/glance_store/location.py:146}}
Jul 24 00:49:09.986318 np0000005792 devstack@g-api.service[103011]: DEBUG glance_store.location [None req-b7e84bd5-1c54-440c-be26-b7b5de285456 tempest-ServerBootFromVolumeStableRescueTest-1139452997 tempest-ServerBootFromVolumeStableRescueTest-1139452997-project-member] Registering scheme swift+https with {'store': , 'location_class': , 'store_entry': 'swift'} {{(pid=103011) register_scheme_map /opt/stack/data/venv/lib/python3.12/site-packages/glance_store/location.py:146}}
Jul 24 00:49:09.986441 np0000005792 devstack@g-api.service[103011]: DEBUG glance_store.location [None req-b7e84bd5-1c54-440c-be26-b7b5de285456 tempest-ServerBootFromVolumeStableRescueTest-1139452997 tempest-ServerBootFromVolumeStableRescueTest-1139452997-project-member] Registering scheme swift with {'store': , 'location_class': , 'store_entry': 'swift'} {{(pid=103011) register_scheme_map /opt/stack/data/venv/lib/python3.12/site-packages/glance_store/location.py:146}}
Jul 24 00:49:09.986740 np0000005792 devstack@g-api.service[103011]: DEBUG glance_store.location [None req-b7e84bd5-1c54-440c-be26-b7b5de285456 tempest-ServerBootFromVolumeStableRescueTest-1139452997 tempest-ServerBootFromVolumeStableRescueTest-1139452997-project-member] Registering scheme swift+http with {'store': , 'location_class': , 'store_entry': 'swift'} {{(pid=103011) register_scheme_map /opt/stack/data/venv/lib/python3.12/site-packages/glance_store/location.py:146}}
Jul 24 00:49:09.986740 np0000005792 devstack@g-api.service[103011]: DEBUG glance_store.location [None req-b7e84bd5-1c54-440c-be26-b7b5de285456 tempest-ServerBootFromVolumeStableRescueTest-1139452997 tempest-ServerBootFromVolumeStableRescueTest-1139452997-project-member] Registering scheme swift+https with {'store': , 'location_class': , 'store_entry': 'swift'} {{(pid=103011) register_scheme_map /opt/stack/data/venv/lib/python3.12/site-packages/glance_store/location.py:146}}
Jul 24 00:49:09.986740 np0000005792 devstack@g-api.service[103011]: DEBUG glance_store.location [None req-b7e84bd5-1c54-440c-be26-b7b5de285456 tempest-ServerBootFromVolumeStableRescueTest-1139452997 tempest-ServerBootFromVolumeStableRescueTest-1139452997-project-member] Registering scheme swift with {'store': , 'location_class': , 'store_entry': 'swift'} {{(pid=103011) register_scheme_map /opt/stack/data/venv/lib/python3.12/site-packages/glance_store/location.py:146}}
Jul 24 00:49:09.986912 np0000005792 devstack@g-api.service[103011]: DEBUG glance_store.location [None req-b7e84bd5-1c54-440c-be26-b7b5de285456 tempest-ServerBootFromVolumeStableRescueTest-1139452997 tempest-ServerBootFromVolumeStableRescueTest-1139452997-project-member] Registering scheme swift+http with {'store': , 'location_class': , 'store_entry': 'swift'} {{(pid=103011) register_scheme_map /opt/stack/data/venv/lib/python3.12/site-packages/glance_store/location.py:146}}
Jul 24 00:49:09.986912 np0000005792 devstack@g-api.service[103011]: DEBUG glance_store.location [None req-b7e84bd5-1c54-440c-be26-b7b5de285456 tempest-ServerBootFromVolumeStableRescueTest-1139452997 tempest-ServerBootFromVolumeStableRescueTest-1139452997-project-member] Registering scheme swift+config with {'store': , 'location_class': , 'store_entry': 'swift'} {{(pid=103011) register_scheme_map /opt/stack/data/venv/lib/python3.12/site-packages/glance_store/location.py:146}}
Jul 24 00:49:09.987029 np0000005792 devstack@g-api.service[103011]: DEBUG glance_store.backend [None req-b7e84bd5-1c54-440c-be26-b7b5de285456 tempest-ServerBootFromVolumeStableRescueTest-1139452997 tempest-ServerBootFromVolumeStableRescueTest-1139452997-project-member] Skipping store.set_acls... not implemented. {{(pid=103011) set_acls /opt/stack/data/venv/lib/python3.12/site-packages/glance_store/backend.py:507}}
Jul 24 00:49:09.990309 np0000005792 devstack@g-api.service[103011]: [pid: 103011|app: 0|req: 18/72] 127.0.0.1 () {46 vars in 1154 bytes} [Fri Jul 24 00:49:06 2026] PUT /v2/images/d2976ee0-b6a7-4c10-b8b3-bd70b09e426e/file => generated 0 bytes in 3075 msecs (HTTP/1.1 204) 4 headers in 171 bytes (1 switches on core 0)
Jul 24 00:49:10.039837 np0000005792 devstack@g-api.service[103010]: DEBUG glance.api.middleware.version_negotiation [None req-e4033ced-9b6e-4aa6-bd5e-d65d207c697b tempest-ServerBootFromVolumeStableRescueTest-1139452997 tempest-ServerBootFromVolumeStableRescueTest-1139452997-project-member] Determining version of request: GET /v2/images/d2976ee0-b6a7-4c10-b8b3-bd70b09e426e Accept: */* {{(pid=103010) process_request /opt/stack/glance/glance/api/middleware/version_negotiation.py:44}}
Jul 24 00:49:10.040349 np0000005792 devstack@g-api.service[103010]: DEBUG glance.api.middleware.version_negotiation [None req-e4033ced-9b6e-4aa6-bd5e-d65d207c697b tempest-ServerBootFromVolumeStableRescueTest-1139452997 tempest-ServerBootFromVolumeStableRescueTest-1139452997-project-member] Using url versioning {{(pid=103010) process_request /opt/stack/glance/glance/api/middleware/version_negotiation.py:57}}
Jul 24 00:49:10.040349 np0000005792 devstack@g-api.service[103010]: DEBUG glance.api.middleware.version_negotiation [None req-e4033ced-9b6e-4aa6-bd5e-d65d207c697b tempest-ServerBootFromVolumeStableRescueTest-1139452997 tempest-ServerBootFromVolumeStableRescueTest-1139452997-project-member] Matched version: v2 {{(pid=103010) process_request /opt/stack/glance/glance/api/middleware/version_negotiation.py:69}}
Jul 24 00:49:10.040421 np0000005792 devstack@g-api.service[103010]: DEBUG glance.api.middleware.version_negotiation [None req-e4033ced-9b6e-4aa6-bd5e-d65d207c697b tempest-ServerBootFromVolumeStableRescueTest-1139452997 tempest-ServerBootFromVolumeStableRescueTest-1139452997-project-member] new path /v2/images/d2976ee0-b6a7-4c10-b8b3-bd70b09e426e {{(pid=103010) process_request /opt/stack/glance/glance/api/middleware/version_negotiation.py:70}}
Jul 24 00:49:10.042936 np0000005792 devstack@g-api.service[103009]: DEBUG glance.api.middleware.version_negotiation [None req-d36a6d32-aabc-484c-a793-b7fad8fc86da tempest-ServerBootFromVolumeStableRescueTest-1139452997 tempest-ServerBootFromVolumeStableRescueTest-1139452997-project-member] Determining version of request: GET /v2/images/dba374b5-c310-48af-bb5f-cbed300061df Accept: */* {{(pid=103009) process_request /opt/stack/glance/glance/api/middleware/version_negotiation.py:44}}
Jul 24 00:49:10.042936 np0000005792 devstack@g-api.service[103009]: DEBUG glance.api.middleware.version_negotiation [None req-d36a6d32-aabc-484c-a793-b7fad8fc86da tempest-ServerBootFromVolumeStableRescueTest-1139452997 tempest-ServerBootFromVolumeStableRescueTest-1139452997-project-member] Using url versioning {{(pid=103009) process_request /opt/stack/glance/glance/api/middleware/version_negotiation.py:57}}
Jul 24 00:49:10.043400 np0000005792 devstack@g-api.service[103009]: DEBUG glance.api.middleware.version_negotiation [None req-d36a6d32-aabc-484c-a793-b7fad8fc86da tempest-ServerBootFromVolumeStableRescueTest-1139452997 tempest-ServerBootFromVolumeStableRescueTest-1139452997-project-member] Matched version: v2 {{(pid=103009) process_request /opt/stack/glance/glance/api/middleware/version_negotiation.py:69}}
Jul 24 00:49:10.043400 np0000005792 devstack@g-api.service[103009]: DEBUG glance.api.middleware.version_negotiation [None req-d36a6d32-aabc-484c-a793-b7fad8fc86da tempest-ServerBootFromVolumeStableRescueTest-1139452997 tempest-ServerBootFromVolumeStableRescueTest-1139452997-project-member] new path /v2/images/dba374b5-c310-48af-bb5f-cbed300061df {{(pid=103009) process_request /opt/stack/glance/glance/api/middleware/version_negotiation.py:70}}
Jul 24 00:49:10.062867 np0000005792 devstack@g-api.service[103009]: [pid: 103009|app: 0|req: 19/73] 127.0.0.1 () {44 vars in 1111 bytes} [Fri Jul 24 00:49:10 2026] GET /v2/images/dba374b5-c310-48af-bb5f-cbed300061df => generated 1044 bytes in 20 msecs (HTTP/1.1 200) 4 headers in 158 bytes (1 switches on core 0)
Jul 24 00:49:10.063159 np0000005792 devstack@g-api.service[103010]: [pid: 103010|app: 0|req: 17/74] 127.0.0.1 () {44 vars in 1111 bytes} [Fri Jul 24 00:49:10 2026] GET /v2/images/d2976ee0-b6a7-4c10-b8b3-bd70b09e426e => generated 1641 bytes in 23 msecs (HTTP/1.1 200) 4 headers in 158 bytes (1 switches on core 0)
Jul 24 00:49:10.112770 np0000005792 devstack@g-api.service[103008]: DEBUG glance.api.middleware.version_negotiation [None req-2326cfa2-5dcf-46d6-bab7-b4c572fd0228 tempest-ServerBootFromVolumeStableRescueTest-1139452997 tempest-ServerBootFromVolumeStableRescueTest-1139452997-project-member] Determining version of request: GET /v2/schemas/image Accept: */* {{(pid=103008) process_request /opt/stack/glance/glance/api/middleware/version_negotiation.py:44}}
Jul 24 00:49:10.112770 np0000005792 devstack@g-api.service[103008]: DEBUG glance.api.middleware.version_negotiation [None req-2326cfa2-5dcf-46d6-bab7-b4c572fd0228 tempest-ServerBootFromVolumeStableRescueTest-1139452997 tempest-ServerBootFromVolumeStableRescueTest-1139452997-project-member] Using url versioning {{(pid=103008) process_request /opt/stack/glance/glance/api/middleware/version_negotiation.py:57}}
Jul 24 00:49:10.113166 np0000005792 devstack@g-api.service[103008]: DEBUG glance.api.middleware.version_negotiation [None req-2326cfa2-5dcf-46d6-bab7-b4c572fd0228 tempest-ServerBootFromVolumeStableRescueTest-1139452997 tempest-ServerBootFromVolumeStableRescueTest-1139452997-project-member] Matched version: v2 {{(pid=103008) process_request /opt/stack/glance/glance/api/middleware/version_negotiation.py:69}}
Jul 24 00:49:10.113166 np0000005792 devstack@g-api.service[103008]: DEBUG glance.api.middleware.version_negotiation [None req-2326cfa2-5dcf-46d6-bab7-b4c572fd0228 tempest-ServerBootFromVolumeStableRescueTest-1139452997 tempest-ServerBootFromVolumeStableRescueTest-1139452997-project-member] new path /v2/schemas/image {{(pid=103008) process_request /opt/stack/glance/glance/api/middleware/version_negotiation.py:70}}
Jul 24 00:49:10.114167 np0000005792 devstack@g-api.service[103011]: DEBUG glance.api.middleware.version_negotiation [None req-b7e84bd5-1c54-440c-be26-b7b5de285456 tempest-ServerBootFromVolumeStableRescueTest-1139452997 tempest-ServerBootFromVolumeStableRescueTest-1139452997-project-member] Determining version of request: GET /v2/schemas/image Accept: */* {{(pid=103011) process_request /opt/stack/glance/glance/api/middleware/version_negotiation.py:44}}
Jul 24 00:49:10.114429 np0000005792 devstack@g-api.service[103011]: DEBUG glance.api.middleware.version_negotiation [None req-b7e84bd5-1c54-440c-be26-b7b5de285456 tempest-ServerBootFromVolumeStableRescueTest-1139452997 tempest-ServerBootFromVolumeStableRescueTest-1139452997-project-member] Using url versioning {{(pid=103011) process_request /opt/stack/glance/glance/api/middleware/version_negotiation.py:57}}
Jul 24 00:49:10.114624 np0000005792 devstack@g-api.service[103011]: DEBUG glance.api.middleware.version_negotiation [None req-b7e84bd5-1c54-440c-be26-b7b5de285456 tempest-ServerBootFromVolumeStableRescueTest-1139452997 tempest-ServerBootFromVolumeStableRescueTest-1139452997-project-member] Matched version: v2 {{(pid=103011) process_request /opt/stack/glance/glance/api/middleware/version_negotiation.py:69}}
Jul 24 00:49:10.114780 np0000005792 devstack@g-api.service[103011]: DEBUG glance.api.middleware.version_negotiation [None req-b7e84bd5-1c54-440c-be26-b7b5de285456 tempest-ServerBootFromVolumeStableRescueTest-1139452997 tempest-ServerBootFromVolumeStableRescueTest-1139452997-project-member] new path /v2/schemas/image {{(pid=103011) process_request /opt/stack/glance/glance/api/middleware/version_negotiation.py:70}}
Jul 24 00:49:10.118079 np0000005792 devstack@g-api.service[103008]: [pid: 103008|app: 0|req: 21/75] 127.0.0.1 () {44 vars in 1051 bytes} [Fri Jul 24 00:49:10 2026] GET /v2/schemas/image => generated 6083 bytes in 6 msecs (HTTP/1.1 200) 4 headers in 158 bytes (1 switches on core 0)
Jul 24 00:49:10.118173 np0000005792 devstack@g-api.service[103011]: [pid: 103011|app: 0|req: 19/76] 127.0.0.1 () {44 vars in 1051 bytes} [Fri Jul 24 00:49:10 2026] GET /v2/schemas/image => generated 6083 bytes in 4 msecs (HTTP/1.1 200) 4 headers in 158 bytes (1 switches on core 0)
Jul 24 00:49:10.831749 np0000005792 devstack@g-api.service[103009]: DEBUG glance.api.middleware.version_negotiation [None req-1fe8b85c-b4f7-492b-b634-04cc5e9d52b3 tempest-VolumesAssistedSnapshotsTest-1323002779 tempest-VolumesAssistedSnapshotsTest-1323002779-project-member] Determining version of request: GET /v2/images/d2976ee0-b6a7-4c10-b8b3-bd70b09e426e Accept: application/json {{(pid=103009) process_request /opt/stack/glance/glance/api/middleware/version_negotiation.py:44}}
Jul 24 00:49:10.832167 np0000005792 devstack@g-api.service[103009]: DEBUG glance.api.middleware.version_negotiation [None req-1fe8b85c-b4f7-492b-b634-04cc5e9d52b3 tempest-VolumesAssistedSnapshotsTest-1323002779 tempest-VolumesAssistedSnapshotsTest-1323002779-project-member] Using url versioning {{(pid=103009) process_request /opt/stack/glance/glance/api/middleware/version_negotiation.py:57}}
Jul 24 00:49:10.832167 np0000005792 devstack@g-api.service[103009]: DEBUG glance.api.middleware.version_negotiation [None req-1fe8b85c-b4f7-492b-b634-04cc5e9d52b3 tempest-VolumesAssistedSnapshotsTest-1323002779 tempest-VolumesAssistedSnapshotsTest-1323002779-project-member] Matched version: v2 {{(pid=103009) process_request /opt/stack/glance/glance/api/middleware/version_negotiation.py:69}}
Jul 24 00:49:10.832343 np0000005792 devstack@g-api.service[103009]: DEBUG glance.api.middleware.version_negotiation [None req-1fe8b85c-b4f7-492b-b634-04cc5e9d52b3 tempest-VolumesAssistedSnapshotsTest-1323002779 tempest-VolumesAssistedSnapshotsTest-1323002779-project-member] new path /v2/images/d2976ee0-b6a7-4c10-b8b3-bd70b09e426e {{(pid=103009) process_request /opt/stack/glance/glance/api/middleware/version_negotiation.py:70}}
Jul 24 00:49:10.847281 np0000005792 devstack@g-api.service[103009]: [pid: 103009|app: 0|req: 20/77] 127.0.0.1 () {40 vars in 834 bytes} [Fri Jul 24 00:49:10 2026] GET /v2/images/d2976ee0-b6a7-4c10-b8b3-bd70b09e426e => generated 1641 bytes in 15 msecs (HTTP/1.1 200) 4 headers in 158 bytes (1 switches on core 0)
Jul 24 00:49:10.858002 np0000005792 devstack@g-api.service[103010]: DEBUG glance.api.middleware.version_negotiation [None req-b7e84bd5-1c54-440c-be26-b7b5de285456 tempest-ServerBootFromVolumeStableRescueTest-1139452997 tempest-ServerBootFromVolumeStableRescueTest-1139452997-project-member] Determining version of request: GET /v2/images/d2976ee0-b6a7-4c10-b8b3-bd70b09e426e Accept: application/json {{(pid=103010) process_request /opt/stack/glance/glance/api/middleware/version_negotiation.py:44}}
