Jul 24 00:46:05.115665 np0000005792 nova-scheduler[96608]: DEBUG cotyledon.oslo_config_glue [-] workarounds.handle_virt_lifecycle_events = True {{(pid=96608) log_opt_values /opt/stack/data/venv/lib/python3.12/site-packages/oslo_config/cfg.py:3253}}
Jul 24 00:46:05.115665 np0000005792 nova-scheduler[96608]: DEBUG cotyledon.oslo_config_glue [-] workarounds.libvirt_disable_apic = False {{(pid=96608) log_opt_values /opt/stack/data/venv/lib/python3.12/site-packages/oslo_config/cfg.py:3253}}
Jul 24 00:46:05.115665 np0000005792 nova-scheduler[96608]: DEBUG cotyledon.oslo_config_glue [-] workarounds.never_download_image_if_on_rbd = False {{(pid=96608) log_opt_values /opt/stack/data/venv/lib/python3.12/site-packages/oslo_config/cfg.py:3253}}
Jul 24 00:46:05.115665 np0000005792 nova-scheduler[96608]: DEBUG cotyledon.oslo_config_glue [-] workarounds.qemu_monitor_announce_self_count = 3 {{(pid=96608) log_opt_values /opt/stack/data/venv/lib/python3.12/site-packages/oslo_config/cfg.py:3253}}
Jul 24 00:46:05.115665 np0000005792 nova-scheduler[96608]: DEBUG cotyledon.oslo_config_glue [-] workarounds.qemu_monitor_announce_self_interval = 1 {{(pid=96608) log_opt_values /opt/stack/data/venv/lib/python3.12/site-packages/oslo_config/cfg.py:3253}}
Jul 24 00:46:05.115665 np0000005792 nova-scheduler[96608]: DEBUG cotyledon.oslo_config_glue [-] workarounds.reserve_disk_resource_for_image_cache = False {{(pid=96608) log_opt_values /opt/stack/data/venv/lib/python3.12/site-packages/oslo_config/cfg.py:3253}}
Jul 24 00:46:05.115665 np0000005792 nova-scheduler[96608]: DEBUG cotyledon.oslo_config_glue [-] workarounds.skip_cpu_compare_at_startup = False {{(pid=96608) log_opt_values /opt/stack/data/venv/lib/python3.12/site-packages/oslo_config/cfg.py:3253}}
Jul 24 00:46:05.115665 np0000005792 nova-scheduler[96608]: DEBUG cotyledon.oslo_config_glue [-] workarounds.skip_cpu_compare_on_dest = False {{(pid=96608) log_opt_values /opt/stack/data/venv/lib/python3.12/site-packages/oslo_config/cfg.py:3253}}
Jul 24 00:46:05.116108 np0000005792 nova-scheduler[96608]: DEBUG cotyledon.oslo_config_glue [-] workarounds.skip_hypervisor_version_check_on_lm = False {{(pid=96608) log_opt_values /opt/stack/data/venv/lib/python3.12/site-packages/oslo_config/cfg.py:3253}}
Jul 24 00:46:05.116108 np0000005792 nova-scheduler[96608]: DEBUG cotyledon.oslo_config_glue [-] workarounds.skip_reserve_in_use_ironic_nodes = False {{(pid=96608) log_opt_values /opt/stack/data/venv/lib/python3.12/site-packages/oslo_config/cfg.py:3253}}
Jul 24 00:46:05.116108 np0000005792 nova-scheduler[96608]: DEBUG cotyledon.oslo_config_glue [-] workarounds.unified_limits_count_pcpu_as_vcpu = False {{(pid=96608) log_opt_values /opt/stack/data/venv/lib/python3.12/site-packages/oslo_config/cfg.py:3253}}
Jul 24 00:46:05.116108 np0000005792 nova-scheduler[96608]: DEBUG cotyledon.oslo_config_glue [-] workarounds.wait_for_vif_plugged_event_during_hard_reboot = [] {{(pid=96608) log_opt_values /opt/stack/data/venv/lib/python3.12/site-packages/oslo_config/cfg.py:3253}}
Jul 24 00:46:05.116108 np0000005792 nova-scheduler[96608]: DEBUG cotyledon.oslo_config_glue [-] wsgi.api_paste_config = /etc/nova/api-paste.ini {{(pid=96608) log_opt_values /opt/stack/data/venv/lib/python3.12/site-packages/oslo_config/cfg.py:3253}}
Jul 24 00:46:05.116108 np0000005792 nova-scheduler[96608]: DEBUG cotyledon.oslo_config_glue [-] wsgi.secure_proxy_ssl_header = None {{(pid=96608) log_opt_values /opt/stack/data/venv/lib/python3.12/site-packages/oslo_config/cfg.py:3253}}
Jul 24 00:46:05.116108 np0000005792 nova-scheduler[96608]: DEBUG cotyledon.oslo_config_glue [-] zvm.ca_file = None {{(pid=96608) log_opt_values /opt/stack/data/venv/lib/python3.12/site-packages/oslo_config/cfg.py:3253}}
Jul 24 00:46:05.116108 np0000005792 nova-scheduler[96608]: DEBUG cotyledon.oslo_config_glue [-] zvm.cloud_connector_url = None {{(pid=96608) log_opt_values /opt/stack/data/venv/lib/python3.12/site-packages/oslo_config/cfg.py:3253}}
Jul 24 00:46:05.116108 np0000005792 nova-scheduler[96608]: DEBUG cotyledon.oslo_config_glue [-] zvm.image_tmp_path = /opt/stack/data/nova/images {{(pid=96608) log_opt_values /opt/stack/data/venv/lib/python3.12/site-packages/oslo_config/cfg.py:3253}}
Jul 24 00:46:05.116510 np0000005792 nova-scheduler[96608]: DEBUG cotyledon.oslo_config_glue [-] zvm.reachable_timeout = 300 {{(pid=96608) log_opt_values /opt/stack/data/venv/lib/python3.12/site-packages/oslo_config/cfg.py:3253}}
Jul 24 00:46:05.116510 np0000005792 nova-scheduler[96608]: DEBUG cotyledon.oslo_config_glue [-] oslo_versionedobjects.fatal_exception_format_errors = False {{(pid=96608) log_opt_values /opt/stack/data/venv/lib/python3.12/site-packages/oslo_config/cfg.py:3253}}
Jul 24 00:46:05.116510 np0000005792 nova-scheduler[96608]: DEBUG cotyledon.oslo_config_glue [-] oslo_middleware.http_basic_auth_user_file = /etc/htpasswd {{(pid=96608) log_opt_values /opt/stack/data/venv/lib/python3.12/site-packages/oslo_config/cfg.py:3253}}
Jul 24 00:46:05.116510 np0000005792 nova-scheduler[96608]: DEBUG cotyledon.oslo_config_glue [-] oslo_messaging_metrics.metrics_buffer_size = 1000 {{(pid=96608) log_opt_values /opt/stack/data/venv/lib/python3.12/site-packages/oslo_config/cfg.py:3253}}
Jul 24 00:46:05.116510 np0000005792 nova-scheduler[96608]: DEBUG cotyledon.oslo_config_glue [-] oslo_messaging_metrics.metrics_enabled = False {{(pid=96608) log_opt_values /opt/stack/data/venv/lib/python3.12/site-packages/oslo_config/cfg.py:3253}}
Jul 24 00:46:05.116510 np0000005792 nova-scheduler[96608]: DEBUG cotyledon.oslo_config_glue [-] oslo_messaging_metrics.metrics_process_name = {{(pid=96608) log_opt_values /opt/stack/data/venv/lib/python3.12/site-packages/oslo_config/cfg.py:3253}}
Jul 24 00:46:05.116510 np0000005792 nova-scheduler[96608]: DEBUG cotyledon.oslo_config_glue [-] oslo_messaging_metrics.metrics_socket_file = /var/tmp/metrics_collector.sock {{(pid=96608) log_opt_values /opt/stack/data/venv/lib/python3.12/site-packages/oslo_config/cfg.py:3253}}
Jul 24 00:46:05.116510 np0000005792 nova-scheduler[96608]: DEBUG cotyledon.oslo_config_glue [-] oslo_messaging_metrics.metrics_thread_stop_timeout = 10 {{(pid=96608) log_opt_values /opt/stack/data/venv/lib/python3.12/site-packages/oslo_config/cfg.py:3253}}
Jul 24 00:46:05.116771 np0000005792 nova-scheduler[96608]: DEBUG cotyledon.oslo_config_glue [-] profiler.connection_string = messaging:// {{(pid=96608) log_opt_values /opt/stack/data/venv/lib/python3.12/site-packages/oslo_config/cfg.py:3253}}
Jul 24 00:46:05.116771 np0000005792 nova-scheduler[96608]: DEBUG cotyledon.oslo_config_glue [-] profiler.enabled = False {{(pid=96608) log_opt_values /opt/stack/data/venv/lib/python3.12/site-packages/oslo_config/cfg.py:3253}}
Jul 24 00:46:05.116771 np0000005792 nova-scheduler[96608]: DEBUG cotyledon.oslo_config_glue [-] profiler.es_doc_type = notification {{(pid=96608) log_opt_values /opt/stack/data/venv/lib/python3.12/site-packages/oslo_config/cfg.py:3253}}
Jul 24 00:46:05.116771 np0000005792 nova-scheduler[96608]: DEBUG cotyledon.oslo_config_glue [-] profiler.es_scroll_size = 10000 {{(pid=96608) log_opt_values /opt/stack/data/venv/lib/python3.12/site-packages/oslo_config/cfg.py:3253}}
Jul 24 00:46:05.116771 np0000005792 nova-scheduler[96608]: DEBUG cotyledon.oslo_config_glue [-] profiler.es_scroll_time = 2m {{(pid=96608) log_opt_values /opt/stack/data/venv/lib/python3.12/site-packages/oslo_config/cfg.py:3253}}
Jul 24 00:46:05.116771 np0000005792 nova-scheduler[96608]: DEBUG cotyledon.oslo_config_glue [-] profiler.filter_error_trace = False {{(pid=96608) log_opt_values /opt/stack/data/venv/lib/python3.12/site-packages/oslo_config/cfg.py:3253}}
Jul 24 00:46:05.116771 np0000005792 nova-scheduler[96608]: DEBUG cotyledon.oslo_config_glue [-] profiler.hmac_keys = **** {{(pid=96608) log_opt_values /opt/stack/data/venv/lib/python3.12/site-packages/oslo_config/cfg.py:3253}}
Jul 24 00:46:05.116771 np0000005792 nova-scheduler[96608]: DEBUG cotyledon.oslo_config_glue [-] profiler.sentinel_service_name = mymaster {{(pid=96608) log_opt_values /opt/stack/data/venv/lib/python3.12/site-packages/oslo_config/cfg.py:3253}}
Jul 24 00:46:05.116771 np0000005792 nova-scheduler[96608]: DEBUG cotyledon.oslo_config_glue [-] profiler.socket_timeout = 0.1 {{(pid=96608) log_opt_values /opt/stack/data/venv/lib/python3.12/site-packages/oslo_config/cfg.py:3253}}
Jul 24 00:46:05.117099 np0000005792 nova-scheduler[96608]: DEBUG cotyledon.oslo_config_glue [-] profiler.trace_requests = False {{(pid=96608) log_opt_values /opt/stack/data/venv/lib/python3.12/site-packages/oslo_config/cfg.py:3253}}
Jul 24 00:46:05.117099 np0000005792 nova-scheduler[96608]: DEBUG cotyledon.oslo_config_glue [-] profiler.trace_sqlalchemy = False {{(pid=96608) log_opt_values /opt/stack/data/venv/lib/python3.12/site-packages/oslo_config/cfg.py:3253}}
Jul 24 00:46:05.117099 np0000005792 nova-scheduler[96608]: DEBUG cotyledon.oslo_config_glue [-] profiler_jaeger.process_tags = {} {{(pid=96608) log_opt_values /opt/stack/data/venv/lib/python3.12/site-packages/oslo_config/cfg.py:3253}}
Jul 24 00:46:05.117099 np0000005792 nova-scheduler[96608]: DEBUG cotyledon.oslo_config_glue [-] profiler_jaeger.service_name_prefix = None {{(pid=96608) log_opt_values /opt/stack/data/venv/lib/python3.12/site-packages/oslo_config/cfg.py:3253}}
Jul 24 00:46:05.117099 np0000005792 nova-scheduler[96608]: DEBUG cotyledon.oslo_config_glue [-] profiler_otlp.service_name_prefix = None {{(pid=96608) log_opt_values /opt/stack/data/venv/lib/python3.12/site-packages/oslo_config/cfg.py:3253}}
Jul 24 00:46:05.117099 np0000005792 nova-scheduler[96608]: DEBUG cotyledon.oslo_config_glue [-] oslo_messaging_rabbit.amqp_auto_delete = False {{(pid=96608) log_opt_values /opt/stack/data/venv/lib/python3.12/site-packages/oslo_config/cfg.py:3253}}
Jul 24 00:46:05.117099 np0000005792 nova-scheduler[96608]: DEBUG cotyledon.oslo_config_glue [-] oslo_messaging_rabbit.amqp_durable_queues = False {{(pid=96608) log_opt_values /opt/stack/data/venv/lib/python3.12/site-packages/oslo_config/cfg.py:3253}}
Jul 24 00:46:05.117099 np0000005792 nova-scheduler[96608]: DEBUG cotyledon.oslo_config_glue [-] oslo_messaging_rabbit.conn_pool_min_size = 2 {{(pid=96608) log_opt_values /opt/stack/data/venv/lib/python3.12/site-packages/oslo_config/cfg.py:3253}}
Jul 24 00:46:05.117099 np0000005792 nova-scheduler[96608]: DEBUG cotyledon.oslo_config_glue [-] oslo_messaging_rabbit.conn_pool_ttl = 1200 {{(pid=96608) log_opt_values /opt/stack/data/venv/lib/python3.12/site-packages/oslo_config/cfg.py:3253}}
Jul 24 00:46:05.117692 np0000005792 nova-scheduler[96608]: DEBUG cotyledon.oslo_config_glue [-] oslo_messaging_rabbit.direct_mandatory_flag = True {{(pid=96608) log_opt_values /opt/stack/data/venv/lib/python3.12/site-packages/oslo_config/cfg.py:3253}}
Jul 24 00:46:05.117692 np0000005792 nova-scheduler[96608]: DEBUG cotyledon.oslo_config_glue [-] oslo_messaging_rabbit.enable_cancel_on_failover = False {{(pid=96608) log_opt_values /opt/stack/data/venv/lib/python3.12/site-packages/oslo_config/cfg.py:3253}}
Jul 24 00:46:05.117692 np0000005792 nova-scheduler[96608]: DEBUG cotyledon.oslo_config_glue [-] oslo_messaging_rabbit.heartbeat_rate = 3 {{(pid=96608) log_opt_values /opt/stack/data/venv/lib/python3.12/site-packages/oslo_config/cfg.py:3253}}
Jul 24 00:46:05.117692 np0000005792 nova-scheduler[96608]: DEBUG cotyledon.oslo_config_glue [-] oslo_messaging_rabbit.heartbeat_timeout_threshold = 60 {{(pid=96608) log_opt_values /opt/stack/data/venv/lib/python3.12/site-packages/oslo_config/cfg.py:3253}}
Jul 24 00:46:05.117692 np0000005792 nova-scheduler[96608]: DEBUG cotyledon.oslo_config_glue [-] oslo_messaging_rabbit.hostname = np0000005792 {{(pid=96608) log_opt_values /opt/stack/data/venv/lib/python3.12/site-packages/oslo_config/cfg.py:3253}}
Jul 24 00:46:05.117692 np0000005792 nova-scheduler[96608]: DEBUG cotyledon.oslo_config_glue [-] oslo_messaging_rabbit.kombu_compression = None {{(pid=96608) log_opt_values /opt/stack/data/venv/lib/python3.12/site-packages/oslo_config/cfg.py:3253}}
Jul 24 00:46:05.117692 np0000005792 nova-scheduler[96608]: DEBUG cotyledon.oslo_config_glue [-] oslo_messaging_rabbit.kombu_failover_strategy = round-robin {{(pid=96608) log_opt_values /opt/stack/data/venv/lib/python3.12/site-packages/oslo_config/cfg.py:3253}}
Jul 24 00:46:05.117925 np0000005792 nova-scheduler[96562]: INFO dbcounter [None req-c118f3b0-2839-410e-82ca-4d074c1ea85e None None] Registered counter for database nova_cell0
Jul 24 00:46:05.117965 np0000005792 nova-scheduler[96608]: DEBUG cotyledon.oslo_config_glue [-] oslo_messaging_rabbit.kombu_missing_consumer_retry_timeout = 60 {{(pid=96608) log_opt_values /opt/stack/data/venv/lib/python3.12/site-packages/oslo_config/cfg.py:3253}}
Jul 24 00:46:05.117965 np0000005792 nova-scheduler[96608]: DEBUG cotyledon.oslo_config_glue [-] oslo_messaging_rabbit.kombu_reconnect_delay = 1.0 {{(pid=96608) log_opt_values /opt/stack/data/venv/lib/python3.12/site-packages/oslo_config/cfg.py:3253}}
Jul 24 00:46:05.117965 np0000005792 nova-scheduler[96608]: DEBUG cotyledon.oslo_config_glue [-] oslo_messaging_rabbit.kombu_reconnect_splay = 0.0 {{(pid=96608) log_opt_values /opt/stack/data/venv/lib/python3.12/site-packages/oslo_config/cfg.py:3253}}
Jul 24 00:46:05.117965 np0000005792 nova-scheduler[96608]: DEBUG cotyledon.oslo_config_glue [-] oslo_messaging_rabbit.processname = nova-scheduler {{(pid=96608) log_opt_values /opt/stack/data/venv/lib/python3.12/site-packages/oslo_config/cfg.py:3253}}
Jul 24 00:46:05.117965 np0000005792 nova-scheduler[96608]: DEBUG cotyledon.oslo_config_glue [-] oslo_messaging_rabbit.rabbit_ha_queues = False {{(pid=96608) log_opt_values /opt/stack/data/venv/lib/python3.12/site-packages/oslo_config/cfg.py:3253}}
Jul 24 00:46:05.117965 np0000005792 nova-scheduler[96608]: DEBUG cotyledon.oslo_config_glue [-] oslo_messaging_rabbit.rabbit_interval_max = 30 {{(pid=96608) log_opt_values /opt/stack/data/venv/lib/python3.12/site-packages/oslo_config/cfg.py:3253}}
Jul 24 00:46:05.117965 np0000005792 nova-scheduler[96608]: DEBUG cotyledon.oslo_config_glue [-] oslo_messaging_rabbit.rabbit_login_method = AMQPLAIN {{(pid=96608) log_opt_values /opt/stack/data/venv/lib/python3.12/site-packages/oslo_config/cfg.py:3253}}
Jul 24 00:46:05.117965 np0000005792 nova-scheduler[96608]: DEBUG cotyledon.oslo_config_glue [-] oslo_messaging_rabbit.rabbit_qos_prefetch_count = 0 {{(pid=96608) log_opt_values /opt/stack/data/venv/lib/python3.12/site-packages/oslo_config/cfg.py:3253}}
Jul 24 00:46:05.117965 np0000005792 nova-scheduler[96608]: DEBUG cotyledon.oslo_config_glue [-] oslo_messaging_rabbit.rabbit_quorum_delivery_limit = 0 {{(pid=96608) log_opt_values /opt/stack/data/venv/lib/python3.12/site-packages/oslo_config/cfg.py:3253}}
Jul 24 00:46:05.118313 np0000005792 nova-scheduler[96608]: DEBUG cotyledon.oslo_config_glue [-] oslo_messaging_rabbit.rabbit_quorum_max_memory_bytes = 0 {{(pid=96608) log_opt_values /opt/stack/data/venv/lib/python3.12/site-packages/oslo_config/cfg.py:3253}}
Jul 24 00:46:05.118313 np0000005792 nova-scheduler[96608]: DEBUG cotyledon.oslo_config_glue [-] oslo_messaging_rabbit.rabbit_quorum_max_memory_length = 0 {{(pid=96608) log_opt_values /opt/stack/data/venv/lib/python3.12/site-packages/oslo_config/cfg.py:3253}}
Jul 24 00:46:05.118313 np0000005792 nova-scheduler[96608]: DEBUG cotyledon.oslo_config_glue [-] oslo_messaging_rabbit.rabbit_quorum_queue = False {{(pid=96608) log_opt_values /opt/stack/data/venv/lib/python3.12/site-packages/oslo_config/cfg.py:3253}}
Jul 24 00:46:05.118313 np0000005792 nova-scheduler[96608]: DEBUG cotyledon.oslo_config_glue [-] oslo_messaging_rabbit.rabbit_retry_backoff = 2 {{(pid=96608) log_opt_values /opt/stack/data/venv/lib/python3.12/site-packages/oslo_config/cfg.py:3253}}
Jul 24 00:46:05.118313 np0000005792 nova-scheduler[96608]: DEBUG cotyledon.oslo_config_glue [-] oslo_messaging_rabbit.rabbit_retry_interval = 1 {{(pid=96608) log_opt_values /opt/stack/data/venv/lib/python3.12/site-packages/oslo_config/cfg.py:3253}}
Jul 24 00:46:05.118313 np0000005792 nova-scheduler[96608]: DEBUG cotyledon.oslo_config_glue [-] oslo_messaging_rabbit.rabbit_stream_fanout = False {{(pid=96608) log_opt_values /opt/stack/data/venv/lib/python3.12/site-packages/oslo_config/cfg.py:3253}}
Jul 24 00:46:05.118313 np0000005792 nova-scheduler[96608]: DEBUG cotyledon.oslo_config_glue [-] oslo_messaging_rabbit.rabbit_transient_queues_ttl = 1800 {{(pid=96608) log_opt_values /opt/stack/data/venv/lib/python3.12/site-packages/oslo_config/cfg.py:3253}}
Jul 24 00:46:05.118313 np0000005792 nova-scheduler[96608]: DEBUG cotyledon.oslo_config_glue [-] oslo_messaging_rabbit.rabbit_transient_quorum_queue = False {{(pid=96608) log_opt_values /opt/stack/data/venv/lib/python3.12/site-packages/oslo_config/cfg.py:3253}}
Jul 24 00:46:05.118589 np0000005792 nova-scheduler[96608]: DEBUG cotyledon.oslo_config_glue [-] oslo_messaging_rabbit.rpc_conn_pool_size = 30 {{(pid=96608) log_opt_values /opt/stack/data/venv/lib/python3.12/site-packages/oslo_config/cfg.py:3253}}
Jul 24 00:46:05.118589 np0000005792 nova-scheduler[96608]: DEBUG cotyledon.oslo_config_glue [-] oslo_messaging_rabbit.ssl = False {{(pid=96608) log_opt_values /opt/stack/data/venv/lib/python3.12/site-packages/oslo_config/cfg.py:3253}}
Jul 24 00:46:05.118589 np0000005792 nova-scheduler[96608]: DEBUG cotyledon.oslo_config_glue [-] oslo_messaging_rabbit.ssl_ca_file = {{(pid=96608) log_opt_values /opt/stack/data/venv/lib/python3.12/site-packages/oslo_config/cfg.py:3253}}
Jul 24 00:46:05.118589 np0000005792 nova-scheduler[96608]: DEBUG cotyledon.oslo_config_glue [-] oslo_messaging_rabbit.ssl_cert_file = {{(pid=96608) log_opt_values /opt/stack/data/venv/lib/python3.12/site-packages/oslo_config/cfg.py:3253}}
Jul 24 00:46:05.118589 np0000005792 nova-scheduler[96608]: DEBUG cotyledon.oslo_config_glue [-] oslo_messaging_rabbit.ssl_enforce_fips_mode = False {{(pid=96608) log_opt_values /opt/stack/data/venv/lib/python3.12/site-packages/oslo_config/cfg.py:3253}}
Jul 24 00:46:05.118589 np0000005792 nova-scheduler[96608]: DEBUG cotyledon.oslo_config_glue [-] oslo_messaging_rabbit.ssl_enforce_hostname_verification = True {{(pid=96608) log_opt_values /opt/stack/data/venv/lib/python3.12/site-packages/oslo_config/cfg.py:3253}}
Jul 24 00:46:05.118589 np0000005792 nova-scheduler[96608]: DEBUG cotyledon.oslo_config_glue [-] oslo_messaging_rabbit.ssl_key_file = {{(pid=96608) log_opt_values /opt/stack/data/venv/lib/python3.12/site-packages/oslo_config/cfg.py:3253}}
Jul 24 00:46:05.118589 np0000005792 nova-scheduler[96608]: DEBUG cotyledon.oslo_config_glue [-] oslo_messaging_rabbit.ssl_version = {{(pid=96608) log_opt_values /opt/stack/data/venv/lib/python3.12/site-packages/oslo_config/cfg.py:3253}}
Jul 24 00:46:05.118589 np0000005792 nova-scheduler[96608]: DEBUG cotyledon.oslo_config_glue [-] oslo_messaging_rabbit.use_queue_manager = False {{(pid=96608) log_opt_values /opt/stack/data/venv/lib/python3.12/site-packages/oslo_config/cfg.py:3253}}
Jul 24 00:46:05.118889 np0000005792 nova-scheduler[96608]: DEBUG cotyledon.oslo_config_glue [-] oslo_messaging_notifications.driver = ['messagingv2'] {{(pid=96608) log_opt_values /opt/stack/data/venv/lib/python3.12/site-packages/oslo_config/cfg.py:3253}}
Jul 24 00:46:05.118889 np0000005792 nova-scheduler[96608]: DEBUG cotyledon.oslo_config_glue [-] oslo_messaging_notifications.retry = -1 {{(pid=96608) log_opt_values /opt/stack/data/venv/lib/python3.12/site-packages/oslo_config/cfg.py:3253}}
Jul 24 00:46:05.118889 np0000005792 nova-scheduler[96608]: DEBUG cotyledon.oslo_config_glue [-] oslo_messaging_notifications.topics = ['notifications'] {{(pid=96608) log_opt_values /opt/stack/data/venv/lib/python3.12/site-packages/oslo_config/cfg.py:3253}}
Jul 24 00:46:05.118889 np0000005792 nova-scheduler[96608]: DEBUG cotyledon.oslo_config_glue [-] oslo_messaging_notifications.transport_url = **** {{(pid=96608) log_opt_values /opt/stack/data/venv/lib/python3.12/site-packages/oslo_config/cfg.py:3253}}
Jul 24 00:46:05.118889 np0000005792 nova-scheduler[96608]: DEBUG cotyledon.oslo_config_glue [-] oslo_limit.auth_section = None {{(pid=96608) log_opt_values /opt/stack/data/venv/lib/python3.12/site-packages/oslo_config/cfg.py:3253}}
Jul 24 00:46:05.118889 np0000005792 nova-scheduler[96608]: DEBUG cotyledon.oslo_config_glue [-] oslo_limit.auth_type = None {{(pid=96608) log_opt_values /opt/stack/data/venv/lib/python3.12/site-packages/oslo_config/cfg.py:3253}}
Jul 24 00:46:05.118889 np0000005792 nova-scheduler[96608]: DEBUG cotyledon.oslo_config_glue [-] oslo_limit.cafile = None {{(pid=96608) log_opt_values /opt/stack/data/venv/lib/python3.12/site-packages/oslo_config/cfg.py:3253}}
Jul 24 00:46:05.118889 np0000005792 nova-scheduler[96608]: DEBUG cotyledon.oslo_config_glue [-] oslo_limit.certfile = None {{(pid=96608) log_opt_values /opt/stack/data/venv/lib/python3.12/site-packages/oslo_config/cfg.py:3253}}
Jul 24 00:46:05.118889 np0000005792 nova-scheduler[96608]: DEBUG cotyledon.oslo_config_glue [-] oslo_limit.collect_timing = False {{(pid=96608) log_opt_values /opt/stack/data/venv/lib/python3.12/site-packages/oslo_config/cfg.py:3253}}
Jul 24 00:46:05.119162 np0000005792 nova-scheduler[96608]: DEBUG cotyledon.oslo_config_glue [-] oslo_limit.connect_retries = None {{(pid=96608) log_opt_values /opt/stack/data/venv/lib/python3.12/site-packages/oslo_config/cfg.py:3253}}
Jul 24 00:46:05.119162 np0000005792 nova-scheduler[96608]: DEBUG cotyledon.oslo_config_glue [-] oslo_limit.connect_retry_delay = None {{(pid=96608) log_opt_values /opt/stack/data/venv/lib/python3.12/site-packages/oslo_config/cfg.py:3253}}
Jul 24 00:46:05.119162 np0000005792 nova-scheduler[96608]: DEBUG cotyledon.oslo_config_glue [-] oslo_limit.endpoint_id = None {{(pid=96608) log_opt_values /opt/stack/data/venv/lib/python3.12/site-packages/oslo_config/cfg.py:3253}}
Jul 24 00:46:05.119162 np0000005792 nova-scheduler[96608]: DEBUG cotyledon.oslo_config_glue [-] oslo_limit.endpoint_interface = public {{(pid=96608) log_opt_values /opt/stack/data/venv/lib/python3.12/site-packages/oslo_config/cfg.py:3253}}
Jul 24 00:46:05.119162 np0000005792 nova-scheduler[96608]: DEBUG cotyledon.oslo_config_glue [-] oslo_limit.endpoint_override = None {{(pid=96608) log_opt_values /opt/stack/data/venv/lib/python3.12/site-packages/oslo_config/cfg.py:3253}}
Jul 24 00:46:05.119162 np0000005792 nova-scheduler[96608]: DEBUG cotyledon.oslo_config_glue [-] oslo_limit.endpoint_region_name = None {{(pid=96608) log_opt_values /opt/stack/data/venv/lib/python3.12/site-packages/oslo_config/cfg.py:3253}}
Jul 24 00:46:05.119162 np0000005792 nova-scheduler[96608]: DEBUG cotyledon.oslo_config_glue [-] oslo_limit.endpoint_service_name = None {{(pid=96608) log_opt_values /opt/stack/data/venv/lib/python3.12/site-packages/oslo_config/cfg.py:3253}}
Jul 24 00:46:05.119162 np0000005792 nova-scheduler[96608]: DEBUG cotyledon.oslo_config_glue [-] oslo_limit.endpoint_service_type = None {{(pid=96608) log_opt_values /opt/stack/data/venv/lib/python3.12/site-packages/oslo_config/cfg.py:3253}}
Jul 24 00:46:05.119162 np0000005792 nova-scheduler[96608]: DEBUG cotyledon.oslo_config_glue [-] oslo_limit.insecure = False {{(pid=96608) log_opt_values /opt/stack/data/venv/lib/python3.12/site-packages/oslo_config/cfg.py:3253}}
Jul 24 00:46:05.119466 np0000005792 nova-scheduler[96608]: DEBUG cotyledon.oslo_config_glue [-] oslo_limit.keyfile = None {{(pid=96608) log_opt_values /opt/stack/data/venv/lib/python3.12/site-packages/oslo_config/cfg.py:3253}}
Jul 24 00:46:05.119466 np0000005792 nova-scheduler[96608]: DEBUG cotyledon.oslo_config_glue [-] oslo_limit.max_version = None {{(pid=96608) log_opt_values /opt/stack/data/venv/lib/python3.12/site-packages/oslo_config/cfg.py:3253}}
Jul 24 00:46:05.119466 np0000005792 nova-scheduler[96608]: DEBUG cotyledon.oslo_config_glue [-] oslo_limit.min_version = None {{(pid=96608) log_opt_values /opt/stack/data/venv/lib/python3.12/site-packages/oslo_config/cfg.py:3253}}
Jul 24 00:46:05.119466 np0000005792 nova-scheduler[96608]: DEBUG cotyledon.oslo_config_glue [-] oslo_limit.region_name = None {{(pid=96608) log_opt_values /opt/stack/data/venv/lib/python3.12/site-packages/oslo_config/cfg.py:3253}}
Jul 24 00:46:05.119466 np0000005792 nova-scheduler[96608]: DEBUG cotyledon.oslo_config_glue [-] oslo_limit.retriable_status_codes = None {{(pid=96608) log_opt_values /opt/stack/data/venv/lib/python3.12/site-packages/oslo_config/cfg.py:3253}}
Jul 24 00:46:05.119466 np0000005792 nova-scheduler[96608]: DEBUG cotyledon.oslo_config_glue [-] oslo_limit.service_name = None {{(pid=96608) log_opt_values /opt/stack/data/venv/lib/python3.12/site-packages/oslo_config/cfg.py:3253}}
Jul 24 00:46:05.119466 np0000005792 nova-scheduler[96608]: DEBUG cotyledon.oslo_config_glue [-] oslo_limit.service_type = None {{(pid=96608) log_opt_values /opt/stack/data/venv/lib/python3.12/site-packages/oslo_config/cfg.py:3253}}
Jul 24 00:46:05.119466 np0000005792 nova-scheduler[96608]: DEBUG cotyledon.oslo_config_glue [-] oslo_limit.split_loggers = False {{(pid=96608) log_opt_values /opt/stack/data/venv/lib/python3.12/site-packages/oslo_config/cfg.py:3253}}
Jul 24 00:46:05.119466 np0000005792 nova-scheduler[96608]: DEBUG cotyledon.oslo_config_glue [-] oslo_limit.status_code_retries = None {{(pid=96608) log_opt_values /opt/stack/data/venv/lib/python3.12/site-packages/oslo_config/cfg.py:3253}}
Jul 24 00:46:05.119756 np0000005792 nova-scheduler[96608]: DEBUG cotyledon.oslo_config_glue [-] oslo_limit.status_code_retry_delay = None {{(pid=96608) log_opt_values /opt/stack/data/venv/lib/python3.12/site-packages/oslo_config/cfg.py:3253}}
Jul 24 00:46:05.119756 np0000005792 nova-scheduler[96608]: DEBUG cotyledon.oslo_config_glue [-] oslo_limit.timeout = None {{(pid=96608) log_opt_values /opt/stack/data/venv/lib/python3.12/site-packages/oslo_config/cfg.py:3253}}
Jul 24 00:46:05.119756 np0000005792 nova-scheduler[96608]: DEBUG cotyledon.oslo_config_glue [-] oslo_limit.valid_interfaces = None {{(pid=96608) log_opt_values /opt/stack/data/venv/lib/python3.12/site-packages/oslo_config/cfg.py:3253}}
Jul 24 00:46:05.119756 np0000005792 nova-scheduler[96608]: DEBUG cotyledon.oslo_config_glue [-] oslo_limit.version = None {{(pid=96608) log_opt_values /opt/stack/data/venv/lib/python3.12/site-packages/oslo_config/cfg.py:3253}}
Jul 24 00:46:05.119756 np0000005792 nova-scheduler[96608]: DEBUG cotyledon.oslo_config_glue [-] oslo_reports.file_event_handler = None {{(pid=96608) log_opt_values /opt/stack/data/venv/lib/python3.12/site-packages/oslo_config/cfg.py:3253}}
Jul 24 00:46:05.119756 np0000005792 nova-scheduler[96608]: DEBUG cotyledon.oslo_config_glue [-] oslo_reports.file_event_handler_interval = 1 {{(pid=96608) log_opt_values /opt/stack/data/venv/lib/python3.12/site-packages/oslo_config/cfg.py:3253}}
Jul 24 00:46:05.119756 np0000005792 nova-scheduler[96608]: DEBUG cotyledon.oslo_config_glue [-] oslo_reports.log_dir = None {{(pid=96608) log_opt_values /opt/stack/data/venv/lib/python3.12/site-packages/oslo_config/cfg.py:3253}}
Jul 24 00:46:05.119756 np0000005792 nova-scheduler[96608]: DEBUG cotyledon.oslo_config_glue [-] ******************************************************************************** {{(pid=96608) log_opt_values /opt/stack/data/venv/lib/python3.12/site-packages/oslo_config/cfg.py:3260}}
Jul 24 00:46:05.119756 np0000005792 nova-scheduler[96608]: DEBUG cotyledon._service_worker [-] Run service ServiceWrapper(3) [96608] {{(pid=96608) wait_forever /opt/stack/data/venv/lib/python3.12/site-packages/cotyledon/_service_worker.py:218}}
Jul 24 00:46:05.120037 np0000005792 nova-scheduler[96608]: INFO nova.service [-] Starting scheduler node (version 33.1.0)
Jul 24 00:46:05.120037 np0000005792 nova-scheduler[96608]: INFO dbcounter [None req-64a1e37a-bf8e-4a6f-9fbb-2b3b403ebe88 None None] Registered counter for database nova_cell0
Jul 24 00:46:05.120103 np0000005792 nova-scheduler[96560]: DEBUG oslo_db.sqlalchemy.engines [None req-02271ce9-9500-4558-b9c9-a16bc6e0b80e None None] MySQL server mode set to STRICT_TRANS_TABLES,STRICT_ALL_TABLES,NO_ZERO_IN_DATE,NO_ZERO_DATE,ERROR_FOR_DIVISION_BY_ZERO,TRADITIONAL,NO_ENGINE_SUBSTITUTION {{(pid=96560) _check_effective_sql_mode /opt/stack/data/venv/lib/python3.12/site-packages/oslo_db/sqlalchemy/engines.py:325}}
Jul 24 00:46:05.120103 np0000005792 nova-scheduler[96560]: DEBUG dbcounter [-] [96560] Writer thread running {{(pid=96560) stat_writer /opt/stack/data/venv/lib/python3.12/site-packages/dbcounter.py:102}}
Jul 24 00:46:05.120200 np0000005792 nova-scheduler[96577]: DEBUG oslo_db.sqlalchemy.engines [None req-836deecd-7deb-4164-876f-aef377478b20 None None] MySQL server mode set to STRICT_TRANS_TABLES,STRICT_ALL_TABLES,NO_ZERO_IN_DATE,NO_ZERO_DATE,ERROR_FOR_DIVISION_BY_ZERO,TRADITIONAL,NO_ENGINE_SUBSTITUTION {{(pid=96577) _check_effective_sql_mode /opt/stack/data/venv/lib/python3.12/site-packages/oslo_db/sqlalchemy/engines.py:325}}
Jul 24 00:46:05.120252 np0000005792 nova-scheduler[96608]: DEBUG oslo_db.sqlalchemy.engines [None req-64a1e37a-bf8e-4a6f-9fbb-2b3b403ebe88 None None] MySQL server mode set to STRICT_TRANS_TABLES,STRICT_ALL_TABLES,NO_ZERO_IN_DATE,NO_ZERO_DATE,ERROR_FOR_DIVISION_BY_ZERO,TRADITIONAL,NO_ENGINE_SUBSTITUTION {{(pid=96608) _check_effective_sql_mode /opt/stack/data/venv/lib/python3.12/site-packages/oslo_db/sqlalchemy/engines.py:325}}
Jul 24 00:46:05.120307 np0000005792 nova-scheduler[96562]: DEBUG oslo_db.sqlalchemy.engines [None req-c118f3b0-2839-410e-82ca-4d074c1ea85e None None] MySQL server mode set to STRICT_TRANS_TABLES,STRICT_ALL_TABLES,NO_ZERO_IN_DATE,NO_ZERO_DATE,ERROR_FOR_DIVISION_BY_ZERO,TRADITIONAL,NO_ENGINE_SUBSTITUTION {{(pid=96562) _check_effective_sql_mode /opt/stack/data/venv/lib/python3.12/site-packages/oslo_db/sqlalchemy/engines.py:325}}
Jul 24 00:46:05.120349 np0000005792 nova-scheduler[96577]: DEBUG dbcounter [-] [96577] Writer thread running {{(pid=96577) stat_writer /opt/stack/data/venv/lib/python3.12/site-packages/dbcounter.py:102}}
Jul 24 00:46:05.120389 np0000005792 nova-scheduler[96560]: DEBUG nova.service [None req-02271ce9-9500-4558-b9c9-a16bc6e0b80e None None] Creating RPC server for service: nova-scheduler on topic: scheduler {{(pid=96560) start /opt/stack/nova/nova/service.py:196}}
Jul 24 00:46:05.120434 np0000005792 nova-scheduler[96608]: DEBUG dbcounter [-] [96608] Writer thread running {{(pid=96608) stat_writer /opt/stack/data/venv/lib/python3.12/site-packages/dbcounter.py:102}}
Jul 24 00:46:05.120478 np0000005792 nova-scheduler[96577]: DEBUG nova.service [None req-836deecd-7deb-4164-876f-aef377478b20 None None] Creating RPC server for service: nova-scheduler on topic: scheduler {{(pid=96577) start /opt/stack/nova/nova/service.py:196}}
Jul 24 00:46:05.121603 np0000005792 nova-scheduler[96608]: DEBUG nova.service [None req-64a1e37a-bf8e-4a6f-9fbb-2b3b403ebe88 None None] Creating RPC server for service: nova-scheduler on topic: scheduler {{(pid=96608) start /opt/stack/nova/nova/service.py:196}}
Jul 24 00:46:05.122606 np0000005792 nova-scheduler[96562]: DEBUG dbcounter [-] [96562] Writer thread running {{(pid=96562) stat_writer /opt/stack/data/venv/lib/python3.12/site-packages/dbcounter.py:102}}
Jul 24 00:46:05.125208 np0000005792 nova-scheduler[96562]: DEBUG nova.service [None req-c118f3b0-2839-410e-82ca-4d074c1ea85e None None] Creating RPC server for service: nova-scheduler on topic: scheduler {{(pid=96562) start /opt/stack/nova/nova/service.py:196}}
Jul 24 00:46:05.144345 np0000005792 nova-scheduler[96562]: DEBUG nova.service [None req-c118f3b0-2839-410e-82ca-4d074c1ea85e None None] Join ServiceGroup membership for this service scheduler {{(pid=96562) start /opt/stack/nova/nova/service.py:222}}
Jul 24 00:46:05.144605 np0000005792 nova-scheduler[96562]: DEBUG nova.servicegroup.drivers.db [None req-c118f3b0-2839-410e-82ca-4d074c1ea85e None None] DB_Driver: join new ServiceGroup member np0000005792 to the scheduler group, service = {{(pid=96562) join /opt/stack/nova/nova/servicegroup/drivers/db.py:44}}
Jul 24 00:46:05.144679 np0000005792 nova-scheduler[96560]: DEBUG nova.service [None req-02271ce9-9500-4558-b9c9-a16bc6e0b80e None None] Join ServiceGroup membership for this service scheduler {{(pid=96560) start /opt/stack/nova/nova/service.py:222}}
Jul 24 00:46:05.144828 np0000005792 nova-scheduler[96560]: DEBUG nova.servicegroup.drivers.db [None req-02271ce9-9500-4558-b9c9-a16bc6e0b80e None None] DB_Driver: join new ServiceGroup member np0000005792 to the scheduler group, service = {{(pid=96560) join /opt/stack/nova/nova/servicegroup/drivers/db.py:44}}
Jul 24 00:46:05.146033 np0000005792 nova-scheduler[96608]: DEBUG nova.service [None req-64a1e37a-bf8e-4a6f-9fbb-2b3b403ebe88 None None] Join ServiceGroup membership for this service scheduler {{(pid=96608) start /opt/stack/nova/nova/service.py:222}}
Jul 24 00:46:05.146298 np0000005792 nova-scheduler[96608]: DEBUG nova.servicegroup.drivers.db [None req-64a1e37a-bf8e-4a6f-9fbb-2b3b403ebe88 None None] DB_Driver: join new ServiceGroup member np0000005792 to the scheduler group, service = {{(pid=96608) join /opt/stack/nova/nova/servicegroup/drivers/db.py:44}}
Jul 24 00:46:05.150406 np0000005792 nova-scheduler[96577]: DEBUG nova.service [None req-836deecd-7deb-4164-876f-aef377478b20 None None] Join ServiceGroup membership for this service scheduler {{(pid=96577) start /opt/stack/nova/nova/service.py:222}}
Jul 24 00:46:05.150652 np0000005792 nova-scheduler[96577]: DEBUG nova.servicegroup.drivers.db [None req-836deecd-7deb-4164-876f-aef377478b20 None None] DB_Driver: join new ServiceGroup member np0000005792 to the scheduler group, service = {{(pid=96577) join /opt/stack/nova/nova/servicegroup/drivers/db.py:44}}
Jul 24 00:46:10.159222 np0000005792 nova-scheduler[96560]: DEBUG oslo.service.backend._threading.loopingcall [-] Fixed interval looping call 'nova.servicegroup.drivers.db.DbDriver._report_state' sleeping for 119.99 seconds {{(pid=96560) _run_loop /opt/stack/data/venv/lib/python3.12/site-packages/oslo_service/backend/_threading/loopingcall.py:125}}
Jul 24 00:46:10.160377 np0000005792 nova-scheduler[96562]: DEBUG oslo.service.backend._threading.loopingcall [-] Fixed interval looping call 'nova.servicegroup.drivers.db.DbDriver._report_state' sleeping for 119.99 seconds {{(pid=96562) _run_loop /opt/stack/data/venv/lib/python3.12/site-packages/oslo_service/backend/_threading/loopingcall.py:125}}
Jul 24 00:46:10.160897 np0000005792 nova-scheduler[96608]: DEBUG oslo.service.backend._threading.loopingcall [-] Fixed interval looping call 'nova.servicegroup.drivers.db.DbDriver._report_state' sleeping for 119.99 seconds {{(pid=96608) _run_loop /opt/stack/data/venv/lib/python3.12/site-packages/oslo_service/backend/_threading/loopingcall.py:125}}
Jul 24 00:46:10.170877 np0000005792 nova-scheduler[96577]: DEBUG oslo.service.backend._threading.loopingcall [-] Fixed interval looping call 'nova.servicegroup.drivers.db.DbDriver._report_state' sleeping for 119.98 seconds {{(pid=96577) _run_loop /opt/stack/data/venv/lib/python3.12/site-packages/oslo_service/backend/_threading/loopingcall.py:125}}
Jul 24 00:46:11.147036 np0000005792 nova-scheduler[96560]: DEBUG oslo.service.backend._threading.loopingcall [None req-bce404c0-411b-4579-bc70-923792692e52 None None] Dynamic interval looping call 'nova.service.Service.periodic_tasks' sleeping for 60.00 seconds {{(pid=96560) _run_loop /opt/stack/data/venv/lib/python3.12/site-packages/oslo_service/backend/_threading/loopingcall.py:125}}
Jul 24 00:46:13.713479 np0000005792 nova-scheduler[95342]: DEBUG dbcounter [-] [95342] Writing DB stats nova_api:SELECT=3 {{(pid=95342) stat_writer /opt/stack/data/venv/lib/python3.12/site-packages/dbcounter.py:115}}
Jul 24 00:46:13.838519 np0000005792 nova-scheduler[95342]: DEBUG dbcounter [-] [95342] Writing DB stats nova_cell0:SELECT=1 {{(pid=95342) stat_writer /opt/stack/data/venv/lib/python3.12/site-packages/dbcounter.py:115}}
Jul 24 00:46:13.846359 np0000005792 nova-scheduler[95342]: DEBUG dbcounter [-] [95342] Writing DB stats nova_cell1:SELECT=1 {{(pid=95342) stat_writer /opt/stack/data/venv/lib/python3.12/site-packages/dbcounter.py:115}}
Jul 24 00:46:20.155171 np0000005792 nova-scheduler[96560]: DEBUG dbcounter [-] [96560] Writing DB stats nova_cell0:SELECT=4,nova_cell0:INSERT=1,nova_cell0:UPDATE=1 {{(pid=96560) stat_writer /opt/stack/data/venv/lib/python3.12/site-packages/dbcounter.py:115}}
Jul 24 00:46:20.156136 np0000005792 nova-scheduler[96562]: DEBUG dbcounter [-] [96562] Writing DB stats nova_cell0:SELECT=3,nova_cell0:UPDATE=1 {{(pid=96562) stat_writer /opt/stack/data/venv/lib/python3.12/site-packages/dbcounter.py:115}}
Jul 24 00:46:20.157944 np0000005792 nova-scheduler[96608]: DEBUG dbcounter [-] [96608] Writing DB stats nova_cell0:SELECT=3,nova_cell0:UPDATE=1 {{(pid=96608) stat_writer /opt/stack/data/venv/lib/python3.12/site-packages/dbcounter.py:115}}
Jul 24 00:46:20.164442 np0000005792 nova-scheduler[96577]: DEBUG dbcounter [-] [96577] Writing DB stats nova_cell0:SELECT=3 {{(pid=96577) stat_writer /opt/stack/data/venv/lib/python3.12/site-packages/dbcounter.py:115}}
Jul 24 00:46:29.148425 np0000005792 nova-scheduler[96608]: DEBUG oslo.service.backend._threading.loopingcall [None req-4869b68e-f3c0-44c9-bf96-08df792acb2f None None] Dynamic interval looping call 'nova.service.Service.periodic_tasks' sleeping for 60.00 seconds {{(pid=96608) _run_loop /opt/stack/data/venv/lib/python3.12/site-packages/oslo_service/backend/_threading/loopingcall.py:125}}
Jul 24 00:46:35.153009 np0000005792 nova-scheduler[96577]: DEBUG oslo.service.backend._threading.loopingcall [None req-3c6428f0-f9b9-49de-968b-c4b927f2f8a2 None None] Dynamic interval looping call 'nova.service.Service.periodic_tasks' sleeping for 60.00 seconds {{(pid=96577) _run_loop /opt/stack/data/venv/lib/python3.12/site-packages/oslo_service/backend/_threading/loopingcall.py:125}}
Jul 24 00:46:40.146501 np0000005792 nova-scheduler[96562]: DEBUG oslo.service.backend._threading.loopingcall [None req-6349cedf-e5a3-4131-b888-f733affd43c5 None None] Dynamic interval looping call 'nova.service.Service.periodic_tasks' sleeping for 60.00 seconds {{(pid=96562) _run_loop /opt/stack/data/venv/lib/python3.12/site-packages/oslo_service/backend/_threading/loopingcall.py:125}}
Jul 24 00:47:11.147594 np0000005792 nova-scheduler[96560]: DEBUG oslo.service.backend._threading.loopingcall [None req-bce404c0-411b-4579-bc70-923792692e52 None None] Dynamic interval looping call 'nova.service.Service.periodic_tasks' sleeping for 60.00 seconds {{(pid=96560) _run_loop /opt/stack/data/venv/lib/python3.12/site-packages/oslo_service/backend/_threading/loopingcall.py:125}}
Jul 24 00:47:29.149034 np0000005792 nova-scheduler[96608]: DEBUG oslo.service.backend._threading.loopingcall [None req-4869b68e-f3c0-44c9-bf96-08df792acb2f None None] Dynamic interval looping call 'nova.service.Service.periodic_tasks' sleeping for 60.00 seconds {{(pid=96608) _run_loop /opt/stack/data/venv/lib/python3.12/site-packages/oslo_service/backend/_threading/loopingcall.py:125}}
Jul 24 00:47:35.153667 np0000005792 nova-scheduler[96577]: DEBUG oslo.service.backend._threading.loopingcall [None req-3c6428f0-f9b9-49de-968b-c4b927f2f8a2 None None] Dynamic interval looping call 'nova.service.Service.periodic_tasks' sleeping for 60.00 seconds {{(pid=96577) _run_loop /opt/stack/data/venv/lib/python3.12/site-packages/oslo_service/backend/_threading/loopingcall.py:125}}
Jul 24 00:47:40.146964 np0000005792 nova-scheduler[96562]: DEBUG oslo.service.backend._threading.loopingcall [None req-6349cedf-e5a3-4131-b888-f733affd43c5 None None] Dynamic interval looping call 'nova.service.Service.periodic_tasks' sleeping for 60.00 seconds {{(pid=96562) _run_loop /opt/stack/data/venv/lib/python3.12/site-packages/oslo_service/backend/_threading/loopingcall.py:125}}
Jul 24 00:48:10.155771 np0000005792 nova-scheduler[96560]: DEBUG oslo.service.backend._threading.loopingcall [-] Fixed interval looping call 'nova.servicegroup.drivers.db.DbDriver._report_state' sleeping for 119.99 seconds {{(pid=96560) _run_loop /opt/stack/data/venv/lib/python3.12/site-packages/oslo_service/backend/_threading/loopingcall.py:125}}
Jul 24 00:48:10.156312 np0000005792 nova-scheduler[96562]: DEBUG oslo.service.backend._threading.loopingcall [-] Fixed interval looping call 'nova.servicegroup.drivers.db.DbDriver._report_state' sleeping for 119.99 seconds {{(pid=96562) _run_loop /opt/stack/data/venv/lib/python3.12/site-packages/oslo_service/backend/_threading/loopingcall.py:125}}
Jul 24 00:48:10.156720 np0000005792 nova-scheduler[96608]: DEBUG oslo.service.backend._threading.loopingcall [-] Fixed interval looping call 'nova.servicegroup.drivers.db.DbDriver._report_state' sleeping for 119.99 seconds {{(pid=96608) _run_loop /opt/stack/data/venv/lib/python3.12/site-packages/oslo_service/backend/_threading/loopingcall.py:125}}
Jul 24 00:48:10.157283 np0000005792 nova-scheduler[96577]: DEBUG oslo.service.backend._threading.loopingcall [-] Fixed interval looping call 'nova.servicegroup.drivers.db.DbDriver._report_state' sleeping for 119.99 seconds {{(pid=96577) _run_loop /opt/stack/data/venv/lib/python3.12/site-packages/oslo_service/backend/_threading/loopingcall.py:125}}
Jul 24 00:48:11.148077 np0000005792 nova-scheduler[96560]: DEBUG oslo.service.backend._threading.loopingcall [None req-bce404c0-411b-4579-bc70-923792692e52 None None] Dynamic interval looping call 'nova.service.Service.periodic_tasks' sleeping for 60.00 seconds {{(pid=96560) _run_loop /opt/stack/data/venv/lib/python3.12/site-packages/oslo_service/backend/_threading/loopingcall.py:125}}
Jul 24 00:48:20.152915 np0000005792 nova-scheduler[96560]: DEBUG dbcounter [-] [96560] Writing DB stats nova_cell0:SELECT=1,nova_cell0:UPDATE=1 {{(pid=96560) stat_writer /opt/stack/data/venv/lib/python3.12/site-packages/dbcounter.py:115}}
Jul 24 00:48:20.153623 np0000005792 nova-scheduler[96562]: DEBUG dbcounter [-] [96562] Writing DB stats nova_cell0:SELECT=1,nova_cell0:UPDATE=1 {{(pid=96562) stat_writer /opt/stack/data/venv/lib/python3.12/site-packages/dbcounter.py:115}}
Jul 24 00:48:20.154169 np0000005792 nova-scheduler[96608]: DEBUG dbcounter [-] [96608] Writing DB stats nova_cell0:SELECT=1,nova_cell0:UPDATE=1 {{(pid=96608) stat_writer /opt/stack/data/venv/lib/python3.12/site-packages/dbcounter.py:115}}
Jul 24 00:48:20.155536 np0000005792 nova-scheduler[96577]: DEBUG dbcounter [-] [96577] Writing DB stats nova_cell0:SELECT=1,nova_cell0:UPDATE=1 {{(pid=96577) stat_writer /opt/stack/data/venv/lib/python3.12/site-packages/dbcounter.py:115}}
Jul 24 00:48:29.150291 np0000005792 nova-scheduler[96608]: DEBUG oslo.service.backend._threading.loopingcall [None req-4869b68e-f3c0-44c9-bf96-08df792acb2f None None] Dynamic interval looping call 'nova.service.Service.periodic_tasks' sleeping for 60.00 seconds {{(pid=96608) _run_loop /opt/stack/data/venv/lib/python3.12/site-packages/oslo_service/backend/_threading/loopingcall.py:125}}
Jul 24 00:48:35.154087 np0000005792 nova-scheduler[96577]: DEBUG oslo.service.backend._threading.loopingcall [None req-3c6428f0-f9b9-49de-968b-c4b927f2f8a2 None None] Dynamic interval looping call 'nova.service.Service.periodic_tasks' sleeping for 60.00 seconds {{(pid=96577) _run_loop /opt/stack/data/venv/lib/python3.12/site-packages/oslo_service/backend/_threading/loopingcall.py:125}}
Jul 24 00:48:40.147658 np0000005792 nova-scheduler[96562]: DEBUG oslo.service.backend._threading.loopingcall [None req-6349cedf-e5a3-4131-b888-f733affd43c5 None None] Dynamic interval looping call 'nova.service.Service.periodic_tasks' sleeping for 60.00 seconds {{(pid=96562) _run_loop /opt/stack/data/venv/lib/python3.12/site-packages/oslo_service/backend/_threading/loopingcall.py:125}}
Jul 24 00:48:46.120009 np0000005792 nova-scheduler[96562]: DEBUG nova.scheduler.manager [None req-fde91b1f-7ae1-4b66-a31e-ded4c4306061 tempest-ServerBootFromVolumeStableRescueTest-1139452997 tempest-ServerBootFromVolumeStableRescueTest-1139452997-project-member] Starting to schedule for instances: ['d1f90128-fe9d-4c83-99a4-a8cd671909c2'] {{(pid=96562) select_destinations /opt/stack/nova/nova/scheduler/manager.py:209}}
Jul 24 00:48:46.121104 np0000005792 nova-scheduler[96562]: DEBUG nova.scheduler.request_filter [None req-fde91b1f-7ae1-4b66-a31e-ded4c4306061 tempest-ServerBootFromVolumeStableRescueTest-1139452997 tempest-ServerBootFromVolumeStableRescueTest-1139452997-project-member] compute_status_filter request filter added forbidden trait COMPUTE_STATUS_DISABLED {{(pid=96562) compute_status_filter /opt/stack/nova/nova/scheduler/request_filter.py:253}}
Jul 24 00:48:46.121263 np0000005792 nova-scheduler[96562]: DEBUG nova.scheduler.request_filter [None req-fde91b1f-7ae1-4b66-a31e-ded4c4306061 tempest-ServerBootFromVolumeStableRescueTest-1139452997 tempest-ServerBootFromVolumeStableRescueTest-1139452997-project-member] Request filter 'compute_status_filter' took 0.0 seconds {{(pid=96562) wrapper /opt/stack/nova/nova/scheduler/request_filter.py:46}}
Jul 24 00:48:46.121514 np0000005792 nova-scheduler[96562]: DEBUG nova.scheduler.request_filter [None req-fde91b1f-7ae1-4b66-a31e-ded4c4306061 tempest-ServerBootFromVolumeStableRescueTest-1139452997 tempest-ServerBootFromVolumeStableRescueTest-1139452997-project-member] Request filter 'accelerators_filter' took 0.0 seconds {{(pid=96562) wrapper /opt/stack/nova/nova/scheduler/request_filter.py:46}}
Jul 24 00:48:46.121761 np0000005792 nova-scheduler[96562]: DEBUG nova.scheduler.request_filter [None req-fde91b1f-7ae1-4b66-a31e-ded4c4306061 tempest-ServerBootFromVolumeStableRescueTest-1139452997 tempest-ServerBootFromVolumeStableRescueTest-1139452997-project-member] Request filter 'packed_virtqueue_filter' took 0.0 seconds {{(pid=96562) wrapper /opt/stack/nova/nova/scheduler/request_filter.py:46}}
Jul 24 00:48:46.123961 np0000005792 nova-scheduler[96562]: DEBUG nova.scheduler.request_filter [None req-fde91b1f-7ae1-4b66-a31e-ded4c4306061 tempest-ServerBootFromVolumeStableRescueTest-1139452997 tempest-ServerBootFromVolumeStableRescueTest-1139452997-project-member] Request filter 'remote_managed_ports_filter' took 0.0 seconds {{(pid=96562) wrapper /opt/stack/nova/nova/scheduler/request_filter.py:46}}
Jul 24 00:48:46.124320 np0000005792 nova-scheduler[96562]: DEBUG nova.scheduler.request_filter [None req-fde91b1f-7ae1-4b66-a31e-ded4c4306061 tempest-ServerBootFromVolumeStableRescueTest-1139452997 tempest-ServerBootFromVolumeStableRescueTest-1139452997-project-member] ephemeral_encryption_filter skipped {{(pid=96562) ephemeral_encryption_filter /opt/stack/nova/nova/scheduler/request_filter.py:426}}
Jul 24 00:48:46.124465 np0000005792 nova-scheduler[96562]: DEBUG nova.scheduler.request_filter [None req-fde91b1f-7ae1-4b66-a31e-ded4c4306061 tempest-ServerBootFromVolumeStableRescueTest-1139452997 tempest-ServerBootFromVolumeStableRescueTest-1139452997-project-member] virtio_sound_filter skipped {{(pid=96562) virtio_sound_filter /opt/stack/nova/nova/scheduler/request_filter.py:460}}
Jul 24 00:48:46.124652 np0000005792 nova-scheduler[96562]: DEBUG nova.scheduler.request_filter [None req-fde91b1f-7ae1-4b66-a31e-ded4c4306061 tempest-ServerBootFromVolumeStableRescueTest-1139452997 tempest-ServerBootFromVolumeStableRescueTest-1139452997-project-member] tpm_secret_security_filter skipped {{(pid=96562) tpm_secret_security_filter /opt/stack/nova/nova/scheduler/request_filter.py:477}}
Jul 24 00:48:46.866887 np0000005792 nova-scheduler[96562]: INFO nova.utils [None req-fde91b1f-7ae1-4b66-a31e-ded4c4306061 tempest-ServerBootFromVolumeStableRescueTest-1139452997 tempest-ServerBootFromVolumeStableRescueTest-1139452997-project-member] The cell worker thread pool ForkProcess-2.cell_worker is initialized
Jul 24 00:48:46.867439 np0000005792 nova-scheduler[96562]: DEBUG oslo_concurrency.lockutils [None req-fde91b1f-7ae1-4b66-a31e-ded4c4306061 tempest-ServerBootFromVolumeStableRescueTest-1139452997 tempest-ServerBootFromVolumeStableRescueTest-1139452997-project-member] Acquiring lock "f3b19558-651b-4f52-82a4-6712232edb07" by "nova.context.set_target_cell..get_or_set_cached_cell_and_set_connections" {{(pid=96562) inner /opt/stack/data/venv/lib/python3.12/site-packages/oslo_concurrency/lockutils.py:512}}
Jul 24 00:48:46.867638 np0000005792 nova-scheduler[96562]: DEBUG oslo_concurrency.lockutils [None req-fde91b1f-7ae1-4b66-a31e-ded4c4306061 tempest-ServerBootFromVolumeStableRescueTest-1139452997 tempest-ServerBootFromVolumeStableRescueTest-1139452997-project-member] Lock "f3b19558-651b-4f52-82a4-6712232edb07" acquired by "nova.context.set_target_cell..get_or_set_cached_cell_and_set_connections" :: waited 0.000s {{(pid=96562) inner /opt/stack/data/venv/lib/python3.12/site-packages/oslo_concurrency/lockutils.py:525}}
Jul 24 00:48:46.869818 np0000005792 nova-scheduler[96562]: DEBUG oslo_concurrency.lockutils [None req-fde91b1f-7ae1-4b66-a31e-ded4c4306061 tempest-ServerBootFromVolumeStableRescueTest-1139452997 tempest-ServerBootFromVolumeStableRescueTest-1139452997-project-member] Lock "f3b19558-651b-4f52-82a4-6712232edb07" "released" by "nova.context.set_target_cell..get_or_set_cached_cell_and_set_connections" :: held 0.002s {{(pid=96562) inner /opt/stack/data/venv/lib/python3.12/site-packages/oslo_concurrency/lockutils.py:544}}
Jul 24 00:48:46.872096 np0000005792 nova-scheduler[96562]: INFO dbcounter [None req-fde91b1f-7ae1-4b66-a31e-ded4c4306061 tempest-ServerBootFromVolumeStableRescueTest-1139452997 tempest-ServerBootFromVolumeStableRescueTest-1139452997-project-member] Registered counter for database nova_cell1
