Aug 16 19:51:28.586839 np0000007400 devstack@g-api.service[99759]: DEBUG glance_store.location [None req-f87358a5-b185-46b8-a1d8-01d69f56552a tempest-ServerBootFromVolumeStableRescueTest-1987102062 tempest-ServerBootFromVolumeStableRescueTest-1987102062-project-member] Registering scheme swift+https with {'store': , 'location_class': , 'store_entry': 'swift'} {{(pid=99759) register_scheme_map /opt/stack/data/venv/lib/python3.12/site-packages/glance_store/location.py:146}}
Aug 16 19:51:28.586912 np0000007400 devstack@g-api.service[99759]: DEBUG glance_store.location [None req-f87358a5-b185-46b8-a1d8-01d69f56552a tempest-ServerBootFromVolumeStableRescueTest-1987102062 tempest-ServerBootFromVolumeStableRescueTest-1987102062-project-member] Registering scheme swift with {'store': , 'location_class': , 'store_entry': 'swift'} {{(pid=99759) register_scheme_map /opt/stack/data/venv/lib/python3.12/site-packages/glance_store/location.py:146}}
Aug 16 19:51:28.586966 np0000007400 devstack@g-api.service[99759]: DEBUG glance_store.location [None req-f87358a5-b185-46b8-a1d8-01d69f56552a tempest-ServerBootFromVolumeStableRescueTest-1987102062 tempest-ServerBootFromVolumeStableRescueTest-1987102062-project-member] Registering scheme swift+http with {'store': , 'location_class': , 'store_entry': 'swift'} {{(pid=99759) register_scheme_map /opt/stack/data/venv/lib/python3.12/site-packages/glance_store/location.py:146}}
Aug 16 19:51:28.587035 np0000007400 devstack@g-api.service[99759]: DEBUG glance_store.location [None req-f87358a5-b185-46b8-a1d8-01d69f56552a tempest-ServerBootFromVolumeStableRescueTest-1987102062 tempest-ServerBootFromVolumeStableRescueTest-1987102062-project-member] Registering scheme swift+config with {'store': , 'location_class': , 'store_entry': 'swift'} {{(pid=99759) register_scheme_map /opt/stack/data/venv/lib/python3.12/site-packages/glance_store/location.py:146}}
Aug 16 19:51:28.749770 np0000007400 devstack@g-api.service[99759]: DEBUG swiftclient [None req-f87358a5-b185-46b8-a1d8-01d69f56552a tempest-ServerBootFromVolumeStableRescueTest-1987102062 tempest-ServerBootFromVolumeStableRescueTest-1987102062-project-member] REQ: curl -i https://10.4.3.15:8080/v1/AUTH_a7698f7a0cb74f55aa4ff20031b4050b/glance -I -H "X-Auth-Token: gAAAAABqghTAeivr..." {{(pid=99759) http_log /opt/stack/data/venv/lib/python3.12/site-packages/swiftclient/client.py:160}}
Aug 16 19:51:28.750084 np0000007400 devstack@g-api.service[99759]: DEBUG swiftclient [None req-f87358a5-b185-46b8-a1d8-01d69f56552a tempest-ServerBootFromVolumeStableRescueTest-1987102062 tempest-ServerBootFromVolumeStableRescueTest-1987102062-project-member] RESP STATUS: 204 No Content {{(pid=99759) http_log /opt/stack/data/venv/lib/python3.12/site-packages/swiftclient/client.py:161}}
Aug 16 19:51:28.750195 np0000007400 devstack@g-api.service[99759]: DEBUG swiftclient [None req-f87358a5-b185-46b8-a1d8-01d69f56552a tempest-ServerBootFromVolumeStableRescueTest-1987102062 tempest-ServerBootFromVolumeStableRescueTest-1987102062-project-member] RESP HEADERS: {'Date': 'Sun, 16 Aug 2026 19:51:28 GMT', 'Server': 'Apache/2.4.58 (Ubuntu)', 'Content-Type': 'text/plain; charset=utf-8', 'X-Container-Object-Count': '7', 'X-Container-Bytes-Used': '109576192', 'X-Timestamp': '1786909519.27275', 'Last-Modified': 'Sun, 16 Aug 2026 19:45:20 GMT', 'Accept-Ranges': 'bytes', 'X-Storage-Policy': 'Policy-0', 'X-Container-Sharding': 'False', 'Vary': 'Accept', 'X-Trans-Id': 'tx8a5c7e019ed04df388273-006a8214c0', 'X-Openstack-Request-Id': 'tx8a5c7e019ed04df388273-006a8214c0', 'Connection': 'close'} {{(pid=99759) http_log /opt/stack/data/venv/lib/python3.12/site-packages/swiftclient/client.py:162}}
Aug 16 19:51:28.750496 np0000007400 devstack@g-api.service[99759]: DEBUG glance_store._drivers.swift.store [None req-f87358a5-b185-46b8-a1d8-01d69f56552a tempest-ServerBootFromVolumeStableRescueTest-1987102062 tempest-ServerBootFromVolumeStableRescueTest-1987102062-project-member] Adding image object 'faead3b1-e514-4de1-985e-0ece7bf3af30' to Swift {{(pid=99759) add /opt/stack/data/venv/lib/python3.12/site-packages/glance_store/_drivers/swift/store.py:970}}
Aug 16 19:51:28.750591 np0000007400 devstack@g-api.service[99759]: DEBUG glance_store._drivers.swift.store [None req-f87358a5-b185-46b8-a1d8-01d69f56552a tempest-ServerBootFromVolumeStableRescueTest-1987102062 tempest-ServerBootFromVolumeStableRescueTest-1987102062-project-member] Cannot determine image size because it is either not provided in the request or chunked-transfer encoding is used. Adding image as a segmented object to Swift. {{(pid=99759) add /opt/stack/data/venv/lib/python3.12/site-packages/glance_store/_drivers/swift/store.py:994}}
Aug 16 19:51:28.759506 np0000007400 devstack@g-api.service[99759]: DEBUG oslo_utils.imageutils.format_inspector [None req-f87358a5-b185-46b8-a1d8-01d69f56552a tempest-ServerBootFromVolumeStableRescueTest-1987102062 tempest-ServerBootFromVolumeStableRescueTest-1987102062-project-member] Format inspector for vmdk does not match, excluding from consideration (Signature KDMV not found: b'QFI\xfb') {{(pid=99759) _process_chunk /opt/stack/data/venv/lib/python3.12/site-packages/oslo_utils/imageutils/format_inspector.py:1758}}
Aug 16 19:51:28.765309 np0000007400 devstack@g-api.service[99759]: DEBUG oslo_utils.imageutils.format_inspector [None req-f87358a5-b185-46b8-a1d8-01d69f56552a tempest-ServerBootFromVolumeStableRescueTest-1987102062 tempest-ServerBootFromVolumeStableRescueTest-1987102062-project-member] Format inspector for vhdx does not match, excluding from consideration (Region signature not found at 30000) {{(pid=99759) _process_chunk /opt/stack/data/venv/lib/python3.12/site-packages/oslo_utils/imageutils/format_inspector.py:1758}}
Aug 16 19:51:29.032019 np0000007400 devstack@g-api.service[99757]: DEBUG glance.api.middleware.version_negotiation [None req-f87358a5-b185-46b8-a1d8-01d69f56552a tempest-ServerBootFromVolumeStableRescueTest-1987102062 tempest-ServerBootFromVolumeStableRescueTest-1987102062-project-member] Determining version of request: GET /v2/images/faead3b1-e514-4de1-985e-0ece7bf3af30 Accept: application/json {{(pid=99757) process_request /opt/stack/glance/glance/api/middleware/version_negotiation.py:44}}
Aug 16 19:51:29.032468 np0000007400 devstack@g-api.service[99757]: DEBUG glance.api.middleware.version_negotiation [None req-f87358a5-b185-46b8-a1d8-01d69f56552a tempest-ServerBootFromVolumeStableRescueTest-1987102062 tempest-ServerBootFromVolumeStableRescueTest-1987102062-project-member] Using url versioning {{(pid=99757) process_request /opt/stack/glance/glance/api/middleware/version_negotiation.py:57}}
Aug 16 19:51:29.032468 np0000007400 devstack@g-api.service[99757]: DEBUG glance.api.middleware.version_negotiation [None req-f87358a5-b185-46b8-a1d8-01d69f56552a tempest-ServerBootFromVolumeStableRescueTest-1987102062 tempest-ServerBootFromVolumeStableRescueTest-1987102062-project-member] Matched version: v2 {{(pid=99757) process_request /opt/stack/glance/glance/api/middleware/version_negotiation.py:69}}
Aug 16 19:51:29.032541 np0000007400 devstack@g-api.service[99757]: DEBUG glance.api.middleware.version_negotiation [None req-f87358a5-b185-46b8-a1d8-01d69f56552a tempest-ServerBootFromVolumeStableRescueTest-1987102062 tempest-ServerBootFromVolumeStableRescueTest-1987102062-project-member] new path /v2/images/faead3b1-e514-4de1-985e-0ece7bf3af30 {{(pid=99757) process_request /opt/stack/glance/glance/api/middleware/version_negotiation.py:70}}
Aug 16 19:51:29.047959 np0000007400 devstack@g-api.service[99757]: [pid: 99757|app: 0|req: 128/377] 127.0.0.1 () {40 vars in 834 bytes} [Sun Aug 16 19:51:29 2026] GET /v2/images/faead3b1-e514-4de1-985e-0ece7bf3af30 => generated 1470 bytes in 16 msecs (HTTP/1.1 200) 4 headers in 158 bytes (1 switches on core 0)
Aug 16 19:51:29.056963 np0000007400 devstack@g-api.service[99759]: DEBUG swiftclient [None req-f87358a5-b185-46b8-a1d8-01d69f56552a tempest-ServerBootFromVolumeStableRescueTest-1987102062 tempest-ServerBootFromVolumeStableRescueTest-1987102062-project-member] REQ: curl -i https://10.4.3.15:8080/v1/AUTH_a7698f7a0cb74f55aa4ff20031b4050b/glance/faead3b1-e514-4de1-985e-0ece7bf3af30-00001 -X PUT -H "X-Auth-Token: gAAAAABqghTAeivr..." {{(pid=99759) http_log /opt/stack/data/venv/lib/python3.12/site-packages/swiftclient/client.py:160}}
Aug 16 19:51:29.057896 np0000007400 devstack@g-api.service[99759]: DEBUG swiftclient [None req-f87358a5-b185-46b8-a1d8-01d69f56552a tempest-ServerBootFromVolumeStableRescueTest-1987102062 tempest-ServerBootFromVolumeStableRescueTest-1987102062-project-member] RESP STATUS: 201 Created {{(pid=99759) http_log /opt/stack/data/venv/lib/python3.12/site-packages/swiftclient/client.py:161}}
Aug 16 19:51:29.057896 np0000007400 devstack@g-api.service[99759]: DEBUG swiftclient [None req-f87358a5-b185-46b8-a1d8-01d69f56552a tempest-ServerBootFromVolumeStableRescueTest-1987102062 tempest-ServerBootFromVolumeStableRescueTest-1987102062-project-member] RESP HEADERS: {'Date': 'Sun, 16 Aug 2026 19:51:29 GMT', 'Server': 'Apache/2.4.58 (Ubuntu)', 'Content-Type': 'text/html; charset=UTF-8', 'Content-Length': '0', 'Etag': '4fa343ee581d8d2e78533191fd1ac3e1', 'Last-Modified': 'Sun, 16 Aug 2026 19:51:29 GMT', 'X-Trans-Id': 'tx3196aaafd2744d4f978c0-006a8214c0', 'X-Openstack-Request-Id': 'tx3196aaafd2744d4f978c0-006a8214c0', 'Connection': 'close'} {{(pid=99759) http_log /opt/stack/data/venv/lib/python3.12/site-packages/swiftclient/client.py:162}}
Aug 16 19:51:29.057896 np0000007400 devstack@g-api.service[99759]: DEBUG glance_store._drivers.swift.store [None req-f87358a5-b185-46b8-a1d8-01d69f56552a tempest-ServerBootFromVolumeStableRescueTest-1987102062 tempest-ServerBootFromVolumeStableRescueTest-1987102062-project-member] Wrote chunk faead3b1-e514-4de1-985e-0ece7bf3af30-00001 (1/?) of length 23527424 to Swift returning MD5 of content: 4fa343ee581d8d2e78533191fd1ac3e1 {{(pid=99759) add /opt/stack/data/venv/lib/python3.12/site-packages/glance_store/_drivers/swift/store.py:1059}}
Aug 16 19:51:29.058369 np0000007400 devstack@g-api.service[99759]: DEBUG glance_store._drivers.swift.store [None req-f87358a5-b185-46b8-a1d8-01d69f56552a tempest-ServerBootFromVolumeStableRescueTest-1987102062 tempest-ServerBootFromVolumeStableRescueTest-1987102062-project-member] Not writing zero-length chunk. {{(pid=99759) add /opt/stack/data/venv/lib/python3.12/site-packages/glance_store/_drivers/swift/store.py:1028}}
Aug 16 19:51:29.094585 np0000007400 devstack@g-api.service[99759]: DEBUG swiftclient [None req-f87358a5-b185-46b8-a1d8-01d69f56552a tempest-ServerBootFromVolumeStableRescueTest-1987102062 tempest-ServerBootFromVolumeStableRescueTest-1987102062-project-member] REQ: curl -i https://10.4.3.15:8080/v1/AUTH_a7698f7a0cb74f55aa4ff20031b4050b/glance/faead3b1-e514-4de1-985e-0ece7bf3af30 -X PUT -H "X-Object-Manifest: glance/faead3b1-e514-4de1-985e-0ece7bf3af30-" -H "X-Auth-Token: gAAAAABqghTAeivr..." -H "Content-Length: 0" {{(pid=99759) http_log /opt/stack/data/venv/lib/python3.12/site-packages/swiftclient/client.py:160}}
Aug 16 19:51:29.098270 np0000007400 devstack@g-api.service[99759]: DEBUG swiftclient [None req-f87358a5-b185-46b8-a1d8-01d69f56552a tempest-ServerBootFromVolumeStableRescueTest-1987102062 tempest-ServerBootFromVolumeStableRescueTest-1987102062-project-member] RESP STATUS: 201 Created {{(pid=99759) http_log /opt/stack/data/venv/lib/python3.12/site-packages/swiftclient/client.py:161}}
Aug 16 19:51:29.098270 np0000007400 devstack@g-api.service[99759]: DEBUG swiftclient [None req-f87358a5-b185-46b8-a1d8-01d69f56552a tempest-ServerBootFromVolumeStableRescueTest-1987102062 tempest-ServerBootFromVolumeStableRescueTest-1987102062-project-member] RESP HEADERS: {'Date': 'Sun, 16 Aug 2026 19:51:29 GMT', 'Server': 'Apache/2.4.58 (Ubuntu)', 'Content-Type': 'text/html; charset=UTF-8', 'Content-Length': '0', 'Etag': 'd41d8cd98f00b204e9800998ecf8427e', 'Last-Modified': 'Sun, 16 Aug 2026 19:51:30 GMT', 'X-Trans-Id': 'txeb0f3192d6b2404a85175-006a8214c1', 'X-Openstack-Request-Id': 'txeb0f3192d6b2404a85175-006a8214c1', 'Connection': 'close'} {{(pid=99759) http_log /opt/stack/data/venv/lib/python3.12/site-packages/swiftclient/client.py:162}}
Aug 16 19:51:29.098270 np0000007400 devstack@g-api.service[99759]: INFO glance.location [None req-f87358a5-b185-46b8-a1d8-01d69f56552a tempest-ServerBootFromVolumeStableRescueTest-1987102062 tempest-ServerBootFromVolumeStableRescueTest-1987102062-project-member] Image format matched and virtual size computed: 1073741824
Aug 16 19:51:29.144613 np0000007400 devstack@g-api.service[99759]: DEBUG glance_store.backend [None req-f87358a5-b185-46b8-a1d8-01d69f56552a tempest-ServerBootFromVolumeStableRescueTest-1987102062 tempest-ServerBootFromVolumeStableRescueTest-1987102062-project-member] Attempting to import store swift {{(pid=99759) _load_store /opt/stack/data/venv/lib/python3.12/site-packages/glance_store/backend.py:215}}
Aug 16 19:51:29.146072 np0000007400 devstack@g-api.service[99759]: DEBUG glance_store.capabilities [None req-f87358a5-b185-46b8-a1d8-01d69f56552a tempest-ServerBootFromVolumeStableRescueTest-1987102062 tempest-ServerBootFromVolumeStableRescueTest-1987102062-project-member] Store glance_store._drivers.swift.store.SingleTenantStore doesn't support updating dynamic storage capabilities. Please overwrite 'update_capabilities' method of the store to implement updating logics if needed. {{(pid=99759) update_capabilities /opt/stack/data/venv/lib/python3.12/site-packages/glance_store/capabilities.py:91}}
Aug 16 19:51:29.146200 np0000007400 devstack@g-api.service[99759]: DEBUG glance_store.driver [None req-f87358a5-b185-46b8-a1d8-01d69f56552a tempest-ServerBootFromVolumeStableRescueTest-1987102062 tempest-ServerBootFromVolumeStableRescueTest-1987102062-project-member] Late loading location class glance_store._drivers.swift.store.StoreLocation {{(pid=99759) get_store_location_class /opt/stack/data/venv/lib/python3.12/site-packages/glance_store/driver.py:134}}
Aug 16 19:51:29.146369 np0000007400 devstack@g-api.service[99759]: DEBUG glance_store.location [None req-f87358a5-b185-46b8-a1d8-01d69f56552a tempest-ServerBootFromVolumeStableRescueTest-1987102062 tempest-ServerBootFromVolumeStableRescueTest-1987102062-project-member] Registering scheme swift+https with {'store': , 'location_class': , 'store_entry': 'swift'} {{(pid=99759) register_scheme_map /opt/stack/data/venv/lib/python3.12/site-packages/glance_store/location.py:146}}
Aug 16 19:51:29.146493 np0000007400 devstack@g-api.service[99759]: DEBUG glance_store.location [None req-f87358a5-b185-46b8-a1d8-01d69f56552a tempest-ServerBootFromVolumeStableRescueTest-1987102062 tempest-ServerBootFromVolumeStableRescueTest-1987102062-project-member] Registering scheme swift+https with {'store': , 'location_class': , 'store_entry': 'swift'} {{(pid=99759) register_scheme_map /opt/stack/data/venv/lib/python3.12/site-packages/glance_store/location.py:146}}
Aug 16 19:51:29.146647 np0000007400 devstack@g-api.service[99759]: DEBUG glance_store.location [None req-f87358a5-b185-46b8-a1d8-01d69f56552a tempest-ServerBootFromVolumeStableRescueTest-1987102062 tempest-ServerBootFromVolumeStableRescueTest-1987102062-project-member] Registering scheme swift with {'store': , 'location_class': , 'store_entry': 'swift'} {{(pid=99759) register_scheme_map /opt/stack/data/venv/lib/python3.12/site-packages/glance_store/location.py:146}}
Aug 16 19:51:29.146737 np0000007400 devstack@g-api.service[99759]: DEBUG glance_store.location [None req-f87358a5-b185-46b8-a1d8-01d69f56552a tempest-ServerBootFromVolumeStableRescueTest-1987102062 tempest-ServerBootFromVolumeStableRescueTest-1987102062-project-member] Registering scheme swift+https with {'store': , 'location_class': , 'store_entry': 'swift'} {{(pid=99759) register_scheme_map /opt/stack/data/venv/lib/python3.12/site-packages/glance_store/location.py:146}}
Aug 16 19:51:29.146821 np0000007400 devstack@g-api.service[99759]: DEBUG glance_store.location [None req-f87358a5-b185-46b8-a1d8-01d69f56552a tempest-ServerBootFromVolumeStableRescueTest-1987102062 tempest-ServerBootFromVolumeStableRescueTest-1987102062-project-member] Registering scheme swift with {'store': , 'location_class': , 'store_entry': 'swift'} {{(pid=99759) register_scheme_map /opt/stack/data/venv/lib/python3.12/site-packages/glance_store/location.py:146}}
Aug 16 19:51:29.146925 np0000007400 devstack@g-api.service[99759]: DEBUG glance_store.location [None req-f87358a5-b185-46b8-a1d8-01d69f56552a tempest-ServerBootFromVolumeStableRescueTest-1987102062 tempest-ServerBootFromVolumeStableRescueTest-1987102062-project-member] Registering scheme swift+http with {'store': , 'location_class': , 'store_entry': 'swift'} {{(pid=99759) register_scheme_map /opt/stack/data/venv/lib/python3.12/site-packages/glance_store/location.py:146}}
Aug 16 19:51:29.147007 np0000007400 devstack@g-api.service[99759]: DEBUG glance_store.location [None req-f87358a5-b185-46b8-a1d8-01d69f56552a tempest-ServerBootFromVolumeStableRescueTest-1987102062 tempest-ServerBootFromVolumeStableRescueTest-1987102062-project-member] Registering scheme swift+https with {'store': , 'location_class': , 'store_entry': 'swift'} {{(pid=99759) register_scheme_map /opt/stack/data/venv/lib/python3.12/site-packages/glance_store/location.py:146}}
Aug 16 19:51:29.147079 np0000007400 devstack@g-api.service[99759]: DEBUG glance_store.location [None req-f87358a5-b185-46b8-a1d8-01d69f56552a tempest-ServerBootFromVolumeStableRescueTest-1987102062 tempest-ServerBootFromVolumeStableRescueTest-1987102062-project-member] Registering scheme swift with {'store': , 'location_class': , 'store_entry': 'swift'} {{(pid=99759) register_scheme_map /opt/stack/data/venv/lib/python3.12/site-packages/glance_store/location.py:146}}
Aug 16 19:51:29.147179 np0000007400 devstack@g-api.service[99759]: DEBUG glance_store.location [None req-f87358a5-b185-46b8-a1d8-01d69f56552a tempest-ServerBootFromVolumeStableRescueTest-1987102062 tempest-ServerBootFromVolumeStableRescueTest-1987102062-project-member] Registering scheme swift+http with {'store': , 'location_class': , 'store_entry': 'swift'} {{(pid=99759) register_scheme_map /opt/stack/data/venv/lib/python3.12/site-packages/glance_store/location.py:146}}
Aug 16 19:51:29.147318 np0000007400 devstack@g-api.service[99759]: DEBUG glance_store.location [None req-f87358a5-b185-46b8-a1d8-01d69f56552a tempest-ServerBootFromVolumeStableRescueTest-1987102062 tempest-ServerBootFromVolumeStableRescueTest-1987102062-project-member] Registering scheme swift+config with {'store': , 'location_class': , 'store_entry': 'swift'} {{(pid=99759) register_scheme_map /opt/stack/data/venv/lib/python3.12/site-packages/glance_store/location.py:146}}
Aug 16 19:51:29.147444 np0000007400 devstack@g-api.service[99759]: DEBUG glance_store.backend [None req-f87358a5-b185-46b8-a1d8-01d69f56552a tempest-ServerBootFromVolumeStableRescueTest-1987102062 tempest-ServerBootFromVolumeStableRescueTest-1987102062-project-member] Skipping store.set_acls... not implemented. {{(pid=99759) set_acls /opt/stack/data/venv/lib/python3.12/site-packages/glance_store/backend.py:507}}
Aug 16 19:51:29.149419 np0000007400 devstack@g-api.service[99759]: [pid: 99759|app: 0|req: 124/378] 127.0.0.1 () {46 vars in 1154 bytes} [Sun Aug 16 19:51:27 2026] PUT /v2/images/faead3b1-e514-4de1-985e-0ece7bf3af30/file => generated 0 bytes in 1597 msecs (HTTP/1.1 204) 4 headers in 171 bytes (1 switches on core 0)
Aug 16 19:51:29.180866 np0000007400 devstack@g-api.service[99758]: DEBUG glance.api.middleware.version_negotiation [None req-cc94bcc2-f36e-4de2-8d33-22609b80a983 tempest-ServerBootFromVolumeStableRescueTest-1987102062 tempest-ServerBootFromVolumeStableRescueTest-1987102062-project-member] Determining version of request: GET /v2/images/faead3b1-e514-4de1-985e-0ece7bf3af30 Accept: */* {{(pid=99758) process_request /opt/stack/glance/glance/api/middleware/version_negotiation.py:44}}
Aug 16 19:51:29.181302 np0000007400 devstack@g-api.service[99758]: DEBUG glance.api.middleware.version_negotiation [None req-cc94bcc2-f36e-4de2-8d33-22609b80a983 tempest-ServerBootFromVolumeStableRescueTest-1987102062 tempest-ServerBootFromVolumeStableRescueTest-1987102062-project-member] Using url versioning {{(pid=99758) process_request /opt/stack/glance/glance/api/middleware/version_negotiation.py:57}}
Aug 16 19:51:29.181302 np0000007400 devstack@g-api.service[99758]: DEBUG glance.api.middleware.version_negotiation [None req-cc94bcc2-f36e-4de2-8d33-22609b80a983 tempest-ServerBootFromVolumeStableRescueTest-1987102062 tempest-ServerBootFromVolumeStableRescueTest-1987102062-project-member] Matched version: v2 {{(pid=99758) process_request /opt/stack/glance/glance/api/middleware/version_negotiation.py:69}}
Aug 16 19:51:29.181302 np0000007400 devstack@g-api.service[99758]: DEBUG glance.api.middleware.version_negotiation [None req-cc94bcc2-f36e-4de2-8d33-22609b80a983 tempest-ServerBootFromVolumeStableRescueTest-1987102062 tempest-ServerBootFromVolumeStableRescueTest-1987102062-project-member] new path /v2/images/faead3b1-e514-4de1-985e-0ece7bf3af30 {{(pid=99758) process_request /opt/stack/glance/glance/api/middleware/version_negotiation.py:70}}
Aug 16 19:51:29.191741 np0000007400 devstack@g-api.service[99758]: [pid: 99758|app: 0|req: 127/379] 127.0.0.1 () {44 vars in 1111 bytes} [Sun Aug 16 19:51:29 2026] GET /v2/images/faead3b1-e514-4de1-985e-0ece7bf3af30 => generated 1640 bytes in 11 msecs (HTTP/1.1 200) 4 headers in 158 bytes (1 switches on core 0)
Aug 16 19:51:29.219018 np0000007400 devstack@g-api.service[99757]: DEBUG glance.api.middleware.version_negotiation [None req-d32a74ad-d5b8-4dd8-b878-c508bc4ecc3c tempest-ServerBootFromVolumeStableRescueTest-1987102062 tempest-ServerBootFromVolumeStableRescueTest-1987102062-project-member] Determining version of request: GET /v2/schemas/image Accept: */* {{(pid=99757) process_request /opt/stack/glance/glance/api/middleware/version_negotiation.py:44}}
Aug 16 19:51:29.219158 np0000007400 devstack@g-api.service[99757]: DEBUG glance.api.middleware.version_negotiation [None req-d32a74ad-d5b8-4dd8-b878-c508bc4ecc3c tempest-ServerBootFromVolumeStableRescueTest-1987102062 tempest-ServerBootFromVolumeStableRescueTest-1987102062-project-member] Using url versioning {{(pid=99757) process_request /opt/stack/glance/glance/api/middleware/version_negotiation.py:57}}
Aug 16 19:51:29.219158 np0000007400 devstack@g-api.service[99757]: DEBUG glance.api.middleware.version_negotiation [None req-d32a74ad-d5b8-4dd8-b878-c508bc4ecc3c tempest-ServerBootFromVolumeStableRescueTest-1987102062 tempest-ServerBootFromVolumeStableRescueTest-1987102062-project-member] Matched version: v2 {{(pid=99757) process_request /opt/stack/glance/glance/api/middleware/version_negotiation.py:69}}
Aug 16 19:51:29.219306 np0000007400 devstack@g-api.service[99757]: DEBUG glance.api.middleware.version_negotiation [None req-d32a74ad-d5b8-4dd8-b878-c508bc4ecc3c tempest-ServerBootFromVolumeStableRescueTest-1987102062 tempest-ServerBootFromVolumeStableRescueTest-1987102062-project-member] new path /v2/schemas/image {{(pid=99757) process_request /opt/stack/glance/glance/api/middleware/version_negotiation.py:70}}
Aug 16 19:51:29.221305 np0000007400 devstack@g-api.service[99757]: [pid: 99757|app: 0|req: 129/380] 127.0.0.1 () {44 vars in 1051 bytes} [Sun Aug 16 19:51:29 2026] GET /v2/schemas/image => generated 6083 bytes in 2 msecs (HTTP/1.1 200) 4 headers in 158 bytes (1 switches on core 0)
Aug 16 19:51:30.055797 np0000007400 devstack@g-api.service[99759]: DEBUG glance.api.middleware.version_negotiation [None req-f87358a5-b185-46b8-a1d8-01d69f56552a tempest-ServerBootFromVolumeStableRescueTest-1987102062 tempest-ServerBootFromVolumeStableRescueTest-1987102062-project-member] Determining version of request: GET /v2/images/faead3b1-e514-4de1-985e-0ece7bf3af30 Accept: application/json {{(pid=99759) process_request /opt/stack/glance/glance/api/middleware/version_negotiation.py:44}}
Aug 16 19:51:30.055866 np0000007400 devstack@g-api.service[99759]: DEBUG glance.api.middleware.version_negotiation [None req-f87358a5-b185-46b8-a1d8-01d69f56552a tempest-ServerBootFromVolumeStableRescueTest-1987102062 tempest-ServerBootFromVolumeStableRescueTest-1987102062-project-member] Using url versioning {{(pid=99759) process_request /opt/stack/glance/glance/api/middleware/version_negotiation.py:57}}
Aug 16 19:51:30.056124 np0000007400 devstack@g-api.service[99759]: DEBUG glance.api.middleware.version_negotiation [None req-f87358a5-b185-46b8-a1d8-01d69f56552a tempest-ServerBootFromVolumeStableRescueTest-1987102062 tempest-ServerBootFromVolumeStableRescueTest-1987102062-project-member] Matched version: v2 {{(pid=99759) process_request /opt/stack/glance/glance/api/middleware/version_negotiation.py:69}}
Aug 16 19:51:30.056170 np0000007400 devstack@g-api.service[99759]: DEBUG glance.api.middleware.version_negotiation [None req-f87358a5-b185-46b8-a1d8-01d69f56552a tempest-ServerBootFromVolumeStableRescueTest-1987102062 tempest-ServerBootFromVolumeStableRescueTest-1987102062-project-member] new path /v2/images/faead3b1-e514-4de1-985e-0ece7bf3af30 {{(pid=99759) process_request /opt/stack/glance/glance/api/middleware/version_negotiation.py:70}}
Aug 16 19:51:30.069748 np0000007400 devstack@g-api.service[99759]: [pid: 99759|app: 0|req: 125/381] 127.0.0.1 () {40 vars in 834 bytes} [Sun Aug 16 19:51:30 2026] GET /v2/images/faead3b1-e514-4de1-985e-0ece7bf3af30 => generated 1640 bytes in 14 msecs (HTTP/1.1 200) 4 headers in 158 bytes (1 switches on core 0)
Aug 16 19:51:30.069915 np0000007400 devstack@g-api.service[99758]: DEBUG glance.api.middleware.version_negotiation [None req-f87358a5-b185-46b8-a1d8-01d69f56552a tempest-ServerBootFromVolumeStableRescueTest-1987102062 tempest-ServerBootFromVolumeStableRescueTest-1987102062-project-member] Determining version of request: GET /v2/images/06b98dc4-45e7-4c8b-8c70-ac5d6ae3d4df Accept: application/json {{(pid=99758) process_request /opt/stack/glance/glance/api/middleware/version_negotiation.py:44}}
Aug 16 19:51:30.070039 np0000007400 devstack@g-api.service[99758]: DEBUG glance.api.middleware.version_negotiation [None req-f87358a5-b185-46b8-a1d8-01d69f56552a tempest-ServerBootFromVolumeStableRescueTest-1987102062 tempest-ServerBootFromVolumeStableRescueTest-1987102062-project-member] Using url versioning {{(pid=99758) process_request /opt/stack/glance/glance/api/middleware/version_negotiation.py:57}}
Aug 16 19:51:30.070171 np0000007400 devstack@g-api.service[99758]: DEBUG glance.api.middleware.version_negotiation [None req-f87358a5-b185-46b8-a1d8-01d69f56552a tempest-ServerBootFromVolumeStableRescueTest-1987102062 tempest-ServerBootFromVolumeStableRescueTest-1987102062-project-member] Matched version: v2 {{(pid=99758) process_request /opt/stack/glance/glance/api/middleware/version_negotiation.py:69}}
Aug 16 19:51:30.070313 np0000007400 devstack@g-api.service[99758]: DEBUG glance.api.middleware.version_negotiation [None req-f87358a5-b185-46b8-a1d8-01d69f56552a tempest-ServerBootFromVolumeStableRescueTest-1987102062 tempest-ServerBootFromVolumeStableRescueTest-1987102062-project-member] new path /v2/images/06b98dc4-45e7-4c8b-8c70-ac5d6ae3d4df {{(pid=99758) process_request /opt/stack/glance/glance/api/middleware/version_negotiation.py:70}}
Aug 16 19:51:30.077220 np0000007400 devstack@g-api.service[99757]: DEBUG glance.api.middleware.version_negotiation [None req-f87358a5-b185-46b8-a1d8-01d69f56552a tempest-ServerBootFromVolumeStableRescueTest-1987102062 tempest-ServerBootFromVolumeStableRescueTest-1987102062-project-member] Determining version of request: GET /v2/images/faead3b1-e514-4de1-985e-0ece7bf3af30 Accept: application/json {{(pid=99757) process_request /opt/stack/glance/glance/api/middleware/version_negotiation.py:44}}
Aug 16 19:51:30.077670 np0000007400 devstack@g-api.service[99757]: DEBUG glance.api.middleware.version_negotiation [None req-f87358a5-b185-46b8-a1d8-01d69f56552a tempest-ServerBootFromVolumeStableRescueTest-1987102062 tempest-ServerBootFromVolumeStableRescueTest-1987102062-project-member] Using url versioning {{(pid=99757) process_request /opt/stack/glance/glance/api/middleware/version_negotiation.py:57}}
Aug 16 19:51:30.077670 np0000007400 devstack@g-api.service[99757]: DEBUG glance.api.middleware.version_negotiation [None req-f87358a5-b185-46b8-a1d8-01d69f56552a tempest-ServerBootFromVolumeStableRescueTest-1987102062 tempest-ServerBootFromVolumeStableRescueTest-1987102062-project-member] Matched version: v2 {{(pid=99757) process_request /opt/stack/glance/glance/api/middleware/version_negotiation.py:69}}
Aug 16 19:51:30.077670 np0000007400 devstack@g-api.service[99757]: DEBUG glance.api.middleware.version_negotiation [None req-f87358a5-b185-46b8-a1d8-01d69f56552a tempest-ServerBootFromVolumeStableRescueTest-1987102062 tempest-ServerBootFromVolumeStableRescueTest-1987102062-project-member] new path /v2/images/faead3b1-e514-4de1-985e-0ece7bf3af30 {{(pid=99757) process_request /opt/stack/glance/glance/api/middleware/version_negotiation.py:70}}
Aug 16 19:51:30.083220 np0000007400 devstack@g-api.service[99758]: [pid: 99758|app: 0|req: 128/382] 127.0.0.1 () {40 vars in 834 bytes} [Sun Aug 16 19:51:30 2026] GET /v2/images/06b98dc4-45e7-4c8b-8c70-ac5d6ae3d4df => generated 1044 bytes in 13 msecs (HTTP/1.1 200) 4 headers in 158 bytes (1 switches on core 0)
Aug 16 19:51:30.093899 np0000007400 devstack@g-api.service[99759]: DEBUG glance.api.middleware.version_negotiation [None req-3aae0ecb-727d-473d-8acb-52f9bd26a6ca tempest-ServerBootFromVolumeStableRescueTest-1987102062 tempest-ServerBootFromVolumeStableRescueTest-1987102062-project-member] Determining version of request: GET /v2/images/06b98dc4-45e7-4c8b-8c70-ac5d6ae3d4df Accept: application/json {{(pid=99759) process_request /opt/stack/glance/glance/api/middleware/version_negotiation.py:44}}
Aug 16 19:51:30.094943 np0000007400 devstack@g-api.service[99759]: DEBUG glance.api.middleware.version_negotiation [None req-3aae0ecb-727d-473d-8acb-52f9bd26a6ca tempest-ServerBootFromVolumeStableRescueTest-1987102062 tempest-ServerBootFromVolumeStableRescueTest-1987102062-project-member] Using url versioning {{(pid=99759) process_request /opt/stack/glance/glance/api/middleware/version_negotiation.py:57}}
Aug 16 19:51:30.094943 np0000007400 devstack@g-api.service[99759]: DEBUG glance.api.middleware.version_negotiation [None req-3aae0ecb-727d-473d-8acb-52f9bd26a6ca tempest-ServerBootFromVolumeStableRescueTest-1987102062 tempest-ServerBootFromVolumeStableRescueTest-1987102062-project-member] Matched version: v2 {{(pid=99759) process_request /opt/stack/glance/glance/api/middleware/version_negotiation.py:69}}
Aug 16 19:51:30.094943 np0000007400 devstack@g-api.service[99759]: DEBUG glance.api.middleware.version_negotiation [None req-3aae0ecb-727d-473d-8acb-52f9bd26a6ca tempest-ServerBootFromVolumeStableRescueTest-1987102062 tempest-ServerBootFromVolumeStableRescueTest-1987102062-project-member] new path /v2/images/06b98dc4-45e7-4c8b-8c70-ac5d6ae3d4df {{(pid=99759) process_request /opt/stack/glance/glance/api/middleware/version_negotiation.py:70}}
Aug 16 19:51:30.109716 np0000007400 devstack@g-api.service[99759]: [pid: 99759|app: 0|req: 126/383] 127.0.0.1 () {40 vars in 834 bytes} [Sun Aug 16 19:51:30 2026] GET /v2/images/06b98dc4-45e7-4c8b-8c70-ac5d6ae3d4df => generated 1044 bytes in 16 msecs (HTTP/1.1 200) 4 headers in 158 bytes (1 switches on core 0)
Aug 16 19:51:30.130703 np0000007400 devstack@g-api.service[99758]: DEBUG glance.api.middleware.version_negotiation [None req-77229ac1-5351-493b-840b-8fd8bc6e45f2 tempest-VolumesGetTest-17892890 tempest-VolumesGetTest-17892890-project-member] Determining version of request: GET /v2/images/06b98dc4-45e7-4c8b-8c70-ac5d6ae3d4df Accept: */* {{(pid=99758) process_request /opt/stack/glance/glance/api/middleware/version_negotiation.py:44}}
Aug 16 19:51:30.131646 np0000007400 devstack@g-api.service[99758]: DEBUG glance.api.middleware.version_negotiation [None req-77229ac1-5351-493b-840b-8fd8bc6e45f2 tempest-VolumesGetTest-17892890 tempest-VolumesGetTest-17892890-project-member] Using url versioning {{(pid=99758) process_request /opt/stack/glance/glance/api/middleware/version_negotiation.py:57}}
Aug 16 19:51:30.131646 np0000007400 devstack@g-api.service[99758]: DEBUG glance.api.middleware.version_negotiation [None req-77229ac1-5351-493b-840b-8fd8bc6e45f2 tempest-VolumesGetTest-17892890 tempest-VolumesGetTest-17892890-project-member] Matched version: v2 {{(pid=99758) process_request /opt/stack/glance/glance/api/middleware/version_negotiation.py:69}}
Aug 16 19:51:30.131646 np0000007400 devstack@g-api.service[99758]: DEBUG glance.api.middleware.version_negotiation [None req-77229ac1-5351-493b-840b-8fd8bc6e45f2 tempest-VolumesGetTest-17892890 tempest-VolumesGetTest-17892890-project-member] new path /v2/images/06b98dc4-45e7-4c8b-8c70-ac5d6ae3d4df {{(pid=99758) process_request /opt/stack/glance/glance/api/middleware/version_negotiation.py:70}}
Aug 16 19:51:30.144391 np0000007400 devstack@g-api.service[99758]: [pid: 99758|app: 0|req: 129/384] 127.0.0.1 () {44 vars in 1111 bytes} [Sun Aug 16 19:51:30 2026] GET /v2/images/06b98dc4-45e7-4c8b-8c70-ac5d6ae3d4df => generated 1044 bytes in 14 msecs (HTTP/1.1 200) 4 headers in 158 bytes (1 switches on core 0)
Aug 16 19:51:30.154479 np0000007400 devstack@g-api.service[99759]: DEBUG glance.api.middleware.version_negotiation [None req-fc90a307-fe7d-474e-bdf1-57cdaec3be60 tempest-VolumesGetTest-17892890 tempest-VolumesGetTest-17892890-project-member] Determining version of request: GET /v2/schemas/image Accept: */* {{(pid=99759) process_request /opt/stack/glance/glance/api/middleware/version_negotiation.py:44}}
Aug 16 19:51:30.154479 np0000007400 devstack@g-api.service[99759]: DEBUG glance.api.middleware.version_negotiation [None req-fc90a307-fe7d-474e-bdf1-57cdaec3be60 tempest-VolumesGetTest-17892890 tempest-VolumesGetTest-17892890-project-member] Using url versioning {{(pid=99759) process_request /opt/stack/glance/glance/api/middleware/version_negotiation.py:57}}
Aug 16 19:51:30.154479 np0000007400 devstack@g-api.service[99759]: DEBUG glance.api.middleware.version_negotiation [None req-fc90a307-fe7d-474e-bdf1-57cdaec3be60 tempest-VolumesGetTest-17892890 tempest-VolumesGetTest-17892890-project-member] Matched version: v2 {{(pid=99759) process_request /opt/stack/glance/glance/api/middleware/version_negotiation.py:69}}
Aug 16 19:51:30.154479 np0000007400 devstack@g-api.service[99759]: DEBUG glance.api.middleware.version_negotiation [None req-fc90a307-fe7d-474e-bdf1-57cdaec3be60 tempest-VolumesGetTest-17892890 tempest-VolumesGetTest-17892890-project-member] new path /v2/schemas/image {{(pid=99759) process_request /opt/stack/glance/glance/api/middleware/version_negotiation.py:70}}
Aug 16 19:51:30.157132 np0000007400 devstack@g-api.service[99759]: [pid: 99759|app: 0|req: 127/385] 127.0.0.1 () {44 vars in 1051 bytes} [Sun Aug 16 19:51:30 2026] GET /v2/schemas/image => generated 6083 bytes in 4 msecs (HTTP/1.1 200) 4 headers in 158 bytes (1 switches on core 0)
Aug 16 19:51:30.168374 np0000007400 devstack@g-api.service[99758]: DEBUG glance.api.middleware.version_negotiation [None req-8fc7123f-af3e-4b1d-b17a-524283a5ab60 tempest-VolumesGetTest-17892890 tempest-VolumesGetTest-17892890-project-member] Determining version of request: GET /v2/schemas/image Accept: */* {{(pid=99758) process_request /opt/stack/glance/glance/api/middleware/version_negotiation.py:44}}
Aug 16 19:51:30.168521 np0000007400 devstack@g-api.service[99758]: DEBUG glance.api.middleware.version_negotiation [None req-8fc7123f-af3e-4b1d-b17a-524283a5ab60 tempest-VolumesGetTest-17892890 tempest-VolumesGetTest-17892890-project-member] Using url versioning {{(pid=99758) process_request /opt/stack/glance/glance/api/middleware/version_negotiation.py:57}}
Aug 16 19:51:30.168638 np0000007400 devstack@g-api.service[99758]: DEBUG glance.api.middleware.version_negotiation [None req-8fc7123f-af3e-4b1d-b17a-524283a5ab60 tempest-VolumesGetTest-17892890 tempest-VolumesGetTest-17892890-project-member] Matched version: v2 {{(pid=99758) process_request /opt/stack/glance/glance/api/middleware/version_negotiation.py:69}}
Aug 16 19:51:30.168764 np0000007400 devstack@g-api.service[99758]: DEBUG glance.api.middleware.version_negotiation [None req-8fc7123f-af3e-4b1d-b17a-524283a5ab60 tempest-VolumesGetTest-17892890 tempest-VolumesGetTest-17892890-project-member] new path /v2/schemas/image {{(pid=99758) process_request /opt/stack/glance/glance/api/middleware/version_negotiation.py:70}}
Aug 16 19:51:30.171026 np0000007400 devstack@g-api.service[99758]: [pid: 99758|app: 0|req: 130/386] 127.0.0.1 () {44 vars in 1051 bytes} [Sun Aug 16 19:51:30 2026] GET /v2/schemas/image => generated 6083 bytes in 3 msecs (HTTP/1.1 200) 4 headers in 158 bytes (1 switches on core 0)
Aug 16 19:51:30.178336 np0000007400 devstack@g-api.service[99759]: DEBUG glance.api.middleware.version_negotiation [None req-8fc7123f-af3e-4b1d-b17a-524283a5ab60 tempest-VolumesGetTest-17892890 tempest-VolumesGetTest-17892890-project-member] Determining version of request: GET /v2/images/06b98dc4-45e7-4c8b-8c70-ac5d6ae3d4df Accept: */* {{(pid=99759) process_request /opt/stack/glance/glance/api/middleware/version_negotiation.py:44}}
Aug 16 19:51:30.179344 np0000007400 devstack@g-api.service[99759]: DEBUG glance.api.middleware.version_negotiation [None req-8fc7123f-af3e-4b1d-b17a-524283a5ab60 tempest-VolumesGetTest-17892890 tempest-VolumesGetTest-17892890-project-member] Using url versioning {{(pid=99759) process_request /opt/stack/glance/glance/api/middleware/version_negotiation.py:57}}
Aug 16 19:51:30.179344 np0000007400 devstack@g-api.service[99759]: DEBUG glance.api.middleware.version_negotiation [None req-8fc7123f-af3e-4b1d-b17a-524283a5ab60 tempest-VolumesGetTest-17892890 tempest-VolumesGetTest-17892890-project-member] Matched version: v2 {{(pid=99759) process_request /opt/stack/glance/glance/api/middleware/version_negotiation.py:69}}
Aug 16 19:51:30.179344 np0000007400 devstack@g-api.service[99759]: DEBUG glance.api.middleware.version_negotiation [None req-8fc7123f-af3e-4b1d-b17a-524283a5ab60 tempest-VolumesGetTest-17892890 tempest-VolumesGetTest-17892890-project-member] new path /v2/images/06b98dc4-45e7-4c8b-8c70-ac5d6ae3d4df {{(pid=99759) process_request /opt/stack/glance/glance/api/middleware/version_negotiation.py:70}}
Aug 16 19:51:30.190700 np0000007400 devstack@g-api.service[99759]: [pid: 99759|app: 0|req: 128/387] 127.0.0.1 () {44 vars in 1111 bytes} [Sun Aug 16 19:51:30 2026] GET /v2/images/06b98dc4-45e7-4c8b-8c70-ac5d6ae3d4df => generated 1044 bytes in 12 msecs (HTTP/1.1 200) 4 headers in 158 bytes (1 switches on core 0)
Aug 16 19:51:30.197501 np0000007400 devstack@g-api.service[99758]: DEBUG glance.api.middleware.version_negotiation [None req-8fc7123f-af3e-4b1d-b17a-524283a5ab60 tempest-VolumesGetTest-17892890 tempest-VolumesGetTest-17892890-project-member] Determining version of request: GET /v2/schemas/image Accept: */* {{(pid=99758) process_request /opt/stack/glance/glance/api/middleware/version_negotiation.py:44}}
Aug 16 19:51:30.197970 np0000007400 devstack@g-api.service[99758]: DEBUG glance.api.middleware.version_negotiation [None req-8fc7123f-af3e-4b1d-b17a-524283a5ab60 tempest-VolumesGetTest-17892890 tempest-VolumesGetTest-17892890-project-member] Using url versioning {{(pid=99758) process_request /opt/stack/glance/glance/api/middleware/version_negotiation.py:57}}
Aug 16 19:51:30.197970 np0000007400 devstack@g-api.service[99758]: DEBUG glance.api.middleware.version_negotiation [None req-8fc7123f-af3e-4b1d-b17a-524283a5ab60 tempest-VolumesGetTest-17892890 tempest-VolumesGetTest-17892890-project-member] Matched version: v2 {{(pid=99758) process_request /opt/stack/glance/glance/api/middleware/version_negotiation.py:69}}
Aug 16 19:51:30.197970 np0000007400 devstack@g-api.service[99758]: DEBUG glance.api.middleware.version_negotiation [None req-8fc7123f-af3e-4b1d-b17a-524283a5ab60 tempest-VolumesGetTest-17892890 tempest-VolumesGetTest-17892890-project-member] new path /v2/schemas/image {{(pid=99758) process_request /opt/stack/glance/glance/api/middleware/version_negotiation.py:70}}
Aug 16 19:51:30.199983 np0000007400 devstack@g-api.service[99758]: [pid: 99758|app: 0|req: 131/388] 127.0.0.1 () {44 vars in 1051 bytes} [Sun Aug 16 19:51:30 2026] GET /v2/schemas/image => generated 6083 bytes in 3 msecs (HTTP/1.1 200) 4 headers in 158 bytes (1 switches on core 0)
Aug 16 19:51:30.207843 np0000007400 devstack@g-api.service[99759]: DEBUG glance.api.middleware.version_negotiation [None req-8fc7123f-af3e-4b1d-b17a-524283a5ab60 tempest-VolumesGetTest-17892890 tempest-VolumesGetTest-17892890-project-member] Determining version of request: GET /v2/schemas/image Accept: */* {{(pid=99759) process_request /opt/stack/glance/glance/api/middleware/version_negotiation.py:44}}
Aug 16 19:51:30.207843 np0000007400 devstack@g-api.service[99759]: DEBUG glance.api.middleware.version_negotiation [None req-8fc7123f-af3e-4b1d-b17a-524283a5ab60 tempest-VolumesGetTest-17892890 tempest-VolumesGetTest-17892890-project-member] Using url versioning {{(pid=99759) process_request /opt/stack/glance/glance/api/middleware/version_negotiation.py:57}}
Aug 16 19:51:30.207843 np0000007400 devstack@g-api.service[99759]: DEBUG glance.api.middleware.version_negotiation [None req-8fc7123f-af3e-4b1d-b17a-524283a5ab60 tempest-VolumesGetTest-17892890 tempest-VolumesGetTest-17892890-project-member] Matched version: v2 {{(pid=99759) process_request /opt/stack/glance/glance/api/middleware/version_negotiation.py:69}}
Aug 16 19:51:30.207843 np0000007400 devstack@g-api.service[99759]: DEBUG glance.api.middleware.version_negotiation [None req-8fc7123f-af3e-4b1d-b17a-524283a5ab60 tempest-VolumesGetTest-17892890 tempest-VolumesGetTest-17892890-project-member] new path /v2/schemas/image {{(pid=99759) process_request /opt/stack/glance/glance/api/middleware/version_negotiation.py:70}}
Aug 16 19:51:30.210370 np0000007400 devstack@g-api.service[99759]: [pid: 99759|app: 0|req: 129/389] 127.0.0.1 () {44 vars in 1051 bytes} [Sun Aug 16 19:51:30 2026] GET /v2/schemas/image => generated 6083 bytes in 3 msecs (HTTP/1.1 200) 4 headers in 158 bytes (1 switches on core 0)
Aug 16 19:51:30.230430 np0000007400 devstack@g-api.service[99758]: DEBUG glance.api.middleware.version_negotiation [None req-8fc7123f-af3e-4b1d-b17a-524283a5ab60 tempest-VolumesGetTest-17892890 tempest-VolumesGetTest-17892890-project-member] Determining version of request: GET /v2/images/06b98dc4-45e7-4c8b-8c70-ac5d6ae3d4df Accept: */* {{(pid=99758) process_request /opt/stack/glance/glance/api/middleware/version_negotiation.py:44}}
Aug 16 19:51:30.230650 np0000007400 devstack@g-api.service[99758]: DEBUG glance.api.middleware.version_negotiation [None req-8fc7123f-af3e-4b1d-b17a-524283a5ab60 tempest-VolumesGetTest-17892890 tempest-VolumesGetTest-17892890-project-member] Using url versioning {{(pid=99758) process_request /opt/stack/glance/glance/api/middleware/version_negotiation.py:57}}
Aug 16 19:51:30.230803 np0000007400 devstack@g-api.service[99758]: DEBUG glance.api.middleware.version_negotiation [None req-8fc7123f-af3e-4b1d-b17a-524283a5ab60 tempest-VolumesGetTest-17892890 tempest-VolumesGetTest-17892890-project-member] Matched version: v2 {{(pid=99758) process_request /opt/stack/glance/glance/api/middleware/version_negotiation.py:69}}
Aug 16 19:51:30.230900 np0000007400 devstack@g-api.service[99758]: DEBUG glance.api.middleware.version_negotiation [None req-8fc7123f-af3e-4b1d-b17a-524283a5ab60 tempest-VolumesGetTest-17892890 tempest-VolumesGetTest-17892890-project-member] new path /v2/images/06b98dc4-45e7-4c8b-8c70-ac5d6ae3d4df {{(pid=99758) process_request /opt/stack/glance/glance/api/middleware/version_negotiation.py:70}}
Aug 16 19:51:30.240135 np0000007400 devstack@g-api.service[99757]: [pid: 99757|app: 0|req: 130/390] 127.0.0.1 () {40 vars in 834 bytes} [Sun Aug 16 19:51:30 2026] GET /v2/images/faead3b1-e514-4de1-985e-0ece7bf3af30 => generated 1640 bytes in 162 msecs (HTTP/1.1 200) 4 headers in 158 bytes (1 switches on core 0)
Aug 16 19:51:30.243007 np0000007400 devstack@g-api.service[99758]: [pid: 99758|app: 0|req: 132/391] 127.0.0.1 () {44 vars in 1111 bytes} [Sun Aug 16 19:51:30 2026] GET /v2/images/06b98dc4-45e7-4c8b-8c70-ac5d6ae3d4df => generated 1044 bytes in 13 msecs (HTTP/1.1 200) 4 headers in 158 bytes (1 switches on core 0)
Aug 16 19:51:30.251112 np0000007400 devstack@g-api.service[99759]: DEBUG glance.api.middleware.version_negotiation [None req-8fc7123f-af3e-4b1d-b17a-524283a5ab60 tempest-VolumesGetTest-17892890 tempest-VolumesGetTest-17892890-project-member] Determining version of request: GET /v2/schemas/image Accept: */* {{(pid=99759) process_request /opt/stack/glance/glance/api/middleware/version_negotiation.py:44}}
Aug 16 19:51:30.253350 np0000007400 devstack@g-api.service[99759]: DEBUG glance.api.middleware.version_negotiation [None req-8fc7123f-af3e-4b1d-b17a-524283a5ab60 tempest-VolumesGetTest-17892890 tempest-VolumesGetTest-17892890-project-member] Using url versioning {{(pid=99759) process_request /opt/stack/glance/glance/api/middleware/version_negotiation.py:57}}
Aug 16 19:51:30.253817 np0000007400 devstack@g-api.service[99759]: DEBUG glance.api.middleware.version_negotiation [None req-8fc7123f-af3e-4b1d-b17a-524283a5ab60 tempest-VolumesGetTest-17892890 tempest-VolumesGetTest-17892890-project-member] Matched version: v2 {{(pid=99759) process_request /opt/stack/glance/glance/api/middleware/version_negotiation.py:69}}
Aug 16 19:51:30.254107 np0000007400 devstack@g-api.service[99759]: DEBUG glance.api.middleware.version_negotiation [None req-8fc7123f-af3e-4b1d-b17a-524283a5ab60 tempest-VolumesGetTest-17892890 tempest-VolumesGetTest-17892890-project-member] new path /v2/schemas/image {{(pid=99759) process_request /opt/stack/glance/glance/api/middleware/version_negotiation.py:70}}
Aug 16 19:51:30.257853 np0000007400 devstack@g-api.service[99759]: [pid: 99759|app: 0|req: 130/392] 127.0.0.1 () {44 vars in 1051 bytes} [Sun Aug 16 19:51:30 2026] GET /v2/schemas/image => generated 6083 bytes in 7 msecs (HTTP/1.1 200) 4 headers in 158 bytes (1 switches on core 0)
Aug 16 19:51:30.590844 np0000007400 devstack@g-api.service[99757]: DEBUG glance.api.middleware.version_negotiation [None req-e6517b46-100d-4bd3-b3ff-c66a6ab95149 tempest-ServerBootFromVolumeStableRescueTest-1987102062 tempest-ServerBootFromVolumeStableRescueTest-1987102062-project-member] Determining version of request: GET /versions Accept: */* {{(pid=99757) process_request /opt/stack/glance/glance/api/middleware/version_negotiation.py:44}}
Aug 16 19:51:30.591676 np0000007400 devstack@g-api.service[99757]: [pid: 99757|app: 0|req: 131/393] 127.0.0.1 () {44 vars in 1035 bytes} [Sun Aug 16 19:51:30 2026] GET /versions => generated 1501 bytes in 1 msecs (HTTP/1.1 200) 3 headers in 92 bytes (1 switches on core 0)
Aug 16 19:51:30.598480 np0000007400 devstack@g-api.service[99758]: DEBUG glance.api.middleware.version_negotiation [None req-8fc7123f-af3e-4b1d-b17a-524283a5ab60 tempest-VolumesGetTest-17892890 tempest-VolumesGetTest-17892890-project-member] Determining version of request: GET /v2/images/06b98dc4-45e7-4c8b-8c70-ac5d6ae3d4df/locations Accept: */* {{(pid=99758) process_request /opt/stack/glance/glance/api/middleware/version_negotiation.py:44}}
Aug 16 19:51:30.598676 np0000007400 devstack@g-api.service[99758]: DEBUG glance.api.middleware.version_negotiation [None req-8fc7123f-af3e-4b1d-b17a-524283a5ab60 tempest-VolumesGetTest-17892890 tempest-VolumesGetTest-17892890-project-member] Using url versioning {{(pid=99758) process_request /opt/stack/glance/glance/api/middleware/version_negotiation.py:57}}
Aug 16 19:51:30.598866 np0000007400 devstack@g-api.service[99758]: DEBUG glance.api.middleware.version_negotiation [None req-8fc7123f-af3e-4b1d-b17a-524283a5ab60 tempest-VolumesGetTest-17892890 tempest-VolumesGetTest-17892890-project-member] Matched version: v2 {{(pid=99758) process_request /opt/stack/glance/glance/api/middleware/version_negotiation.py:69}}
Aug 16 19:51:30.598866 np0000007400 devstack@g-api.service[99758]: DEBUG glance.api.middleware.version_negotiation [None req-8fc7123f-af3e-4b1d-b17a-524283a5ab60 tempest-VolumesGetTest-17892890 tempest-VolumesGetTest-17892890-project-member] new path /v2/images/06b98dc4-45e7-4c8b-8c70-ac5d6ae3d4df/locations {{(pid=99758) process_request /opt/stack/glance/glance/api/middleware/version_negotiation.py:70}}
Aug 16 19:51:30.652100 np0000007400 devstack@g-api.service[99758]: [pid: 99758|app: 0|req: 133/394] 127.0.0.1 () {44 vars in 1131 bytes} [Sun Aug 16 19:51:30 2026] GET /v2/images/06b98dc4-45e7-4c8b-8c70-ac5d6ae3d4df/locations => generated 92 bytes in 54 msecs (HTTP/1.1 200) 4 headers in 156 bytes (1 switches on core 0)
Aug 16 19:51:30.659454 np0000007400 devstack@g-api.service[99759]: DEBUG glance.api.middleware.version_negotiation [None req-8fc7123f-af3e-4b1d-b17a-524283a5ab60 tempest-VolumesGetTest-17892890 tempest-VolumesGetTest-17892890-project-member] Determining version of request: GET /v2/images/06b98dc4-45e7-4c8b-8c70-ac5d6ae3d4df Accept: */* {{(pid=99759) process_request /opt/stack/glance/glance/api/middleware/version_negotiation.py:44}}
Aug 16 19:51:30.660591 np0000007400 devstack@g-api.service[99759]: DEBUG glance.api.middleware.version_negotiation [None req-8fc7123f-af3e-4b1d-b17a-524283a5ab60 tempest-VolumesGetTest-17892890 tempest-VolumesGetTest-17892890-project-member] Using url versioning {{(pid=99759) process_request /opt/stack/glance/glance/api/middleware/version_negotiation.py:57}}
