Aug 16 19:47:31.913302 np0000007400 devstack@n-api.service[84310]: WARNING neutronclient.v2_0.client [None req-e2889cf0-da90-405e-b015-bfa81778a86f tempest-DeleteServersTestJSON-118485888 tempest-DeleteServersTestJSON-118485888-project-member] The python binding code in neutronclient is deprecated in favor of OpenstackSDK, please use that as this will be removed in a future release.
Aug 16 19:47:31.930307 np0000007400 devstack@n-api.service[84312]: DEBUG nova.network.neutron [None req-7facc744-e8b4-4eae-9447-da6e5aa980cc tempest-AttachSCSIVolumeTestJSON-2123626120 tempest-AttachSCSIVolumeTestJSON-2123626120-project-member] validate_networks() for [('a838be0a-cd86-47e4-ad6b-800f1b56c732', None, None, None, None, None)] {{(pid=84312) validate_networks /opt/stack/nova/nova/network/neutron.py:2686}}
Aug 16 19:47:31.930708 np0000007400 devstack@n-api.service[84312]: WARNING neutronclient.v2_0.client [None req-7facc744-e8b4-4eae-9447-da6e5aa980cc tempest-AttachSCSIVolumeTestJSON-2123626120 tempest-AttachSCSIVolumeTestJSON-2123626120-project-member] The python binding code in neutronclient is deprecated in favor of OpenstackSDK, please use that as this will be removed in a future release.
Aug 16 19:47:32.429267 np0000007400 devstack@n-api.service[84311]: DEBUG nova.api.openstack.wsgi [req-daec999f-c795-47f6-91a8-ef0030ea2552 req-99f09781-2c78-4e30-ab07-a2dc2660c891 service nova] Action: 'create', calling method: >, body: {"events": [{"server_uuid": "c0a4b33d-1d41-42b5-add8-4b05b52ca5d0", "name": "network-vif-unplugged", "status": "completed", "tag": "8984dfd8-fe15-4bc0-bb7e-c8484ee3ee49"}, {"server_uuid": "e8e58e68-01f9-42cf-a2e5-664c84427177", "name": "network-vif-plugged", "status": "completed", "tag": "12441713-ac29-46f9-abaa-56b5cfbdff01"}, {"server_uuid": "e8e58e68-01f9-42cf-a2e5-664c84427177", "name": "network-vif-plugged", "status": "completed", "tag": "12441713-ac29-46f9-abaa-56b5cfbdff01"}, {"server_uuid": "c0a4b33d-1d41-42b5-add8-4b05b52ca5d0", "name": "network-vif-plugged", "status": "completed", "tag": "8984dfd8-fe15-4bc0-bb7e-c8484ee3ee49"}, {"server_uuid": "c0a4b33d-1d41-42b5-add8-4b05b52ca5d0", "name": "network-vif-plugged", "status": "completed", "tag": "8984dfd8-fe15-4bc0-bb7e-c8484ee3ee49"}]} {{(pid=84311) _process_stack /opt/stack/nova/nova/api/openstack/wsgi.py:549}}
Aug 16 19:47:32.443594 np0000007400 devstack@n-api.service[84311]: DEBUG oslo_concurrency.lockutils [req-daec999f-c795-47f6-91a8-ef0030ea2552 req-99f09781-2c78-4e30-ab07-a2dc2660c891 service nova] Acquiring lock "91f64d13-945c-4d49-a2da-713b3ce5448d" by "nova.context.set_target_cell..get_or_set_cached_cell_and_set_connections" {{(pid=84311) inner /opt/stack/data/venv/lib/python3.12/site-packages/oslo_concurrency/lockutils.py:512}}
Aug 16 19:47:32.444368 np0000007400 devstack@n-api.service[84311]: DEBUG oslo_concurrency.lockutils [req-daec999f-c795-47f6-91a8-ef0030ea2552 req-99f09781-2c78-4e30-ab07-a2dc2660c891 service nova] Lock "91f64d13-945c-4d49-a2da-713b3ce5448d" acquired by "nova.context.set_target_cell..get_or_set_cached_cell_and_set_connections" :: waited 0.001s {{(pid=84311) inner /opt/stack/data/venv/lib/python3.12/site-packages/oslo_concurrency/lockutils.py:525}}
Aug 16 19:47:32.444568 np0000007400 devstack@n-api.service[84311]: DEBUG oslo_concurrency.lockutils [req-daec999f-c795-47f6-91a8-ef0030ea2552 req-99f09781-2c78-4e30-ab07-a2dc2660c891 service nova] Lock "91f64d13-945c-4d49-a2da-713b3ce5448d" "released" by "nova.context.set_target_cell..get_or_set_cached_cell_and_set_connections" :: held 0.000s {{(pid=84311) inner /opt/stack/data/venv/lib/python3.12/site-packages/oslo_concurrency/lockutils.py:544}}
Aug 16 19:47:32.468671 np0000007400 devstack@n-api.service[84311]: INFO nova.api.openstack.compute.server_external_events [req-daec999f-c795-47f6-91a8-ef0030ea2552 req-99f09781-2c78-4e30-ab07-a2dc2660c891 service nova] Creating event network-vif-unplugged:8984dfd8-fe15-4bc0-bb7e-c8484ee3ee49 for instance c0a4b33d-1d41-42b5-add8-4b05b52ca5d0 on np0000007400
Aug 16 19:47:32.469437 np0000007400 devstack@n-api.service[84311]: INFO nova.api.openstack.compute.server_external_events [req-daec999f-c795-47f6-91a8-ef0030ea2552 req-99f09781-2c78-4e30-ab07-a2dc2660c891 service nova] Creating event network-vif-plugged:12441713-ac29-46f9-abaa-56b5cfbdff01 for instance e8e58e68-01f9-42cf-a2e5-664c84427177 on np0000007400
Aug 16 19:47:32.469685 np0000007400 devstack@n-api.service[84311]: INFO nova.api.openstack.compute.server_external_events [req-daec999f-c795-47f6-91a8-ef0030ea2552 req-99f09781-2c78-4e30-ab07-a2dc2660c891 service nova] Creating event network-vif-plugged:12441713-ac29-46f9-abaa-56b5cfbdff01 for instance e8e58e68-01f9-42cf-a2e5-664c84427177 on np0000007400
Aug 16 19:47:32.469849 np0000007400 devstack@n-api.service[84311]: INFO nova.api.openstack.compute.server_external_events [req-daec999f-c795-47f6-91a8-ef0030ea2552 req-99f09781-2c78-4e30-ab07-a2dc2660c891 service nova] Creating event network-vif-plugged:8984dfd8-fe15-4bc0-bb7e-c8484ee3ee49 for instance c0a4b33d-1d41-42b5-add8-4b05b52ca5d0 on np0000007400
Aug 16 19:47:32.470079 np0000007400 devstack@n-api.service[84311]: INFO nova.api.openstack.compute.server_external_events [req-daec999f-c795-47f6-91a8-ef0030ea2552 req-99f09781-2c78-4e30-ab07-a2dc2660c891 service nova] Creating event network-vif-plugged:8984dfd8-fe15-4bc0-bb7e-c8484ee3ee49 for instance c0a4b33d-1d41-42b5-add8-4b05b52ca5d0 on np0000007400
Aug 16 19:47:32.470358 np0000007400 devstack@n-api.service[84311]: DEBUG oslo_concurrency.lockutils [req-daec999f-c795-47f6-91a8-ef0030ea2552 req-99f09781-2c78-4e30-ab07-a2dc2660c891 service nova] Acquiring lock "compute-rpcapi-router" {{(pid=84311) lock /opt/stack/data/venv/lib/python3.12/site-packages/oslo_concurrency/lockutils.py:396}}
Aug 16 19:47:32.470457 np0000007400 devstack@n-api.service[84311]: DEBUG oslo_concurrency.lockutils [req-daec999f-c795-47f6-91a8-ef0030ea2552 req-99f09781-2c78-4e30-ab07-a2dc2660c891 service nova] Acquired lock "compute-rpcapi-router" {{(pid=84311) lock /opt/stack/data/venv/lib/python3.12/site-packages/oslo_concurrency/lockutils.py:399}}
Aug 16 19:47:32.471041 np0000007400 devstack@n-api.service[84311]: DEBUG oslo_concurrency.lockutils [None req-a240291b-6339-45b8-9882-e74f5952882c None None] Acquiring lock "00000000-0000-0000-0000-000000000000" by "nova.context.set_target_cell..get_or_set_cached_cell_and_set_connections" {{(pid=84311) inner /opt/stack/data/venv/lib/python3.12/site-packages/oslo_concurrency/lockutils.py:512}}
Aug 16 19:47:32.471226 np0000007400 devstack@n-api.service[84311]: DEBUG oslo_concurrency.lockutils [None req-a240291b-6339-45b8-9882-e74f5952882c None None] Lock "00000000-0000-0000-0000-000000000000" acquired by "nova.context.set_target_cell..get_or_set_cached_cell_and_set_connections" :: waited 0.000s {{(pid=84311) inner /opt/stack/data/venv/lib/python3.12/site-packages/oslo_concurrency/lockutils.py:525}}
Aug 16 19:47:32.472212 np0000007400 devstack@n-api.service[84311]: DEBUG oslo_concurrency.lockutils [None req-a240291b-6339-45b8-9882-e74f5952882c None None] Lock "00000000-0000-0000-0000-000000000000" "released" by "nova.context.set_target_cell..get_or_set_cached_cell_and_set_connections" :: held 0.000s {{(pid=84311) inner /opt/stack/data/venv/lib/python3.12/site-packages/oslo_concurrency/lockutils.py:544}}
Aug 16 19:47:32.473062 np0000007400 devstack@n-api.service[84311]: DEBUG oslo_concurrency.lockutils [None req-a240291b-6339-45b8-9882-e74f5952882c None None] Acquiring lock "91f64d13-945c-4d49-a2da-713b3ce5448d" by "nova.context.set_target_cell..get_or_set_cached_cell_and_set_connections" {{(pid=84311) inner /opt/stack/data/venv/lib/python3.12/site-packages/oslo_concurrency/lockutils.py:512}}
Aug 16 19:47:32.473062 np0000007400 devstack@n-api.service[84311]: DEBUG oslo_concurrency.lockutils [None req-a240291b-6339-45b8-9882-e74f5952882c None None] Lock "91f64d13-945c-4d49-a2da-713b3ce5448d" acquired by "nova.context.set_target_cell..get_or_set_cached_cell_and_set_connections" :: waited 0.000s {{(pid=84311) inner /opt/stack/data/venv/lib/python3.12/site-packages/oslo_concurrency/lockutils.py:525}}
Aug 16 19:47:32.473062 np0000007400 devstack@n-api.service[84311]: DEBUG oslo_concurrency.lockutils [None req-a240291b-6339-45b8-9882-e74f5952882c None None] Lock "91f64d13-945c-4d49-a2da-713b3ce5448d" "released" by "nova.context.set_target_cell..get_or_set_cached_cell_and_set_connections" :: held 0.000s {{(pid=84311) inner /opt/stack/data/venv/lib/python3.12/site-packages/oslo_concurrency/lockutils.py:544}}
Aug 16 19:47:32.481135 np0000007400 devstack@n-api.service[84311]: INFO nova.compute.rpcapi [None req-a240291b-6339-45b8-9882-e74f5952882c None None] Automatically selected compute RPC version 6.5 from minimum service version 72
Aug 16 19:47:32.484060 np0000007400 devstack@n-api.service[84311]: DEBUG oslo_concurrency.lockutils [None req-a240291b-6339-45b8-9882-e74f5952882c None None] Releasing lock "compute-rpcapi-router" {{(pid=84311) lock /opt/stack/data/venv/lib/python3.12/site-packages/oslo_concurrency/lockutils.py:419}}
Aug 16 19:47:32.484530 np0000007400 devstack@n-api.service[84311]: DEBUG nova.compute.rpcapi [None req-a240291b-6339-45b8-9882-e74f5952882c None None] RPC: Sending the message to topic: compute-alt {{(pid=84311) prepare_for_alt_rpcserver /opt/stack/nova/nova/compute/rpcapi.py:595}}
Aug 16 19:47:32.496869 np0000007400 devstack@n-api.service[84310]: DEBUG nova.policy [None req-e2889cf0-da90-405e-b015-bfa81778a86f tempest-DeleteServersTestJSON-118485888 tempest-DeleteServersTestJSON-118485888-project-member] Policy check for os_compute_api:os-extended-server-attributes failed with credentials {'is_admin': False, 'user_id': '99bb27785f71437e96620d2666035ca8', 'user_domain_id': 'default', 'system_scope': None, 'domain_id': None, 'project_id': 'd365be4b99524d3ebc73c787497b3b82', 'project_domain_id': 'default', 'roles': ['member', 'reader'], 'is_admin_project': True, 'service_user_id': None, 'service_user_domain_id': None, 'service_project_id': None, 'service_project_domain_id': None, 'service_roles': []} {{(pid=84310) authorize /opt/stack/nova/nova/policy.py:202}}
Aug 16 19:47:32.500949 np0000007400 devstack@n-api.service[84311]: INFO nova.api.openstack.requestlog [None req-a240291b-6339-45b8-9882-e74f5952882c None None] 10.4.3.15 "POST /compute/v2.1/os-server-external-events" status: 200 len: 869 microversion: 2.1 time: 0.075733
Aug 16 19:47:32.501368 np0000007400 devstack@n-api.service[84311]: [pid: 84311|app: 0|req: 21/61] 10.4.3.15 () {72 vars in 1425 bytes} [Sun Aug 16 19:47:32 2026] POST /compute/v2.1/os-server-external-events => generated 869 bytes in 77 msecs (HTTP/1.1 200) 9 headers in 357 bytes (1 switches on core 0)
Aug 16 19:47:32.507724 np0000007400 devstack@n-api.service[84311]: DEBUG nova.api.openstack.wsgi [None req-bb3d9f00-99c4-4834-a4d2-ceedd32b48a7 tempest-ServerActionsTestOtherA-1577246755 tempest-ServerActionsTestOtherA-1577246755-project-member] Calling method '>' {{(pid=84311) _process_stack /opt/stack/nova/nova/api/openstack/wsgi.py:551}}
Aug 16 19:47:32.510362 np0000007400 devstack@n-api.service[84311]: DEBUG nova.compute.api [None req-bb3d9f00-99c4-4834-a4d2-ceedd32b48a7 tempest-ServerActionsTestOtherA-1577246755 tempest-ServerActionsTestOtherA-1577246755-project-member] [instance: c0a4b33d-1d41-42b5-add8-4b05b52ca5d0] Fetching instance by UUID {{(pid=84311) get /opt/stack/nova/nova/compute/api.py:3068}}
Aug 16 19:47:32.511333 np0000007400 devstack@n-api.service[84310]: INFO nova.api.openstack.requestlog [None req-e2889cf0-da90-405e-b015-bfa81778a86f tempest-DeleteServersTestJSON-118485888 tempest-DeleteServersTestJSON-118485888-project-member] 10.4.3.15 "GET /compute/v2.1/servers/1455333c-e501-4895-acaf-6e80786639cc" status: 200 len: 1308 microversion: 2.1 time: 0.628380
Aug 16 19:47:32.511741 np0000007400 devstack@n-api.service[84310]: [pid: 84310|app: 0|req: 19/62] 10.4.3.15 () {66 vars in 1347 bytes} [Sun Aug 16 19:47:31 2026] GET /compute/v2.1/servers/1455333c-e501-4895-acaf-6e80786639cc => generated 1308 bytes in 629 msecs (HTTP/1.1 200) 9 headers in 358 bytes (1 switches on core 0)
Aug 16 19:47:32.522597 np0000007400 devstack@n-api.service[84311]: DEBUG oslo_concurrency.lockutils [None req-bb3d9f00-99c4-4834-a4d2-ceedd32b48a7 tempest-ServerActionsTestOtherA-1577246755 tempest-ServerActionsTestOtherA-1577246755-project-member] Acquiring lock "91f64d13-945c-4d49-a2da-713b3ce5448d" by "nova.context.set_target_cell..get_or_set_cached_cell_and_set_connections" {{(pid=84311) inner /opt/stack/data/venv/lib/python3.12/site-packages/oslo_concurrency/lockutils.py:512}}
Aug 16 19:47:32.522857 np0000007400 devstack@n-api.service[84311]: DEBUG oslo_concurrency.lockutils [None req-bb3d9f00-99c4-4834-a4d2-ceedd32b48a7 tempest-ServerActionsTestOtherA-1577246755 tempest-ServerActionsTestOtherA-1577246755-project-member] Lock "91f64d13-945c-4d49-a2da-713b3ce5448d" acquired by "nova.context.set_target_cell..get_or_set_cached_cell_and_set_connections" :: waited 0.000s {{(pid=84311) inner /opt/stack/data/venv/lib/python3.12/site-packages/oslo_concurrency/lockutils.py:525}}
Aug 16 19:47:32.523096 np0000007400 devstack@n-api.service[84311]: DEBUG oslo_concurrency.lockutils [None req-bb3d9f00-99c4-4834-a4d2-ceedd32b48a7 tempest-ServerActionsTestOtherA-1577246755 tempest-ServerActionsTestOtherA-1577246755-project-member] Lock "91f64d13-945c-4d49-a2da-713b3ce5448d" "released" by "nova.context.set_target_cell..get_or_set_cached_cell_and_set_connections" :: held 0.000s {{(pid=84311) inner /opt/stack/data/venv/lib/python3.12/site-packages/oslo_concurrency/lockutils.py:544}}
Aug 16 19:47:32.523546 np0000007400 devstack@n-api.service[84311]: DEBUG oslo_concurrency.lockutils [None req-bb3d9f00-99c4-4834-a4d2-ceedd32b48a7 tempest-ServerActionsTestOtherA-1577246755 tempest-ServerActionsTestOtherA-1577246755-project-member] Acquiring lock "91f64d13-945c-4d49-a2da-713b3ce5448d" by "nova.context.set_target_cell..get_or_set_cached_cell_and_set_connections" {{(pid=84311) inner /opt/stack/data/venv/lib/python3.12/site-packages/oslo_concurrency/lockutils.py:512}}
Aug 16 19:47:32.523849 np0000007400 devstack@n-api.service[84311]: DEBUG oslo_concurrency.lockutils [None req-bb3d9f00-99c4-4834-a4d2-ceedd32b48a7 tempest-ServerActionsTestOtherA-1577246755 tempest-ServerActionsTestOtherA-1577246755-project-member] Lock "91f64d13-945c-4d49-a2da-713b3ce5448d" acquired by "nova.context.set_target_cell..get_or_set_cached_cell_and_set_connections" :: waited 0.000s {{(pid=84311) inner /opt/stack/data/venv/lib/python3.12/site-packages/oslo_concurrency/lockutils.py:525}}
Aug 16 19:47:32.524203 np0000007400 devstack@n-api.service[84311]: DEBUG oslo_concurrency.lockutils [None req-bb3d9f00-99c4-4834-a4d2-ceedd32b48a7 tempest-ServerActionsTestOtherA-1577246755 tempest-ServerActionsTestOtherA-1577246755-project-member] Lock "91f64d13-945c-4d49-a2da-713b3ce5448d" "released" by "nova.context.set_target_cell..get_or_set_cached_cell_and_set_connections" :: held 0.000s {{(pid=84311) inner /opt/stack/data/venv/lib/python3.12/site-packages/oslo_concurrency/lockutils.py:544}}
Aug 16 19:47:32.548632 np0000007400 devstack@n-api.service[84311]: WARNING neutronclient.v2_0.client [None req-bb3d9f00-99c4-4834-a4d2-ceedd32b48a7 tempest-ServerActionsTestOtherA-1577246755 tempest-ServerActionsTestOtherA-1577246755-project-member] The python binding code in neutronclient is deprecated in favor of OpenstackSDK, please use that as this will be removed in a future release.
Aug 16 19:47:32.647286 np0000007400 devstack@n-api.service[84310]: DEBUG nova.api.openstack.wsgi [None req-400c644b-2d3d-4a52-ba13-956e6f275a50 tempest-ServerActionsTestOtherB-1958924645 tempest-ServerActionsTestOtherB-1958924645-project-member] Calling method '>' {{(pid=84310) _process_stack /opt/stack/nova/nova/api/openstack/wsgi.py:551}}
Aug 16 19:47:32.649060 np0000007400 devstack@n-api.service[84310]: DEBUG nova.compute.api [None req-400c644b-2d3d-4a52-ba13-956e6f275a50 tempest-ServerActionsTestOtherB-1958924645 tempest-ServerActionsTestOtherB-1958924645-project-member] [instance: e8e58e68-01f9-42cf-a2e5-664c84427177] Fetching instance by UUID {{(pid=84310) get /opt/stack/nova/nova/compute/api.py:3068}}
Aug 16 19:47:32.654940 np0000007400 devstack@n-api.service[84310]: DEBUG oslo_concurrency.lockutils [None req-400c644b-2d3d-4a52-ba13-956e6f275a50 tempest-ServerActionsTestOtherB-1958924645 tempest-ServerActionsTestOtherB-1958924645-project-member] Acquiring lock "91f64d13-945c-4d49-a2da-713b3ce5448d" by "nova.context.set_target_cell..get_or_set_cached_cell_and_set_connections" {{(pid=84310) inner /opt/stack/data/venv/lib/python3.12/site-packages/oslo_concurrency/lockutils.py:512}}
Aug 16 19:47:32.655272 np0000007400 devstack@n-api.service[84310]: DEBUG oslo_concurrency.lockutils [None req-400c644b-2d3d-4a52-ba13-956e6f275a50 tempest-ServerActionsTestOtherB-1958924645 tempest-ServerActionsTestOtherB-1958924645-project-member] Lock "91f64d13-945c-4d49-a2da-713b3ce5448d" acquired by "nova.context.set_target_cell..get_or_set_cached_cell_and_set_connections" :: waited 0.000s {{(pid=84310) inner /opt/stack/data/venv/lib/python3.12/site-packages/oslo_concurrency/lockutils.py:525}}
Aug 16 19:47:32.655564 np0000007400 devstack@n-api.service[84310]: DEBUG oslo_concurrency.lockutils [None req-400c644b-2d3d-4a52-ba13-956e6f275a50 tempest-ServerActionsTestOtherB-1958924645 tempest-ServerActionsTestOtherB-1958924645-project-member] Lock "91f64d13-945c-4d49-a2da-713b3ce5448d" "released" by "nova.context.set_target_cell..get_or_set_cached_cell_and_set_connections" :: held 0.000s {{(pid=84310) inner /opt/stack/data/venv/lib/python3.12/site-packages/oslo_concurrency/lockutils.py:544}}
Aug 16 19:47:32.656128 np0000007400 devstack@n-api.service[84310]: DEBUG oslo_concurrency.lockutils [None req-400c644b-2d3d-4a52-ba13-956e6f275a50 tempest-ServerActionsTestOtherB-1958924645 tempest-ServerActionsTestOtherB-1958924645-project-member] Acquiring lock "91f64d13-945c-4d49-a2da-713b3ce5448d" by "nova.context.set_target_cell..get_or_set_cached_cell_and_set_connections" {{(pid=84310) inner /opt/stack/data/venv/lib/python3.12/site-packages/oslo_concurrency/lockutils.py:512}}
Aug 16 19:47:32.656528 np0000007400 devstack@n-api.service[84310]: DEBUG oslo_concurrency.lockutils [None req-400c644b-2d3d-4a52-ba13-956e6f275a50 tempest-ServerActionsTestOtherB-1958924645 tempest-ServerActionsTestOtherB-1958924645-project-member] Lock "91f64d13-945c-4d49-a2da-713b3ce5448d" acquired by "nova.context.set_target_cell..get_or_set_cached_cell_and_set_connections" :: waited 0.000s {{(pid=84310) inner /opt/stack/data/venv/lib/python3.12/site-packages/oslo_concurrency/lockutils.py:525}}
Aug 16 19:47:32.656820 np0000007400 devstack@n-api.service[84310]: DEBUG oslo_concurrency.lockutils [None req-400c644b-2d3d-4a52-ba13-956e6f275a50 tempest-ServerActionsTestOtherB-1958924645 tempest-ServerActionsTestOtherB-1958924645-project-member] Lock "91f64d13-945c-4d49-a2da-713b3ce5448d" "released" by "nova.context.set_target_cell..get_or_set_cached_cell_and_set_connections" :: held 0.000s {{(pid=84310) inner /opt/stack/data/venv/lib/python3.12/site-packages/oslo_concurrency/lockutils.py:544}}
Aug 16 19:47:32.673212 np0000007400 devstack@n-api.service[84310]: WARNING neutronclient.v2_0.client [None req-400c644b-2d3d-4a52-ba13-956e6f275a50 tempest-ServerActionsTestOtherB-1958924645 tempest-ServerActionsTestOtherB-1958924645-project-member] The python binding code in neutronclient is deprecated in favor of OpenstackSDK, please use that as this will be removed in a future release.
Aug 16 19:47:33.134461 np0000007400 devstack@n-api.service[84312]: WARNING neutronclient.v2_0.client [None req-7facc744-e8b4-4eae-9447-da6e5aa980cc tempest-AttachSCSIVolumeTestJSON-2123626120 tempest-AttachSCSIVolumeTestJSON-2123626120-project-member] The python binding code in neutronclient is deprecated in favor of OpenstackSDK, please use that as this will be removed in a future release.
Aug 16 19:47:33.286845 np0000007400 devstack@n-api.service[84310]: DEBUG nova.policy [None req-400c644b-2d3d-4a52-ba13-956e6f275a50 tempest-ServerActionsTestOtherB-1958924645 tempest-ServerActionsTestOtherB-1958924645-project-member] Policy check for os_compute_api:os-extended-server-attributes failed with credentials {'is_admin': False, 'user_id': '8af84d1a5bf14082b90b324c406102d3', 'user_domain_id': 'default', 'system_scope': None, 'domain_id': None, 'project_id': '97af14db1e994a1297188a0da4479cdb', 'project_domain_id': 'default', 'roles': ['member', 'reader'], 'is_admin_project': True, 'service_user_id': None, 'service_user_domain_id': None, 'service_project_id': None, 'service_project_domain_id': None, 'service_roles': []} {{(pid=84310) authorize /opt/stack/nova/nova/policy.py:202}}
Aug 16 19:47:33.288029 np0000007400 devstack@n-api.service[84311]: DEBUG nova.policy [None req-bb3d9f00-99c4-4834-a4d2-ceedd32b48a7 tempest-ServerActionsTestOtherA-1577246755 tempest-ServerActionsTestOtherA-1577246755-project-member] Policy check for os_compute_api:os-extended-server-attributes failed with credentials {'is_admin': False, 'user_id': '048de9ccfa5148719fb81ffb91ad3fda', 'user_domain_id': 'default', 'system_scope': None, 'domain_id': None, 'project_id': '53768b1094524f5f8ba798deb15a5017', 'project_domain_id': 'default', 'roles': ['member', 'reader'], 'is_admin_project': True, 'service_user_id': None, 'service_user_domain_id': None, 'service_project_id': None, 'service_project_domain_id': None, 'service_roles': []} {{(pid=84311) authorize /opt/stack/nova/nova/policy.py:202}}
Aug 16 19:47:33.296250 np0000007400 devstack@n-api.service[84311]: INFO nova.api.openstack.requestlog [None req-bb3d9f00-99c4-4834-a4d2-ceedd32b48a7 tempest-ServerActionsTestOtherA-1577246755 tempest-ServerActionsTestOtherA-1577246755-project-member] 10.4.3.15 "GET /compute/v2.1/servers/c0a4b33d-1d41-42b5-add8-4b05b52ca5d0" status: 200 len: 1359 microversion: 2.1 time: 0.794072
Aug 16 19:47:33.296638 np0000007400 devstack@n-api.service[84311]: [pid: 84311|app: 0|req: 22/63] 10.4.3.15 () {66 vars in 1347 bytes} [Sun Aug 16 19:47:32 2026] GET /compute/v2.1/servers/c0a4b33d-1d41-42b5-add8-4b05b52ca5d0 => generated 1359 bytes in 795 msecs (HTTP/1.1 200) 9 headers in 358 bytes (1 switches on core 0)
Aug 16 19:47:33.297999 np0000007400 devstack@n-api.service[84310]: INFO nova.api.openstack.requestlog [None req-400c644b-2d3d-4a52-ba13-956e6f275a50 tempest-ServerActionsTestOtherB-1958924645 tempest-ServerActionsTestOtherB-1958924645-project-member] 10.4.3.15 "GET /compute/v2.1/servers/e8e58e68-01f9-42cf-a2e5-664c84427177" status: 200 len: 1359 microversion: 2.1 time: 0.654643
Aug 16 19:47:33.298480 np0000007400 devstack@n-api.service[84310]: [pid: 84310|app: 0|req: 20/64] 10.4.3.15 () {66 vars in 1347 bytes} [Sun Aug 16 19:47:32 2026] GET /compute/v2.1/servers/e8e58e68-01f9-42cf-a2e5-664c84427177 => generated 1359 bytes in 655 msecs (HTTP/1.1 200) 9 headers in 358 bytes (1 switches on core 0)
Aug 16 19:47:33.299205 np0000007400 devstack@n-api.service[84311]: DEBUG nova.api.openstack.wsgi [None req-20628376-f027-446b-8b8b-93eb6c3f1638 tempest-TaggedAttachmentsTest-2015876470 tempest-TaggedAttachmentsTest-2015876470-project-member] Calling method '>' {{(pid=84311) _process_stack /opt/stack/nova/nova/api/openstack/wsgi.py:551}}
Aug 16 19:47:33.300977 np0000007400 devstack@n-api.service[84310]: DEBUG nova.api.openstack.wsgi [None req-93f07c66-e5d8-4c57-81b3-892ab361c318 tempest-VolumesAdminNegativeTest-1875465134 tempest-VolumesAdminNegativeTest-1875465134-project-member] Calling method '>' {{(pid=84310) _process_stack /opt/stack/nova/nova/api/openstack/wsgi.py:551}}
Aug 16 19:47:33.302579 np0000007400 devstack@n-api.service[84310]: DEBUG nova.compute.api [None req-93f07c66-e5d8-4c57-81b3-892ab361c318 tempest-VolumesAdminNegativeTest-1875465134 tempest-VolumesAdminNegativeTest-1875465134-project-member] [instance: 808bf2ff-ad68-4a2b-8ad6-798fe08a2516] Fetching instance by UUID {{(pid=84310) get /opt/stack/nova/nova/compute/api.py:3068}}
Aug 16 19:47:33.303636 np0000007400 devstack@n-api.service[84311]: DEBUG nova.compute.api [None req-20628376-f027-446b-8b8b-93eb6c3f1638 tempest-TaggedAttachmentsTest-2015876470 tempest-TaggedAttachmentsTest-2015876470-project-member] [instance: d7c84d7c-3261-4b34-82ee-a40c1ecd4d91] Fetching instance by UUID {{(pid=84311) get /opt/stack/nova/nova/compute/api.py:3068}}
Aug 16 19:47:33.309941 np0000007400 devstack@n-api.service[84311]: DEBUG oslo_concurrency.lockutils [None req-20628376-f027-446b-8b8b-93eb6c3f1638 tempest-TaggedAttachmentsTest-2015876470 tempest-TaggedAttachmentsTest-2015876470-project-member] Acquiring lock "91f64d13-945c-4d49-a2da-713b3ce5448d" by "nova.context.set_target_cell..get_or_set_cached_cell_and_set_connections" {{(pid=84311) inner /opt/stack/data/venv/lib/python3.12/site-packages/oslo_concurrency/lockutils.py:512}}
Aug 16 19:47:33.309941 np0000007400 devstack@n-api.service[84311]: DEBUG oslo_concurrency.lockutils [None req-20628376-f027-446b-8b8b-93eb6c3f1638 tempest-TaggedAttachmentsTest-2015876470 tempest-TaggedAttachmentsTest-2015876470-project-member] Lock "91f64d13-945c-4d49-a2da-713b3ce5448d" acquired by "nova.context.set_target_cell..get_or_set_cached_cell_and_set_connections" :: waited 0.000s {{(pid=84311) inner /opt/stack/data/venv/lib/python3.12/site-packages/oslo_concurrency/lockutils.py:525}}
Aug 16 19:47:33.309941 np0000007400 devstack@n-api.service[84311]: DEBUG oslo_concurrency.lockutils [None req-20628376-f027-446b-8b8b-93eb6c3f1638 tempest-TaggedAttachmentsTest-2015876470 tempest-TaggedAttachmentsTest-2015876470-project-member] Lock "91f64d13-945c-4d49-a2da-713b3ce5448d" "released" by "nova.context.set_target_cell..get_or_set_cached_cell_and_set_connections" :: held 0.000s {{(pid=84311) inner /opt/stack/data/venv/lib/python3.12/site-packages/oslo_concurrency/lockutils.py:544}}
Aug 16 19:47:33.310100 np0000007400 devstack@n-api.service[84310]: DEBUG oslo_concurrency.lockutils [None req-93f07c66-e5d8-4c57-81b3-892ab361c318 tempest-VolumesAdminNegativeTest-1875465134 tempest-VolumesAdminNegativeTest-1875465134-project-member] Acquiring lock "91f64d13-945c-4d49-a2da-713b3ce5448d" by "nova.context.set_target_cell..get_or_set_cached_cell_and_set_connections" {{(pid=84310) inner /opt/stack/data/venv/lib/python3.12/site-packages/oslo_concurrency/lockutils.py:512}}
Aug 16 19:47:33.310100 np0000007400 devstack@n-api.service[84310]: DEBUG oslo_concurrency.lockutils [None req-93f07c66-e5d8-4c57-81b3-892ab361c318 tempest-VolumesAdminNegativeTest-1875465134 tempest-VolumesAdminNegativeTest-1875465134-project-member] Lock "91f64d13-945c-4d49-a2da-713b3ce5448d" acquired by "nova.context.set_target_cell..get_or_set_cached_cell_and_set_connections" :: waited 0.000s {{(pid=84310) inner /opt/stack/data/venv/lib/python3.12/site-packages/oslo_concurrency/lockutils.py:525}}
Aug 16 19:47:33.310154 np0000007400 devstack@n-api.service[84311]: DEBUG oslo_concurrency.lockutils [None req-20628376-f027-446b-8b8b-93eb6c3f1638 tempest-TaggedAttachmentsTest-2015876470 tempest-TaggedAttachmentsTest-2015876470-project-member] Acquiring lock "91f64d13-945c-4d49-a2da-713b3ce5448d" by "nova.context.set_target_cell..get_or_set_cached_cell_and_set_connections" {{(pid=84311) inner /opt/stack/data/venv/lib/python3.12/site-packages/oslo_concurrency/lockutils.py:512}}
Aug 16 19:47:33.310178 np0000007400 devstack@n-api.service[84310]: DEBUG oslo_concurrency.lockutils [None req-93f07c66-e5d8-4c57-81b3-892ab361c318 tempest-VolumesAdminNegativeTest-1875465134 tempest-VolumesAdminNegativeTest-1875465134-project-member] Lock "91f64d13-945c-4d49-a2da-713b3ce5448d" "released" by "nova.context.set_target_cell..get_or_set_cached_cell_and_set_connections" :: held 0.000s {{(pid=84310) inner /opt/stack/data/venv/lib/python3.12/site-packages/oslo_concurrency/lockutils.py:544}}
Aug 16 19:47:33.310623 np0000007400 devstack@n-api.service[84311]: DEBUG oslo_concurrency.lockutils [None req-20628376-f027-446b-8b8b-93eb6c3f1638 tempest-TaggedAttachmentsTest-2015876470 tempest-TaggedAttachmentsTest-2015876470-project-member] Lock "91f64d13-945c-4d49-a2da-713b3ce5448d" acquired by "nova.context.set_target_cell..get_or_set_cached_cell_and_set_connections" :: waited 0.000s {{(pid=84311) inner /opt/stack/data/venv/lib/python3.12/site-packages/oslo_concurrency/lockutils.py:525}}
Aug 16 19:47:33.310861 np0000007400 devstack@n-api.service[84310]: DEBUG oslo_concurrency.lockutils [None req-93f07c66-e5d8-4c57-81b3-892ab361c318 tempest-VolumesAdminNegativeTest-1875465134 tempest-VolumesAdminNegativeTest-1875465134-project-member] Acquiring lock "91f64d13-945c-4d49-a2da-713b3ce5448d" by "nova.context.set_target_cell..get_or_set_cached_cell_and_set_connections" {{(pid=84310) inner /opt/stack/data/venv/lib/python3.12/site-packages/oslo_concurrency/lockutils.py:512}}
Aug 16 19:47:33.310933 np0000007400 devstack@n-api.service[84311]: DEBUG oslo_concurrency.lockutils [None req-20628376-f027-446b-8b8b-93eb6c3f1638 tempest-TaggedAttachmentsTest-2015876470 tempest-TaggedAttachmentsTest-2015876470-project-member] Lock "91f64d13-945c-4d49-a2da-713b3ce5448d" "released" by "nova.context.set_target_cell..get_or_set_cached_cell_and_set_connections" :: held 0.000s {{(pid=84311) inner /opt/stack/data/venv/lib/python3.12/site-packages/oslo_concurrency/lockutils.py:544}}
Aug 16 19:47:33.310997 np0000007400 devstack@n-api.service[84310]: DEBUG oslo_concurrency.lockutils [None req-93f07c66-e5d8-4c57-81b3-892ab361c318 tempest-VolumesAdminNegativeTest-1875465134 tempest-VolumesAdminNegativeTest-1875465134-project-member] Lock "91f64d13-945c-4d49-a2da-713b3ce5448d" acquired by "nova.context.set_target_cell..get_or_set_cached_cell_and_set_connections" :: waited 0.000s {{(pid=84310) inner /opt/stack/data/venv/lib/python3.12/site-packages/oslo_concurrency/lockutils.py:525}}
Aug 16 19:47:33.311335 np0000007400 devstack@n-api.service[84310]: DEBUG oslo_concurrency.lockutils [None req-93f07c66-e5d8-4c57-81b3-892ab361c318 tempest-VolumesAdminNegativeTest-1875465134 tempest-VolumesAdminNegativeTest-1875465134-project-member] Lock "91f64d13-945c-4d49-a2da-713b3ce5448d" "released" by "nova.context.set_target_cell..get_or_set_cached_cell_and_set_connections" :: held 0.000s {{(pid=84310) inner /opt/stack/data/venv/lib/python3.12/site-packages/oslo_concurrency/lockutils.py:544}}
Aug 16 19:47:33.337365 np0000007400 devstack@n-api.service[84310]: WARNING neutronclient.v2_0.client [None req-93f07c66-e5d8-4c57-81b3-892ab361c318 tempest-VolumesAdminNegativeTest-1875465134 tempest-VolumesAdminNegativeTest-1875465134-project-member] The python binding code in neutronclient is deprecated in favor of OpenstackSDK, please use that as this will be removed in a future release.
Aug 16 19:47:33.361270 np0000007400 devstack@n-api.service[84312]: DEBUG nova.virt.hardware [None req-7facc744-e8b4-4eae-9447-da6e5aa980cc tempest-AttachSCSIVolumeTestJSON-2123626120 tempest-AttachSCSIVolumeTestJSON-2123626120-project-member] Flavor limits 0:0:0 {{(pid=84312) get_cpu_topology_constraints /opt/stack/nova/nova/virt/hardware.py:516}}
Aug 16 19:47:33.361534 np0000007400 devstack@n-api.service[84312]: DEBUG nova.virt.hardware [None req-7facc744-e8b4-4eae-9447-da6e5aa980cc tempest-AttachSCSIVolumeTestJSON-2123626120 tempest-AttachSCSIVolumeTestJSON-2123626120-project-member] Image limits 0:0:0 {{(pid=84312) get_cpu_topology_constraints /opt/stack/nova/nova/virt/hardware.py:520}}
Aug 16 19:47:33.361783 np0000007400 devstack@n-api.service[84312]: DEBUG nova.virt.hardware [None req-7facc744-e8b4-4eae-9447-da6e5aa980cc tempest-AttachSCSIVolumeTestJSON-2123626120 tempest-AttachSCSIVolumeTestJSON-2123626120-project-member] Flavor pref 0:0:0 {{(pid=84312) get_cpu_topology_constraints /opt/stack/nova/nova/virt/hardware.py:556}}
Aug 16 19:47:33.361979 np0000007400 devstack@n-api.service[84312]: DEBUG nova.virt.hardware [None req-7facc744-e8b4-4eae-9447-da6e5aa980cc tempest-AttachSCSIVolumeTestJSON-2123626120 tempest-AttachSCSIVolumeTestJSON-2123626120-project-member] Image pref 0:0:0 {{(pid=84312) get_cpu_topology_constraints /opt/stack/nova/nova/virt/hardware.py:560}}
Aug 16 19:47:33.362034 np0000007400 devstack@n-api.service[84311]: WARNING neutronclient.v2_0.client [None req-20628376-f027-446b-8b8b-93eb6c3f1638 tempest-TaggedAttachmentsTest-2015876470 tempest-TaggedAttachmentsTest-2015876470-project-member] The python binding code in neutronclient is deprecated in favor of OpenstackSDK, please use that as this will be removed in a future release.
Aug 16 19:47:33.362133 np0000007400 devstack@n-api.service[84312]: DEBUG nova.virt.hardware [None req-7facc744-e8b4-4eae-9447-da6e5aa980cc tempest-AttachSCSIVolumeTestJSON-2123626120 tempest-AttachSCSIVolumeTestJSON-2123626120-project-member] Chose sockets=0, cores=0, threads=0; limits were sockets=65536, cores=65536, threads=65536 {{(pid=84312) get_cpu_topology_constraints /opt/stack/nova/nova/virt/hardware.py:598}}
Aug 16 19:47:33.368655 np0000007400 devstack@n-api.service[84312]: DEBUG oslo_concurrency.lockutils [None req-7facc744-e8b4-4eae-9447-da6e5aa980cc tempest-AttachSCSIVolumeTestJSON-2123626120 tempest-AttachSCSIVolumeTestJSON-2123626120-project-member] Acquiring lock "00000000-0000-0000-0000-000000000000" by "nova.context.set_target_cell..get_or_set_cached_cell_and_set_connections" {{(pid=84312) inner /opt/stack/data/venv/lib/python3.12/site-packages/oslo_concurrency/lockutils.py:512}}
Aug 16 19:47:33.368818 np0000007400 devstack@n-api.service[84312]: DEBUG oslo_concurrency.lockutils [None req-7facc744-e8b4-4eae-9447-da6e5aa980cc tempest-AttachSCSIVolumeTestJSON-2123626120 tempest-AttachSCSIVolumeTestJSON-2123626120-project-member] Lock "00000000-0000-0000-0000-000000000000" acquired by "nova.context.set_target_cell..get_or_set_cached_cell_and_set_connections" :: waited 0.000s {{(pid=84312) inner /opt/stack/data/venv/lib/python3.12/site-packages/oslo_concurrency/lockutils.py:525}}
Aug 16 19:47:33.368934 np0000007400 devstack@n-api.service[84312]: DEBUG oslo_concurrency.lockutils [None req-7facc744-e8b4-4eae-9447-da6e5aa980cc tempest-AttachSCSIVolumeTestJSON-2123626120 tempest-AttachSCSIVolumeTestJSON-2123626120-project-member] Lock "00000000-0000-0000-0000-000000000000" "released" by "nova.context.set_target_cell..get_or_set_cached_cell_and_set_connections" :: held 0.000s {{(pid=84312) inner /opt/stack/data/venv/lib/python3.12/site-packages/oslo_concurrency/lockutils.py:544}}
Aug 16 19:47:33.369366 np0000007400 devstack@n-api.service[84312]: DEBUG oslo_concurrency.lockutils [None req-7facc744-e8b4-4eae-9447-da6e5aa980cc tempest-AttachSCSIVolumeTestJSON-2123626120 tempest-AttachSCSIVolumeTestJSON-2123626120-project-member] Acquiring lock "91f64d13-945c-4d49-a2da-713b3ce5448d" by "nova.context.set_target_cell..get_or_set_cached_cell_and_set_connections" {{(pid=84312) inner /opt/stack/data/venv/lib/python3.12/site-packages/oslo_concurrency/lockutils.py:512}}
Aug 16 19:47:33.369513 np0000007400 devstack@n-api.service[84312]: DEBUG oslo_concurrency.lockutils [None req-7facc744-e8b4-4eae-9447-da6e5aa980cc tempest-AttachSCSIVolumeTestJSON-2123626120 tempest-AttachSCSIVolumeTestJSON-2123626120-project-member] Lock "91f64d13-945c-4d49-a2da-713b3ce5448d" acquired by "nova.context.set_target_cell..get_or_set_cached_cell_and_set_connections" :: waited 0.000s {{(pid=84312) inner /opt/stack/data/venv/lib/python3.12/site-packages/oslo_concurrency/lockutils.py:525}}
Aug 16 19:47:33.369612 np0000007400 devstack@n-api.service[84312]: DEBUG oslo_concurrency.lockutils [None req-7facc744-e8b4-4eae-9447-da6e5aa980cc tempest-AttachSCSIVolumeTestJSON-2123626120 tempest-AttachSCSIVolumeTestJSON-2123626120-project-member] Lock "91f64d13-945c-4d49-a2da-713b3ce5448d" "released" by "nova.context.set_target_cell..get_or_set_cached_cell_and_set_connections" :: held 0.000s {{(pid=84312) inner /opt/stack/data/venv/lib/python3.12/site-packages/oslo_concurrency/lockutils.py:544}}
Aug 16 19:47:33.381978 np0000007400 devstack@n-api.service[84312]: DEBUG nova.quota [None req-7facc744-e8b4-4eae-9447-da6e5aa980cc tempest-AttachSCSIVolumeTestJSON-2123626120 tempest-AttachSCSIVolumeTestJSON-2123626120-project-member] Getting quotas for project 001100cdee694ec5b73f190a5776397e. Resources: {'instances', 'ram', 'cores'} {{(pid=84312) _get_quotas /opt/stack/nova/nova/quota.py:389}}
Aug 16 19:47:33.383999 np0000007400 devstack@n-api.service[84312]: DEBUG nova.quota [None req-7facc744-e8b4-4eae-9447-da6e5aa980cc tempest-AttachSCSIVolumeTestJSON-2123626120 tempest-AttachSCSIVolumeTestJSON-2123626120-project-member] Getting quotas for user af3c510ddd5d4736a93bcae2faed9216 and project 001100cdee694ec5b73f190a5776397e. Resources: {'instances', 'ram', 'cores'} {{(pid=84312) _get_quotas /opt/stack/nova/nova/quota.py:379}}
Aug 16 19:47:33.389625 np0000007400 devstack@n-api.service[84312]: DEBUG nova.compute.api [None req-7facc744-e8b4-4eae-9447-da6e5aa980cc tempest-AttachSCSIVolumeTestJSON-2123626120 tempest-AttachSCSIVolumeTestJSON-2123626120-project-member] Going to run 1 instances... {{(pid=84312) _provision_instances /opt/stack/nova/nova/compute/api.py:1480}}
Aug 16 19:47:33.392390 np0000007400 devstack@n-api.service[84312]: DEBUG nova.compute.api [None req-7facc744-e8b4-4eae-9447-da6e5aa980cc tempest-AttachSCSIVolumeTestJSON-2123626120 tempest-AttachSCSIVolumeTestJSON-2123626120-project-member] [instance: 5ac45649-02db-4684-aed5-55909aed8f3c] block_device_mapping [BlockDeviceMapping(attachment_id=,boot_index=0,connection_info=None,created_at=,delete_on_termination=True,deleted=,deleted_at=,destination_type='local',device_name=None,device_type='disk',disk_bus=None,encrypted=False,encryption_format=None,encryption_options=None,encryption_secret_uuid=None,guest_format=None,id=,image_id='c37b4bae-733f-4eaf-94b3-fd7aac538f8c',instance=,instance_uuid=,no_device=False,snapshot_id=None,source_type='image',tag=None,updated_at=,uuid=,volume_id=None,volume_size=None,volume_type=None)] {{(pid=84312) _bdm_validate_set_size_and_instance /opt/stack/nova/nova/compute/api.py:1942}}
Aug 16 19:47:33.444461 np0000007400 devstack@n-api.service[84311]: DEBUG nova.policy [None req-20628376-f027-446b-8b8b-93eb6c3f1638 tempest-TaggedAttachmentsTest-2015876470 tempest-TaggedAttachmentsTest-2015876470-project-member] Policy check for os_compute_api:os-extended-server-attributes failed with credentials {'is_admin': False, 'user_id': '439b9e2e119845569be22879542763a3', 'user_domain_id': 'default', 'system_scope': None, 'domain_id': None, 'project_id': 'd6128c3f1cc143e3b9f50ae6c3870eaf', 'project_domain_id': 'default', 'roles': ['member', 'reader'], 'is_admin_project': True, 'service_user_id': None, 'service_user_domain_id': None, 'service_project_id': None, 'service_project_domain_id': None, 'service_roles': []} {{(pid=84311) authorize /opt/stack/nova/nova/policy.py:202}}
Aug 16 19:47:33.451617 np0000007400 devstack@n-api.service[84311]: DEBUG nova.policy [None req-20628376-f027-446b-8b8b-93eb6c3f1638 tempest-TaggedAttachmentsTest-2015876470 tempest-TaggedAttachmentsTest-2015876470-project-member] Policy check for os_compute_api:servers:show:host_status failed with credentials {'is_admin': False, 'user_id': '439b9e2e119845569be22879542763a3', 'user_domain_id': 'default', 'system_scope': None, 'domain_id': None, 'project_id': 'd6128c3f1cc143e3b9f50ae6c3870eaf', 'project_domain_id': 'default', 'roles': ['member', 'reader'], 'is_admin_project': True, 'service_user_id': None, 'service_user_domain_id': None, 'service_project_id': None, 'service_project_domain_id': None, 'service_roles': []} {{(pid=84311) authorize /opt/stack/nova/nova/policy.py:202}}
Aug 16 19:47:33.452675 np0000007400 devstack@n-api.service[84311]: DEBUG nova.policy [None req-20628376-f027-446b-8b8b-93eb6c3f1638 tempest-TaggedAttachmentsTest-2015876470 tempest-TaggedAttachmentsTest-2015876470-project-member] Policy check for os_compute_api:servers:show:host_status:unknown-only failed with credentials {'is_admin': False, 'user_id': '439b9e2e119845569be22879542763a3', 'user_domain_id': 'default', 'system_scope': None, 'domain_id': None, 'project_id': 'd6128c3f1cc143e3b9f50ae6c3870eaf', 'project_domain_id': 'default', 'roles': ['member', 'reader'], 'is_admin_project': True, 'service_user_id': None, 'service_user_domain_id': None, 'service_project_id': None, 'service_project_domain_id': None, 'service_roles': []} {{(pid=84311) authorize /opt/stack/nova/nova/policy.py:202}}
Aug 16 19:47:33.453155 np0000007400 devstack@n-api.service[84312]: INFO nova.api.openstack.requestlog [None req-7facc744-e8b4-4eae-9447-da6e5aa980cc tempest-AttachSCSIVolumeTestJSON-2123626120 tempest-AttachSCSIVolumeTestJSON-2123626120-project-member] 10.4.3.15 "POST /compute/v2.1/servers" status: 202 len: 403 microversion: 2.1 time: 1.828080
Aug 16 19:47:33.453785 np0000007400 devstack@n-api.service[84312]: [pid: 84312|app: 0|req: 23/65] 10.4.3.15 () {68 vars in 1258 bytes} [Sun Aug 16 19:47:31 2026] POST /compute/v2.1/servers => generated 403 bytes in 1829 msecs (HTTP/1.1 202) 10 headers in 450 bytes (1 switches on core 0)
Aug 16 19:47:33.456326 np0000007400 devstack@n-api.service[84312]: DEBUG nova.api.openstack.wsgi [req-bb023a35-6c04-43e3-9fff-b98833146b65 req-cd0138ef-dd19-446b-9771-398c64a101ef service nova] Action: 'create', calling method: >, body: {"events": [{"name": "network-changed", "server_uuid": "808bf2ff-ad68-4a2b-8ad6-798fe08a2516", "tag": "f143ce02-111a-40e9-9a24-758a3c605170"}]} {{(pid=84312) _process_stack /opt/stack/nova/nova/api/openstack/wsgi.py:549}}
Aug 16 19:47:33.459041 np0000007400 devstack@n-api.service[84311]: INFO nova.api.openstack.requestlog [None req-20628376-f027-446b-8b8b-93eb6c3f1638 tempest-TaggedAttachmentsTest-2015876470 tempest-TaggedAttachmentsTest-2015876470-project-member] 10.4.3.15 "GET /compute/v2.1/servers/d7c84d7c-3261-4b34-82ee-a40c1ecd4d91" status: 200 len: 1379 microversion: 2.49 time: 0.160527
Aug 16 19:47:33.459041 np0000007400 devstack@n-api.service[84311]: [pid: 84311|app: 0|req: 23/66] 10.4.3.15 () {68 vars in 1388 bytes} [Sun Aug 16 19:47:33 2026] GET /compute/v2.1/servers/d7c84d7c-3261-4b34-82ee-a40c1ecd4d91 => generated 1379 bytes in 161 msecs (HTTP/1.1 200) 9 headers in 360 bytes (1 switches on core 0)
Aug 16 19:47:33.461067 np0000007400 devstack@n-api.service[84311]: DEBUG nova.api.openstack.wsgi [None req-cfb479ee-e744-4df8-bac8-7eed38eef532 tempest-VolumesAssistedSnapshotsTest-2070449040 tempest-VolumesAssistedSnapshotsTest-2070449040-project-member] Action: 'create', calling method: >, body: {"server": {"name": "tempest-VolumesAssistedSnapshotsTest-server-1861472117", "imageRef": "06b98dc4-45e7-4c8b-8c70-ac5d6ae3d4df", "flavorRef": "42", "networks": [{"uuid": "708d13b8-ff4c-4fcf-9233-892e52d586b0"}], "security_groups": [{"name": "tempest-securitygroup--1889120545"}], "key_name": "tempest-keypair-1386498939", "user_data": "IyEvYmluL3NoCmVjaG8gIlByaW50aW5nIGNpcnJvcyB1c2VyIGF1dGhvcml6ZWQga2V5cyIKY2F0IH5jaXJyb3MvLnNzaC9hdXRob3JpemVkX2tleXMgfHwgdHJ1ZQo="}} {{(pid=84311) _process_stack /opt/stack/nova/nova/api/openstack/wsgi.py:549}}
Aug 16 19:47:33.463786 np0000007400 devstack@n-api.service[84312]: DEBUG oslo_concurrency.lockutils [req-bb023a35-6c04-43e3-9fff-b98833146b65 req-cd0138ef-dd19-446b-9771-398c64a101ef service nova] Acquiring lock "91f64d13-945c-4d49-a2da-713b3ce5448d" by "nova.context.set_target_cell..get_or_set_cached_cell_and_set_connections" {{(pid=84312) inner /opt/stack/data/venv/lib/python3.12/site-packages/oslo_concurrency/lockutils.py:512}}
Aug 16 19:47:33.464024 np0000007400 devstack@n-api.service[84312]: DEBUG oslo_concurrency.lockutils [req-bb023a35-6c04-43e3-9fff-b98833146b65 req-cd0138ef-dd19-446b-9771-398c64a101ef service nova] Lock "91f64d13-945c-4d49-a2da-713b3ce5448d" acquired by "nova.context.set_target_cell..get_or_set_cached_cell_and_set_connections" :: waited 0.000s {{(pid=84312) inner /opt/stack/data/venv/lib/python3.12/site-packages/oslo_concurrency/lockutils.py:525}}
Aug 16 19:47:33.464206 np0000007400 devstack@n-api.service[84312]: DEBUG oslo_concurrency.lockutils [req-bb023a35-6c04-43e3-9fff-b98833146b65 req-cd0138ef-dd19-446b-9771-398c64a101ef service nova] Lock "91f64d13-945c-4d49-a2da-713b3ce5448d" "released" by "nova.context.set_target_cell..get_or_set_cached_cell_and_set_connections" :: held 0.000s {{(pid=84312) inner /opt/stack/data/venv/lib/python3.12/site-packages/oslo_concurrency/lockutils.py:544}}
Aug 16 19:47:33.480296 np0000007400 devstack@n-api.service[84312]: INFO nova.api.openstack.compute.server_external_events [req-bb023a35-6c04-43e3-9fff-b98833146b65 req-cd0138ef-dd19-446b-9771-398c64a101ef service nova] Creating event network-changed:f143ce02-111a-40e9-9a24-758a3c605170 for instance 808bf2ff-ad68-4a2b-8ad6-798fe08a2516 on np0000007400
Aug 16 19:47:33.480296 np0000007400 devstack@n-api.service[84312]: DEBUG nova.compute.rpcapi [req-bb023a35-6c04-43e3-9fff-b98833146b65 req-cd0138ef-dd19-446b-9771-398c64a101ef service nova] RPC: Sending the message to topic: compute-alt {{(pid=84312) prepare_for_alt_rpcserver /opt/stack/nova/nova/compute/rpcapi.py:595}}
Aug 16 19:47:33.484552 np0000007400 devstack@n-api.service[84312]: INFO nova.api.openstack.requestlog [req-bb023a35-6c04-43e3-9fff-b98833146b65 req-cd0138ef-dd19-446b-9771-398c64a101ef service nova] 10.4.3.15 "POST /compute/v2.1/os-server-external-events" status: 200 len: 179 microversion: 2.1 time: 0.030349
Aug 16 19:47:33.484939 np0000007400 devstack@n-api.service[84312]: [pid: 84312|app: 0|req: 24/67] 10.4.3.15 () {72 vars in 1425 bytes} [Sun Aug 16 19:47:33 2026] POST /compute/v2.1/os-server-external-events => generated 179 bytes in 31 msecs (HTTP/1.1 200) 9 headers in 357 bytes (1 switches on core 0)
Aug 16 19:47:33.487448 np0000007400 devstack@n-api.service[84312]: DEBUG nova.api.openstack.wsgi [None req-a921b2d9-7d80-4af0-a145-d0f4e8535f0d tempest-AttachSCSIVolumeTestJSON-2123626120 tempest-AttachSCSIVolumeTestJSON-2123626120-project-member] Calling method '>' {{(pid=84312) _process_stack /opt/stack/nova/nova/api/openstack/wsgi.py:551}}
Aug 16 19:47:33.488843 np0000007400 devstack@n-api.service[84312]: DEBUG nova.compute.api [None req-a921b2d9-7d80-4af0-a145-d0f4e8535f0d tempest-AttachSCSIVolumeTestJSON-2123626120 tempest-AttachSCSIVolumeTestJSON-2123626120-project-member] [instance: 5ac45649-02db-4684-aed5-55909aed8f3c] Fetching instance by UUID {{(pid=84312) get /opt/stack/nova/nova/compute/api.py:3068}}
Aug 16 19:47:33.500597 np0000007400 devstack@n-api.service[84312]: WARNING neutronclient.v2_0.client [None req-a921b2d9-7d80-4af0-a145-d0f4e8535f0d tempest-AttachSCSIVolumeTestJSON-2123626120 tempest-AttachSCSIVolumeTestJSON-2123626120-project-member] The python binding code in neutronclient is deprecated in favor of OpenstackSDK, please use that as this will be removed in a future release.
Aug 16 19:47:33.516112 np0000007400 devstack@n-api.service[84310]: DEBUG nova.policy [None req-93f07c66-e5d8-4c57-81b3-892ab361c318 tempest-VolumesAdminNegativeTest-1875465134 tempest-VolumesAdminNegativeTest-1875465134-project-member] Policy check for os_compute_api:os-extended-server-attributes failed with credentials {'is_admin': False, 'user_id': '08455fe819884259908d3dcd602931c0', 'user_domain_id': 'default', 'system_scope': None, 'domain_id': None, 'project_id': 'f972a0443ca646f48e7a168b010bf3f6', 'project_domain_id': 'default', 'roles': ['member', 'reader'], 'is_admin_project': True, 'service_user_id': None, 'service_user_domain_id': None, 'service_project_id': None, 'service_project_domain_id': None, 'service_roles': []} {{(pid=84310) authorize /opt/stack/nova/nova/policy.py:202}}
Aug 16 19:47:33.526137 np0000007400 devstack@n-api.service[84310]: INFO nova.api.openstack.requestlog [None req-93f07c66-e5d8-4c57-81b3-892ab361c318 tempest-VolumesAdminNegativeTest-1875465134 tempest-VolumesAdminNegativeTest-1875465134-project-member] 10.4.3.15 "GET /compute/v2.1/servers/808bf2ff-ad68-4a2b-8ad6-798fe08a2516" status: 200 len: 1312 microversion: 2.1 time: 0.227026
Aug 16 19:47:33.526699 np0000007400 devstack@n-api.service[84310]: [pid: 84310|app: 0|req: 21/68] 10.4.3.15 () {66 vars in 1347 bytes} [Sun Aug 16 19:47:33 2026] GET /compute/v2.1/servers/808bf2ff-ad68-4a2b-8ad6-798fe08a2516 => generated 1312 bytes in 228 msecs (HTTP/1.1 200) 9 headers in 358 bytes (1 switches on core 0)
Aug 16 19:47:33.529151 np0000007400 devstack@n-api.service[84310]: DEBUG nova.api.openstack.wsgi [None req-4834ef7f-07c5-469d-91fe-eec715c299cb tempest-DeleteServersTestJSON-118485888 tempest-DeleteServersTestJSON-118485888-project-member] Calling method '>' {{(pid=84310) _process_stack /opt/stack/nova/nova/api/openstack/wsgi.py:551}}
Aug 16 19:47:33.530976 np0000007400 devstack@n-api.service[84310]: DEBUG nova.compute.api [None req-4834ef7f-07c5-469d-91fe-eec715c299cb tempest-DeleteServersTestJSON-118485888 tempest-DeleteServersTestJSON-118485888-project-member] [instance: 1455333c-e501-4895-acaf-6e80786639cc] Fetching instance by UUID {{(pid=84310) get /opt/stack/nova/nova/compute/api.py:3068}}
Aug 16 19:47:33.543218 np0000007400 devstack@n-api.service[84310]: DEBUG oslo_concurrency.lockutils [None req-4834ef7f-07c5-469d-91fe-eec715c299cb tempest-DeleteServersTestJSON-118485888 tempest-DeleteServersTestJSON-118485888-project-member] Acquiring lock "91f64d13-945c-4d49-a2da-713b3ce5448d" by "nova.context.set_target_cell..get_or_set_cached_cell_and_set_connections" {{(pid=84310) inner /opt/stack/data/venv/lib/python3.12/site-packages/oslo_concurrency/lockutils.py:512}}
