Aug 16 19:44:50.769155 np0000007400 nova-scheduler[93482]: DEBUG cotyledon.oslo_config_glue [-] oslo_messaging_rabbit.rabbit_quorum_max_memory_bytes = 0 {{(pid=93482) log_opt_values /opt/stack/data/venv/lib/python3.12/site-packages/oslo_config/cfg.py:3560}}
Aug 16 19:44:50.769155 np0000007400 nova-scheduler[93482]: DEBUG cotyledon.oslo_config_glue [-] oslo_messaging_rabbit.rabbit_quorum_max_memory_length = 0 {{(pid=93482) log_opt_values /opt/stack/data/venv/lib/python3.12/site-packages/oslo_config/cfg.py:3560}}
Aug 16 19:44:50.769155 np0000007400 nova-scheduler[93482]: DEBUG cotyledon.oslo_config_glue [-] oslo_messaging_rabbit.rabbit_quorum_queue = False {{(pid=93482) log_opt_values /opt/stack/data/venv/lib/python3.12/site-packages/oslo_config/cfg.py:3560}}
Aug 16 19:44:50.769155 np0000007400 nova-scheduler[93482]: DEBUG cotyledon.oslo_config_glue [-] oslo_messaging_rabbit.rabbit_retry_backoff = 2 {{(pid=93482) log_opt_values /opt/stack/data/venv/lib/python3.12/site-packages/oslo_config/cfg.py:3560}}
Aug 16 19:44:50.769155 np0000007400 nova-scheduler[93482]: DEBUG cotyledon.oslo_config_glue [-] oslo_messaging_rabbit.rabbit_retry_interval = 1 {{(pid=93482) log_opt_values /opt/stack/data/venv/lib/python3.12/site-packages/oslo_config/cfg.py:3560}}
Aug 16 19:44:50.769493 np0000007400 nova-scheduler[93482]: DEBUG cotyledon.oslo_config_glue [-] oslo_messaging_rabbit.rabbit_stream_fanout = False {{(pid=93482) log_opt_values /opt/stack/data/venv/lib/python3.12/site-packages/oslo_config/cfg.py:3560}}
Aug 16 19:44:50.769493 np0000007400 nova-scheduler[93482]: DEBUG cotyledon.oslo_config_glue [-] oslo_messaging_rabbit.rabbit_transient_queues_ttl = 1800 {{(pid=93482) log_opt_values /opt/stack/data/venv/lib/python3.12/site-packages/oslo_config/cfg.py:3560}}
Aug 16 19:44:50.769493 np0000007400 nova-scheduler[93482]: DEBUG cotyledon.oslo_config_glue [-] oslo_messaging_rabbit.rabbit_transient_quorum_queue = False {{(pid=93482) log_opt_values /opt/stack/data/venv/lib/python3.12/site-packages/oslo_config/cfg.py:3560}}
Aug 16 19:44:50.769493 np0000007400 nova-scheduler[93482]: DEBUG cotyledon.oslo_config_glue [-] oslo_messaging_rabbit.rpc_conn_pool_size = 30 {{(pid=93482) log_opt_values /opt/stack/data/venv/lib/python3.12/site-packages/oslo_config/cfg.py:3560}}
Aug 16 19:44:50.769493 np0000007400 nova-scheduler[93482]: DEBUG cotyledon.oslo_config_glue [-] oslo_messaging_rabbit.ssl = False {{(pid=93482) log_opt_values /opt/stack/data/venv/lib/python3.12/site-packages/oslo_config/cfg.py:3560}}
Aug 16 19:44:50.769493 np0000007400 nova-scheduler[93482]: DEBUG cotyledon.oslo_config_glue [-] oslo_messaging_rabbit.ssl_ca_file = {{(pid=93482) log_opt_values /opt/stack/data/venv/lib/python3.12/site-packages/oslo_config/cfg.py:3560}}
Aug 16 19:44:50.769493 np0000007400 nova-scheduler[93482]: DEBUG cotyledon.oslo_config_glue [-] oslo_messaging_rabbit.ssl_cert_file = {{(pid=93482) log_opt_values /opt/stack/data/venv/lib/python3.12/site-packages/oslo_config/cfg.py:3560}}
Aug 16 19:44:50.769493 np0000007400 nova-scheduler[93482]: DEBUG cotyledon.oslo_config_glue [-] oslo_messaging_rabbit.ssl_enforce_fips_mode = False {{(pid=93482) log_opt_values /opt/stack/data/venv/lib/python3.12/site-packages/oslo_config/cfg.py:3560}}
Aug 16 19:44:50.769493 np0000007400 nova-scheduler[93482]: DEBUG cotyledon.oslo_config_glue [-] oslo_messaging_rabbit.ssl_enforce_hostname_verification = True {{(pid=93482) log_opt_values /opt/stack/data/venv/lib/python3.12/site-packages/oslo_config/cfg.py:3560}}
Aug 16 19:44:50.769813 np0000007400 nova-scheduler[93482]: DEBUG cotyledon.oslo_config_glue [-] oslo_messaging_rabbit.ssl_key_file = {{(pid=93482) log_opt_values /opt/stack/data/venv/lib/python3.12/site-packages/oslo_config/cfg.py:3560}}
Aug 16 19:44:50.769813 np0000007400 nova-scheduler[93482]: DEBUG cotyledon.oslo_config_glue [-] oslo_messaging_rabbit.ssl_version = {{(pid=93482) log_opt_values /opt/stack/data/venv/lib/python3.12/site-packages/oslo_config/cfg.py:3560}}
Aug 16 19:44:50.769813 np0000007400 nova-scheduler[93482]: DEBUG cotyledon.oslo_config_glue [-] oslo_messaging_rabbit.use_queue_manager = False {{(pid=93482) log_opt_values /opt/stack/data/venv/lib/python3.12/site-packages/oslo_config/cfg.py:3560}}
Aug 16 19:44:50.769813 np0000007400 nova-scheduler[93482]: DEBUG cotyledon.oslo_config_glue [-] oslo_messaging_notifications.driver = ['messagingv2'] {{(pid=93482) log_opt_values /opt/stack/data/venv/lib/python3.12/site-packages/oslo_config/cfg.py:3560}}
Aug 16 19:44:50.769813 np0000007400 nova-scheduler[93482]: DEBUG cotyledon.oslo_config_glue [-] oslo_messaging_notifications.retry = -1 {{(pid=93482) log_opt_values /opt/stack/data/venv/lib/python3.12/site-packages/oslo_config/cfg.py:3560}}
Aug 16 19:44:50.769813 np0000007400 nova-scheduler[93482]: DEBUG cotyledon.oslo_config_glue [-] oslo_messaging_notifications.topics = ['notifications'] {{(pid=93482) log_opt_values /opt/stack/data/venv/lib/python3.12/site-packages/oslo_config/cfg.py:3560}}
Aug 16 19:44:50.769813 np0000007400 nova-scheduler[93482]: DEBUG cotyledon.oslo_config_glue [-] oslo_messaging_notifications.transport_url = **** {{(pid=93482) log_opt_values /opt/stack/data/venv/lib/python3.12/site-packages/oslo_config/cfg.py:3560}}
Aug 16 19:44:50.769813 np0000007400 nova-scheduler[93482]: DEBUG cotyledon.oslo_config_glue [-] oslo_limit.auth_section = None {{(pid=93482) log_opt_values /opt/stack/data/venv/lib/python3.12/site-packages/oslo_config/cfg.py:3560}}
Aug 16 19:44:50.769813 np0000007400 nova-scheduler[93482]: DEBUG cotyledon.oslo_config_glue [-] oslo_limit.auth_type = None {{(pid=93482) log_opt_values /opt/stack/data/venv/lib/python3.12/site-packages/oslo_config/cfg.py:3560}}
Aug 16 19:44:50.770126 np0000007400 nova-scheduler[93482]: DEBUG cotyledon.oslo_config_glue [-] oslo_limit.cafile = None {{(pid=93482) log_opt_values /opt/stack/data/venv/lib/python3.12/site-packages/oslo_config/cfg.py:3560}}
Aug 16 19:44:50.770126 np0000007400 nova-scheduler[93482]: DEBUG cotyledon.oslo_config_glue [-] oslo_limit.certfile = None {{(pid=93482) log_opt_values /opt/stack/data/venv/lib/python3.12/site-packages/oslo_config/cfg.py:3560}}
Aug 16 19:44:50.770126 np0000007400 nova-scheduler[93482]: DEBUG cotyledon.oslo_config_glue [-] oslo_limit.collect_timing = False {{(pid=93482) log_opt_values /opt/stack/data/venv/lib/python3.12/site-packages/oslo_config/cfg.py:3560}}
Aug 16 19:44:50.770126 np0000007400 nova-scheduler[93482]: DEBUG cotyledon.oslo_config_glue [-] oslo_limit.connect_retries = None {{(pid=93482) log_opt_values /opt/stack/data/venv/lib/python3.12/site-packages/oslo_config/cfg.py:3560}}
Aug 16 19:44:50.770126 np0000007400 nova-scheduler[93482]: DEBUG cotyledon.oslo_config_glue [-] oslo_limit.connect_retry_delay = None {{(pid=93482) log_opt_values /opt/stack/data/venv/lib/python3.12/site-packages/oslo_config/cfg.py:3560}}
Aug 16 19:44:50.770126 np0000007400 nova-scheduler[93482]: DEBUG cotyledon.oslo_config_glue [-] oslo_limit.endpoint_id = None {{(pid=93482) log_opt_values /opt/stack/data/venv/lib/python3.12/site-packages/oslo_config/cfg.py:3560}}
Aug 16 19:44:50.770126 np0000007400 nova-scheduler[93482]: DEBUG cotyledon.oslo_config_glue [-] oslo_limit.endpoint_interface = public {{(pid=93482) log_opt_values /opt/stack/data/venv/lib/python3.12/site-packages/oslo_config/cfg.py:3560}}
Aug 16 19:44:50.770126 np0000007400 nova-scheduler[93482]: DEBUG cotyledon.oslo_config_glue [-] oslo_limit.endpoint_override = None {{(pid=93482) log_opt_values /opt/stack/data/venv/lib/python3.12/site-packages/oslo_config/cfg.py:3560}}
Aug 16 19:44:50.770126 np0000007400 nova-scheduler[93482]: DEBUG cotyledon.oslo_config_glue [-] oslo_limit.endpoint_region_name = None {{(pid=93482) log_opt_values /opt/stack/data/venv/lib/python3.12/site-packages/oslo_config/cfg.py:3560}}
Aug 16 19:44:50.770473 np0000007400 nova-scheduler[93482]: DEBUG cotyledon.oslo_config_glue [-] oslo_limit.endpoint_service_name = None {{(pid=93482) log_opt_values /opt/stack/data/venv/lib/python3.12/site-packages/oslo_config/cfg.py:3560}}
Aug 16 19:44:50.770473 np0000007400 nova-scheduler[93482]: DEBUG cotyledon.oslo_config_glue [-] oslo_limit.endpoint_service_type = None {{(pid=93482) log_opt_values /opt/stack/data/venv/lib/python3.12/site-packages/oslo_config/cfg.py:3560}}
Aug 16 19:44:50.770473 np0000007400 nova-scheduler[93482]: DEBUG cotyledon.oslo_config_glue [-] oslo_limit.insecure = False {{(pid=93482) log_opt_values /opt/stack/data/venv/lib/python3.12/site-packages/oslo_config/cfg.py:3560}}
Aug 16 19:44:50.770473 np0000007400 nova-scheduler[93482]: DEBUG cotyledon.oslo_config_glue [-] oslo_limit.keyfile = None {{(pid=93482) log_opt_values /opt/stack/data/venv/lib/python3.12/site-packages/oslo_config/cfg.py:3560}}
Aug 16 19:44:50.770473 np0000007400 nova-scheduler[93482]: DEBUG cotyledon.oslo_config_glue [-] oslo_limit.max_version = None {{(pid=93482) log_opt_values /opt/stack/data/venv/lib/python3.12/site-packages/oslo_config/cfg.py:3560}}
Aug 16 19:44:50.770473 np0000007400 nova-scheduler[93482]: DEBUG cotyledon.oslo_config_glue [-] oslo_limit.min_version = None {{(pid=93482) log_opt_values /opt/stack/data/venv/lib/python3.12/site-packages/oslo_config/cfg.py:3560}}
Aug 16 19:44:50.770473 np0000007400 nova-scheduler[93482]: DEBUG cotyledon.oslo_config_glue [-] oslo_limit.region_name = None {{(pid=93482) log_opt_values /opt/stack/data/venv/lib/python3.12/site-packages/oslo_config/cfg.py:3560}}
Aug 16 19:44:50.770473 np0000007400 nova-scheduler[93482]: DEBUG cotyledon.oslo_config_glue [-] oslo_limit.retriable_status_codes = None {{(pid=93482) log_opt_values /opt/stack/data/venv/lib/python3.12/site-packages/oslo_config/cfg.py:3560}}
Aug 16 19:44:50.770473 np0000007400 nova-scheduler[93482]: DEBUG cotyledon.oslo_config_glue [-] oslo_limit.service_name = None {{(pid=93482) log_opt_values /opt/stack/data/venv/lib/python3.12/site-packages/oslo_config/cfg.py:3560}}
Aug 16 19:44:50.770791 np0000007400 nova-scheduler[93482]: DEBUG cotyledon.oslo_config_glue [-] oslo_limit.service_type = None {{(pid=93482) log_opt_values /opt/stack/data/venv/lib/python3.12/site-packages/oslo_config/cfg.py:3560}}
Aug 16 19:44:50.770791 np0000007400 nova-scheduler[93482]: DEBUG cotyledon.oslo_config_glue [-] oslo_limit.split_loggers = False {{(pid=93482) log_opt_values /opt/stack/data/venv/lib/python3.12/site-packages/oslo_config/cfg.py:3560}}
Aug 16 19:44:50.770791 np0000007400 nova-scheduler[93482]: DEBUG cotyledon.oslo_config_glue [-] oslo_limit.status_code_retries = None {{(pid=93482) log_opt_values /opt/stack/data/venv/lib/python3.12/site-packages/oslo_config/cfg.py:3560}}
Aug 16 19:44:50.770791 np0000007400 nova-scheduler[93482]: DEBUG cotyledon.oslo_config_glue [-] oslo_limit.status_code_retry_delay = None {{(pid=93482) log_opt_values /opt/stack/data/venv/lib/python3.12/site-packages/oslo_config/cfg.py:3560}}
Aug 16 19:44:50.770791 np0000007400 nova-scheduler[93482]: DEBUG cotyledon.oslo_config_glue [-] oslo_limit.timeout = None {{(pid=93482) log_opt_values /opt/stack/data/venv/lib/python3.12/site-packages/oslo_config/cfg.py:3560}}
Aug 16 19:44:50.770791 np0000007400 nova-scheduler[93482]: DEBUG cotyledon.oslo_config_glue [-] oslo_limit.valid_interfaces = None {{(pid=93482) log_opt_values /opt/stack/data/venv/lib/python3.12/site-packages/oslo_config/cfg.py:3560}}
Aug 16 19:44:50.770791 np0000007400 nova-scheduler[93482]: DEBUG cotyledon.oslo_config_glue [-] oslo_limit.version = None {{(pid=93482) log_opt_values /opt/stack/data/venv/lib/python3.12/site-packages/oslo_config/cfg.py:3560}}
Aug 16 19:44:50.770791 np0000007400 nova-scheduler[93482]: DEBUG cotyledon.oslo_config_glue [-] oslo_reports.file_event_handler = None {{(pid=93482) log_opt_values /opt/stack/data/venv/lib/python3.12/site-packages/oslo_config/cfg.py:3560}}
Aug 16 19:44:50.770791 np0000007400 nova-scheduler[93482]: DEBUG cotyledon.oslo_config_glue [-] oslo_reports.file_event_handler_interval = 1 {{(pid=93482) log_opt_values /opt/stack/data/venv/lib/python3.12/site-packages/oslo_config/cfg.py:3560}}
Aug 16 19:44:50.771119 np0000007400 nova-scheduler[93482]: DEBUG cotyledon.oslo_config_glue [-] oslo_reports.log_dir = None {{(pid=93482) log_opt_values /opt/stack/data/venv/lib/python3.12/site-packages/oslo_config/cfg.py:3560}}
Aug 16 19:44:50.771119 np0000007400 nova-scheduler[93482]: DEBUG cotyledon.oslo_config_glue [-] ******************************************************************************** {{(pid=93482) log_opt_values /opt/stack/data/venv/lib/python3.12/site-packages/oslo_config/cfg.py:3567}}
Aug 16 19:44:50.771119 np0000007400 nova-scheduler[93482]: DEBUG cotyledon._service_worker [-] Run service ServiceWrapper(2) [93482] {{(pid=93482) wait_forever /opt/stack/data/venv/lib/python3.12/site-packages/cotyledon/_service_worker.py:218}}
Aug 16 19:44:50.771119 np0000007400 nova-scheduler[93482]: INFO nova.service [-] Starting scheduler node (version 33.1.0)
Aug 16 19:44:50.771119 np0000007400 nova-scheduler[93482]: INFO dbcounter [None req-aaf2ce50-7cfa-4968-b59c-a9e3135f7bd2 None None] Registered counter for database nova_cell0
Aug 16 19:44:50.771326 np0000007400 nova-scheduler[93453]: DEBUG oslo_db.sqlalchemy.engines [None req-5263c966-2689-4be8-bf3e-68337080f204 None None] MySQL server mode set to STRICT_TRANS_TABLES,STRICT_ALL_TABLES,NO_ZERO_IN_DATE,NO_ZERO_DATE,ERROR_FOR_DIVISION_BY_ZERO,TRADITIONAL,NO_ENGINE_SUBSTITUTION {{(pid=93453) _check_effective_sql_mode /opt/stack/data/venv/lib/python3.12/site-packages/oslo_db/sqlalchemy/engines.py:325}}
Aug 16 19:44:50.771326 np0000007400 nova-scheduler[93453]: DEBUG dbcounter [-] [93453] Writer thread running {{(pid=93453) stat_writer /opt/stack/data/venv/lib/python3.12/site-packages/dbcounter.py:102}}
Aug 16 19:44:50.771676 np0000007400 nova-scheduler[93450]: DEBUG dbcounter [-] [93450] Writer thread running {{(pid=93450) stat_writer /opt/stack/data/venv/lib/python3.12/site-packages/dbcounter.py:102}}
Aug 16 19:44:50.780291 np0000007400 nova-scheduler[93453]: DEBUG nova.service [None req-5263c966-2689-4be8-bf3e-68337080f204 None None] Creating RPC server for service: nova-scheduler on topic: scheduler {{(pid=93453) start /opt/stack/nova/nova/service.py:262}}
Aug 16 19:44:50.783070 np0000007400 nova-scheduler[93482]: DEBUG oslo_db.sqlalchemy.engines [None req-aaf2ce50-7cfa-4968-b59c-a9e3135f7bd2 None None] MySQL server mode set to STRICT_TRANS_TABLES,STRICT_ALL_TABLES,NO_ZERO_IN_DATE,NO_ZERO_DATE,ERROR_FOR_DIVISION_BY_ZERO,TRADITIONAL,NO_ENGINE_SUBSTITUTION {{(pid=93482) _check_effective_sql_mode /opt/stack/data/venv/lib/python3.12/site-packages/oslo_db/sqlalchemy/engines.py:325}}
Aug 16 19:44:50.786739 np0000007400 nova-scheduler[93450]: DEBUG nova.service [None req-e68abb05-c8f2-4f5c-ab79-0c9cb56166ab None None] Creating RPC server for service: nova-scheduler on topic: scheduler {{(pid=93450) start /opt/stack/nova/nova/service.py:262}}
Aug 16 19:44:50.792967 np0000007400 nova-scheduler[93482]: DEBUG dbcounter [-] [93482] Writer thread running {{(pid=93482) stat_writer /opt/stack/data/venv/lib/python3.12/site-packages/dbcounter.py:102}}
Aug 16 19:44:50.795991 np0000007400 nova-scheduler[93482]: DEBUG nova.service [None req-aaf2ce50-7cfa-4968-b59c-a9e3135f7bd2 None None] Creating RPC server for service: nova-scheduler on topic: scheduler {{(pid=93482) start /opt/stack/nova/nova/service.py:262}}
Aug 16 19:44:50.802547 np0000007400 nova-scheduler[93453]: DEBUG nova.service [None req-5263c966-2689-4be8-bf3e-68337080f204 None None] Join ServiceGroup membership for this service scheduler {{(pid=93453) start /opt/stack/nova/nova/service.py:288}}
Aug 16 19:44:50.802681 np0000007400 nova-scheduler[93450]: DEBUG nova.service [None req-e68abb05-c8f2-4f5c-ab79-0c9cb56166ab None None] Join ServiceGroup membership for this service scheduler {{(pid=93450) start /opt/stack/nova/nova/service.py:288}}
Aug 16 19:44:50.802778 np0000007400 nova-scheduler[93453]: DEBUG nova.servicegroup.drivers.db [None req-5263c966-2689-4be8-bf3e-68337080f204 None None] DB_Driver: join new ServiceGroup member np0000007400 to the scheduler group, service = {{(pid=93453) join /opt/stack/nova/nova/servicegroup/drivers/db.py:44}}
Aug 16 19:44:50.802855 np0000007400 nova-scheduler[93450]: DEBUG nova.servicegroup.drivers.db [None req-e68abb05-c8f2-4f5c-ab79-0c9cb56166ab None None] DB_Driver: join new ServiceGroup member np0000007400 to the scheduler group, service = {{(pid=93450) join /opt/stack/nova/nova/servicegroup/drivers/db.py:44}}
Aug 16 19:44:50.813661 np0000007400 nova-scheduler[93482]: DEBUG nova.service [None req-aaf2ce50-7cfa-4968-b59c-a9e3135f7bd2 None None] Join ServiceGroup membership for this service scheduler {{(pid=93482) start /opt/stack/nova/nova/service.py:288}}
Aug 16 19:44:50.814020 np0000007400 nova-scheduler[93482]: DEBUG nova.servicegroup.drivers.db [None req-aaf2ce50-7cfa-4968-b59c-a9e3135f7bd2 None None] DB_Driver: join new ServiceGroup member np0000007400 to the scheduler group, service = {{(pid=93482) join /opt/stack/nova/nova/servicegroup/drivers/db.py:44}}
Aug 16 19:44:55.822569 np0000007400 nova-scheduler[93453]: DEBUG oslo.service.backend._threading.loopingcall [-] Fixed interval looping call 'nova.servicegroup.drivers.db.DbDriver._report_state' sleeping for 119.98 seconds {{(pid=93453) _run_loop /opt/stack/data/venv/lib/python3.12/site-packages/oslo_service/backend/_threading/loopingcall.py:125}}
Aug 16 19:44:55.824186 np0000007400 nova-scheduler[93450]: DEBUG oslo.service.backend._threading.loopingcall [-] Fixed interval looping call 'nova.servicegroup.drivers.db.DbDriver._report_state' sleeping for 119.98 seconds {{(pid=93450) _run_loop /opt/stack/data/venv/lib/python3.12/site-packages/oslo_service/backend/_threading/loopingcall.py:125}}
Aug 16 19:44:55.827513 np0000007400 nova-scheduler[93482]: DEBUG oslo.service.backend._threading.loopingcall [-] Fixed interval looping call 'nova.servicegroup.drivers.db.DbDriver._report_state' sleeping for 119.99 seconds {{(pid=93482) _run_loop /opt/stack/data/venv/lib/python3.12/site-packages/oslo_service/backend/_threading/loopingcall.py:125}}
Aug 16 19:44:59.399795 np0000007400 nova-scheduler[92224]: DEBUG dbcounter [-] [92224] Writing DB stats nova_api:SELECT=3 {{(pid=92224) stat_writer /opt/stack/data/venv/lib/python3.12/site-packages/dbcounter.py:115}}
Aug 16 19:44:59.528764 np0000007400 nova-scheduler[92224]: DEBUG dbcounter [-] [92224] Writing DB stats nova_cell1:SELECT=1 {{(pid=92224) stat_writer /opt/stack/data/venv/lib/python3.12/site-packages/dbcounter.py:115}}
Aug 16 19:44:59.535369 np0000007400 nova-scheduler[92224]: DEBUG dbcounter [-] [92224] Writing DB stats nova_cell0:SELECT=1 {{(pid=92224) stat_writer /opt/stack/data/venv/lib/python3.12/site-packages/dbcounter.py:115}}
Aug 16 19:45:01.805049 np0000007400 nova-scheduler[93453]: DEBUG oslo.service.backend._threading.loopingcall [None req-57448518-d45b-42c6-a136-a449cfca4476 None None] Dynamic interval looping call 'nova.service.Service.periodic_tasks' sleeping for 60.00 seconds {{(pid=93453) _run_loop /opt/stack/data/venv/lib/python3.12/site-packages/oslo_service/backend/_threading/loopingcall.py:125}}
Aug 16 19:45:05.815264 np0000007400 nova-scheduler[93453]: DEBUG dbcounter [-] [93453] Writing DB stats nova_cell0:SELECT=4,nova_cell0:INSERT=1,nova_cell0:UPDATE=1 {{(pid=93453) stat_writer /opt/stack/data/venv/lib/python3.12/site-packages/dbcounter.py:115}}
Aug 16 19:45:05.822729 np0000007400 nova-scheduler[93450]: DEBUG dbcounter [-] [93450] Writing DB stats nova_cell0:SELECT=5,nova_cell0:INSERT=1,nova_cell0:UPDATE=1 {{(pid=93450) stat_writer /opt/stack/data/venv/lib/python3.12/site-packages/dbcounter.py:115}}
Aug 16 19:45:05.824674 np0000007400 nova-scheduler[93482]: DEBUG dbcounter [-] [93482] Writing DB stats nova_cell0:SELECT=3,nova_cell0:UPDATE=1 {{(pid=93482) stat_writer /opt/stack/data/venv/lib/python3.12/site-packages/dbcounter.py:115}}
Aug 16 19:45:21.807835 np0000007400 nova-scheduler[93450]: DEBUG oslo.service.backend._threading.loopingcall [None req-feb52c0e-8201-4129-a58f-3daf64e0492d None None] Dynamic interval looping call 'nova.service.Service.periodic_tasks' sleeping for 60.00 seconds {{(pid=93450) _run_loop /opt/stack/data/venv/lib/python3.12/site-packages/oslo_service/backend/_threading/loopingcall.py:125}}
Aug 16 19:45:26.815871 np0000007400 nova-scheduler[93482]: DEBUG oslo.service.backend._threading.loopingcall [None req-519b2f60-6cfa-4d97-bd67-89feaef62346 None None] Dynamic interval looping call 'nova.service.Service.periodic_tasks' sleeping for 60.00 seconds {{(pid=93482) _run_loop /opt/stack/data/venv/lib/python3.12/site-packages/oslo_service/backend/_threading/loopingcall.py:125}}
Aug 16 19:46:01.805565 np0000007400 nova-scheduler[93453]: DEBUG oslo.service.backend._threading.loopingcall [None req-57448518-d45b-42c6-a136-a449cfca4476 None None] Dynamic interval looping call 'nova.service.Service.periodic_tasks' sleeping for 60.00 seconds {{(pid=93453) _run_loop /opt/stack/data/venv/lib/python3.12/site-packages/oslo_service/backend/_threading/loopingcall.py:125}}
Aug 16 19:46:21.808307 np0000007400 nova-scheduler[93450]: DEBUG oslo.service.backend._threading.loopingcall [None req-feb52c0e-8201-4129-a58f-3daf64e0492d None None] Dynamic interval looping call 'nova.service.Service.periodic_tasks' sleeping for 60.00 seconds {{(pid=93450) _run_loop /opt/stack/data/venv/lib/python3.12/site-packages/oslo_service/backend/_threading/loopingcall.py:125}}
Aug 16 19:46:26.816352 np0000007400 nova-scheduler[93482]: DEBUG oslo.service.backend._threading.loopingcall [None req-519b2f60-6cfa-4d97-bd67-89feaef62346 None None] Dynamic interval looping call 'nova.service.Service.periodic_tasks' sleeping for 60.00 seconds {{(pid=93482) _run_loop /opt/stack/data/venv/lib/python3.12/site-packages/oslo_service/backend/_threading/loopingcall.py:125}}
Aug 16 19:46:55.810921 np0000007400 nova-scheduler[93450]: DEBUG oslo.service.backend._threading.loopingcall [-] Fixed interval looping call 'nova.servicegroup.drivers.db.DbDriver._report_state' sleeping for 119.99 seconds {{(pid=93450) _run_loop /opt/stack/data/venv/lib/python3.12/site-packages/oslo_service/backend/_threading/loopingcall.py:125}}
Aug 16 19:46:55.811642 np0000007400 nova-scheduler[93453]: DEBUG oslo.service.backend._threading.loopingcall [-] Fixed interval looping call 'nova.servicegroup.drivers.db.DbDriver._report_state' sleeping for 119.99 seconds {{(pid=93453) _run_loop /opt/stack/data/venv/lib/python3.12/site-packages/oslo_service/backend/_threading/loopingcall.py:125}}
Aug 16 19:46:55.823717 np0000007400 nova-scheduler[93482]: DEBUG oslo.service.backend._threading.loopingcall [-] Fixed interval looping call 'nova.servicegroup.drivers.db.DbDriver._report_state' sleeping for 119.99 seconds {{(pid=93482) _run_loop /opt/stack/data/venv/lib/python3.12/site-packages/oslo_service/backend/_threading/loopingcall.py:125}}
Aug 16 19:47:01.806077 np0000007400 nova-scheduler[93453]: DEBUG oslo.service.backend._threading.loopingcall [None req-57448518-d45b-42c6-a136-a449cfca4476 None None] Dynamic interval looping call 'nova.service.Service.periodic_tasks' sleeping for 60.00 seconds {{(pid=93453) _run_loop /opt/stack/data/venv/lib/python3.12/site-packages/oslo_service/backend/_threading/loopingcall.py:125}}
Aug 16 19:47:05.807396 np0000007400 nova-scheduler[93450]: DEBUG dbcounter [-] [93450] Writing DB stats nova_cell0:SELECT=1,nova_cell0:UPDATE=1 {{(pid=93450) stat_writer /opt/stack/data/venv/lib/python3.12/site-packages/dbcounter.py:115}}
Aug 16 19:47:05.810494 np0000007400 nova-scheduler[93453]: DEBUG dbcounter [-] [93453] Writing DB stats nova_cell0:SELECT=1,nova_cell0:UPDATE=1 {{(pid=93453) stat_writer /opt/stack/data/venv/lib/python3.12/site-packages/dbcounter.py:115}}
Aug 16 19:47:05.823583 np0000007400 nova-scheduler[93482]: DEBUG dbcounter [-] [93482] Writing DB stats nova_cell0:SELECT=1 {{(pid=93482) stat_writer /opt/stack/data/venv/lib/python3.12/site-packages/dbcounter.py:115}}
Aug 16 19:47:21.808850 np0000007400 nova-scheduler[93450]: DEBUG oslo.service.backend._threading.loopingcall [None req-feb52c0e-8201-4129-a58f-3daf64e0492d None None] Dynamic interval looping call 'nova.service.Service.periodic_tasks' sleeping for 60.00 seconds {{(pid=93450) _run_loop /opt/stack/data/venv/lib/python3.12/site-packages/oslo_service/backend/_threading/loopingcall.py:125}}
Aug 16 19:47:21.971137 np0000007400 nova-scheduler[93453]: DEBUG nova.scheduler.manager [None req-fe53adac-1de2-4c22-9c27-a756a55861e9 tempest-DeleteServersTestJSON-118485888 tempest-DeleteServersTestJSON-118485888-project-member] Starting to schedule for instances: ['1455333c-e501-4895-acaf-6e80786639cc'] {{(pid=93453) select_destinations /opt/stack/nova/nova/scheduler/manager.py:197}}
Aug 16 19:47:21.971905 np0000007400 nova-scheduler[93453]: DEBUG nova.scheduler.request_filter [None req-fe53adac-1de2-4c22-9c27-a756a55861e9 tempest-DeleteServersTestJSON-118485888 tempest-DeleteServersTestJSON-118485888-project-member] compute_status_filter request filter added forbidden trait COMPUTE_STATUS_DISABLED {{(pid=93453) compute_status_filter /opt/stack/nova/nova/scheduler/request_filter.py:253}}
Aug 16 19:47:21.972062 np0000007400 nova-scheduler[93453]: DEBUG nova.scheduler.request_filter [None req-fe53adac-1de2-4c22-9c27-a756a55861e9 tempest-DeleteServersTestJSON-118485888 tempest-DeleteServersTestJSON-118485888-project-member] Request filter 'compute_status_filter' took 0.0 seconds {{(pid=93453) wrapper /opt/stack/nova/nova/scheduler/request_filter.py:46}}
Aug 16 19:47:21.972386 np0000007400 nova-scheduler[93453]: DEBUG nova.scheduler.request_filter [None req-fe53adac-1de2-4c22-9c27-a756a55861e9 tempest-DeleteServersTestJSON-118485888 tempest-DeleteServersTestJSON-118485888-project-member] Request filter 'accelerators_filter' took 0.0 seconds {{(pid=93453) wrapper /opt/stack/nova/nova/scheduler/request_filter.py:46}}
Aug 16 19:47:21.972582 np0000007400 nova-scheduler[93453]: DEBUG nova.scheduler.request_filter [None req-fe53adac-1de2-4c22-9c27-a756a55861e9 tempest-DeleteServersTestJSON-118485888 tempest-DeleteServersTestJSON-118485888-project-member] Request filter 'packed_virtqueue_filter' took 0.0 seconds {{(pid=93453) wrapper /opt/stack/nova/nova/scheduler/request_filter.py:46}}
Aug 16 19:47:21.972842 np0000007400 nova-scheduler[93453]: DEBUG nova.scheduler.request_filter [None req-fe53adac-1de2-4c22-9c27-a756a55861e9 tempest-DeleteServersTestJSON-118485888 tempest-DeleteServersTestJSON-118485888-project-member] Request filter 'remote_managed_ports_filter' took 0.0 seconds {{(pid=93453) wrapper /opt/stack/nova/nova/scheduler/request_filter.py:46}}
Aug 16 19:47:21.973002 np0000007400 nova-scheduler[93453]: DEBUG nova.scheduler.request_filter [None req-fe53adac-1de2-4c22-9c27-a756a55861e9 tempest-DeleteServersTestJSON-118485888 tempest-DeleteServersTestJSON-118485888-project-member] ephemeral_encryption_filter skipped {{(pid=93453) ephemeral_encryption_filter /opt/stack/nova/nova/scheduler/request_filter.py:426}}
Aug 16 19:47:21.973124 np0000007400 nova-scheduler[93453]: DEBUG nova.scheduler.request_filter [None req-fe53adac-1de2-4c22-9c27-a756a55861e9 tempest-DeleteServersTestJSON-118485888 tempest-DeleteServersTestJSON-118485888-project-member] virtio_sound_filter skipped {{(pid=93453) virtio_sound_filter /opt/stack/nova/nova/scheduler/request_filter.py:460}}
Aug 16 19:47:21.973280 np0000007400 nova-scheduler[93453]: DEBUG nova.scheduler.request_filter [None req-fe53adac-1de2-4c22-9c27-a756a55861e9 tempest-DeleteServersTestJSON-118485888 tempest-DeleteServersTestJSON-118485888-project-member] tpm_secret_security_filter skipped {{(pid=93453) tpm_secret_security_filter /opt/stack/nova/nova/scheduler/request_filter.py:477}}
Aug 16 19:47:22.493953 np0000007400 nova-scheduler[93453]: INFO nova.utils [None req-fe53adac-1de2-4c22-9c27-a756a55861e9 tempest-DeleteServersTestJSON-118485888 tempest-DeleteServersTestJSON-118485888-project-member] The cell worker thread pool ForkProcess-2.cell_worker is initialized
Aug 16 19:47:22.494372 np0000007400 nova-scheduler[93453]: DEBUG oslo_concurrency.lockutils [None req-fe53adac-1de2-4c22-9c27-a756a55861e9 tempest-DeleteServersTestJSON-118485888 tempest-DeleteServersTestJSON-118485888-project-member] Acquiring lock "91f64d13-945c-4d49-a2da-713b3ce5448d" by "nova.context.set_target_cell..get_or_set_cached_cell_and_set_connections" {{(pid=93453) inner /opt/stack/data/venv/lib/python3.12/site-packages/oslo_concurrency/lockutils.py:512}}
Aug 16 19:47:22.494646 np0000007400 nova-scheduler[93453]: DEBUG oslo_concurrency.lockutils [None req-fe53adac-1de2-4c22-9c27-a756a55861e9 tempest-DeleteServersTestJSON-118485888 tempest-DeleteServersTestJSON-118485888-project-member] Lock "91f64d13-945c-4d49-a2da-713b3ce5448d" acquired by "nova.context.set_target_cell..get_or_set_cached_cell_and_set_connections" :: waited 0.000s {{(pid=93453) inner /opt/stack/data/venv/lib/python3.12/site-packages/oslo_concurrency/lockutils.py:525}}
Aug 16 19:47:22.496742 np0000007400 nova-scheduler[93453]: DEBUG oslo_concurrency.lockutils [None req-fe53adac-1de2-4c22-9c27-a756a55861e9 tempest-DeleteServersTestJSON-118485888 tempest-DeleteServersTestJSON-118485888-project-member] Lock "91f64d13-945c-4d49-a2da-713b3ce5448d" "released" by "nova.context.set_target_cell..get_or_set_cached_cell_and_set_connections" :: held 0.002s {{(pid=93453) inner /opt/stack/data/venv/lib/python3.12/site-packages/oslo_concurrency/lockutils.py:544}}
Aug 16 19:47:22.499590 np0000007400 nova-scheduler[93453]: INFO dbcounter [None req-fe53adac-1de2-4c22-9c27-a756a55861e9 tempest-DeleteServersTestJSON-118485888 tempest-DeleteServersTestJSON-118485888-project-member] Registered counter for database nova_cell1
Aug 16 19:47:22.532453 np0000007400 nova-scheduler[93453]: DEBUG oslo_db.sqlalchemy.engines [None req-fe53adac-1de2-4c22-9c27-a756a55861e9 tempest-DeleteServersTestJSON-118485888 tempest-DeleteServersTestJSON-118485888-project-member] MySQL server mode set to STRICT_TRANS_TABLES,STRICT_ALL_TABLES,NO_ZERO_IN_DATE,NO_ZERO_DATE,ERROR_FOR_DIVISION_BY_ZERO,TRADITIONAL,NO_ENGINE_SUBSTITUTION {{(pid=93453) _check_effective_sql_mode /opt/stack/data/venv/lib/python3.12/site-packages/oslo_db/sqlalchemy/engines.py:325}}
Aug 16 19:47:22.539719 np0000007400 nova-scheduler[93453]: DEBUG dbcounter [-] [93453] Writer thread running {{(pid=93453) stat_writer /opt/stack/data/venv/lib/python3.12/site-packages/dbcounter.py:102}}
Aug 16 19:47:22.559352 np0000007400 nova-scheduler[93453]: DEBUG oslo_db.sqlalchemy.engines [None req-fe53adac-1de2-4c22-9c27-a756a55861e9 tempest-DeleteServersTestJSON-118485888 tempest-DeleteServersTestJSON-118485888-project-member] Parent process 92224 forked (93453) with an open database connection, which is being discarded and recreated. {{(pid=93453) checkout /opt/stack/data/venv/lib/python3.12/site-packages/oslo_db/sqlalchemy/engines.py:402}}
Aug 16 19:47:22.613396 np0000007400 nova-scheduler[93453]: DEBUG dbcounter [-] [93453] Writer thread running {{(pid=93453) stat_writer /opt/stack/data/venv/lib/python3.12/site-packages/dbcounter.py:102}}
Aug 16 19:47:22.616391 np0000007400 nova-scheduler[93453]: DEBUG oslo_concurrency.lockutils [None req-fe53adac-1de2-4c22-9c27-a756a55861e9 tempest-DeleteServersTestJSON-118485888 tempest-DeleteServersTestJSON-118485888-project-member] Acquiring lock "91f64d13-945c-4d49-a2da-713b3ce5448d" by "nova.context.set_target_cell..get_or_set_cached_cell_and_set_connections" {{(pid=93453) inner /opt/stack/data/venv/lib/python3.12/site-packages/oslo_concurrency/lockutils.py:512}}
Aug 16 19:47:22.616540 np0000007400 nova-scheduler[93453]: DEBUG oslo_concurrency.lockutils [None req-fe53adac-1de2-4c22-9c27-a756a55861e9 tempest-DeleteServersTestJSON-118485888 tempest-DeleteServersTestJSON-118485888-project-member] Lock "91f64d13-945c-4d49-a2da-713b3ce5448d" acquired by "nova.context.set_target_cell..get_or_set_cached_cell_and_set_connections" :: waited 0.000s {{(pid=93453) inner /opt/stack/data/venv/lib/python3.12/site-packages/oslo_concurrency/lockutils.py:525}}
Aug 16 19:47:22.616681 np0000007400 nova-scheduler[93453]: DEBUG oslo_concurrency.lockutils [None req-fe53adac-1de2-4c22-9c27-a756a55861e9 tempest-DeleteServersTestJSON-118485888 tempest-DeleteServersTestJSON-118485888-project-member] Lock "91f64d13-945c-4d49-a2da-713b3ce5448d" "released" by "nova.context.set_target_cell..get_or_set_cached_cell_and_set_connections" :: held 0.000s {{(pid=93453) inner /opt/stack/data/venv/lib/python3.12/site-packages/oslo_concurrency/lockutils.py:544}}
Aug 16 19:47:22.619979 np0000007400 nova-scheduler[93453]: DEBUG oslo_concurrency.lockutils [None req-fe53adac-1de2-4c22-9c27-a756a55861e9 tempest-DeleteServersTestJSON-118485888 tempest-DeleteServersTestJSON-118485888-project-member] Acquiring lock "np0000007400-np0000007400" by "nova.scheduler.host_manager.HostState.update.._locked_update" {{(pid=93453) inner /opt/stack/data/venv/lib/python3.12/site-packages/oslo_concurrency/lockutils.py:512}}
Aug 16 19:47:22.619979 np0000007400 nova-scheduler[93453]: DEBUG oslo_concurrency.lockutils [None req-fe53adac-1de2-4c22-9c27-a756a55861e9 tempest-DeleteServersTestJSON-118485888 tempest-DeleteServersTestJSON-118485888-project-member] Lock "np0000007400-np0000007400" acquired by "nova.scheduler.host_manager.HostState.update.._locked_update" :: waited 0.000s {{(pid=93453) inner /opt/stack/data/venv/lib/python3.12/site-packages/oslo_concurrency/lockutils.py:525}}
Aug 16 19:47:22.620811 np0000007400 nova-scheduler[93453]: DEBUG nova.scheduler.host_manager [None req-fe53adac-1de2-4c22-9c27-a756a55861e9 tempest-DeleteServersTestJSON-118485888 tempest-DeleteServersTestJSON-118485888-project-member] Update host state from compute node: ComputeNode(cpu_allocation_ratio=4.0,cpu_info='{"arch": "x86_64", "model": "EPYC-Milan", "vendor": "AMD", "topology": {"cells": 1, "sockets": 16, "cores": 1, "threads": 1}, "maxphysaddr": {"mode": "emulate", "bits": 40}, "features": ["movbe", "pse36", "svme-addr-chk", "pause-filter", "vgif", "sep", "sse4.2", "clflushopt", "tsc-scale", "sse", "fsgsbase", "apic", "mce", "arat", "cmp_legacy", "avx2", "skip-l1dfl-vmentry", "amd-psfd", "npt", "rdpid", "vmcb-clean", "rdctl-no", "osvw", "wbnoinvd", "pschange-mc-no", "sse2", "gds-no", "erms", "abm", "syscall", "pku", "fxsr_opt", "avx", "3dnowprefetch", "mmx", "mds-no", "rdtscp", "fpu", "vme", "no-nested-data-bp", "xsaveerptr", "pclmuldq", "smap", "fxsr", "misalignsse", "amd-stibp", "pae", "stibp-always-on", "clzero", "null-sel-clr-base", "lahf_lm", "pdpe1gb", "ssbd", "adx", "cx16", "lfence-always-serializing", "tsc-deadline", "pcid", "aes", "mtrr", "nx", "spec-ctrl", "flushbyasid", "sse4.1", "vpclmulqdq", "v-vmsave-vmload", "x2apic", "fsrm", "popcnt", "sha-ni", "umip", "smep", "xsaves", "pge", "sse4a", "lbrv", "pni", "vaes", "clwb", "msr", "bmi2", "lm", "xsaveopt", "f16c", "svm", "tsc_adjust", "rdrand", "xsave", "xsavec", "xgetbv1", "de", "amd-ssbd", "arch-capabilities", "nrip-save", "virt-ssbd", "pse", "ibpb", "tsc", "rdseed", "topoext", "ibrs", "hypervisor", "mca", "stibp", "fma", "perfctr_core", "ssse3", "cmov", "bmi1", "mmxext", "clflush", "cx8", "pfthreshold", "pat", "invpcid", "cr8legacy"]}',created_at=2026-08-16T19:45:11Z,current_workload=0,deleted=False,deleted_at=None,disk_allocation_ratio=1.0,disk_available_least=73,free_disk_gb=95,free_ram_mb=62765,host='np0000007400',host_ip=10.4.3.15,hypervisor_hostname='np0000007400',hypervisor_type='QEMU',hypervisor_version=8002002,id=1,local_gb=95,local_gb_used=0,mapped=1,memory_mb=63277,memory_mb_used=512,metrics='[]',numa_topology='{"nova_object.name": "NUMATopology", "nova_object.namespace": "nova", "nova_object.version": "1.2", "nova_object.data": {"cells": [{"nova_object.name": "NUMACell", "nova_object.namespace": "nova", "nova_object.version": "1.5", "nova_object.data": {"id": 0, "cpuset": [0, 1, 2, 3, 4, 5, 6, 7, 8, 9, 10, 11, 12, 13, 14, 15], "pcpuset": [0, 1, 2, 3, 4, 5, 6, 7, 8, 9, 10, 11, 12, 13, 14, 15], "memory": 63277, "cpu_usage": 0, "memory_usage": 0, "pinned_cpus": [], "siblings": [[6], [12], [2], [15], [5], [11], [8], [14], [4], [1], [7], [10], [0], [13], [3], [9]], "mempages": [{"nova_object.name": "NUMAPagesTopology", "nova_object.namespace": "nova", "nova_object.version": "1.1", "nova_object.data": {"size_kb": 4, "total": 16177929, "used": 0, "reserved": 0}, "nova_object.changes": ["size_kb", "used", "total", "reserved"]}, {"nova_object.name": "NUMAPagesTopology", "nova_object.namespace": "nova", "nova_object.version": "1.1", "nova_object.data": {"size_kb": 2048, "total": 41, "used": 0, "reserved": 0}, "nova_object.changes": ["size_kb", "used", "total", "reserved"]}, {"nova_object.name": "NUMAPagesTopology", "nova_object.namespace": "nova", "nova_object.version": "1.1", "nova_object.data": {"size_kb": 1048576, "total": 0, "used": 0, "reserved": 0}, "nova_object.changes": ["size_kb", "used", "total", "reserved"]}], "network_metadata": {"nova_object.name": "NetworkMetadata", "nova_object.namespace": "nova", "nova_object.version": "1.0", "nova_object.data": {"physnets": [], "tunneled": false}, "nova_object.changes": ["tunneled", "physnets"]}, "socket": null}, "nova_object.changes": ["pcpuset", "siblings", "cpu_usage", "memory", "network_metadata", "id", "pinned_cpus", "cpuset", "socket", "memory_usage", "mempages"]}]}, "nova_object.changes": ["cells"]}',pci_device_pools=PciDevicePoolList,ram_allocation_ratio=1.0,running_vms=0,service_id=3,stats={failed_builds='0',uptime=' 19:46:58 up 14 min, 2 users, load average: 1.44, 1.51, 0.86
Aug 16 19:47:22.620811 np0000007400 nova-scheduler[93453]: '},supported_hv_specs=[HVSpec,HVSpec,HVSpec,HVSpec,HVSpec,HVSpec,HVSpec,HVSpec,HVSpec,HVSpec,HVSpec,HVSpec,HVSpec,HVSpec,HVSpec,HVSpec,HVSpec,HVSpec,HVSpec,HVSpec,HVSpec,HVSpec,HVSpec,HVSpec,HVSpec],updated_at=2026-08-16T19:46:59Z,uuid=e9b80a0b-82e1-424e-9604-de0b7be3b1a6,vcpus=16,vcpus_used=0) {{(pid=93453) _locked_update /opt/stack/nova/nova/scheduler/host_manager.py:168}}
Aug 16 19:47:22.621591 np0000007400 nova-scheduler[93453]: DEBUG nova.scheduler.host_manager [None req-fe53adac-1de2-4c22-9c27-a756a55861e9 tempest-DeleteServersTestJSON-118485888 tempest-DeleteServersTestJSON-118485888-project-member] Update host state with aggregates: [] {{(pid=93453) _locked_update /opt/stack/nova/nova/scheduler/host_manager.py:171}}
Aug 16 19:47:22.622878 np0000007400 nova-scheduler[93453]: DEBUG nova.scheduler.host_manager [None req-fe53adac-1de2-4c22-9c27-a756a55861e9 tempest-DeleteServersTestJSON-118485888 tempest-DeleteServersTestJSON-118485888-project-member] Update host state with service dict: {'id': 3, 'uuid': '843369ae-eb37-4b57-8287-4761fa051bbf', 'host': 'np0000007400', 'binary': 'nova-compute', 'topic': 'compute', 'report_count': 2, 'disabled': False, 'disabled_reason': None, 'last_seen_up': datetime.datetime(2026, 8, 16, 19, 47, 18, tzinfo=datetime.timezone.utc), 'forced_down': False, 'version': 72, 'created_at': datetime.datetime(2026, 8, 16, 19, 45, 11, tzinfo=datetime.timezone.utc), 'updated_at': datetime.datetime(2026, 8, 16, 19, 47, 18, tzinfo=datetime.timezone.utc), 'deleted_at': None, 'deleted': False} {{(pid=93453) _locked_update /opt/stack/nova/nova/scheduler/host_manager.py:174}}
Aug 16 19:47:22.622878 np0000007400 nova-scheduler[93453]: DEBUG nova.scheduler.host_manager [None req-fe53adac-1de2-4c22-9c27-a756a55861e9 tempest-DeleteServersTestJSON-118485888 tempest-DeleteServersTestJSON-118485888-project-member] Update host state with instances: [] {{(pid=93453) _locked_update /opt/stack/nova/nova/scheduler/host_manager.py:177}}
Aug 16 19:47:22.622878 np0000007400 nova-scheduler[93453]: DEBUG oslo_concurrency.lockutils [None req-fe53adac-1de2-4c22-9c27-a756a55861e9 tempest-DeleteServersTestJSON-118485888 tempest-DeleteServersTestJSON-118485888-project-member] Lock "np0000007400-np0000007400" "released" by "nova.scheduler.host_manager.HostState.update.._locked_update" :: held 0.002s {{(pid=93453) inner /opt/stack/data/venv/lib/python3.12/site-packages/oslo_concurrency/lockutils.py:544}}
Aug 16 19:47:22.622878 np0000007400 nova-scheduler[93453]: DEBUG nova.filters [None req-fe53adac-1de2-4c22-9c27-a756a55861e9 tempest-DeleteServersTestJSON-118485888 tempest-DeleteServersTestJSON-118485888-project-member] Starting with 1 host(s) {{(pid=93453) get_filtered_objects /opt/stack/nova/nova/filters.py:70}}
Aug 16 19:47:22.622878 np0000007400 nova-scheduler[93453]: DEBUG nova.filters [None req-fe53adac-1de2-4c22-9c27-a756a55861e9 tempest-DeleteServersTestJSON-118485888 tempest-DeleteServersTestJSON-118485888-project-member] Filter ComputeFilter returned 1 host(s) {{(pid=93453) get_filtered_objects /opt/stack/nova/nova/filters.py:102}}
Aug 16 19:47:22.622878 np0000007400 nova-scheduler[93453]: DEBUG nova.filters [None req-fe53adac-1de2-4c22-9c27-a756a55861e9 tempest-DeleteServersTestJSON-118485888 tempest-DeleteServersTestJSON-118485888-project-member] Filter ComputeCapabilitiesFilter returned 1 host(s) {{(pid=93453) get_filtered_objects /opt/stack/nova/nova/filters.py:102}}
Aug 16 19:47:22.622878 np0000007400 nova-scheduler[93453]: DEBUG nova.filters [None req-fe53adac-1de2-4c22-9c27-a756a55861e9 tempest-DeleteServersTestJSON-118485888 tempest-DeleteServersTestJSON-118485888-project-member] Filter ImagePropertiesFilter returned 1 host(s) {{(pid=93453) get_filtered_objects /opt/stack/nova/nova/filters.py:102}}
Aug 16 19:47:22.622878 np0000007400 nova-scheduler[93453]: DEBUG nova.filters [None req-fe53adac-1de2-4c22-9c27-a756a55861e9 tempest-DeleteServersTestJSON-118485888 tempest-DeleteServersTestJSON-118485888-project-member] Filter ServerGroupAntiAffinityFilter returned 1 host(s) {{(pid=93453) get_filtered_objects /opt/stack/nova/nova/filters.py:102}}
Aug 16 19:47:22.622878 np0000007400 nova-scheduler[93453]: DEBUG nova.filters [None req-fe53adac-1de2-4c22-9c27-a756a55861e9 tempest-DeleteServersTestJSON-118485888 tempest-DeleteServersTestJSON-118485888-project-member] Filter ServerGroupAffinityFilter returned 1 host(s) {{(pid=93453) get_filtered_objects /opt/stack/nova/nova/filters.py:102}}
Aug 16 19:47:22.623465 np0000007400 nova-scheduler[93453]: DEBUG nova.filters [None req-fe53adac-1de2-4c22-9c27-a756a55861e9 tempest-DeleteServersTestJSON-118485888 tempest-DeleteServersTestJSON-118485888-project-member] Filter SameHostFilter returned 1 host(s) {{(pid=93453) get_filtered_objects /opt/stack/nova/nova/filters.py:102}}
Aug 16 19:47:22.623465 np0000007400 nova-scheduler[93453]: DEBUG nova.filters [None req-fe53adac-1de2-4c22-9c27-a756a55861e9 tempest-DeleteServersTestJSON-118485888 tempest-DeleteServersTestJSON-118485888-project-member] Filter DifferentHostFilter returned 1 host(s) {{(pid=93453) get_filtered_objects /opt/stack/nova/nova/filters.py:102}}
Aug 16 19:47:22.623465 np0000007400 nova-scheduler[93453]: DEBUG nova.scheduler.manager [None req-fe53adac-1de2-4c22-9c27-a756a55861e9 tempest-DeleteServersTestJSON-118485888 tempest-DeleteServersTestJSON-118485888-project-member] Filtered [(np0000007400, np0000007400) ram: 62765MB disk: 74752MB io_ops: 0 instances: 0, allocation_candidates: 1] {{(pid=93453) _get_sorted_hosts /opt/stack/nova/nova/scheduler/manager.py:730}}
Aug 16 19:47:22.623465 np0000007400 nova-scheduler[93453]: DEBUG nova.scheduler.manager [None req-fe53adac-1de2-4c22-9c27-a756a55861e9 tempest-DeleteServersTestJSON-118485888 tempest-DeleteServersTestJSON-118485888-project-member] Weighed [WeighedHost [host: (np0000007400, np0000007400) ram: 62765MB disk: 74752MB io_ops: 0 instances: 0, allocation_candidates: 1, weight: 0.0]] {{(pid=93453) _get_sorted_hosts /opt/stack/nova/nova/scheduler/manager.py:752}}
Aug 16 19:47:22.623836 np0000007400 nova-scheduler[93453]: DEBUG nova.scheduler.utils [None req-fe53adac-1de2-4c22-9c27-a756a55861e9 tempest-DeleteServersTestJSON-118485888 tempest-DeleteServersTestJSON-118485888-project-member] Attempting to claim resources in the placement API for instance 1455333c-e501-4895-acaf-6e80786639cc {{(pid=93453) claim_resources /opt/stack/nova/nova/scheduler/utils.py:1345}}
Aug 16 19:47:22.793095 np0000007400 nova-scheduler[93453]: DEBUG nova.scheduler.manager [None req-fe53adac-1de2-4c22-9c27-a756a55861e9 tempest-DeleteServersTestJSON-118485888 tempest-DeleteServersTestJSON-118485888-project-member] [instance: 1455333c-e501-4895-acaf-6e80786639cc] Selected host: (np0000007400, np0000007400) ram: 62765MB disk: 74752MB io_ops: 0 instances: 0, allocation_candidates: 1 {{(pid=93453) _consume_selected_host /opt/stack/nova/nova/scheduler/manager.py:612}}
Aug 16 19:47:22.793519 np0000007400 nova-scheduler[93453]: DEBUG oslo_concurrency.lockutils [None req-fe53adac-1de2-4c22-9c27-a756a55861e9 tempest-DeleteServersTestJSON-118485888 tempest-DeleteServersTestJSON-118485888-project-member] Acquiring lock "np0000007400-np0000007400" by "nova.scheduler.host_manager.HostState.consume_from_request.._locked" {{(pid=93453) inner /opt/stack/data/venv/lib/python3.12/site-packages/oslo_concurrency/lockutils.py:512}}
Aug 16 19:47:22.793688 np0000007400 nova-scheduler[93453]: DEBUG oslo_concurrency.lockutils [None req-fe53adac-1de2-4c22-9c27-a756a55861e9 tempest-DeleteServersTestJSON-118485888 tempest-DeleteServersTestJSON-118485888-project-member] Lock "np0000007400-np0000007400" acquired by "nova.scheduler.host_manager.HostState.consume_from_request.._locked" :: waited 0.000s {{(pid=93453) inner /opt/stack/data/venv/lib/python3.12/site-packages/oslo_concurrency/lockutils.py:525}}
Aug 16 19:47:22.793856 np0000007400 nova-scheduler[93453]: DEBUG oslo_concurrency.lockutils [None req-fe53adac-1de2-4c22-9c27-a756a55861e9 tempest-DeleteServersTestJSON-118485888 tempest-DeleteServersTestJSON-118485888-project-member] Lock "np0000007400-np0000007400" "released" by "nova.scheduler.host_manager.HostState.consume_from_request.._locked" :: held 0.000s {{(pid=93453) inner /opt/stack/data/venv/lib/python3.12/site-packages/oslo_concurrency/lockutils.py:544}}
Aug 16 19:47:25.408879 np0000007400 nova-scheduler[93450]: DEBUG nova.scheduler.manager [None req-6cdba02a-1ab0-4723-9504-213c867b315e tempest-ServerActionsTestOtherA-1577246755 tempest-ServerActionsTestOtherA-1577246755-project-member] Starting to schedule for instances: ['c0a4b33d-1d41-42b5-add8-4b05b52ca5d0'] {{(pid=93450) select_destinations /opt/stack/nova/nova/scheduler/manager.py:197}}
Aug 16 19:47:25.409412 np0000007400 nova-scheduler[93450]: DEBUG nova.scheduler.request_filter [None req-6cdba02a-1ab0-4723-9504-213c867b315e tempest-ServerActionsTestOtherA-1577246755 tempest-ServerActionsTestOtherA-1577246755-project-member] compute_status_filter request filter added forbidden trait COMPUTE_STATUS_DISABLED {{(pid=93450) compute_status_filter /opt/stack/nova/nova/scheduler/request_filter.py:253}}
Aug 16 19:47:25.409568 np0000007400 nova-scheduler[93450]: DEBUG nova.scheduler.request_filter [None req-6cdba02a-1ab0-4723-9504-213c867b315e tempest-ServerActionsTestOtherA-1577246755 tempest-ServerActionsTestOtherA-1577246755-project-member] Request filter 'compute_status_filter' took 0.0 seconds {{(pid=93450) wrapper /opt/stack/nova/nova/scheduler/request_filter.py:46}}
Aug 16 19:47:25.410211 np0000007400 nova-scheduler[93450]: DEBUG nova.scheduler.request_filter [None req-6cdba02a-1ab0-4723-9504-213c867b315e tempest-ServerActionsTestOtherA-1577246755 tempest-ServerActionsTestOtherA-1577246755-project-member] Request filter 'accelerators_filter' took 0.0 seconds {{(pid=93450) wrapper /opt/stack/nova/nova/scheduler/request_filter.py:46}}
Aug 16 19:47:25.410477 np0000007400 nova-scheduler[93450]: DEBUG nova.scheduler.request_filter [None req-6cdba02a-1ab0-4723-9504-213c867b315e tempest-ServerActionsTestOtherA-1577246755 tempest-ServerActionsTestOtherA-1577246755-project-member] Request filter 'packed_virtqueue_filter' took 0.0 seconds {{(pid=93450) wrapper /opt/stack/nova/nova/scheduler/request_filter.py:46}}
Aug 16 19:47:25.411025 np0000007400 nova-scheduler[93450]: DEBUG nova.scheduler.request_filter [None req-6cdba02a-1ab0-4723-9504-213c867b315e tempest-ServerActionsTestOtherA-1577246755 tempest-ServerActionsTestOtherA-1577246755-project-member] Request filter 'remote_managed_ports_filter' took 0.0 seconds {{(pid=93450) wrapper /opt/stack/nova/nova/scheduler/request_filter.py:46}}
Aug 16 19:47:25.411561 np0000007400 nova-scheduler[93450]: DEBUG nova.scheduler.request_filter [None req-6cdba02a-1ab0-4723-9504-213c867b315e tempest-ServerActionsTestOtherA-1577246755 tempest-ServerActionsTestOtherA-1577246755-project-member] ephemeral_encryption_filter skipped {{(pid=93450) ephemeral_encryption_filter /opt/stack/nova/nova/scheduler/request_filter.py:426}}
Aug 16 19:47:25.411750 np0000007400 nova-scheduler[93450]: DEBUG nova.scheduler.request_filter [None req-6cdba02a-1ab0-4723-9504-213c867b315e tempest-ServerActionsTestOtherA-1577246755 tempest-ServerActionsTestOtherA-1577246755-project-member] virtio_sound_filter skipped {{(pid=93450) virtio_sound_filter /opt/stack/nova/nova/scheduler/request_filter.py:460}}
Aug 16 19:47:25.411939 np0000007400 nova-scheduler[93450]: DEBUG nova.scheduler.request_filter [None req-6cdba02a-1ab0-4723-9504-213c867b315e tempest-ServerActionsTestOtherA-1577246755 tempest-ServerActionsTestOtherA-1577246755-project-member] tpm_secret_security_filter skipped {{(pid=93450) tpm_secret_security_filter /opt/stack/nova/nova/scheduler/request_filter.py:477}}
Aug 16 19:47:25.536093 np0000007400 nova-scheduler[93450]: INFO nova.utils [None req-6cdba02a-1ab0-4723-9504-213c867b315e tempest-ServerActionsTestOtherA-1577246755 tempest-ServerActionsTestOtherA-1577246755-project-member] The cell worker thread pool ForkProcess-1.cell_worker is initialized
