Aug 16 19:44:55.813467 np0000007400 nova-conductor[95861]: DEBUG cotyledon.oslo_config_glue [-] oslo_messaging_rabbit.rabbit_quorum_max_memory_bytes = 0 {{(pid=95861) log_opt_values /opt/stack/data/venv/lib/python3.12/site-packages/oslo_config/cfg.py:3560}}
Aug 16 19:44:55.813467 np0000007400 nova-conductor[95861]: DEBUG cotyledon.oslo_config_glue [-] oslo_messaging_rabbit.rabbit_quorum_max_memory_length = 0 {{(pid=95861) log_opt_values /opt/stack/data/venv/lib/python3.12/site-packages/oslo_config/cfg.py:3560}}
Aug 16 19:44:55.813467 np0000007400 nova-conductor[95861]: DEBUG cotyledon.oslo_config_glue [-] oslo_messaging_rabbit.rabbit_quorum_queue = False {{(pid=95861) log_opt_values /opt/stack/data/venv/lib/python3.12/site-packages/oslo_config/cfg.py:3560}}
Aug 16 19:44:55.813652 np0000007400 nova-conductor[95861]: DEBUG cotyledon.oslo_config_glue [-] oslo_messaging_rabbit.rabbit_retry_backoff = 2 {{(pid=95861) log_opt_values /opt/stack/data/venv/lib/python3.12/site-packages/oslo_config/cfg.py:3560}}
Aug 16 19:44:55.813652 np0000007400 nova-conductor[95861]: DEBUG cotyledon.oslo_config_glue [-] oslo_messaging_rabbit.rabbit_retry_interval = 1 {{(pid=95861) log_opt_values /opt/stack/data/venv/lib/python3.12/site-packages/oslo_config/cfg.py:3560}}
Aug 16 19:44:55.813652 np0000007400 nova-conductor[95861]: DEBUG cotyledon.oslo_config_glue [-] oslo_messaging_rabbit.rabbit_stream_fanout = False {{(pid=95861) log_opt_values /opt/stack/data/venv/lib/python3.12/site-packages/oslo_config/cfg.py:3560}}
Aug 16 19:44:55.813652 np0000007400 nova-conductor[95861]: DEBUG cotyledon.oslo_config_glue [-] oslo_messaging_rabbit.rabbit_transient_queues_ttl = 1800 {{(pid=95861) log_opt_values /opt/stack/data/venv/lib/python3.12/site-packages/oslo_config/cfg.py:3560}}
Aug 16 19:44:55.813652 np0000007400 nova-conductor[95861]: DEBUG cotyledon.oslo_config_glue [-] oslo_messaging_rabbit.rabbit_transient_quorum_queue = False {{(pid=95861) log_opt_values /opt/stack/data/venv/lib/python3.12/site-packages/oslo_config/cfg.py:3560}}
Aug 16 19:44:55.813652 np0000007400 nova-conductor[95861]: DEBUG cotyledon.oslo_config_glue [-] oslo_messaging_rabbit.rpc_conn_pool_size = 30 {{(pid=95861) log_opt_values /opt/stack/data/venv/lib/python3.12/site-packages/oslo_config/cfg.py:3560}}
Aug 16 19:44:55.813652 np0000007400 nova-conductor[95861]: DEBUG cotyledon.oslo_config_glue [-] oslo_messaging_rabbit.ssl = False {{(pid=95861) log_opt_values /opt/stack/data/venv/lib/python3.12/site-packages/oslo_config/cfg.py:3560}}
Aug 16 19:44:55.813652 np0000007400 nova-conductor[95861]: DEBUG cotyledon.oslo_config_glue [-] oslo_messaging_rabbit.ssl_ca_file = {{(pid=95861) log_opt_values /opt/stack/data/venv/lib/python3.12/site-packages/oslo_config/cfg.py:3560}}
Aug 16 19:44:55.813652 np0000007400 nova-conductor[95861]: DEBUG cotyledon.oslo_config_glue [-] oslo_messaging_rabbit.ssl_cert_file = {{(pid=95861) log_opt_values /opt/stack/data/venv/lib/python3.12/site-packages/oslo_config/cfg.py:3560}}
Aug 16 19:44:55.813826 np0000007400 nova-conductor[95861]: DEBUG cotyledon.oslo_config_glue [-] oslo_messaging_rabbit.ssl_enforce_fips_mode = False {{(pid=95861) log_opt_values /opt/stack/data/venv/lib/python3.12/site-packages/oslo_config/cfg.py:3560}}
Aug 16 19:44:55.813826 np0000007400 nova-conductor[95861]: DEBUG cotyledon.oslo_config_glue [-] oslo_messaging_rabbit.ssl_enforce_hostname_verification = True {{(pid=95861) log_opt_values /opt/stack/data/venv/lib/python3.12/site-packages/oslo_config/cfg.py:3560}}
Aug 16 19:44:55.813826 np0000007400 nova-conductor[95861]: DEBUG cotyledon.oslo_config_glue [-] oslo_messaging_rabbit.ssl_key_file = {{(pid=95861) log_opt_values /opt/stack/data/venv/lib/python3.12/site-packages/oslo_config/cfg.py:3560}}
Aug 16 19:44:55.813826 np0000007400 nova-conductor[95861]: DEBUG cotyledon.oslo_config_glue [-] oslo_messaging_rabbit.ssl_version = {{(pid=95861) log_opt_values /opt/stack/data/venv/lib/python3.12/site-packages/oslo_config/cfg.py:3560}}
Aug 16 19:44:55.813826 np0000007400 nova-conductor[95861]: DEBUG cotyledon.oslo_config_glue [-] oslo_messaging_rabbit.use_queue_manager = False {{(pid=95861) log_opt_values /opt/stack/data/venv/lib/python3.12/site-packages/oslo_config/cfg.py:3560}}
Aug 16 19:44:55.813826 np0000007400 nova-conductor[95861]: DEBUG cotyledon.oslo_config_glue [-] oslo_messaging_notifications.driver = ['messagingv2'] {{(pid=95861) log_opt_values /opt/stack/data/venv/lib/python3.12/site-packages/oslo_config/cfg.py:3560}}
Aug 16 19:44:55.813826 np0000007400 nova-conductor[95861]: DEBUG cotyledon.oslo_config_glue [-] oslo_messaging_notifications.retry = -1 {{(pid=95861) log_opt_values /opt/stack/data/venv/lib/python3.12/site-packages/oslo_config/cfg.py:3560}}
Aug 16 19:44:55.813826 np0000007400 nova-conductor[95861]: DEBUG cotyledon.oslo_config_glue [-] oslo_messaging_notifications.topics = ['notifications'] {{(pid=95861) log_opt_values /opt/stack/data/venv/lib/python3.12/site-packages/oslo_config/cfg.py:3560}}
Aug 16 19:44:55.813826 np0000007400 nova-conductor[95861]: DEBUG cotyledon.oslo_config_glue [-] oslo_messaging_notifications.transport_url = **** {{(pid=95861) log_opt_values /opt/stack/data/venv/lib/python3.12/site-packages/oslo_config/cfg.py:3560}}
Aug 16 19:44:55.814008 np0000007400 nova-conductor[95861]: DEBUG cotyledon.oslo_config_glue [-] oslo_limit.auth_section = None {{(pid=95861) log_opt_values /opt/stack/data/venv/lib/python3.12/site-packages/oslo_config/cfg.py:3560}}
Aug 16 19:44:55.814008 np0000007400 nova-conductor[95861]: DEBUG cotyledon.oslo_config_glue [-] oslo_limit.auth_type = None {{(pid=95861) log_opt_values /opt/stack/data/venv/lib/python3.12/site-packages/oslo_config/cfg.py:3560}}
Aug 16 19:44:55.814008 np0000007400 nova-conductor[95861]: DEBUG cotyledon.oslo_config_glue [-] oslo_limit.cafile = None {{(pid=95861) log_opt_values /opt/stack/data/venv/lib/python3.12/site-packages/oslo_config/cfg.py:3560}}
Aug 16 19:44:55.814008 np0000007400 nova-conductor[95861]: DEBUG cotyledon.oslo_config_glue [-] oslo_limit.certfile = None {{(pid=95861) log_opt_values /opt/stack/data/venv/lib/python3.12/site-packages/oslo_config/cfg.py:3560}}
Aug 16 19:44:55.814008 np0000007400 nova-conductor[95861]: DEBUG cotyledon.oslo_config_glue [-] oslo_limit.collect_timing = False {{(pid=95861) log_opt_values /opt/stack/data/venv/lib/python3.12/site-packages/oslo_config/cfg.py:3560}}
Aug 16 19:44:55.814008 np0000007400 nova-conductor[95861]: DEBUG cotyledon.oslo_config_glue [-] oslo_limit.connect_retries = None {{(pid=95861) log_opt_values /opt/stack/data/venv/lib/python3.12/site-packages/oslo_config/cfg.py:3560}}
Aug 16 19:44:55.814008 np0000007400 nova-conductor[95861]: DEBUG cotyledon.oslo_config_glue [-] oslo_limit.connect_retry_delay = None {{(pid=95861) log_opt_values /opt/stack/data/venv/lib/python3.12/site-packages/oslo_config/cfg.py:3560}}
Aug 16 19:44:55.814008 np0000007400 nova-conductor[95861]: DEBUG cotyledon.oslo_config_glue [-] oslo_limit.endpoint_id = None {{(pid=95861) log_opt_values /opt/stack/data/venv/lib/python3.12/site-packages/oslo_config/cfg.py:3560}}
Aug 16 19:44:55.814008 np0000007400 nova-conductor[95861]: DEBUG cotyledon.oslo_config_glue [-] oslo_limit.endpoint_interface = public {{(pid=95861) log_opt_values /opt/stack/data/venv/lib/python3.12/site-packages/oslo_config/cfg.py:3560}}
Aug 16 19:44:55.814226 np0000007400 nova-conductor[95861]: DEBUG cotyledon.oslo_config_glue [-] oslo_limit.endpoint_override = None {{(pid=95861) log_opt_values /opt/stack/data/venv/lib/python3.12/site-packages/oslo_config/cfg.py:3560}}
Aug 16 19:44:55.814226 np0000007400 nova-conductor[95861]: DEBUG cotyledon.oslo_config_glue [-] oslo_limit.endpoint_region_name = None {{(pid=95861) log_opt_values /opt/stack/data/venv/lib/python3.12/site-packages/oslo_config/cfg.py:3560}}
Aug 16 19:44:55.814226 np0000007400 nova-conductor[95861]: DEBUG cotyledon.oslo_config_glue [-] oslo_limit.endpoint_service_name = None {{(pid=95861) log_opt_values /opt/stack/data/venv/lib/python3.12/site-packages/oslo_config/cfg.py:3560}}
Aug 16 19:44:55.814226 np0000007400 nova-conductor[95861]: DEBUG cotyledon.oslo_config_glue [-] oslo_limit.endpoint_service_type = None {{(pid=95861) log_opt_values /opt/stack/data/venv/lib/python3.12/site-packages/oslo_config/cfg.py:3560}}
Aug 16 19:44:55.814226 np0000007400 nova-conductor[95861]: DEBUG cotyledon.oslo_config_glue [-] oslo_limit.insecure = False {{(pid=95861) log_opt_values /opt/stack/data/venv/lib/python3.12/site-packages/oslo_config/cfg.py:3560}}
Aug 16 19:44:55.814226 np0000007400 nova-conductor[95861]: DEBUG cotyledon.oslo_config_glue [-] oslo_limit.keyfile = None {{(pid=95861) log_opt_values /opt/stack/data/venv/lib/python3.12/site-packages/oslo_config/cfg.py:3560}}
Aug 16 19:44:55.814226 np0000007400 nova-conductor[95861]: DEBUG cotyledon.oslo_config_glue [-] oslo_limit.max_version = None {{(pid=95861) log_opt_values /opt/stack/data/venv/lib/python3.12/site-packages/oslo_config/cfg.py:3560}}
Aug 16 19:44:55.814226 np0000007400 nova-conductor[95861]: DEBUG cotyledon.oslo_config_glue [-] oslo_limit.min_version = None {{(pid=95861) log_opt_values /opt/stack/data/venv/lib/python3.12/site-packages/oslo_config/cfg.py:3560}}
Aug 16 19:44:55.814226 np0000007400 nova-conductor[95861]: DEBUG cotyledon.oslo_config_glue [-] oslo_limit.region_name = None {{(pid=95861) log_opt_values /opt/stack/data/venv/lib/python3.12/site-packages/oslo_config/cfg.py:3560}}
Aug 16 19:44:55.814431 np0000007400 nova-conductor[95861]: DEBUG cotyledon.oslo_config_glue [-] oslo_limit.retriable_status_codes = None {{(pid=95861) log_opt_values /opt/stack/data/venv/lib/python3.12/site-packages/oslo_config/cfg.py:3560}}
Aug 16 19:44:55.814431 np0000007400 nova-conductor[95861]: DEBUG cotyledon.oslo_config_glue [-] oslo_limit.service_name = None {{(pid=95861) log_opt_values /opt/stack/data/venv/lib/python3.12/site-packages/oslo_config/cfg.py:3560}}
Aug 16 19:44:55.814431 np0000007400 nova-conductor[95861]: DEBUG cotyledon.oslo_config_glue [-] oslo_limit.service_type = None {{(pid=95861) log_opt_values /opt/stack/data/venv/lib/python3.12/site-packages/oslo_config/cfg.py:3560}}
Aug 16 19:44:55.814431 np0000007400 nova-conductor[95861]: DEBUG cotyledon.oslo_config_glue [-] oslo_limit.split_loggers = False {{(pid=95861) log_opt_values /opt/stack/data/venv/lib/python3.12/site-packages/oslo_config/cfg.py:3560}}
Aug 16 19:44:55.814431 np0000007400 nova-conductor[95861]: DEBUG cotyledon.oslo_config_glue [-] oslo_limit.status_code_retries = None {{(pid=95861) log_opt_values /opt/stack/data/venv/lib/python3.12/site-packages/oslo_config/cfg.py:3560}}
Aug 16 19:44:55.814431 np0000007400 nova-conductor[95861]: DEBUG cotyledon.oslo_config_glue [-] oslo_limit.status_code_retry_delay = None {{(pid=95861) log_opt_values /opt/stack/data/venv/lib/python3.12/site-packages/oslo_config/cfg.py:3560}}
Aug 16 19:44:55.814431 np0000007400 nova-conductor[95861]: DEBUG cotyledon.oslo_config_glue [-] oslo_limit.timeout = None {{(pid=95861) log_opt_values /opt/stack/data/venv/lib/python3.12/site-packages/oslo_config/cfg.py:3560}}
Aug 16 19:44:55.814431 np0000007400 nova-conductor[95861]: DEBUG cotyledon.oslo_config_glue [-] oslo_limit.valid_interfaces = None {{(pid=95861) log_opt_values /opt/stack/data/venv/lib/python3.12/site-packages/oslo_config/cfg.py:3560}}
Aug 16 19:44:55.814431 np0000007400 nova-conductor[95861]: DEBUG cotyledon.oslo_config_glue [-] oslo_limit.version = None {{(pid=95861) log_opt_values /opt/stack/data/venv/lib/python3.12/site-packages/oslo_config/cfg.py:3560}}
Aug 16 19:44:55.814608 np0000007400 nova-conductor[95861]: DEBUG cotyledon.oslo_config_glue [-] oslo_reports.file_event_handler = None {{(pid=95861) log_opt_values /opt/stack/data/venv/lib/python3.12/site-packages/oslo_config/cfg.py:3560}}
Aug 16 19:44:55.814608 np0000007400 nova-conductor[95861]: DEBUG cotyledon.oslo_config_glue [-] oslo_reports.file_event_handler_interval = 1 {{(pid=95861) log_opt_values /opt/stack/data/venv/lib/python3.12/site-packages/oslo_config/cfg.py:3560}}
Aug 16 19:44:55.814608 np0000007400 nova-conductor[95861]: DEBUG cotyledon.oslo_config_glue [-] oslo_reports.log_dir = None {{(pid=95861) log_opt_values /opt/stack/data/venv/lib/python3.12/site-packages/oslo_config/cfg.py:3560}}
Aug 16 19:44:55.814608 np0000007400 nova-conductor[95861]: DEBUG cotyledon.oslo_config_glue [-] ******************************************************************************** {{(pid=95861) log_opt_values /opt/stack/data/venv/lib/python3.12/site-packages/oslo_config/cfg.py:3567}}
Aug 16 19:44:55.814608 np0000007400 nova-conductor[95861]: DEBUG cotyledon._service_worker [-] Run service ServiceWrapper(1) [95861] {{(pid=95861) wait_forever /opt/stack/data/venv/lib/python3.12/site-packages/cotyledon/_service_worker.py:218}}
Aug 16 19:44:55.814608 np0000007400 nova-conductor[95861]: INFO nova.service [-] Starting conductor node (version 33.1.0)
Aug 16 19:44:55.814742 np0000007400 nova-conductor[95852]: DEBUG oslo_db.sqlalchemy.engines [None req-185643ea-3137-46e7-8239-078ed62a8f7b None None] MySQL server mode set to STRICT_TRANS_TABLES,STRICT_ALL_TABLES,NO_ZERO_IN_DATE,NO_ZERO_DATE,ERROR_FOR_DIVISION_BY_ZERO,TRADITIONAL,NO_ENGINE_SUBSTITUTION {{(pid=95852) _check_effective_sql_mode /opt/stack/data/venv/lib/python3.12/site-packages/oslo_db/sqlalchemy/engines.py:325}}
Aug 16 19:44:55.814787 np0000007400 nova-conductor[95861]: INFO dbcounter [None req-2ff5b9f8-7db2-423a-aa30-123c1c4c6dee None None] Registered counter for database nova_cell0
Aug 16 19:44:55.814826 np0000007400 nova-conductor[95875]: INFO dbcounter [None req-80003bda-af32-44b9-aa83-fe9134d662f9 None None] Registered counter for database nova_cell0
Aug 16 19:44:55.814859 np0000007400 nova-conductor[95852]: DEBUG dbcounter [-] [95852] Writer thread running {{(pid=95852) stat_writer /opt/stack/data/venv/lib/python3.12/site-packages/dbcounter.py:102}}
Aug 16 19:44:55.819278 np0000007400 nova-conductor[95852]: DEBUG nova.service [None req-185643ea-3137-46e7-8239-078ed62a8f7b None None] Creating RPC server for service: nova-conductor on topic: conductor {{(pid=95852) start /opt/stack/nova/nova/service.py:262}}
Aug 16 19:44:55.828758 np0000007400 nova-conductor[95861]: DEBUG oslo_db.sqlalchemy.engines [None req-2ff5b9f8-7db2-423a-aa30-123c1c4c6dee None None] MySQL server mode set to STRICT_TRANS_TABLES,STRICT_ALL_TABLES,NO_ZERO_IN_DATE,NO_ZERO_DATE,ERROR_FOR_DIVISION_BY_ZERO,TRADITIONAL,NO_ENGINE_SUBSTITUTION {{(pid=95861) _check_effective_sql_mode /opt/stack/data/venv/lib/python3.12/site-packages/oslo_db/sqlalchemy/engines.py:325}}
Aug 16 19:44:55.835130 np0000007400 nova-conductor[95875]: DEBUG oslo_db.sqlalchemy.engines [None req-80003bda-af32-44b9-aa83-fe9134d662f9 None None] MySQL server mode set to STRICT_TRANS_TABLES,STRICT_ALL_TABLES,NO_ZERO_IN_DATE,NO_ZERO_DATE,ERROR_FOR_DIVISION_BY_ZERO,TRADITIONAL,NO_ENGINE_SUBSTITUTION {{(pid=95875) _check_effective_sql_mode /opt/stack/data/venv/lib/python3.12/site-packages/oslo_db/sqlalchemy/engines.py:325}}
Aug 16 19:44:55.837008 np0000007400 nova-conductor[95861]: DEBUG dbcounter [-] [95861] Writer thread running {{(pid=95861) stat_writer /opt/stack/data/venv/lib/python3.12/site-packages/dbcounter.py:102}}
Aug 16 19:44:55.839585 np0000007400 nova-conductor[95861]: DEBUG nova.service [None req-2ff5b9f8-7db2-423a-aa30-123c1c4c6dee None None] Creating RPC server for service: nova-conductor on topic: conductor {{(pid=95861) start /opt/stack/nova/nova/service.py:262}}
Aug 16 19:44:55.840871 np0000007400 nova-conductor[95852]: DEBUG nova.service [None req-185643ea-3137-46e7-8239-078ed62a8f7b None None] Join ServiceGroup membership for this service conductor {{(pid=95852) start /opt/stack/nova/nova/service.py:288}}
Aug 16 19:44:55.841038 np0000007400 nova-conductor[95852]: DEBUG nova.servicegroup.drivers.db [None req-185643ea-3137-46e7-8239-078ed62a8f7b None None] DB_Driver: join new ServiceGroup member np0000007400 to the conductor group, service = {{(pid=95852) join /opt/stack/nova/nova/servicegroup/drivers/db.py:44}}
Aug 16 19:44:55.844292 np0000007400 nova-conductor[95875]: DEBUG dbcounter [-] [95875] Writer thread running {{(pid=95875) stat_writer /opt/stack/data/venv/lib/python3.12/site-packages/dbcounter.py:102}}
Aug 16 19:44:55.848191 np0000007400 nova-conductor[95875]: DEBUG nova.service [None req-80003bda-af32-44b9-aa83-fe9134d662f9 None None] Creating RPC server for service: nova-conductor on topic: conductor {{(pid=95875) start /opt/stack/nova/nova/service.py:262}}
Aug 16 19:44:55.857470 np0000007400 nova-conductor[95861]: DEBUG nova.service [None req-2ff5b9f8-7db2-423a-aa30-123c1c4c6dee None None] Join ServiceGroup membership for this service conductor {{(pid=95861) start /opt/stack/nova/nova/service.py:288}}
Aug 16 19:44:55.857626 np0000007400 nova-conductor[95861]: DEBUG nova.servicegroup.drivers.db [None req-2ff5b9f8-7db2-423a-aa30-123c1c4c6dee None None] DB_Driver: join new ServiceGroup member np0000007400 to the conductor group, service = {{(pid=95861) join /opt/stack/nova/nova/servicegroup/drivers/db.py:44}}
Aug 16 19:44:55.869341 np0000007400 nova-conductor[95875]: DEBUG nova.service [None req-80003bda-af32-44b9-aa83-fe9134d662f9 None None] Join ServiceGroup membership for this service conductor {{(pid=95875) start /opt/stack/nova/nova/service.py:288}}
Aug 16 19:44:55.869341 np0000007400 nova-conductor[95875]: DEBUG nova.servicegroup.drivers.db [None req-80003bda-af32-44b9-aa83-fe9134d662f9 None None] DB_Driver: join new ServiceGroup member np0000007400 to the conductor group, service = {{(pid=95875) join /opt/stack/nova/nova/servicegroup/drivers/db.py:44}}
Aug 16 19:45:00.853182 np0000007400 nova-conductor[95852]: DEBUG oslo.service.backend._threading.loopingcall [-] Fixed interval looping call 'nova.servicegroup.drivers.db.DbDriver._report_state' sleeping for 119.99 seconds {{(pid=95852) _run_loop /opt/stack/data/venv/lib/python3.12/site-packages/oslo_service/backend/_threading/loopingcall.py:125}}
Aug 16 19:45:00.867488 np0000007400 nova-conductor[95861]: DEBUG oslo.service.backend._threading.loopingcall [-] Fixed interval looping call 'nova.servicegroup.drivers.db.DbDriver._report_state' sleeping for 119.99 seconds {{(pid=95861) _run_loop /opt/stack/data/venv/lib/python3.12/site-packages/oslo_service/backend/_threading/loopingcall.py:125}}
Aug 16 19:45:00.878099 np0000007400 nova-conductor[95875]: DEBUG oslo.service.backend._threading.loopingcall [-] Fixed interval looping call 'nova.servicegroup.drivers.db.DbDriver._report_state' sleeping for 119.99 seconds {{(pid=95875) _run_loop /opt/stack/data/venv/lib/python3.12/site-packages/oslo_service/backend/_threading/loopingcall.py:125}}
Aug 16 19:45:04.469621 np0000007400 nova-conductor[94376]: DEBUG dbcounter [-] [94376] Writing DB stats nova_api:SELECT=1 {{(pid=94376) stat_writer /opt/stack/data/venv/lib/python3.12/site-packages/dbcounter.py:115}}
Aug 16 19:45:04.582983 np0000007400 nova-conductor[94376]: DEBUG dbcounter [-] [94376] Writing DB stats nova_cell0:SELECT=1 {{(pid=94376) stat_writer /opt/stack/data/venv/lib/python3.12/site-packages/dbcounter.py:115}}
Aug 16 19:45:04.587048 np0000007400 nova-conductor[94376]: DEBUG dbcounter [-] [94376] Writing DB stats nova_cell1:SELECT=1 {{(pid=94376) stat_writer /opt/stack/data/venv/lib/python3.12/site-packages/dbcounter.py:115}}
Aug 16 19:45:10.849643 np0000007400 nova-conductor[95852]: DEBUG dbcounter [-] [95852] Writing DB stats nova_cell0:SELECT=4,nova_cell0:INSERT=1,nova_cell0:UPDATE=1 {{(pid=95852) stat_writer /opt/stack/data/venv/lib/python3.12/site-packages/dbcounter.py:115}}
Aug 16 19:45:10.866352 np0000007400 nova-conductor[95861]: DEBUG dbcounter [-] [95861] Writing DB stats nova_cell0:SELECT=3 {{(pid=95861) stat_writer /opt/stack/data/venv/lib/python3.12/site-packages/dbcounter.py:115}}
Aug 16 19:45:10.877898 np0000007400 nova-conductor[95875]: DEBUG dbcounter [-] [95875] Writing DB stats nova_cell0:SELECT=3 {{(pid=95875) stat_writer /opt/stack/data/venv/lib/python3.12/site-packages/dbcounter.py:115}}
Aug 16 19:45:22.859352 np0000007400 nova-conductor[95861]: DEBUG oslo.service.backend._threading.loopingcall [None req-6dbe59b8-2fca-4ae5-bfd1-5962565d9823 None None] Dynamic interval looping call 'nova.service.Service.periodic_tasks' sleeping for 60.00 seconds {{(pid=95861) _run_loop /opt/stack/data/venv/lib/python3.12/site-packages/oslo_service/backend/_threading/loopingcall.py:125}}
Aug 16 19:45:28.871333 np0000007400 nova-conductor[95875]: DEBUG oslo.service.backend._threading.loopingcall [None req-a83592f4-7b28-45ef-82ab-5e17c25ccf1e None None] Dynamic interval looping call 'nova.service.Service.periodic_tasks' sleeping for 60.00 seconds {{(pid=95875) _run_loop /opt/stack/data/venv/lib/python3.12/site-packages/oslo_service/backend/_threading/loopingcall.py:125}}
Aug 16 19:45:34.843761 np0000007400 nova-conductor[95852]: DEBUG oslo.service.backend._threading.loopingcall [None req-37853588-382f-4b5f-b045-3967fcb19a7f None None] Dynamic interval looping call 'nova.service.Service.periodic_tasks' sleeping for 60.00 seconds {{(pid=95852) _run_loop /opt/stack/data/venv/lib/python3.12/site-packages/oslo_service/backend/_threading/loopingcall.py:125}}
Aug 16 19:46:22.859839 np0000007400 nova-conductor[95861]: DEBUG oslo.service.backend._threading.loopingcall [None req-6dbe59b8-2fca-4ae5-bfd1-5962565d9823 None None] Dynamic interval looping call 'nova.service.Service.periodic_tasks' sleeping for 60.00 seconds {{(pid=95861) _run_loop /opt/stack/data/venv/lib/python3.12/site-packages/oslo_service/backend/_threading/loopingcall.py:125}}
Aug 16 19:46:28.871877 np0000007400 nova-conductor[95875]: DEBUG oslo.service.backend._threading.loopingcall [None req-a83592f4-7b28-45ef-82ab-5e17c25ccf1e None None] Dynamic interval looping call 'nova.service.Service.periodic_tasks' sleeping for 60.00 seconds {{(pid=95875) _run_loop /opt/stack/data/venv/lib/python3.12/site-packages/oslo_service/backend/_threading/loopingcall.py:125}}
Aug 16 19:46:34.844317 np0000007400 nova-conductor[95852]: DEBUG oslo.service.backend._threading.loopingcall [None req-37853588-382f-4b5f-b045-3967fcb19a7f None None] Dynamic interval looping call 'nova.service.Service.periodic_tasks' sleeping for 60.00 seconds {{(pid=95852) _run_loop /opt/stack/data/venv/lib/python3.12/site-packages/oslo_service/backend/_threading/loopingcall.py:125}}
Aug 16 19:47:00.849046 np0000007400 nova-conductor[95852]: DEBUG oslo.service.backend._threading.loopingcall [-] Fixed interval looping call 'nova.servicegroup.drivers.db.DbDriver._report_state' sleeping for 119.99 seconds {{(pid=95852) _run_loop /opt/stack/data/venv/lib/python3.12/site-packages/oslo_service/backend/_threading/loopingcall.py:125}}
Aug 16 19:47:00.861459 np0000007400 nova-conductor[95861]: DEBUG oslo.service.backend._threading.loopingcall [-] Fixed interval looping call 'nova.servicegroup.drivers.db.DbDriver._report_state' sleeping for 120.00 seconds {{(pid=95861) _run_loop /opt/stack/data/venv/lib/python3.12/site-packages/oslo_service/backend/_threading/loopingcall.py:125}}
Aug 16 19:47:00.872022 np0000007400 nova-conductor[95875]: DEBUG oslo.service.backend._threading.loopingcall [-] Fixed interval looping call 'nova.servicegroup.drivers.db.DbDriver._report_state' sleeping for 120.00 seconds {{(pid=95875) _run_loop /opt/stack/data/venv/lib/python3.12/site-packages/oslo_service/backend/_threading/loopingcall.py:125}}
Aug 16 19:47:10.846115 np0000007400 nova-conductor[95852]: DEBUG dbcounter [-] [95852] Writing DB stats nova_cell0:SELECT=1,nova_cell0:UPDATE=1 {{(pid=95852) stat_writer /opt/stack/data/venv/lib/python3.12/site-packages/dbcounter.py:115}}
Aug 16 19:47:10.859888 np0000007400 nova-conductor[95861]: DEBUG dbcounter [-] [95861] Writing DB stats nova_cell0:SELECT=1 {{(pid=95861) stat_writer /opt/stack/data/venv/lib/python3.12/site-packages/dbcounter.py:115}}
Aug 16 19:47:10.870123 np0000007400 nova-conductor[95875]: DEBUG dbcounter [-] [95875] Writing DB stats nova_cell0:SELECT=1 {{(pid=95875) stat_writer /opt/stack/data/venv/lib/python3.12/site-packages/dbcounter.py:115}}
Aug 16 19:47:21.913960 np0000007400 nova-conductor[95852]: DEBUG oslo_db.sqlalchemy.engines [None req-fe53adac-1de2-4c22-9c27-a756a55861e9 tempest-DeleteServersTestJSON-118485888 tempest-DeleteServersTestJSON-118485888-project-member] Parent process 94376 forked (95852) with an open database connection, which is being discarded and recreated. {{(pid=95852) checkout /opt/stack/data/venv/lib/python3.12/site-packages/oslo_db/sqlalchemy/engines.py:402}}
Aug 16 19:47:21.943794 np0000007400 nova-conductor[95852]: DEBUG dbcounter [-] [95852] Writer thread running {{(pid=95852) stat_writer /opt/stack/data/venv/lib/python3.12/site-packages/dbcounter.py:102}}
Aug 16 19:47:22.804885 np0000007400 nova-conductor[95852]: DEBUG nova.conductor.manager [None req-fe53adac-1de2-4c22-9c27-a756a55861e9 tempest-DeleteServersTestJSON-118485888 tempest-DeleteServersTestJSON-118485888-project-member] Took 0.86 seconds to select destinations for 1 instance(s). {{(pid=95852) _schedule_instances /opt/stack/nova/nova/conductor/manager.py:956}}
Aug 16 19:47:22.833942 np0000007400 nova-conductor[95852]: DEBUG oslo_concurrency.lockutils [None req-fe53adac-1de2-4c22-9c27-a756a55861e9 tempest-DeleteServersTestJSON-118485888 tempest-DeleteServersTestJSON-118485888-project-member] Acquiring lock "91f64d13-945c-4d49-a2da-713b3ce5448d" by "nova.context.set_target_cell..get_or_set_cached_cell_and_set_connections" {{(pid=95852) inner /opt/stack/data/venv/lib/python3.12/site-packages/oslo_concurrency/lockutils.py:512}}
Aug 16 19:47:22.834495 np0000007400 nova-conductor[95852]: DEBUG oslo_concurrency.lockutils [None req-fe53adac-1de2-4c22-9c27-a756a55861e9 tempest-DeleteServersTestJSON-118485888 tempest-DeleteServersTestJSON-118485888-project-member] Lock "91f64d13-945c-4d49-a2da-713b3ce5448d" acquired by "nova.context.set_target_cell..get_or_set_cached_cell_and_set_connections" :: waited 0.001s {{(pid=95852) inner /opt/stack/data/venv/lib/python3.12/site-packages/oslo_concurrency/lockutils.py:525}}
Aug 16 19:47:22.835841 np0000007400 nova-conductor[95852]: DEBUG oslo_concurrency.lockutils [None req-fe53adac-1de2-4c22-9c27-a756a55861e9 tempest-DeleteServersTestJSON-118485888 tempest-DeleteServersTestJSON-118485888-project-member] Lock "91f64d13-945c-4d49-a2da-713b3ce5448d" "released" by "nova.context.set_target_cell..get_or_set_cached_cell_and_set_connections" :: held 0.001s {{(pid=95852) inner /opt/stack/data/venv/lib/python3.12/site-packages/oslo_concurrency/lockutils.py:544}}
Aug 16 19:47:22.837548 np0000007400 nova-conductor[95852]: INFO dbcounter [None req-fe53adac-1de2-4c22-9c27-a756a55861e9 tempest-DeleteServersTestJSON-118485888 tempest-DeleteServersTestJSON-118485888-project-member] Registered counter for database nova_cell1
Aug 16 19:47:22.860354 np0000007400 nova-conductor[95861]: DEBUG oslo.service.backend._threading.loopingcall [None req-6dbe59b8-2fca-4ae5-bfd1-5962565d9823 None None] Dynamic interval looping call 'nova.service.Service.periodic_tasks' sleeping for 60.00 seconds {{(pid=95861) _run_loop /opt/stack/data/venv/lib/python3.12/site-packages/oslo_service/backend/_threading/loopingcall.py:125}}
Aug 16 19:47:22.873885 np0000007400 nova-conductor[95852]: DEBUG oslo_db.sqlalchemy.engines [None req-fe53adac-1de2-4c22-9c27-a756a55861e9 tempest-DeleteServersTestJSON-118485888 tempest-DeleteServersTestJSON-118485888-project-member] MySQL server mode set to STRICT_TRANS_TABLES,STRICT_ALL_TABLES,NO_ZERO_IN_DATE,NO_ZERO_DATE,ERROR_FOR_DIVISION_BY_ZERO,TRADITIONAL,NO_ENGINE_SUBSTITUTION {{(pid=95852) _check_effective_sql_mode /opt/stack/data/venv/lib/python3.12/site-packages/oslo_db/sqlalchemy/engines.py:325}}
Aug 16 19:47:22.880095 np0000007400 nova-conductor[95852]: DEBUG dbcounter [-] [95852] Writer thread running {{(pid=95852) stat_writer /opt/stack/data/venv/lib/python3.12/site-packages/dbcounter.py:102}}
Aug 16 19:47:22.938666 np0000007400 nova-conductor[95852]: INFO nova.utils [None req-fe53adac-1de2-4c22-9c27-a756a55861e9 tempest-DeleteServersTestJSON-118485888 tempest-DeleteServersTestJSON-118485888-project-member] The cell worker thread pool ForkProcess-1.cell_worker is initialized
Aug 16 19:47:22.939143 np0000007400 nova-conductor[95852]: DEBUG oslo_concurrency.lockutils [None req-fe53adac-1de2-4c22-9c27-a756a55861e9 tempest-DeleteServersTestJSON-118485888 tempest-DeleteServersTestJSON-118485888-project-member] Acquiring lock "00000000-0000-0000-0000-000000000000" by "nova.context.set_target_cell..get_or_set_cached_cell_and_set_connections" {{(pid=95852) inner /opt/stack/data/venv/lib/python3.12/site-packages/oslo_concurrency/lockutils.py:512}}
Aug 16 19:47:22.939143 np0000007400 nova-conductor[95852]: DEBUG oslo_concurrency.lockutils [None req-fe53adac-1de2-4c22-9c27-a756a55861e9 tempest-DeleteServersTestJSON-118485888 tempest-DeleteServersTestJSON-118485888-project-member] Lock "00000000-0000-0000-0000-000000000000" acquired by "nova.context.set_target_cell..get_or_set_cached_cell_and_set_connections" :: waited 0.000s {{(pid=95852) inner /opt/stack/data/venv/lib/python3.12/site-packages/oslo_concurrency/lockutils.py:525}}
Aug 16 19:47:22.939645 np0000007400 nova-conductor[95852]: DEBUG oslo_concurrency.lockutils [None req-fe53adac-1de2-4c22-9c27-a756a55861e9 tempest-DeleteServersTestJSON-118485888 tempest-DeleteServersTestJSON-118485888-project-member] Lock "00000000-0000-0000-0000-000000000000" "released" by "nova.context.set_target_cell..get_or_set_cached_cell_and_set_connections" :: held 0.000s {{(pid=95852) inner /opt/stack/data/venv/lib/python3.12/site-packages/oslo_concurrency/lockutils.py:544}}
Aug 16 19:47:22.940373 np0000007400 nova-conductor[95852]: DEBUG oslo_concurrency.lockutils [None req-fe53adac-1de2-4c22-9c27-a756a55861e9 tempest-DeleteServersTestJSON-118485888 tempest-DeleteServersTestJSON-118485888-project-member] Acquiring lock "91f64d13-945c-4d49-a2da-713b3ce5448d" by "nova.context.set_target_cell..get_or_set_cached_cell_and_set_connections" {{(pid=95852) inner /opt/stack/data/venv/lib/python3.12/site-packages/oslo_concurrency/lockutils.py:512}}
Aug 16 19:47:22.940500 np0000007400 nova-conductor[95852]: DEBUG oslo_concurrency.lockutils [None req-fe53adac-1de2-4c22-9c27-a756a55861e9 tempest-DeleteServersTestJSON-118485888 tempest-DeleteServersTestJSON-118485888-project-member] Lock "91f64d13-945c-4d49-a2da-713b3ce5448d" acquired by "nova.context.set_target_cell..get_or_set_cached_cell_and_set_connections" :: waited 0.000s {{(pid=95852) inner /opt/stack/data/venv/lib/python3.12/site-packages/oslo_concurrency/lockutils.py:525}}
Aug 16 19:47:22.940655 np0000007400 nova-conductor[95852]: DEBUG oslo_concurrency.lockutils [None req-fe53adac-1de2-4c22-9c27-a756a55861e9 tempest-DeleteServersTestJSON-118485888 tempest-DeleteServersTestJSON-118485888-project-member] Lock "91f64d13-945c-4d49-a2da-713b3ce5448d" "released" by "nova.context.set_target_cell..get_or_set_cached_cell_and_set_connections" :: held 0.000s {{(pid=95852) inner /opt/stack/data/venv/lib/python3.12/site-packages/oslo_concurrency/lockutils.py:544}}
Aug 16 19:47:22.941761 np0000007400 nova-conductor[95852]: INFO dbcounter [None req-fe53adac-1de2-4c22-9c27-a756a55861e9 tempest-DeleteServersTestJSON-118485888 tempest-DeleteServersTestJSON-118485888-project-member] Registered counter for database nova_cell0
Aug 16 19:47:22.982751 np0000007400 nova-conductor[95852]: DEBUG oslo_db.sqlalchemy.engines [None req-fe53adac-1de2-4c22-9c27-a756a55861e9 tempest-DeleteServersTestJSON-118485888 tempest-DeleteServersTestJSON-118485888-project-member] MySQL server mode set to STRICT_TRANS_TABLES,STRICT_ALL_TABLES,NO_ZERO_IN_DATE,NO_ZERO_DATE,ERROR_FOR_DIVISION_BY_ZERO,TRADITIONAL,NO_ENGINE_SUBSTITUTION {{(pid=95852) _check_effective_sql_mode /opt/stack/data/venv/lib/python3.12/site-packages/oslo_db/sqlalchemy/engines.py:325}}
Aug 16 19:47:22.988338 np0000007400 nova-conductor[95852]: DEBUG dbcounter [-] [95852] Writer thread running {{(pid=95852) stat_writer /opt/stack/data/venv/lib/python3.12/site-packages/dbcounter.py:102}}
Aug 16 19:47:22.998019 np0000007400 nova-conductor[95852]: DEBUG nova.quota [None req-fe53adac-1de2-4c22-9c27-a756a55861e9 tempest-DeleteServersTestJSON-118485888 tempest-DeleteServersTestJSON-118485888-project-member] Getting quotas for project d365be4b99524d3ebc73c787497b3b82. Resources: {'ram', 'instances', 'cores'} {{(pid=95852) _get_quotas /opt/stack/nova/nova/quota.py:389}}
Aug 16 19:47:23.001030 np0000007400 nova-conductor[95852]: DEBUG nova.quota [None req-fe53adac-1de2-4c22-9c27-a756a55861e9 tempest-DeleteServersTestJSON-118485888 tempest-DeleteServersTestJSON-118485888-project-member] Getting quotas for user 99bb27785f71437e96620d2666035ca8 and project d365be4b99524d3ebc73c787497b3b82. Resources: {'ram', 'instances', 'cores'} {{(pid=95852) _get_quotas /opt/stack/nova/nova/quota.py:379}}
Aug 16 19:47:23.006791 np0000007400 nova-conductor[95852]: DEBUG nova.conductor.manager [None req-fe53adac-1de2-4c22-9c27-a756a55861e9 tempest-DeleteServersTestJSON-118485888 tempest-DeleteServersTestJSON-118485888-project-member] [instance: 1455333c-e501-4895-acaf-6e80786639cc] Selected host: np0000007400; Selected node: np0000007400; Alternates: [] {{(pid=95852) schedule_and_build_instances /opt/stack/nova/nova/conductor/manager.py:1772}}
Aug 16 19:47:23.007107 np0000007400 nova-conductor[95852]: DEBUG oslo_concurrency.lockutils [None req-fe53adac-1de2-4c22-9c27-a756a55861e9 tempest-DeleteServersTestJSON-118485888 tempest-DeleteServersTestJSON-118485888-project-member] Acquiring lock "91f64d13-945c-4d49-a2da-713b3ce5448d" by "nova.context.set_target_cell..get_or_set_cached_cell_and_set_connections" {{(pid=95852) inner /opt/stack/data/venv/lib/python3.12/site-packages/oslo_concurrency/lockutils.py:512}}
Aug 16 19:47:23.007272 np0000007400 nova-conductor[95852]: DEBUG oslo_concurrency.lockutils [None req-fe53adac-1de2-4c22-9c27-a756a55861e9 tempest-DeleteServersTestJSON-118485888 tempest-DeleteServersTestJSON-118485888-project-member] Lock "91f64d13-945c-4d49-a2da-713b3ce5448d" acquired by "nova.context.set_target_cell..get_or_set_cached_cell_and_set_connections" :: waited 0.000s {{(pid=95852) inner /opt/stack/data/venv/lib/python3.12/site-packages/oslo_concurrency/lockutils.py:525}}
Aug 16 19:47:23.007382 np0000007400 nova-conductor[95852]: DEBUG oslo_concurrency.lockutils [None req-fe53adac-1de2-4c22-9c27-a756a55861e9 tempest-DeleteServersTestJSON-118485888 tempest-DeleteServersTestJSON-118485888-project-member] Lock "91f64d13-945c-4d49-a2da-713b3ce5448d" "released" by "nova.context.set_target_cell..get_or_set_cached_cell_and_set_connections" :: held 0.000s {{(pid=95852) inner /opt/stack/data/venv/lib/python3.12/site-packages/oslo_concurrency/lockutils.py:544}}
Aug 16 19:47:23.017414 np0000007400 nova-conductor[95852]: DEBUG nova.conductor.manager [None req-fe53adac-1de2-4c22-9c27-a756a55861e9 tempest-DeleteServersTestJSON-118485888 tempest-DeleteServersTestJSON-118485888-project-member] [instance: 1455333c-e501-4895-acaf-6e80786639cc] block_device_mapping [BlockDeviceMapping(attachment_id=,boot_index=0,connection_info=None,created_at=,delete_on_termination=True,deleted=,deleted_at=,destination_type='local',device_name=None,device_type='disk',disk_bus=None,encrypted=False,encryption_format=None,encryption_options=None,encryption_secret_uuid=None,guest_format=None,id=,image_id='06b98dc4-45e7-4c8b-8c70-ac5d6ae3d4df',instance=,instance_uuid=,no_device=False,snapshot_id=None,source_type='image',tag=None,updated_at=,uuid=,volume_id=None,volume_size=None,volume_type=None)] {{(pid=95852) _create_block_device_mapping /opt/stack/nova/nova/conductor/manager.py:1517}}
Aug 16 19:47:23.019046 np0000007400 nova-conductor[95852]: DEBUG oslo_concurrency.lockutils [None req-fe53adac-1de2-4c22-9c27-a756a55861e9 tempest-DeleteServersTestJSON-118485888 tempest-DeleteServersTestJSON-118485888-project-member] Acquiring lock "91f64d13-945c-4d49-a2da-713b3ce5448d" by "nova.context.set_target_cell..get_or_set_cached_cell_and_set_connections" {{(pid=95852) inner /opt/stack/data/venv/lib/python3.12/site-packages/oslo_concurrency/lockutils.py:512}}
Aug 16 19:47:23.019255 np0000007400 nova-conductor[95852]: DEBUG oslo_concurrency.lockutils [None req-fe53adac-1de2-4c22-9c27-a756a55861e9 tempest-DeleteServersTestJSON-118485888 tempest-DeleteServersTestJSON-118485888-project-member] Lock "91f64d13-945c-4d49-a2da-713b3ce5448d" acquired by "nova.context.set_target_cell..get_or_set_cached_cell_and_set_connections" :: waited 0.000s {{(pid=95852) inner /opt/stack/data/venv/lib/python3.12/site-packages/oslo_concurrency/lockutils.py:525}}
Aug 16 19:47:23.019414 np0000007400 nova-conductor[95852]: DEBUG oslo_concurrency.lockutils [None req-fe53adac-1de2-4c22-9c27-a756a55861e9 tempest-DeleteServersTestJSON-118485888 tempest-DeleteServersTestJSON-118485888-project-member] Lock "91f64d13-945c-4d49-a2da-713b3ce5448d" "released" by "nova.context.set_target_cell..get_or_set_cached_cell_and_set_connections" :: held 0.000s {{(pid=95852) inner /opt/stack/data/venv/lib/python3.12/site-packages/oslo_concurrency/lockutils.py:544}}
Aug 16 19:47:23.057637 np0000007400 nova-conductor[95852]: DEBUG oslo_concurrency.lockutils [None req-fe53adac-1de2-4c22-9c27-a756a55861e9 tempest-DeleteServersTestJSON-118485888 tempest-DeleteServersTestJSON-118485888-project-member] Acquiring lock "91f64d13-945c-4d49-a2da-713b3ce5448d" by "nova.context.set_target_cell..get_or_set_cached_cell_and_set_connections" {{(pid=95852) inner /opt/stack/data/venv/lib/python3.12/site-packages/oslo_concurrency/lockutils.py:512}}
Aug 16 19:47:23.057790 np0000007400 nova-conductor[95852]: DEBUG oslo_concurrency.lockutils [None req-fe53adac-1de2-4c22-9c27-a756a55861e9 tempest-DeleteServersTestJSON-118485888 tempest-DeleteServersTestJSON-118485888-project-member] Lock "91f64d13-945c-4d49-a2da-713b3ce5448d" acquired by "nova.context.set_target_cell..get_or_set_cached_cell_and_set_connections" :: waited 0.000s {{(pid=95852) inner /opt/stack/data/venv/lib/python3.12/site-packages/oslo_concurrency/lockutils.py:525}}
Aug 16 19:47:23.057900 np0000007400 nova-conductor[95852]: DEBUG oslo_concurrency.lockutils [None req-fe53adac-1de2-4c22-9c27-a756a55861e9 tempest-DeleteServersTestJSON-118485888 tempest-DeleteServersTestJSON-118485888-project-member] Lock "91f64d13-945c-4d49-a2da-713b3ce5448d" "released" by "nova.context.set_target_cell..get_or_set_cached_cell_and_set_connections" :: held 0.000s {{(pid=95852) inner /opt/stack/data/venv/lib/python3.12/site-packages/oslo_concurrency/lockutils.py:544}}
Aug 16 19:47:23.058093 np0000007400 nova-conductor[95852]: DEBUG oslo_concurrency.lockutils [None req-fe53adac-1de2-4c22-9c27-a756a55861e9 tempest-DeleteServersTestJSON-118485888 tempest-DeleteServersTestJSON-118485888-project-member] Acquiring lock "compute-rpcapi-router" {{(pid=95852) lock /opt/stack/data/venv/lib/python3.12/site-packages/oslo_concurrency/lockutils.py:396}}
Aug 16 19:47:23.058171 np0000007400 nova-conductor[95852]: DEBUG oslo_concurrency.lockutils [None req-fe53adac-1de2-4c22-9c27-a756a55861e9 tempest-DeleteServersTestJSON-118485888 tempest-DeleteServersTestJSON-118485888-project-member] Acquired lock "compute-rpcapi-router" {{(pid=95852) lock /opt/stack/data/venv/lib/python3.12/site-packages/oslo_concurrency/lockutils.py:399}}
Aug 16 19:47:23.058551 np0000007400 nova-conductor[95852]: DEBUG oslo_concurrency.lockutils [None req-7beb9e11-0541-4b74-8b3c-c6c98368c5df None None] Acquiring lock "00000000-0000-0000-0000-000000000000" by "nova.context.set_target_cell..get_or_set_cached_cell_and_set_connections" {{(pid=95852) inner /opt/stack/data/venv/lib/python3.12/site-packages/oslo_concurrency/lockutils.py:512}}
Aug 16 19:47:23.058658 np0000007400 nova-conductor[95852]: DEBUG oslo_concurrency.lockutils [None req-7beb9e11-0541-4b74-8b3c-c6c98368c5df None None] Lock "00000000-0000-0000-0000-000000000000" acquired by "nova.context.set_target_cell..get_or_set_cached_cell_and_set_connections" :: waited 0.000s {{(pid=95852) inner /opt/stack/data/venv/lib/python3.12/site-packages/oslo_concurrency/lockutils.py:525}}
Aug 16 19:47:23.058752 np0000007400 nova-conductor[95852]: DEBUG oslo_concurrency.lockutils [None req-7beb9e11-0541-4b74-8b3c-c6c98368c5df None None] Lock "00000000-0000-0000-0000-000000000000" "released" by "nova.context.set_target_cell..get_or_set_cached_cell_and_set_connections" :: held 0.000s {{(pid=95852) inner /opt/stack/data/venv/lib/python3.12/site-packages/oslo_concurrency/lockutils.py:544}}
Aug 16 19:47:23.059464 np0000007400 nova-conductor[95852]: DEBUG oslo_concurrency.lockutils [None req-7beb9e11-0541-4b74-8b3c-c6c98368c5df None None] Acquiring lock "91f64d13-945c-4d49-a2da-713b3ce5448d" by "nova.context.set_target_cell..get_or_set_cached_cell_and_set_connections" {{(pid=95852) inner /opt/stack/data/venv/lib/python3.12/site-packages/oslo_concurrency/lockutils.py:512}}
Aug 16 19:47:23.059593 np0000007400 nova-conductor[95852]: DEBUG oslo_concurrency.lockutils [None req-7beb9e11-0541-4b74-8b3c-c6c98368c5df None None] Lock "91f64d13-945c-4d49-a2da-713b3ce5448d" acquired by "nova.context.set_target_cell..get_or_set_cached_cell_and_set_connections" :: waited 0.000s {{(pid=95852) inner /opt/stack/data/venv/lib/python3.12/site-packages/oslo_concurrency/lockutils.py:525}}
Aug 16 19:47:23.059697 np0000007400 nova-conductor[95852]: DEBUG oslo_concurrency.lockutils [None req-7beb9e11-0541-4b74-8b3c-c6c98368c5df None None] Lock "91f64d13-945c-4d49-a2da-713b3ce5448d" "released" by "nova.context.set_target_cell..get_or_set_cached_cell_and_set_connections" :: held 0.000s {{(pid=95852) inner /opt/stack/data/venv/lib/python3.12/site-packages/oslo_concurrency/lockutils.py:544}}
Aug 16 19:47:23.066967 np0000007400 nova-conductor[95852]: INFO nova.compute.rpcapi [None req-7beb9e11-0541-4b74-8b3c-c6c98368c5df None None] Automatically selected compute RPC version 6.5 from minimum service version 72
Aug 16 19:47:23.067350 np0000007400 nova-conductor[95852]: DEBUG oslo_concurrency.lockutils [None req-7beb9e11-0541-4b74-8b3c-c6c98368c5df None None] Releasing lock "compute-rpcapi-router" {{(pid=95852) lock /opt/stack/data/venv/lib/python3.12/site-packages/oslo_concurrency/lockutils.py:419}}
Aug 16 19:47:25.371420 np0000007400 nova-conductor[95861]: DEBUG dbcounter [-] [95861] Writer thread running {{(pid=95861) stat_writer /opt/stack/data/venv/lib/python3.12/site-packages/dbcounter.py:102}}
Aug 16 19:47:25.846696 np0000007400 nova-conductor[95861]: DEBUG nova.conductor.manager [None req-6cdba02a-1ab0-4723-9504-213c867b315e tempest-ServerActionsTestOtherA-1577246755 tempest-ServerActionsTestOtherA-1577246755-project-member] Took 0.47 seconds to select destinations for 1 instance(s). {{(pid=95861) _schedule_instances /opt/stack/nova/nova/conductor/manager.py:956}}
Aug 16 19:47:25.880859 np0000007400 nova-conductor[95861]: DEBUG oslo_concurrency.lockutils [None req-6cdba02a-1ab0-4723-9504-213c867b315e tempest-ServerActionsTestOtherA-1577246755 tempest-ServerActionsTestOtherA-1577246755-project-member] Acquiring lock "91f64d13-945c-4d49-a2da-713b3ce5448d" by "nova.context.set_target_cell..get_or_set_cached_cell_and_set_connections" {{(pid=95861) inner /opt/stack/data/venv/lib/python3.12/site-packages/oslo_concurrency/lockutils.py:512}}
Aug 16 19:47:25.881141 np0000007400 nova-conductor[95861]: DEBUG oslo_concurrency.lockutils [None req-6cdba02a-1ab0-4723-9504-213c867b315e tempest-ServerActionsTestOtherA-1577246755 tempest-ServerActionsTestOtherA-1577246755-project-member] Lock "91f64d13-945c-4d49-a2da-713b3ce5448d" acquired by "nova.context.set_target_cell..get_or_set_cached_cell_and_set_connections" :: waited 0.000s {{(pid=95861) inner /opt/stack/data/venv/lib/python3.12/site-packages/oslo_concurrency/lockutils.py:525}}
Aug 16 19:47:25.882792 np0000007400 nova-conductor[95861]: DEBUG oslo_concurrency.lockutils [None req-6cdba02a-1ab0-4723-9504-213c867b315e tempest-ServerActionsTestOtherA-1577246755 tempest-ServerActionsTestOtherA-1577246755-project-member] Lock "91f64d13-945c-4d49-a2da-713b3ce5448d" "released" by "nova.context.set_target_cell..get_or_set_cached_cell_and_set_connections" :: held 0.002s {{(pid=95861) inner /opt/stack/data/venv/lib/python3.12/site-packages/oslo_concurrency/lockutils.py:544}}
Aug 16 19:47:25.885035 np0000007400 nova-conductor[95861]: INFO dbcounter [None req-6cdba02a-1ab0-4723-9504-213c867b315e tempest-ServerActionsTestOtherA-1577246755 tempest-ServerActionsTestOtherA-1577246755-project-member] Registered counter for database nova_cell1
Aug 16 19:47:25.915481 np0000007400 nova-conductor[95875]: DEBUG dbcounter [-] [95875] Writer thread running {{(pid=95875) stat_writer /opt/stack/data/venv/lib/python3.12/site-packages/dbcounter.py:102}}
Aug 16 19:47:25.931750 np0000007400 nova-conductor[95861]: DEBUG oslo_db.sqlalchemy.engines [None req-6cdba02a-1ab0-4723-9504-213c867b315e tempest-ServerActionsTestOtherA-1577246755 tempest-ServerActionsTestOtherA-1577246755-project-member] MySQL server mode set to STRICT_TRANS_TABLES,STRICT_ALL_TABLES,NO_ZERO_IN_DATE,NO_ZERO_DATE,ERROR_FOR_DIVISION_BY_ZERO,TRADITIONAL,NO_ENGINE_SUBSTITUTION {{(pid=95861) _check_effective_sql_mode /opt/stack/data/venv/lib/python3.12/site-packages/oslo_db/sqlalchemy/engines.py:325}}
Aug 16 19:47:25.936433 np0000007400 nova-conductor[95861]: DEBUG dbcounter [-] [95861] Writer thread running {{(pid=95861) stat_writer /opt/stack/data/venv/lib/python3.12/site-packages/dbcounter.py:102}}
Aug 16 19:47:26.013983 np0000007400 nova-conductor[95861]: INFO nova.utils [None req-6cdba02a-1ab0-4723-9504-213c867b315e tempest-ServerActionsTestOtherA-1577246755 tempest-ServerActionsTestOtherA-1577246755-project-member] The cell worker thread pool ForkProcess-2.cell_worker is initialized
Aug 16 19:47:26.014350 np0000007400 nova-conductor[95861]: DEBUG oslo_concurrency.lockutils [None req-6cdba02a-1ab0-4723-9504-213c867b315e tempest-ServerActionsTestOtherA-1577246755 tempest-ServerActionsTestOtherA-1577246755-project-member] Acquiring lock "00000000-0000-0000-0000-000000000000" by "nova.context.set_target_cell..get_or_set_cached_cell_and_set_connections" {{(pid=95861) inner /opt/stack/data/venv/lib/python3.12/site-packages/oslo_concurrency/lockutils.py:512}}
Aug 16 19:47:26.014568 np0000007400 nova-conductor[95861]: DEBUG oslo_concurrency.lockutils [None req-6cdba02a-1ab0-4723-9504-213c867b315e tempest-ServerActionsTestOtherA-1577246755 tempest-ServerActionsTestOtherA-1577246755-project-member] Lock "00000000-0000-0000-0000-000000000000" acquired by "nova.context.set_target_cell..get_or_set_cached_cell_and_set_connections" :: waited 0.000s {{(pid=95861) inner /opt/stack/data/venv/lib/python3.12/site-packages/oslo_concurrency/lockutils.py:525}}
Aug 16 19:47:26.015016 np0000007400 nova-conductor[95861]: DEBUG oslo_concurrency.lockutils [None req-6cdba02a-1ab0-4723-9504-213c867b315e tempest-ServerActionsTestOtherA-1577246755 tempest-ServerActionsTestOtherA-1577246755-project-member] Lock "00000000-0000-0000-0000-000000000000" "released" by "nova.context.set_target_cell..get_or_set_cached_cell_and_set_connections" :: held 0.000s {{(pid=95861) inner /opt/stack/data/venv/lib/python3.12/site-packages/oslo_concurrency/lockutils.py:544}}
Aug 16 19:47:26.015809 np0000007400 nova-conductor[95861]: DEBUG oslo_concurrency.lockutils [None req-6cdba02a-1ab0-4723-9504-213c867b315e tempest-ServerActionsTestOtherA-1577246755 tempest-ServerActionsTestOtherA-1577246755-project-member] Acquiring lock "91f64d13-945c-4d49-a2da-713b3ce5448d" by "nova.context.set_target_cell..get_or_set_cached_cell_and_set_connections" {{(pid=95861) inner /opt/stack/data/venv/lib/python3.12/site-packages/oslo_concurrency/lockutils.py:512}}
Aug 16 19:47:26.015998 np0000007400 nova-conductor[95861]: DEBUG oslo_concurrency.lockutils [None req-6cdba02a-1ab0-4723-9504-213c867b315e tempest-ServerActionsTestOtherA-1577246755 tempest-ServerActionsTestOtherA-1577246755-project-member] Lock "91f64d13-945c-4d49-a2da-713b3ce5448d" acquired by "nova.context.set_target_cell..get_or_set_cached_cell_and_set_connections" :: waited 0.000s {{(pid=95861) inner /opt/stack/data/venv/lib/python3.12/site-packages/oslo_concurrency/lockutils.py:525}}
Aug 16 19:47:26.016153 np0000007400 nova-conductor[95861]: DEBUG oslo_concurrency.lockutils [None req-6cdba02a-1ab0-4723-9504-213c867b315e tempest-ServerActionsTestOtherA-1577246755 tempest-ServerActionsTestOtherA-1577246755-project-member] Lock "91f64d13-945c-4d49-a2da-713b3ce5448d" "released" by "nova.context.set_target_cell..get_or_set_cached_cell_and_set_connections" :: held 0.000s {{(pid=95861) inner /opt/stack/data/venv/lib/python3.12/site-packages/oslo_concurrency/lockutils.py:544}}
Aug 16 19:47:26.017704 np0000007400 nova-conductor[95861]: INFO dbcounter [None req-6cdba02a-1ab0-4723-9504-213c867b315e tempest-ServerActionsTestOtherA-1577246755 tempest-ServerActionsTestOtherA-1577246755-project-member] Registered counter for database nova_cell0
Aug 16 19:47:26.057127 np0000007400 nova-conductor[95861]: DEBUG oslo_db.sqlalchemy.engines [None req-6cdba02a-1ab0-4723-9504-213c867b315e tempest-ServerActionsTestOtherA-1577246755 tempest-ServerActionsTestOtherA-1577246755-project-member] MySQL server mode set to STRICT_TRANS_TABLES,STRICT_ALL_TABLES,NO_ZERO_IN_DATE,NO_ZERO_DATE,ERROR_FOR_DIVISION_BY_ZERO,TRADITIONAL,NO_ENGINE_SUBSTITUTION {{(pid=95861) _check_effective_sql_mode /opt/stack/data/venv/lib/python3.12/site-packages/oslo_db/sqlalchemy/engines.py:325}}
Aug 16 19:47:26.064787 np0000007400 nova-conductor[95861]: DEBUG dbcounter [-] [95861] Writer thread running {{(pid=95861) stat_writer /opt/stack/data/venv/lib/python3.12/site-packages/dbcounter.py:102}}
