Aug 16 19:44:26.592516 np0000007400 devstack@neutron-api.service[87609]: DEBUG neutron.api.extensions [None req-0b0bc8a7-38ed-4917-a4f1-23491d5c41d5 None None] Loading extension file: agent.py {{(pid=87609) _load_all_extensions_from_path /opt/stack/neutron/neutron/api/extensions.py:449}}
Aug 16 19:44:26.592516 np0000007400 devstack@neutron-api.service[87609]: DEBUG neutron.api.extensions [None req-0b0bc8a7-38ed-4917-a4f1-23491d5c41d5 None None] Ext name="agent" alias="agent" description="The agent management extension." updated="2013-02-03T10:00:00-00:00" {{(pid=87609) _check_extension /opt/stack/neutron/neutron/api/extensions.py:415}}
Aug 16 19:44:26.592516 np0000007400 devstack@neutron-api.service[87609]: INFO neutron.api.extensions [None req-0b0bc8a7-38ed-4917-a4f1-23491d5c41d5 None None] Loaded extension: agent
Aug 16 19:44:26.592937 np0000007400 devstack@neutron-api.service[87608]: INFO neutron.quota [None req-ce5499c0-0fb9-4d3a-a3b3-0668440d2ea9 None None] Loaded quota_driver: .
Aug 16 19:44:26.593001 np0000007400 devstack@neutron-api.service[87609]: DEBUG neutron.api.extensions [None req-0b0bc8a7-38ed-4917-a4f1-23491d5c41d5 None None] Loading extension file: agent_resources_synced.py {{(pid=87609) _load_all_extensions_from_path /opt/stack/neutron/neutron/api/extensions.py:449}}
Aug 16 19:44:26.593032 np0000007400 devstack@neutron-api.service[87608]: INFO neutron.plugins.ml2.plugin [None req-ce5499c0-0fb9-4d3a-a3b3-0668440d2ea9 None None] Modular L2 Plugin initialization complete
Aug 16 19:44:26.593032 np0000007400 devstack@neutron-api.service[87608]: DEBUG neutron.manager [None req-ce5499c0-0fb9-4d3a-a3b3-0668440d2ea9 None None] Loading services supported by the core plugin {{(pid=87608) _load_services_from_core_plugin /opt/stack/neutron/neutron/manager.py:167}}
Aug 16 19:44:26.593084 np0000007400 devstack@neutron-api.service[87609]: DEBUG neutron.api.extensions [None req-0b0bc8a7-38ed-4917-a4f1-23491d5c41d5 None None] Ext name="Agent's Resource View Synced to Placement" alias="agent-resources-synced" description="Stores success/failure of last sync to Placement" updated="2018-12-19T00:00:00-00:00" {{(pid=87609) _check_extension /opt/stack/neutron/neutron/api/extensions.py:415}}
Aug 16 19:44:26.593121 np0000007400 devstack@neutron-api.service[87608]: INFO neutron.plugins.ml2.managers [None req-ce5499c0-0fb9-4d3a-a3b3-0668440d2ea9 None None] Got port-security extension from driver 'port_security'
Aug 16 19:44:26.593183 np0000007400 devstack@neutron-api.service[87609]: INFO neutron.api.extensions [None req-0b0bc8a7-38ed-4917-a4f1-23491d5c41d5 None None] Extension agent-resources-synced not supported by any of loaded plugins
Aug 16 19:44:26.593183 np0000007400 devstack@neutron-api.service[87609]: DEBUG neutron.api.extensions [None req-0b0bc8a7-38ed-4917-a4f1-23491d5c41d5 None None] Loading extension file: agent_sort_key.py {{(pid=87609) _load_all_extensions_from_path /opt/stack/neutron/neutron/api/extensions.py:449}}
Aug 16 19:44:26.593254 np0000007400 devstack@neutron-api.service[87608]: DEBUG neutron.manager [None req-ce5499c0-0fb9-4d3a-a3b3-0668440d2ea9 None None] Loading service plugins: ['ovn-router', 'auto_allocate', 'tag', 'timestamp', 'network_ip_availability', 'flavors', 'revisions'] {{(pid=87608) _load_service_plugins /opt/stack/neutron/neutron/manager.py:192}}
Aug 16 19:44:26.593321 np0000007400 devstack@neutron-api.service[87609]: DEBUG neutron.api.extensions [None req-0b0bc8a7-38ed-4917-a4f1-23491d5c41d5 None None] Ext name="Agents Sort Key" alias="agent_sort_key" description="Enabling the keyword sort_key for sorting in agents." updated="2013-02-03T10:00:00-00:00" {{(pid=87609) _check_extension /opt/stack/neutron/neutron/api/extensions.py:415}}
Aug 16 19:44:26.593354 np0000007400 devstack@neutron-api.service[87608]: INFO neutron.manager [None req-ce5499c0-0fb9-4d3a-a3b3-0668440d2ea9 None None] Loading Plugin: ovn-router
Aug 16 19:44:26.593385 np0000007400 devstack@neutron-api.service[87609]: INFO neutron.api.extensions [None req-0b0bc8a7-38ed-4917-a4f1-23491d5c41d5 None None] Extension agent_sort_key not supported by any of loaded plugins
Aug 16 19:44:26.593385 np0000007400 devstack@neutron-api.service[87609]: DEBUG neutron.api.extensions [None req-0b0bc8a7-38ed-4917-a4f1-23491d5c41d5 None None] Loading extension file: allowedaddresspairs.py {{(pid=87609) _load_all_extensions_from_path /opt/stack/neutron/neutron/api/extensions.py:449}}
Aug 16 19:44:26.593385 np0000007400 devstack@neutron-api.service[87609]: DEBUG neutron.api.extensions [None req-0b0bc8a7-38ed-4917-a4f1-23491d5c41d5 None None] Ext name="Allowed Address Pairs" alias="allowed-address-pairs" description="Provides allowed address pairs" updated="2013-07-23T10:00:00-00:00" {{(pid=87609) _check_extension /opt/stack/neutron/neutron/api/extensions.py:415}}
Aug 16 19:44:26.593489 np0000007400 devstack@neutron-api.service[87609]: INFO neutron.api.extensions [None req-0b0bc8a7-38ed-4917-a4f1-23491d5c41d5 None None] Loaded extension: allowed-address-pairs
Aug 16 19:44:26.593553 np0000007400 devstack@neutron-api.service[87609]: DEBUG neutron.api.extensions [None req-0b0bc8a7-38ed-4917-a4f1-23491d5c41d5 None None] Loading extension file: auto_allocated_topology.py {{(pid=87609) _load_all_extensions_from_path /opt/stack/neutron/neutron/api/extensions.py:449}}
Aug 16 19:44:26.593987 np0000007400 devstack@neutron-api.service[87609]: DEBUG neutron.api.extensions [None req-0b0bc8a7-38ed-4917-a4f1-23491d5c41d5 None None] Ext name="Auto Allocated Topology Services" alias="auto-allocated-topology" description="Auto Allocated Topology Services." updated="2016-01-01T00:00:00-00:00" {{(pid=87609) _check_extension /opt/stack/neutron/neutron/api/extensions.py:415}}
Aug 16 19:44:26.593987 np0000007400 devstack@neutron-api.service[87609]: INFO neutron.api.extensions [None req-0b0bc8a7-38ed-4917-a4f1-23491d5c41d5 None None] Loaded extension: auto-allocated-topology
Aug 16 19:44:26.593987 np0000007400 devstack@neutron-api.service[87609]: DEBUG neutron.api.extensions [None req-0b0bc8a7-38ed-4917-a4f1-23491d5c41d5 None None] Loading extension file: availability_zone.py {{(pid=87609) _load_all_extensions_from_path /opt/stack/neutron/neutron/api/extensions.py:449}}
Aug 16 19:44:26.594619 np0000007400 devstack@neutron-api.service[87609]: DEBUG neutron.api.extensions [None req-0b0bc8a7-38ed-4917-a4f1-23491d5c41d5 None None] Ext name="Availability Zone" alias="availability_zone" description="The availability zone extension." updated="2015-01-01T10:00:00-00:00" {{(pid=87609) _check_extension /opt/stack/neutron/neutron/api/extensions.py:415}}
Aug 16 19:44:26.594619 np0000007400 devstack@neutron-api.service[87609]: INFO neutron.api.extensions [None req-0b0bc8a7-38ed-4917-a4f1-23491d5c41d5 None None] Loaded extension: availability_zone
Aug 16 19:44:26.594929 np0000007400 devstack@neutron-api.service[87609]: DEBUG neutron.api.extensions [None req-0b0bc8a7-38ed-4917-a4f1-23491d5c41d5 None None] Loading extension file: availability_zone_filter.py {{(pid=87609) _load_all_extensions_from_path /opt/stack/neutron/neutron/api/extensions.py:449}}
Aug 16 19:44:26.594929 np0000007400 devstack@neutron-api.service[87609]: DEBUG neutron.api.extensions [None req-0b0bc8a7-38ed-4917-a4f1-23491d5c41d5 None None] Ext name="Availability Zone Filter Extension" alias="availability_zone_filter" description="Add filter parameters to AvailabilityZone resource" updated="2018-06-22T10:00:00-00:00" {{(pid=87609) _check_extension /opt/stack/neutron/neutron/api/extensions.py:415}}
Aug 16 19:44:26.595115 np0000007400 devstack@neutron-api.service[87609]: INFO neutron.api.extensions [None req-0b0bc8a7-38ed-4917-a4f1-23491d5c41d5 None None] Extension availability_zone_filter not supported by any of loaded plugins
Aug 16 19:44:26.595115 np0000007400 devstack@neutron-api.service[87609]: DEBUG neutron.api.extensions [None req-0b0bc8a7-38ed-4917-a4f1-23491d5c41d5 None None] Loading extension file: data_plane_status.py {{(pid=87609) _load_all_extensions_from_path /opt/stack/neutron/neutron/api/extensions.py:449}}
Aug 16 19:44:26.595475 np0000007400 devstack@neutron-api.service[87609]: DEBUG neutron.api.extensions [None req-0b0bc8a7-38ed-4917-a4f1-23491d5c41d5 None None] Ext name="Port data plane status extension" alias="data-plane-status" description="Expose status of underlying data plane" updated="2017-01-24T10:00:00-00:00" {{(pid=87609) _check_extension /opt/stack/neutron/neutron/api/extensions.py:415}}
Aug 16 19:44:26.595475 np0000007400 devstack@neutron-api.service[87609]: INFO neutron.api.extensions [None req-0b0bc8a7-38ed-4917-a4f1-23491d5c41d5 None None] Extension data-plane-status not supported by any of loaded plugins
Aug 16 19:44:26.595738 np0000007400 devstack@neutron-api.service[87609]: DEBUG neutron.api.extensions [None req-0b0bc8a7-38ed-4917-a4f1-23491d5c41d5 None None] Loading extension file: default_subnetpools.py {{(pid=87609) _load_all_extensions_from_path /opt/stack/neutron/neutron/api/extensions.py:449}}
Aug 16 19:44:26.595872 np0000007400 devstack@neutron-api.service[87609]: DEBUG neutron.api.extensions [None req-0b0bc8a7-38ed-4917-a4f1-23491d5c41d5 None None] Ext name="Default Subnetpools" alias="default-subnetpools" description="Provides ability to mark and use a subnetpool as the default." updated="2016-02-18T18:00:00-00:00" {{(pid=87609) _check_extension /opt/stack/neutron/neutron/api/extensions.py:415}}
Aug 16 19:44:26.595908 np0000007400 devstack@neutron-api.service[87609]: INFO neutron.api.extensions [None req-0b0bc8a7-38ed-4917-a4f1-23491d5c41d5 None None] Loaded extension: default-subnetpools
Aug 16 19:44:26.596136 np0000007400 devstack@neutron-api.service[87609]: DEBUG neutron.api.extensions [None req-0b0bc8a7-38ed-4917-a4f1-23491d5c41d5 None None] Loading extension file: dhcpagentscheduler.py {{(pid=87609) _load_all_extensions_from_path /opt/stack/neutron/neutron/api/extensions.py:449}}
Aug 16 19:44:26.596363 np0000007400 devstack@neutron-api.service[87609]: DEBUG neutron.api.extensions [None req-0b0bc8a7-38ed-4917-a4f1-23491d5c41d5 None None] Ext name="DHCP Agent Scheduler" alias="dhcp_agent_scheduler" description="Schedule networks among dhcp agents" updated="2013-02-07T10:00:00-00:00" {{(pid=87609) _check_extension /opt/stack/neutron/neutron/api/extensions.py:415}}
Aug 16 19:44:26.596621 np0000007400 devstack@neutron-api.service[87609]: INFO neutron.api.extensions [None req-0b0bc8a7-38ed-4917-a4f1-23491d5c41d5 None None] Loaded extension: dhcp_agent_scheduler
Aug 16 19:44:26.596621 np0000007400 devstack@neutron-api.service[87609]: DEBUG neutron.api.extensions [None req-0b0bc8a7-38ed-4917-a4f1-23491d5c41d5 None None] Loading extension file: dns.py {{(pid=87609) _load_all_extensions_from_path /opt/stack/neutron/neutron/api/extensions.py:449}}
Aug 16 19:44:26.596886 np0000007400 devstack@neutron-api.service[87609]: DEBUG neutron.api.extensions [None req-0b0bc8a7-38ed-4917-a4f1-23491d5c41d5 None None] Ext name="DNS Integration" alias="dns-integration" description="Provides integration with DNS." updated="2015-08-15T18:00:00-00:00" {{(pid=87609) _check_extension /opt/stack/neutron/neutron/api/extensions.py:415}}
Aug 16 19:44:26.597064 np0000007400 devstack@neutron-api.service[87609]: INFO neutron.api.extensions [None req-0b0bc8a7-38ed-4917-a4f1-23491d5c41d5 None None] Loaded extension: dns-integration
Aug 16 19:44:26.597109 np0000007400 devstack@neutron-api.service[87609]: DEBUG neutron.api.extensions [None req-0b0bc8a7-38ed-4917-a4f1-23491d5c41d5 None None] Loading extension file: dns_domain_ports.py {{(pid=87609) _load_all_extensions_from_path /opt/stack/neutron/neutron/api/extensions.py:449}}
Aug 16 19:44:26.597378 np0000007400 devstack@neutron-api.service[87609]: DEBUG neutron.api.extensions [None req-0b0bc8a7-38ed-4917-a4f1-23491d5c41d5 None None] Ext name="dns_domain for ports" alias="dns-domain-ports" description="Allows the DNS domain to be specified for a network port." updated="2017-04-24T10:00:00-00:00" {{(pid=87609) _check_extension /opt/stack/neutron/neutron/api/extensions.py:415}}
Aug 16 19:44:26.597602 np0000007400 devstack@neutron-api.service[87609]: INFO neutron.api.extensions [None req-0b0bc8a7-38ed-4917-a4f1-23491d5c41d5 None None] Loaded extension: dns-domain-ports
Aug 16 19:44:26.597602 np0000007400 devstack@neutron-api.service[87609]: DEBUG neutron.api.extensions [None req-0b0bc8a7-38ed-4917-a4f1-23491d5c41d5 None None] Loading extension file: dns_integration_domain_keywords.py {{(pid=87609) _load_all_extensions_from_path /opt/stack/neutron/neutron/api/extensions.py:449}}
Aug 16 19:44:26.597871 np0000007400 devstack@neutron-api.service[87609]: DEBUG neutron.api.extensions [None req-0b0bc8a7-38ed-4917-a4f1-23491d5c41d5 None None] Ext name="DNS domain names with keywords allowed" alias="dns-integration-domain-keywords" description="Allows to use keywords like , , and as DNS domain name" updated="2020-06-15T18:00:00-00:00" {{(pid=87609) _check_extension /opt/stack/neutron/neutron/api/extensions.py:415}}
Aug 16 19:44:26.598018 np0000007400 devstack@neutron-api.service[87609]: INFO neutron.api.extensions [None req-0b0bc8a7-38ed-4917-a4f1-23491d5c41d5 None None] Loaded extension: dns-integration-domain-keywords
Aug 16 19:44:26.598018 np0000007400 devstack@neutron-api.service[87609]: DEBUG neutron.api.extensions [None req-0b0bc8a7-38ed-4917-a4f1-23491d5c41d5 None None] Loading extension file: dvr.py {{(pid=87609) _load_all_extensions_from_path /opt/stack/neutron/neutron/api/extensions.py:449}}
Aug 16 19:44:26.598321 np0000007400 devstack@neutron-api.service[87609]: DEBUG neutron.api.extensions [None req-0b0bc8a7-38ed-4917-a4f1-23491d5c41d5 None None] Ext name="Distributed Virtual Router" alias="dvr" description="Enables configuration of Distributed Virtual Routers." updated="2014-06-1T10:00:00-00:00" {{(pid=87609) _check_extension /opt/stack/neutron/neutron/api/extensions.py:415}}
Aug 16 19:44:26.598497 np0000007400 devstack@neutron-api.service[87609]: INFO neutron.api.extensions [None req-0b0bc8a7-38ed-4917-a4f1-23491d5c41d5 None None] Extension dvr not supported by any of loaded plugins
Aug 16 19:44:26.598497 np0000007400 devstack@neutron-api.service[87609]: DEBUG neutron.api.extensions [None req-0b0bc8a7-38ed-4917-a4f1-23491d5c41d5 None None] Loading extension file: ecmp_routes.py {{(pid=87609) _load_all_extensions_from_path /opt/stack/neutron/neutron/api/extensions.py:449}}
Aug 16 19:44:26.598793 np0000007400 devstack@neutron-api.service[87609]: DEBUG neutron.api.extensions [None req-0b0bc8a7-38ed-4917-a4f1-23491d5c41d5 None None] Ext name="Equal Cost Multipath Routing" alias="ecmp_routes" description="Allows traffic to reach thesame destination via multiple different links " updated="2020-11-26T18:00:00-00:00" {{(pid=87609) _check_extension /opt/stack/neutron/neutron/api/extensions.py:415}}
Aug 16 19:44:26.598973 np0000007400 devstack@neutron-api.service[87609]: INFO neutron.api.extensions [None req-0b0bc8a7-38ed-4917-a4f1-23491d5c41d5 None None] Extension ecmp_routes not supported by any of loaded plugins
Aug 16 19:44:26.599041 np0000007400 devstack@neutron-api.service[87609]: DEBUG neutron.api.extensions [None req-0b0bc8a7-38ed-4917-a4f1-23491d5c41d5 None None] Loading extension file: empty_string_filtering.py {{(pid=87609) _load_all_extensions_from_path /opt/stack/neutron/neutron/api/extensions.py:449}}
Aug 16 19:44:26.599288 np0000007400 devstack@neutron-api.service[87609]: DEBUG neutron.api.extensions [None req-0b0bc8a7-38ed-4917-a4f1-23491d5c41d5 None None] Ext name="Empty String Filtering Extension" alias="empty-string-filtering" description="Allow filtering by attributes with empty string value" updated="2018-05-01T10:00:00-00:00" {{(pid=87609) _check_extension /opt/stack/neutron/neutron/api/extensions.py:415}}
Aug 16 19:44:26.599422 np0000007400 devstack@neutron-api.service[87609]: INFO neutron.api.extensions [None req-0b0bc8a7-38ed-4917-a4f1-23491d5c41d5 None None] Loaded extension: empty-string-filtering
Aug 16 19:44:26.599493 np0000007400 devstack@neutron-api.service[87609]: DEBUG neutron.api.extensions [None req-0b0bc8a7-38ed-4917-a4f1-23491d5c41d5 None None] Loading extension file: evpn.py {{(pid=87609) _load_all_extensions_from_path /opt/stack/neutron/neutron/api/extensions.py:449}}
Aug 16 19:44:26.599795 np0000007400 devstack@neutron-api.service[87609]: DEBUG neutron.api.extensions [None req-0b0bc8a7-38ed-4917-a4f1-23491d5c41d5 None None] Ext name="EVPN" alias="evpn" description="Router extension to support EVPN Type-5 route advertisement" updated="2026-04-28T00:00:00-00:00" {{(pid=87609) _check_extension /opt/stack/neutron/neutron/api/extensions.py:415}}
Aug 16 19:44:26.599923 np0000007400 devstack@neutron-api.service[87609]: INFO neutron.api.extensions [None req-0b0bc8a7-38ed-4917-a4f1-23491d5c41d5 None None] Extension evpn not supported by any of loaded plugins
Aug 16 19:44:26.599923 np0000007400 devstack@neutron-api.service[87609]: DEBUG neutron.api.extensions [None req-0b0bc8a7-38ed-4917-a4f1-23491d5c41d5 None None] Loading extension file: expose_l3_conntrack_helper.py {{(pid=87609) _load_all_extensions_from_path /opt/stack/neutron/neutron/api/extensions.py:449}}
Aug 16 19:44:26.600139 np0000007400 devstack@neutron-api.service[87609]: DEBUG neutron.api.extensions [None req-0b0bc8a7-38ed-4917-a4f1-23491d5c41d5 None None] Ext name="Expose CT target rules for conntrack helper" alias="expose-l3-conntrack-helper" description="Expose allow adding CT target rules for conntrack helper" updated="2019-04-04T10:00:00-00:00" {{(pid=87609) _check_extension /opt/stack/neutron/neutron/api/extensions.py:415}}
Aug 16 19:44:26.600357 np0000007400 devstack@neutron-api.service[87609]: INFO neutron.api.extensions [None req-0b0bc8a7-38ed-4917-a4f1-23491d5c41d5 None None] Extension expose-l3-conntrack-helper not supported by any of loaded plugins
Aug 16 19:44:26.600357 np0000007400 devstack@neutron-api.service[87609]: DEBUG neutron.api.extensions [None req-0b0bc8a7-38ed-4917-a4f1-23491d5c41d5 None None] Loading extension file: expose_port_forwarding_in_fip.py {{(pid=87609) _load_all_extensions_from_path /opt/stack/neutron/neutron/api/extensions.py:449}}
Aug 16 19:44:26.600587 np0000007400 devstack@neutron-api.service[87609]: DEBUG neutron.api.extensions [None req-0b0bc8a7-38ed-4917-a4f1-23491d5c41d5 None None] Ext name="Expose Floating IP port forwardings" alias="expose-port-forwarding-in-fip" description="Expose port forwarding fields in floating IP response" updated="2018-06-28T16:00:00-00:00" {{(pid=87609) _check_extension /opt/stack/neutron/neutron/api/extensions.py:415}}
Aug 16 19:44:26.600825 np0000007400 devstack@neutron-api.service[87609]: INFO neutron.api.extensions [None req-0b0bc8a7-38ed-4917-a4f1-23491d5c41d5 None None] Extension expose-port-forwarding-in-fip not supported by any of loaded plugins
Aug 16 19:44:26.600825 np0000007400 devstack@neutron-api.service[87609]: DEBUG neutron.api.extensions [None req-0b0bc8a7-38ed-4917-a4f1-23491d5c41d5 None None] Loading extension file: external_net.py {{(pid=87609) _load_all_extensions_from_path /opt/stack/neutron/neutron/api/extensions.py:449}}
Aug 16 19:44:26.601039 np0000007400 devstack@neutron-api.service[87609]: DEBUG neutron.api.extensions [None req-0b0bc8a7-38ed-4917-a4f1-23491d5c41d5 None None] Ext name="Neutron external network" alias="external-net" description="Adds external network attribute to network resource." updated="2013-01-14T10:00:00-00:00" {{(pid=87609) _check_extension /opt/stack/neutron/neutron/api/extensions.py:415}}
Aug 16 19:44:26.601158 np0000007400 devstack@neutron-api.service[87609]: INFO neutron.api.extensions [None req-0b0bc8a7-38ed-4917-a4f1-23491d5c41d5 None None] Loaded extension: external-net
Aug 16 19:44:26.601271 np0000007400 devstack@neutron-api.service[87609]: DEBUG neutron.api.extensions [None req-0b0bc8a7-38ed-4917-a4f1-23491d5c41d5 None None] Loading extension file: extra_dhcp_opt.py {{(pid=87609) _load_all_extensions_from_path /opt/stack/neutron/neutron/api/extensions.py:449}}
Aug 16 19:44:26.601463 np0000007400 devstack@neutron-api.service[87609]: DEBUG neutron.api.extensions [None req-0b0bc8a7-38ed-4917-a4f1-23491d5c41d5 None None] Ext name="Neutron Extra DHCP options" alias="extra_dhcp_opt" description="Extra options configuration for DHCP. For example PXE boot options to DHCP clients can be specified (e.g. tftp-server, server-ip-address, bootfile-name)" updated="2013-03-17T12:00:00-00:00" {{(pid=87609) _check_extension /opt/stack/neutron/neutron/api/extensions.py:415}}
Aug 16 19:44:26.601604 np0000007400 devstack@neutron-api.service[87609]: INFO neutron.api.extensions [None req-0b0bc8a7-38ed-4917-a4f1-23491d5c41d5 None None] Loaded extension: extra_dhcp_opt
Aug 16 19:44:26.601675 np0000007400 devstack@neutron-api.service[87609]: DEBUG neutron.api.extensions [None req-0b0bc8a7-38ed-4917-a4f1-23491d5c41d5 None None] Loading extension file: extraroute.py {{(pid=87609) _load_all_extensions_from_path /opt/stack/neutron/neutron/api/extensions.py:449}}
Aug 16 19:44:26.601917 np0000007400 devstack@neutron-api.service[87609]: DEBUG neutron.api.extensions [None req-0b0bc8a7-38ed-4917-a4f1-23491d5c41d5 None None] Ext name="Neutron Extra Route" alias="extraroute" description="Extra routes configuration for L3 router" updated="2013-02-01T10:00:00-00:00" {{(pid=87609) _check_extension /opt/stack/neutron/neutron/api/extensions.py:415}}
Aug 16 19:44:26.602060 np0000007400 devstack@neutron-api.service[87609]: INFO neutron.api.extensions [None req-0b0bc8a7-38ed-4917-a4f1-23491d5c41d5 None None] Loaded extension: extraroute
Aug 16 19:44:26.602093 np0000007400 devstack@neutron-api.service[87609]: DEBUG neutron.api.extensions [None req-0b0bc8a7-38ed-4917-a4f1-23491d5c41d5 None None] Loading extension file: extraroute_atomic.py {{(pid=87609) _load_all_extensions_from_path /opt/stack/neutron/neutron/api/extensions.py:449}}
Aug 16 19:44:26.602343 np0000007400 devstack@neutron-api.service[87609]: DEBUG neutron.api.extensions [None req-0b0bc8a7-38ed-4917-a4f1-23491d5c41d5 None None] Ext name="Atomically add/remove extra routes" alias="extraroute-atomic" description="Edit extra routes of a router on server side by atomically adding/removing extra routes" updated="2019-07-10T00:00:00+00:00" {{(pid=87609) _check_extension /opt/stack/neutron/neutron/api/extensions.py:415}}
Aug 16 19:44:26.602535 np0000007400 devstack@neutron-api.service[87609]: INFO neutron.api.extensions [None req-0b0bc8a7-38ed-4917-a4f1-23491d5c41d5 None None] Loaded extension: extraroute-atomic
Aug 16 19:44:26.602606 np0000007400 devstack@neutron-api.service[87609]: DEBUG neutron.api.extensions [None req-0b0bc8a7-38ed-4917-a4f1-23491d5c41d5 None None] Loading extension file: filter_validation.py {{(pid=87609) _load_all_extensions_from_path /opt/stack/neutron/neutron/api/extensions.py:449}}
Aug 16 19:44:26.602798 np0000007400 devstack@neutron-api.service[87608]: DEBUG neutron_lib.callbacks.manager [None req-ce5499c0-0fb9-4d3a-a3b3-0668440d2ea9 None None] Subscribe: > router before_delete 55550000, False {{(pid=87608) subscribe /opt/stack/data/venv/lib/python3.12/site-packages/neutron_lib/callbacks/manager.py:52}}
Aug 16 19:44:26.602838 np0000007400 devstack@neutron-api.service[87609]: DEBUG neutron.api.extensions [None req-0b0bc8a7-38ed-4917-a4f1-23491d5c41d5 None None] Ext name="Filter parameters validation" alias="filter-validation" description="Provides validation on filter parameters." updated="2018-07-04T10:00:00-00:00" {{(pid=87609) _check_extension /opt/stack/neutron/neutron/api/extensions.py:415}}
Aug 16 19:44:26.603045 np0000007400 devstack@neutron-api.service[87609]: INFO neutron.api.extensions [None req-0b0bc8a7-38ed-4917-a4f1-23491d5c41d5 None None] Loaded extension: filter-validation
Aug 16 19:44:26.603178 np0000007400 devstack@neutron-api.service[87608]: DEBUG neutron_lib.callbacks.manager [None req-ce5499c0-0fb9-4d3a-a3b3-0668440d2ea9 None None] Subscribe: port before_update 55550000, False {{(pid=87608) subscribe /opt/stack/data/venv/lib/python3.12/site-packages/neutron_lib/callbacks/manager.py:52}}
Aug 16 19:44:26.603335 np0000007400 devstack@neutron-api.service[87609]: DEBUG neutron.api.extensions [None req-0b0bc8a7-38ed-4917-a4f1-23491d5c41d5 None None] Loading extension file: fip_pf_description.py {{(pid=87609) _load_all_extensions_from_path /opt/stack/neutron/neutron/api/extensions.py:449}}
Aug 16 19:44:26.603499 np0000007400 devstack@neutron-api.service[87608]: DEBUG neutron_lib.callbacks.manager [None req-ce5499c0-0fb9-4d3a-a3b3-0668440d2ea9 None None] Subscribe: port after_update 55550000, False {{(pid=87608) subscribe /opt/stack/data/venv/lib/python3.12/site-packages/neutron_lib/callbacks/manager.py:52}}
Aug 16 19:44:26.603499 np0000007400 devstack@neutron-api.service[87608]: DEBUG neutron_lib.callbacks.manager [None req-ce5499c0-0fb9-4d3a-a3b3-0668440d2ea9 None None] Subscribe: > port precommit_delete 55550000, False {{(pid=87608) subscribe /opt/stack/data/venv/lib/python3.12/site-packages/neutron_lib/callbacks/manager.py:52}}
Aug 16 19:44:26.603559 np0000007400 devstack@neutron-api.service[87609]: DEBUG neutron.api.extensions [None req-0b0bc8a7-38ed-4917-a4f1-23491d5c41d5 None None] Ext name="Floating IP Port Forwarding new attribute description" alias="floating-ip-port-forwarding-description" description="Add a description field to Port Forwarding rules" updated="2019-11-01T10:00:00-00:00" {{(pid=87609) _check_extension /opt/stack/neutron/neutron/api/extensions.py:415}}
Aug 16 19:44:26.603597 np0000007400 devstack@neutron-api.service[87608]: DEBUG neutron_lib.callbacks.manager [None req-ce5499c0-0fb9-4d3a-a3b3-0668440d2ea9 None None] Subscribe: port before_update 55550000, False {{(pid=87608) subscribe /opt/stack/data/venv/lib/python3.12/site-packages/neutron_lib/callbacks/manager.py:52}}
Aug 16 19:44:26.603597 np0000007400 devstack@neutron-api.service[87608]: DEBUG neutron_lib.callbacks.manager [None req-ce5499c0-0fb9-4d3a-a3b3-0668440d2ea9 None None] Subscribe: port before_delete 55550000, False {{(pid=87608) subscribe /opt/stack/data/venv/lib/python3.12/site-packages/neutron_lib/callbacks/manager.py:52}}
Aug 16 19:44:26.603700 np0000007400 devstack@neutron-api.service[87609]: INFO neutron.api.extensions [None req-0b0bc8a7-38ed-4917-a4f1-23491d5c41d5 None None] Extension floating-ip-port-forwarding-description not supported by any of loaded plugins
Aug 16 19:44:26.603700 np0000007400 devstack@neutron-api.service[87609]: DEBUG neutron.api.extensions [None req-0b0bc8a7-38ed-4917-a4f1-23491d5c41d5 None None] Loading extension file: fip_pf_detail.py {{(pid=87609) _load_all_extensions_from_path /opt/stack/neutron/neutron/api/extensions.py:449}}
Aug 16 19:44:26.603834 np0000007400 devstack@neutron-api.service[87608]: DEBUG neutron_lib.callbacks.manager [None req-ce5499c0-0fb9-4d3a-a3b3-0668440d2ea9 None None] Subscribe: > router precommit_create 55550000, False {{(pid=87608) subscribe /opt/stack/data/venv/lib/python3.12/site-packages/neutron_lib/callbacks/manager.py:52}}
Aug 16 19:44:26.603834 np0000007400 devstack@neutron-api.service[87608]: DEBUG neutron_lib.callbacks.manager [None req-ce5499c0-0fb9-4d3a-a3b3-0668440d2ea9 None None] Subscribe: > router precommit_create 55550000, False {{(pid=87608) subscribe /opt/stack/data/venv/lib/python3.12/site-packages/neutron_lib/callbacks/manager.py:52}}
Aug 16 19:44:26.603900 np0000007400 devstack@neutron-api.service[87609]: DEBUG neutron.api.extensions [None req-0b0bc8a7-38ed-4917-a4f1-23491d5c41d5 None None] Ext name="Floating IP port forwarding detail" alias="floating-ip-port-forwarding-detail" description="Allow list floating ip return more port forwarding data, include'id' and 'internal_port_id'" updated="2022-05-06T10:00:00-00:00" {{(pid=87609) _check_extension /opt/stack/neutron/neutron/api/extensions.py:415}}
Aug 16 19:44:26.603939 np0000007400 devstack@neutron-api.service[87608]: DEBUG neutron_lib.callbacks.manager [None req-ce5499c0-0fb9-4d3a-a3b3-0668440d2ea9 None None] Subscribe: > router precommit_update 55550000, False {{(pid=87608) subscribe /opt/stack/data/venv/lib/python3.12/site-packages/neutron_lib/callbacks/manager.py:52}}
Aug 16 19:44:26.604002 np0000007400 devstack@neutron-api.service[87609]: INFO neutron.api.extensions [None req-0b0bc8a7-38ed-4917-a4f1-23491d5c41d5 None None] Loaded extension: floating-ip-port-forwarding-detail
Aug 16 19:44:26.604032 np0000007400 devstack@neutron-api.service[87608]: DEBUG neutron_lib.callbacks.manager [None req-ce5499c0-0fb9-4d3a-a3b3-0668440d2ea9 None None] Subscribe: subnet after_update 55550000, False {{(pid=87608) subscribe /opt/stack/data/venv/lib/python3.12/site-packages/neutron_lib/callbacks/manager.py:52}}
Aug 16 19:44:26.604062 np0000007400 devstack@neutron-api.service[87609]: DEBUG neutron.api.extensions [None req-0b0bc8a7-38ed-4917-a4f1-23491d5c41d5 None None] Loading extension file: fip_pf_port_range.py {{(pid=87609) _load_all_extensions_from_path /opt/stack/neutron/neutron/api/extensions.py:449}}
Aug 16 19:44:26.604148 np0000007400 devstack@neutron-api.service[87608]: DEBUG neutron.quota.resource_registry [None req-ce5499c0-0fb9-4d3a-a3b3-0668440d2ea9 None None] Tracking information for resource: router configured {{(pid=87608) set_tracked_resource /opt/stack/neutron/neutron/quota/resource_registry.py:203}}
Aug 16 19:44:26.604186 np0000007400 devstack@neutron-api.service[87609]: DEBUG neutron.api.extensions [None req-0b0bc8a7-38ed-4917-a4f1-23491d5c41d5 None None] Ext name="Floating IP Port Forwarding support port ranges" alias="floating-ip-port-forwarding-port-ranges" description="Add support to port ranges" updated="2020-07-01T10:00:00-00:00" {{(pid=87609) _check_extension /opt/stack/neutron/neutron/api/extensions.py:415}}
Aug 16 19:44:26.604222 np0000007400 devstack@neutron-api.service[87608]: DEBUG neutron.quota.resource_registry [None req-ce5499c0-0fb9-4d3a-a3b3-0668440d2ea9 None None] Tracking information for resource: floatingip configured {{(pid=87608) set_tracked_resource /opt/stack/neutron/neutron/quota/resource_registry.py:203}}
Aug 16 19:44:26.604222 np0000007400 devstack@neutron-api.service[87608]: INFO neutron.services.ovn_l3.plugin [None req-ce5499c0-0fb9-4d3a-a3b3-0668440d2ea9 None None] Starting OVNL3RouterPlugin
Aug 16 19:44:26.604294 np0000007400 devstack@neutron-api.service[87609]: INFO neutron.api.extensions [None req-0b0bc8a7-38ed-4917-a4f1-23491d5c41d5 None None] Extension floating-ip-port-forwarding-port-ranges not supported by any of loaded plugins
Aug 16 19:44:26.604688 np0000007400 devstack@neutron-api.service[87609]: DEBUG neutron.api.extensions [None req-0b0bc8a7-38ed-4917-a4f1-23491d5c41d5 None None] Loading extension file: fip_port_details.py {{(pid=87609) _load_all_extensions_from_path /opt/stack/neutron/neutron/api/extensions.py:449}}
Aug 16 19:44:26.605042 np0000007400 devstack@neutron-api.service[87608]: DEBUG neutron_lib.callbacks.manager [None req-ce5499c0-0fb9-4d3a-a3b3-0668440d2ea9 None None] Subscribe: > port_forwarding_plugin after_init 55550000, False {{(pid=87608) subscribe /opt/stack/data/venv/lib/python3.12/site-packages/neutron_lib/callbacks/manager.py:52}}
Aug 16 19:44:26.605250 np0000007400 devstack@neutron-api.service[87609]: DEBUG neutron.api.extensions [None req-0b0bc8a7-38ed-4917-a4f1-23491d5c41d5 None None] Ext name="Floating IP Port Details Extension" alias="fip-port-details" description="Add port_details attribute to Floating IP resource" updated="2018-04-09T10:00:00-00:00" {{(pid=87609) _check_extension /opt/stack/neutron/neutron/api/extensions.py:415}}
Aug 16 19:44:26.605562 np0000007400 devstack@neutron-api.service[87608]: DEBUG neutron_lib.callbacks.manager [None req-ce5499c0-0fb9-4d3a-a3b3-0668440d2ea9 None None] Subscribe: > router before_create 55550100, False {{(pid=87608) subscribe /opt/stack/data/venv/lib/python3.12/site-packages/neutron_lib/callbacks/manager.py:52}}
Aug 16 19:44:26.605634 np0000007400 devstack@neutron-api.service[87609]: INFO neutron.api.extensions [None req-0b0bc8a7-38ed-4917-a4f1-23491d5c41d5 None None] Loaded extension: fip-port-details
Aug 16 19:44:26.605757 np0000007400 devstack@neutron-api.service[87608]: DEBUG neutron_lib.callbacks.manager [None req-ce5499c0-0fb9-4d3a-a3b3-0668440d2ea9 None None] Subscribe: > router precommit_delete 55550100, False {{(pid=87608) subscribe /opt/stack/data/venv/lib/python3.12/site-packages/neutron_lib/callbacks/manager.py:52}}
Aug 16 19:44:26.605912 np0000007400 devstack@neutron-api.service[87609]: DEBUG neutron.api.extensions [None req-0b0bc8a7-38ed-4917-a4f1-23491d5c41d5 None None] Loading extension file: flavors.py {{(pid=87609) _load_all_extensions_from_path /opt/stack/neutron/neutron/api/extensions.py:449}}
Aug 16 19:44:26.605990 np0000007400 devstack@neutron-api.service[87608]: DEBUG neutron_lib.callbacks.manager [None req-ce5499c0-0fb9-4d3a-a3b3-0668440d2ea9 None None] Subscribe: > router precommit_create 55550100, False {{(pid=87608) subscribe /opt/stack/data/venv/lib/python3.12/site-packages/neutron_lib/callbacks/manager.py:52}}
Aug 16 19:44:26.605990 np0000007400 devstack@neutron-api.service[87608]: DEBUG neutron_lib.callbacks.manager [None req-ce5499c0-0fb9-4d3a-a3b3-0668440d2ea9 None None] Subscribe: > router precommit_update 55550100, False {{(pid=87608) subscribe /opt/stack/data/venv/lib/python3.12/site-packages/neutron_lib/callbacks/manager.py:52}}
Aug 16 19:44:26.606149 np0000007400 devstack@neutron-api.service[87609]: DEBUG neutron.api.extensions [None req-0b0bc8a7-38ed-4917-a4f1-23491d5c41d5 None None] Ext name="Neutron Service Flavors" alias="flavors" description="Flavor specification for Neutron advanced services." updated="2015-09-17T10:00:00-00:00" {{(pid=87609) _check_extension /opt/stack/neutron/neutron/api/extensions.py:415}}
Aug 16 19:44:26.606149 np0000007400 devstack@neutron-api.service[87609]: INFO neutron.api.extensions [None req-0b0bc8a7-38ed-4917-a4f1-23491d5c41d5 None None] Loaded extension: flavors
Aug 16 19:44:26.606149 np0000007400 devstack@neutron-api.service[87609]: DEBUG neutron.api.extensions [None req-0b0bc8a7-38ed-4917-a4f1-23491d5c41d5 None None] Loading extension file: floating_ip_port_forwarding.py {{(pid=87609) _load_all_extensions_from_path /opt/stack/neutron/neutron/api/extensions.py:449}}
Aug 16 19:44:26.606149 np0000007400 devstack@neutron-api.service[87609]: DEBUG neutron.api.extensions [None req-0b0bc8a7-38ed-4917-a4f1-23491d5c41d5 None None] Ext name="Floating IP Port Forwarding" alias="floating-ip-port-forwarding" description="Allow port forwarding from floating IP port to an internal port" updated="2018-01-19T10:00:00-00:00" {{(pid=87609) _check_extension /opt/stack/neutron/neutron/api/extensions.py:415}}
Aug 16 19:44:26.606149 np0000007400 devstack@neutron-api.service[87609]: INFO neutron.api.extensions [None req-0b0bc8a7-38ed-4917-a4f1-23491d5c41d5 None None] Extension floating-ip-port-forwarding not supported by any of loaded plugins
Aug 16 19:44:26.606149 np0000007400 devstack@neutron-api.service[87609]: DEBUG neutron.api.extensions [None req-0b0bc8a7-38ed-4917-a4f1-23491d5c41d5 None None] Loading extension file: floatingip_pools.py {{(pid=87609) _load_all_extensions_from_path /opt/stack/neutron/neutron/api/extensions.py:449}}
Aug 16 19:44:26.606149 np0000007400 devstack@neutron-api.service[87609]: DEBUG neutron.api.extensions [None req-0b0bc8a7-38ed-4917-a4f1-23491d5c41d5 None None] Ext name="Floating IP Pools Extension" alias="floatingip-pools" description="Provides a floating IP pools API." updated="2018-03-21T10:00:00-00:00" {{(pid=87609) _check_extension /opt/stack/neutron/neutron/api/extensions.py:415}}
Aug 16 19:44:26.606429 np0000007400 devstack@neutron-api.service[87609]: INFO neutron.api.extensions [None req-0b0bc8a7-38ed-4917-a4f1-23491d5c41d5 None None] Loaded extension: floatingip-pools
Aug 16 19:44:26.606429 np0000007400 devstack@neutron-api.service[87609]: DEBUG neutron.api.extensions [None req-0b0bc8a7-38ed-4917-a4f1-23491d5c41d5 None None] Loading extension file: ip_allocation.py {{(pid=87609) _load_all_extensions_from_path /opt/stack/neutron/neutron/api/extensions.py:449}}
Aug 16 19:44:26.606740 np0000007400 devstack@neutron-api.service[87609]: DEBUG neutron.api.extensions [None req-0b0bc8a7-38ed-4917-a4f1-23491d5c41d5 None None] Ext name="IP Allocation" alias="ip_allocation" description="IP allocation extension." updated="2016-06-10T23:00:00-00:00" {{(pid=87609) _check_extension /opt/stack/neutron/neutron/api/extensions.py:415}}
Aug 16 19:44:26.606796 np0000007400 devstack@neutron-api.service[87609]: INFO neutron.api.extensions [None req-0b0bc8a7-38ed-4917-a4f1-23491d5c41d5 None None] Extension ip_allocation not supported by any of loaded plugins
Aug 16 19:44:26.606899 np0000007400 devstack@neutron-api.service[87609]: DEBUG neutron.api.extensions [None req-0b0bc8a7-38ed-4917-a4f1-23491d5c41d5 None None] Loading extension file: ip_substring_port_filtering.py {{(pid=87609) _load_all_extensions_from_path /opt/stack/neutron/neutron/api/extensions.py:449}}
Aug 16 19:44:26.607252 np0000007400 devstack@neutron-api.service[87609]: DEBUG neutron.api.extensions [None req-0b0bc8a7-38ed-4917-a4f1-23491d5c41d5 None None] Ext name="IP address substring filtering" alias="ip-substring-filtering" description="Provides IP address substring filtering when listing ports" updated="2017-11-28T09:00:00-00:00" {{(pid=87609) _check_extension /opt/stack/neutron/neutron/api/extensions.py:415}}
Aug 16 19:44:26.607436 np0000007400 devstack@neutron-api.service[87609]: INFO neutron.api.extensions [None req-0b0bc8a7-38ed-4917-a4f1-23491d5c41d5 None None] Extension ip-substring-filtering not supported by any of loaded plugins
Aug 16 19:44:26.607436 np0000007400 devstack@neutron-api.service[87609]: DEBUG neutron.api.extensions [None req-0b0bc8a7-38ed-4917-a4f1-23491d5c41d5 None None] Loading extension file: l2_adjacency.py {{(pid=87609) _load_all_extensions_from_path /opt/stack/neutron/neutron/api/extensions.py:449}}
Aug 16 19:44:26.607731 np0000007400 devstack@neutron-api.service[87609]: DEBUG neutron.api.extensions [None req-0b0bc8a7-38ed-4917-a4f1-23491d5c41d5 None None] Ext name="L2 Adjacency" alias="l2_adjacency" description="Display L2 Adjacency for Neutron Networks." updated="2016-04-12T16:00:00-00:00" {{(pid=87609) _check_extension /opt/stack/neutron/neutron/api/extensions.py:415}}
Aug 16 19:44:26.607861 np0000007400 devstack@neutron-api.service[87609]: INFO neutron.api.extensions [None req-0b0bc8a7-38ed-4917-a4f1-23491d5c41d5 None None] Extension l2_adjacency not supported by any of loaded plugins
Aug 16 19:44:26.608002 np0000007400 devstack@neutron-api.service[87609]: DEBUG neutron.api.extensions [None req-0b0bc8a7-38ed-4917-a4f1-23491d5c41d5 None None] Loading extension file: l3.py {{(pid=87609) _load_all_extensions_from_path /opt/stack/neutron/neutron/api/extensions.py:449}}
Aug 16 19:44:26.608126 np0000007400 devstack@neutron-api.service[87608]: DEBUG neutron.services.provider_configuration [None req-ce5499c0-0fb9-4d3a-a3b3-0668440d2ea9 None None] Service providers = [] {{(pid=87608) parse_service_provider_opt /opt/stack/neutron/neutron/services/provider_configuration.py:170}}
Aug 16 19:44:26.608258 np0000007400 devstack@neutron-api.service[87608]: DEBUG neutron.db.servicetype_db [None req-ce5499c0-0fb9-4d3a-a3b3-0668440d2ea9 None None] Adding provider configuration for service L3_ROUTER_NAT {{(pid=87608) add_provider_configuration /opt/stack/neutron/neutron/db/servicetype_db.py:45}}
Aug 16 19:44:26.608355 np0000007400 devstack@neutron-api.service[87609]: DEBUG neutron.api.extensions [None req-0b0bc8a7-38ed-4917-a4f1-23491d5c41d5 None None] Ext name="Neutron L3 Router" alias="router" description="Router abstraction for basic L3 forwarding between L2 Neutron networks and access to external networks via a NAT gateway." updated="2012-07-20T10:00:00-00:00" {{(pid=87609) _check_extension /opt/stack/neutron/neutron/api/extensions.py:415}}
Aug 16 19:44:26.608535 np0000007400 devstack@neutron-api.service[87609]: INFO neutron.api.extensions [None req-0b0bc8a7-38ed-4917-a4f1-23491d5c41d5 None None] Loaded extension: router
Aug 16 19:44:26.608623 np0000007400 devstack@neutron-api.service[87609]: DEBUG neutron.api.extensions [None req-0b0bc8a7-38ed-4917-a4f1-23491d5c41d5 None None] Loading extension file: l3_agent_scheduler_ha_chassis_priority.py {{(pid=87609) _load_all_extensions_from_path /opt/stack/neutron/neutron/api/extensions.py:449}}
Aug 16 19:44:26.608844 np0000007400 devstack@neutron-api.service[87609]: DEBUG neutron.api.extensions [None req-0b0bc8a7-38ed-4917-a4f1-23491d5c41d5 None None] Ext name="L3 Agent Scheduler HA Chassis Priority" alias="l3-agent-scheduler-ha-chassis-priority" description="Exposes the HA_Chassis priority in the L3 Agent Scheduler API responses and allows setting priority when scheduling a router to a chassis." updated="2026-03-31T00:00:00-00:00" {{(pid=87609) _check_extension /opt/stack/neutron/neutron/api/extensions.py:415}}
Aug 16 19:44:26.608990 np0000007400 devstack@neutron-api.service[87609]: INFO neutron.api.extensions [None req-0b0bc8a7-38ed-4917-a4f1-23491d5c41d5 None None] Loaded extension: l3-agent-scheduler-ha-chassis-priority
Aug 16 19:44:26.609077 np0000007400 devstack@neutron-api.service[87609]: DEBUG neutron.api.extensions [None req-0b0bc8a7-38ed-4917-a4f1-23491d5c41d5 None None] Loading extension file: l3_conntrack_helper.py {{(pid=87609) _load_all_extensions_from_path /opt/stack/neutron/neutron/api/extensions.py:449}}
Aug 16 19:44:26.609588 np0000007400 devstack@neutron-api.service[87608]: DEBUG neutron_lib.callbacks.manager [None req-ce5499c0-0fb9-4d3a-a3b3-0668440d2ea9 None None] Subscribe: > router precommit_create 55549900, False {{(pid=87608) subscribe /opt/stack/data/venv/lib/python3.12/site-packages/neutron_lib/callbacks/manager.py:52}}
Aug 16 19:44:26.609719 np0000007400 devstack@neutron-api.service[87608]: DEBUG neutron_lib.callbacks.manager [None req-ce5499c0-0fb9-4d3a-a3b3-0668440d2ea9 None None] Subscribe: > router_interface after_create 55550000, False {{(pid=87608) subscribe /opt/stack/data/venv/lib/python3.12/site-packages/neutron_lib/callbacks/manager.py:52}}
Aug 16 19:44:26.609761 np0000007400 devstack@neutron-api.service[87609]: DEBUG neutron.api.extensions [None req-0b0bc8a7-38ed-4917-a4f1-23491d5c41d5 None None] Ext name="L3 Conntrack helper" alias="l3-conntrack-helper" description="Allow adding CT target rules for conntrack helper" updated="2019-04-04T10:00:00-00:00" {{(pid=87609) _check_extension /opt/stack/neutron/neutron/api/extensions.py:415}}
Aug 16 19:44:26.609841 np0000007400 devstack@neutron-api.service[87608]: DEBUG neutron_lib.callbacks.manager [None req-ce5499c0-0fb9-4d3a-a3b3-0668440d2ea9 None None] Subscribe: > floatingip after_create 55550000, False {{(pid=87608) subscribe /opt/stack/data/venv/lib/python3.12/site-packages/neutron_lib/callbacks/manager.py:52}}
Aug 16 19:44:26.609899 np0000007400 devstack@neutron-api.service[87609]: INFO neutron.api.extensions [None req-0b0bc8a7-38ed-4917-a4f1-23491d5c41d5 None None] Extension l3-conntrack-helper not supported by any of loaded plugins
Aug 16 19:44:26.609950 np0000007400 devstack@neutron-api.service[87608]: DEBUG neutron_lib.callbacks.manager [None req-ce5499c0-0fb9-4d3a-a3b3-0668440d2ea9 None None] Subscribe: > floatingip precommit_create 55550000, False {{(pid=87608) subscribe /opt/stack/data/venv/lib/python3.12/site-packages/neutron_lib/callbacks/manager.py:52}}
Aug 16 19:44:26.609997 np0000007400 devstack@neutron-api.service[87609]: DEBUG neutron.api.extensions [None req-0b0bc8a7-38ed-4917-a4f1-23491d5c41d5 None None] Loading extension file: l3_enable_default_route_bfd.py {{(pid=87609) _load_all_extensions_from_path /opt/stack/neutron/neutron/api/extensions.py:449}}
Aug 16 19:44:26.610058 np0000007400 devstack@neutron-api.service[87608]: DEBUG neutron_lib.callbacks.manager [None req-ce5499c0-0fb9-4d3a-a3b3-0668440d2ea9 None None] Subscribe: > floatingip precommit_update 55550000, False {{(pid=87608) subscribe /opt/stack/data/venv/lib/python3.12/site-packages/neutron_lib/callbacks/manager.py:52}}
Aug 16 19:44:26.610116 np0000007400 devstack@neutron-api.service[87608]: DEBUG neutron_lib.callbacks.manager [None req-ce5499c0-0fb9-4d3a-a3b3-0668440d2ea9 None None] Subscribe: > floatingip after_delete 55550000, False {{(pid=87608) subscribe /opt/stack/data/venv/lib/python3.12/site-packages/neutron_lib/callbacks/manager.py:52}}
Aug 16 19:44:26.610200 np0000007400 devstack@neutron-api.service[87608]: DEBUG neutron_lib.callbacks.manager [None req-ce5499c0-0fb9-4d3a-a3b3-0668440d2ea9 None None] Subscribe: > floatingip after_status_update 55550000, False {{(pid=87608) subscribe /opt/stack/data/venv/lib/python3.12/site-packages/neutron_lib/callbacks/manager.py:52}}
Aug 16 19:44:26.610253 np0000007400 devstack@neutron-api.service[87609]: DEBUG neutron.api.extensions [None req-0b0bc8a7-38ed-4917-a4f1-23491d5c41d5 None None] Ext name="Enable Default Route BFD" alias="enable-default-route-bfd" description="Enables configurable BFD behavior for default routes" updated="2023-02-27T00:00:00-00:00" {{(pid=87609) _check_extension /opt/stack/neutron/neutron/api/extensions.py:415}}
Aug 16 19:44:26.610333 np0000007400 devstack@neutron-api.service[87608]: DEBUG neutron_lib.callbacks.manager [None req-ce5499c0-0fb9-4d3a-a3b3-0668440d2ea9 None None] Subscribe: > floatingip after_update 55550000, False {{(pid=87608) subscribe /opt/stack/data/venv/lib/python3.12/site-packages/neutron_lib/callbacks/manager.py:52}}
Aug 16 19:44:26.610423 np0000007400 devstack@neutron-api.service[87609]: INFO neutron.api.extensions [None req-0b0bc8a7-38ed-4917-a4f1-23491d5c41d5 None None] Loaded extension: enable-default-route-bfd
Aug 16 19:44:26.610480 np0000007400 devstack@neutron-api.service[87608]: DEBUG neutron_lib.callbacks.manager [None req-ce5499c0-0fb9-4d3a-a3b3-0668440d2ea9 None None] Subscribe: > port_forwarding after_create 55550000, False {{(pid=87608) subscribe /opt/stack/data/venv/lib/python3.12/site-packages/neutron_lib/callbacks/manager.py:52}}
Aug 16 19:44:26.610531 np0000007400 devstack@neutron-api.service[87608]: DEBUG neutron_lib.callbacks.manager [None req-ce5499c0-0fb9-4d3a-a3b3-0668440d2ea9 None None] Subscribe: > router_interface after_delete 55550000, False {{(pid=87608) subscribe /opt/stack/data/venv/lib/python3.12/site-packages/neutron_lib/callbacks/manager.py:52}}
Aug 16 19:44:26.610608 np0000007400 devstack@neutron-api.service[87609]: DEBUG neutron.api.extensions [None req-0b0bc8a7-38ed-4917-a4f1-23491d5c41d5 None None] Loading extension file: l3_enable_default_route_ecmp.py {{(pid=87609) _load_all_extensions_from_path /opt/stack/neutron/neutron/api/extensions.py:449}}
Aug 16 19:44:26.610663 np0000007400 devstack@neutron-api.service[87608]: DEBUG neutron_lib.callbacks.manager [None req-ce5499c0-0fb9-4d3a-a3b3-0668440d2ea9 None None] Subscribe: > router after_create 55550000, False {{(pid=87608) subscribe /opt/stack/data/venv/lib/python3.12/site-packages/neutron_lib/callbacks/manager.py:52}}
Aug 16 19:44:26.610717 np0000007400 devstack@neutron-api.service[87608]: DEBUG neutron_lib.callbacks.manager [None req-ce5499c0-0fb9-4d3a-a3b3-0668440d2ea9 None None] Subscribe: > router precommit_create 55550000, False {{(pid=87608) subscribe /opt/stack/data/venv/lib/python3.12/site-packages/neutron_lib/callbacks/manager.py:52}}
Aug 16 19:44:26.610776 np0000007400 devstack@neutron-api.service[87609]: DEBUG neutron.api.extensions [None req-0b0bc8a7-38ed-4917-a4f1-23491d5c41d5 None None] Ext name="Enable Default Route ECMP" alias="enable-default-route-ecmp" description="Enables configurable ECMP behavior for default routes" updated="2023-02-27T00:00:00-00:00" {{(pid=87609) _check_extension /opt/stack/neutron/neutron/api/extensions.py:415}}
Aug 16 19:44:26.610839 np0000007400 devstack@neutron-api.service[87608]: DEBUG neutron_lib.callbacks.manager [None req-ce5499c0-0fb9-4d3a-a3b3-0668440d2ea9 None None] Subscribe: > router after_delete 55550000, False {{(pid=87608) subscribe /opt/stack/data/venv/lib/python3.12/site-packages/neutron_lib/callbacks/manager.py:52}}
Aug 16 19:44:26.610907 np0000007400 devstack@neutron-api.service[87609]: INFO neutron.api.extensions [None req-0b0bc8a7-38ed-4917-a4f1-23491d5c41d5 None None] Loaded extension: enable-default-route-ecmp
Aug 16 19:44:26.610951 np0000007400 devstack@neutron-api.service[87608]: DEBUG neutron_lib.callbacks.manager [None req-ce5499c0-0fb9-4d3a-a3b3-0668440d2ea9 None None] Subscribe: > router after_update 55550000, False {{(pid=87608) subscribe /opt/stack/data/venv/lib/python3.12/site-packages/neutron_lib/callbacks/manager.py:52}}
Aug 16 19:44:26.611009 np0000007400 devstack@neutron-api.service[87609]: DEBUG neutron.api.extensions [None req-0b0bc8a7-38ed-4917-a4f1-23491d5c41d5 None None] Loading extension file: l3_ext_gw_mode.py {{(pid=87609) _load_all_extensions_from_path /opt/stack/neutron/neutron/api/extensions.py:449}}
Aug 16 19:44:26.611086 np0000007400 devstack@neutron-api.service[87608]: DEBUG neutron.services.service_base [None req-ce5499c0-0fb9-4d3a-a3b3-0668440d2ea9 None None] Loaded 'neutron.services.ovn_l3.service_providers.ovn.OvnDriver' provider for service L3_ROUTER_NAT {{(pid=87608) load_drivers /opt/stack/neutron/neutron/services/service_base.py:49}}
Aug 16 19:44:26.611184 np0000007400 devstack@neutron-api.service[87608]: DEBUG neutron_lib.callbacks.manager [None req-ce5499c0-0fb9-4d3a-a3b3-0668440d2ea9 None None] Subscribe: > process after_init 55550001, True {{(pid=87608) subscribe /opt/stack/data/venv/lib/python3.12/site-packages/neutron_lib/callbacks/manager.py:52}}
