Jun 04 16:26:01.646015 np0000002165 devstack@c-api.service[96120]: DEBUG cinder.api.v3.group_snapshots [None req-0359856b-7042-4c5d-a5ee-1ade89590a8c tempest-GroupSnapshotsTest-149148041 tempest-GroupSnapshotsTest-149148041-project-member] show called for member 13607073-e7a7-407e-9b34-d1648223abb0 {{(pid=96120) show /opt/stack/cinder/cinder/api/v3/group_snapshots.py:58}}
Jun 04 16:26:01.648013 np0000002165 devstack@c-api.service[96119]: DEBUG cinder.quota [None req-18a64b89-3025-4724-b57d-f085271bb9d8 tempest-VolumeTypesTest-818108856 tempest-VolumeTypesTest-818108856-project-member] Created reservations ['8cc92d2c-ba50-4a5b-b8a9-bad792c7d965', 'f17ca906-aced-4f94-9691-f81798d219ec', 'ede045f0-88ad-4a0b-91b5-b67110557cb6', 'b98e450b-062d-40d9-a352-35667ea55ab2'] {{(pid=96119) reserve /opt/stack/cinder/cinder/quota.py:752}}
Jun 04 16:26:01.648834 np0000002165 devstack@c-api.service[96119]: DEBUG cinder.volume.api [None req-18a64b89-3025-4724-b57d-f085271bb9d8 tempest-VolumeTypesTest-818108856 tempest-VolumeTypesTest-818108856-project-member] Task 'cinder.volume.flows.api.create_volume.QuotaReserveTask;volume:create' (66d8f7d9-c7d8-416d-bbbd-9fc605c5974e) transitioned into state 'SUCCESS' from state 'RUNNING' with result '{'reservations': ['8cc92d2c-ba50-4a5b-b8a9-bad792c7d965', 'f17ca906-aced-4f94-9691-f81798d219ec', 'ede045f0-88ad-4a0b-91b5-b67110557cb6', 'b98e450b-062d-40d9-a352-35667ea55ab2']}' {{(pid=96119) _task_receiver /opt/stack/data/venv/lib/python3.12/site-packages/taskflow/listeners/logging.py:218}}
Jun 04 16:26:01.649536 np0000002165 devstack@c-api.service[96120]: /opt/stack/data/venv/lib/python3.12/site-packages/oslo_context/context.py:102: DeprecationWarning: Policy enforcement is depending on the value of is_admin. This key is deprecated. Please update your policy file to use the standard policy values.
Jun 04 16:26:01.649536 np0000002165 devstack@c-api.service[96120]: warnings.warn(
Jun 04 16:26:01.649625 np0000002165 devstack@c-api.service[96119]: DEBUG cinder.volume.api [None req-18a64b89-3025-4724-b57d-f085271bb9d8 tempest-VolumeTypesTest-818108856 tempest-VolumeTypesTest-818108856-project-member] Task 'cinder.volume.flows.api.create_volume.EntryCreateTask;volume:create' (802136ee-1704-4b65-aa68-e3cc05bc6801) transitioned into state 'RUNNING' from state 'PENDING' {{(pid=96119) _task_receiver /opt/stack/data/venv/lib/python3.12/site-packages/taskflow/listeners/logging.py:242}}
Jun 04 16:26:01.653411 np0000002165 devstack@c-api.service[96120]: INFO cinder.api.openstack.wsgi [None req-0359856b-7042-4c5d-a5ee-1ade89590a8c tempest-GroupSnapshotsTest-149148041 tempest-GroupSnapshotsTest-149148041-project-member] https://10.4.3.232/volume/v3/group_snapshots/13607073-e7a7-407e-9b34-d1648223abb0 returned with HTTP 200
Jun 04 16:26:01.653769 np0000002165 devstack@c-api.service[96120]: [pid: 96120|app: 0|req: 187/358] 10.4.3.232 () {68 vars in 1413 bytes} [Thu Jun 4 16:26:01 2026] GET /volume/v3/group_snapshots/13607073-e7a7-407e-9b34-d1648223abb0 => generated 325 bytes in 12 msecs (HTTP/1.1 200) 7 headers in 286 bytes (1 switches on core 0)
Jun 04 16:26:01.669892 np0000002165 devstack@c-api.service[96119]: DEBUG cinder.volume.api [None req-18a64b89-3025-4724-b57d-f085271bb9d8 tempest-VolumeTypesTest-818108856 tempest-VolumeTypesTest-818108856-project-member] Task 'cinder.volume.flows.api.create_volume.EntryCreateTask;volume:create' (802136ee-1704-4b65-aa68-e3cc05bc6801) transitioned into state 'SUCCESS' from state 'RUNNING' with result '{'volume_id': '96dac6d1-53ae-4bc9-bdc8-030e8fb0405d', 'volume_properties': VolumeProperties(attach_status='detached',availability_zone='nova',cgsnapshot_id=None,consistencygroup_id=None,display_description=None,display_name='tempest-VolumeTypesTest-volume-648870525',encryption_key_id=None,group_id=None,group_type_id=,metadata={},multiattach=False,project_id='8dc513f19b22430e926d1fe3e4f24eac',qos_specs=None,replication_status=,reservations=['8cc92d2c-ba50-4a5b-b8a9-bad792c7d965','f17ca906-aced-4f94-9691-f81798d219ec','ede045f0-88ad-4a0b-91b5-b67110557cb6','b98e450b-062d-40d9-a352-35667ea55ab2'],size=1,snapshot_id=None,source_replicaid=,source_volid=None,status='creating',user_id='e05b51fcca7a422ba38b2d04fe2a280c',volume_type_id=f7460897-149c-498d-b844-6eb842758243), 'volume': Volume(_name_id=None,admin_metadata=,attach_status='detached',availability_zone='nova',bootable=False,cluster=,cluster_name=None,consistencygroup=,consistencygroup_id=None,created_at=2026-06-04T16:26:01Z,deleted=False,deleted_at=None,display_description=None,display_name='tempest-VolumeTypesTest-volume-648870525',ec2_id=None,encryption_key_id=None,glance_metadata=,group=,group_id=None,host=None,id=96dac6d1-53ae-4bc9-bdc8-030e8fb0405d,launched_at=None,metadata={},migration_status=None,multiattach=False,previous_status=None,project_id='8dc513f19b22430e926d1fe3e4f24eac',provider_auth=None,provider_geometry=None,provider_id=None,provider_location=None,replication_driver_data=None,replication_extended_status=None,replication_status=None,scheduled_at=None,service_uuid=None,shared_targets=True,size=1,snapshot_id=None,snapshots=,source_volid=None,status='creating',terminated_at=None,updated_at=None,use_quota=True,user_id='e05b51fcca7a422ba38b2d04fe2a280c',volume_attachment=VolumeAttachmentList,volume_type=VolumeType(f7460897-149c-498d-b844-6eb842758243),volume_type_id=f7460897-149c-498d-b844-6eb842758243)}' {{(pid=96119) _task_receiver /opt/stack/data/venv/lib/python3.12/site-packages/taskflow/listeners/logging.py:218}}
Jun 04 16:26:01.670716 np0000002165 devstack@c-api.service[96119]: DEBUG cinder.volume.api [None req-18a64b89-3025-4724-b57d-f085271bb9d8 tempest-VolumeTypesTest-818108856 tempest-VolumeTypesTest-818108856-project-member] Task 'cinder.volume.flows.api.create_volume.QuotaCommitTask;volume:create' (3cf3d779-551e-4c81-be85-bab0039ba73d) transitioned into state 'RUNNING' from state 'PENDING' {{(pid=96119) _task_receiver /opt/stack/data/venv/lib/python3.12/site-packages/taskflow/listeners/logging.py:242}}
Jun 04 16:26:01.694627 np0000002165 devstack@c-api.service[96119]: DEBUG cinder.volume.api [None req-18a64b89-3025-4724-b57d-f085271bb9d8 tempest-VolumeTypesTest-818108856 tempest-VolumeTypesTest-818108856-project-member] Task 'cinder.volume.flows.api.create_volume.QuotaCommitTask;volume:create' (3cf3d779-551e-4c81-be85-bab0039ba73d) transitioned into state 'SUCCESS' from state 'RUNNING' with result '{'volume_properties': VolumeProperties(attach_status='detached',availability_zone='nova',cgsnapshot_id=None,consistencygroup_id=None,display_description=None,display_name='tempest-VolumeTypesTest-volume-648870525',encryption_key_id=None,group_id=None,group_type_id=,metadata={},multiattach=False,project_id='8dc513f19b22430e926d1fe3e4f24eac',qos_specs=None,replication_status=,reservations=['8cc92d2c-ba50-4a5b-b8a9-bad792c7d965','f17ca906-aced-4f94-9691-f81798d219ec','ede045f0-88ad-4a0b-91b5-b67110557cb6','b98e450b-062d-40d9-a352-35667ea55ab2'],size=1,snapshot_id=None,source_replicaid=,source_volid=None,status='creating',user_id='e05b51fcca7a422ba38b2d04fe2a280c',volume_type_id=f7460897-149c-498d-b844-6eb842758243)}' {{(pid=96119) _task_receiver /opt/stack/data/venv/lib/python3.12/site-packages/taskflow/listeners/logging.py:218}}
Jun 04 16:26:01.696724 np0000002165 devstack@c-api.service[96119]: DEBUG cinder.volume.api [None req-18a64b89-3025-4724-b57d-f085271bb9d8 tempest-VolumeTypesTest-818108856 tempest-VolumeTypesTest-818108856-project-member] Task 'cinder.volume.flows.api.create_volume.VolumeCastTask;volume:create' (2b5db477-25ac-4b59-a97d-0faa7a8e2222) transitioned into state 'RUNNING' from state 'PENDING' {{(pid=96119) _task_receiver /opt/stack/data/venv/lib/python3.12/site-packages/taskflow/listeners/logging.py:242}}
Jun 04 16:26:01.709645 np0000002165 devstack@c-api.service[96119]: DEBUG cinder.volume.api [None req-18a64b89-3025-4724-b57d-f085271bb9d8 tempest-VolumeTypesTest-818108856 tempest-VolumeTypesTest-818108856-project-member] Task 'cinder.volume.flows.api.create_volume.VolumeCastTask;volume:create' (2b5db477-25ac-4b59-a97d-0faa7a8e2222) transitioned into state 'SUCCESS' from state 'RUNNING' with result 'None' {{(pid=96119) _task_receiver /opt/stack/data/venv/lib/python3.12/site-packages/taskflow/listeners/logging.py:218}}
Jun 04 16:26:01.710480 np0000002165 devstack@c-api.service[96119]: DEBUG cinder.volume.api [None req-18a64b89-3025-4724-b57d-f085271bb9d8 tempest-VolumeTypesTest-818108856 tempest-VolumeTypesTest-818108856-project-member] Flow 'volume_create_api' (a6721afd-8a76-4991-834b-7a75d053a343) transitioned into state 'SUCCESS' from state 'RUNNING' {{(pid=96119) _flow_receiver /opt/stack/data/venv/lib/python3.12/site-packages/taskflow/listeners/logging.py:160}}
Jun 04 16:26:01.710839 np0000002165 devstack@c-api.service[96119]: INFO cinder.volume.api [None req-18a64b89-3025-4724-b57d-f085271bb9d8 tempest-VolumeTypesTest-818108856 tempest-VolumeTypesTest-818108856-project-member] Create volume request issued successfully.
Jun 04 16:26:01.711494 np0000002165 devstack@c-api.service[96119]: INFO cinder.api.openstack.wsgi [None req-18a64b89-3025-4724-b57d-f085271bb9d8 tempest-VolumeTypesTest-818108856 tempest-VolumeTypesTest-818108856-project-member] https://10.4.3.232/volume/v3/volumes returned with HTTP 202
Jun 04 16:26:01.711878 np0000002165 devstack@c-api.service[96119]: [pid: 96119|app: 0|req: 172/359] 10.4.3.232 () {68 vars in 1259 bytes} [Thu Jun 4 16:26:01 2026] POST /volume/v3/volumes => generated 783 bytes in 266 msecs (HTTP/1.1 202) 7 headers in 291 bytes (2 switches on core 0)
Jun 04 16:26:01.727231 np0000002165 devstack@c-api.service[96120]: DEBUG cinder.api.middleware.request_id [None req-6338e8b4-42fe-488c-aeb9-1c25af09cc6a None None] RequestId filter calling following filter/app {{(pid=96120) _context_setter /opt/stack/cinder/cinder/api/middleware/request_id.py:62}}
Jun 04 16:26:01.729750 np0000002165 devstack@c-api.service[96120]: INFO cinder.api.openstack.wsgi [None req-6338e8b4-42fe-488c-aeb9-1c25af09cc6a tempest-VolumeTypesTest-818108856 tempest-VolumeTypesTest-818108856-project-member] GET https://10.4.3.232/volume/v3/volumes/96dac6d1-53ae-4bc9-bdc8-030e8fb0405d
Jun 04 16:26:01.729750 np0000002165 devstack@c-api.service[96120]: DEBUG cinder.api.openstack.wsgi [None req-6338e8b4-42fe-488c-aeb9-1c25af09cc6a tempest-VolumeTypesTest-818108856 tempest-VolumeTypesTest-818108856-project-member] Empty body provided in request {{(pid=96120) get_body /opt/stack/cinder/cinder/api/openstack/wsgi.py:725}}
Jun 04 16:26:01.729930 np0000002165 devstack@c-api.service[96120]: DEBUG cinder.api.openstack.wsgi [None req-6338e8b4-42fe-488c-aeb9-1c25af09cc6a tempest-VolumeTypesTest-818108856 tempest-VolumeTypesTest-818108856-project-member] Calling method 'show' {{(pid=96120) _process_stack /opt/stack/cinder/cinder/api/openstack/wsgi.py:878}}
Jun 04 16:26:01.738473 np0000002165 devstack@c-api.service[96120]: /opt/stack/data/venv/lib/python3.12/site-packages/oslo_context/context.py:102: DeprecationWarning: Policy enforcement is depending on the value of is_admin. This key is deprecated. Please update your policy file to use the standard policy values.
Jun 04 16:26:01.738473 np0000002165 devstack@c-api.service[96120]: warnings.warn(
Jun 04 16:26:01.743450 np0000002165 devstack@c-api.service[96120]: INFO cinder.volume.api [None req-6338e8b4-42fe-488c-aeb9-1c25af09cc6a tempest-VolumeTypesTest-818108856 tempest-VolumeTypesTest-818108856-project-member] Volume info retrieved successfully.
Jun 04 16:26:01.748362 np0000002165 devstack@c-api.service[96120]: INFO cinder.api.openstack.wsgi [None req-6338e8b4-42fe-488c-aeb9-1c25af09cc6a tempest-VolumeTypesTest-818108856 tempest-VolumeTypesTest-818108856-project-member] https://10.4.3.232/volume/v3/volumes/96dac6d1-53ae-4bc9-bdc8-030e8fb0405d returned with HTTP 200
Jun 04 16:26:01.748798 np0000002165 devstack@c-api.service[96120]: [pid: 96120|app: 0|req: 188/360] 10.4.3.232 () {66 vars in 1348 bytes} [Thu Jun 4 16:26:01 2026] GET /volume/v3/volumes/96dac6d1-53ae-4bc9-bdc8-030e8fb0405d => generated 851 bytes in 22 msecs (HTTP/1.1 200) 7 headers in 285 bytes (1 switches on core 0)
Jun 04 16:26:02.664012 np0000002165 devstack@c-api.service[96119]: DEBUG cinder.api.middleware.request_id [None req-5ab0e80d-7af6-4a26-b3f2-ae6f2d67ff32 None None] RequestId filter calling following filter/app {{(pid=96119) _context_setter /opt/stack/cinder/cinder/api/middleware/request_id.py:62}}
Jun 04 16:26:02.666154 np0000002165 devstack@c-api.service[96119]: INFO cinder.api.openstack.wsgi [None req-5ab0e80d-7af6-4a26-b3f2-ae6f2d67ff32 tempest-GroupSnapshotsTest-149148041 tempest-GroupSnapshotsTest-149148041-project-member] GET https://10.4.3.232/volume/v3/group_snapshots/13607073-e7a7-407e-9b34-d1648223abb0
Jun 04 16:26:02.666451 np0000002165 devstack@c-api.service[96119]: DEBUG cinder.api.openstack.wsgi [None req-5ab0e80d-7af6-4a26-b3f2-ae6f2d67ff32 tempest-GroupSnapshotsTest-149148041 tempest-GroupSnapshotsTest-149148041-project-member] Empty body provided in request {{(pid=96119) get_body /opt/stack/cinder/cinder/api/openstack/wsgi.py:725}}
Jun 04 16:26:02.666693 np0000002165 devstack@c-api.service[96119]: DEBUG cinder.api.openstack.wsgi [None req-5ab0e80d-7af6-4a26-b3f2-ae6f2d67ff32 tempest-GroupSnapshotsTest-149148041 tempest-GroupSnapshotsTest-149148041-project-member] Calling method 'version_select' {{(pid=96119) _process_stack /opt/stack/cinder/cinder/api/openstack/wsgi.py:878}}
Jun 04 16:26:02.666871 np0000002165 devstack@c-api.service[96119]: DEBUG cinder.api.v3.group_snapshots [None req-5ab0e80d-7af6-4a26-b3f2-ae6f2d67ff32 tempest-GroupSnapshotsTest-149148041 tempest-GroupSnapshotsTest-149148041-project-member] show called for member 13607073-e7a7-407e-9b34-d1648223abb0 {{(pid=96119) show /opt/stack/cinder/cinder/api/v3/group_snapshots.py:58}}
Jun 04 16:26:02.671158 np0000002165 devstack@c-api.service[96119]: /opt/stack/data/venv/lib/python3.12/site-packages/oslo_context/context.py:102: DeprecationWarning: Policy enforcement is depending on the value of is_admin. This key is deprecated. Please update your policy file to use the standard policy values.
Jun 04 16:26:02.671158 np0000002165 devstack@c-api.service[96119]: warnings.warn(
Jun 04 16:26:02.675054 np0000002165 devstack@c-api.service[96119]: INFO cinder.api.openstack.wsgi [None req-5ab0e80d-7af6-4a26-b3f2-ae6f2d67ff32 tempest-GroupSnapshotsTest-149148041 tempest-GroupSnapshotsTest-149148041-project-member] https://10.4.3.232/volume/v3/group_snapshots/13607073-e7a7-407e-9b34-d1648223abb0 returned with HTTP 200
Jun 04 16:26:02.675582 np0000002165 devstack@c-api.service[96119]: [pid: 96119|app: 0|req: 173/361] 10.4.3.232 () {68 vars in 1413 bytes} [Thu Jun 4 16:26:02 2026] GET /volume/v3/group_snapshots/13607073-e7a7-407e-9b34-d1648223abb0 => generated 326 bytes in 12 msecs (HTTP/1.1 200) 7 headers in 286 bytes (1 switches on core 0)
Jun 04 16:26:02.685235 np0000002165 devstack@c-api.service[96120]: DEBUG cinder.api.middleware.request_id [None req-6cd6c87f-b2fc-4311-9c68-99ac3a42077e None None] RequestId filter calling following filter/app {{(pid=96120) _context_setter /opt/stack/cinder/cinder/api/middleware/request_id.py:62}}
Jun 04 16:26:02.687884 np0000002165 devstack@c-api.service[96120]: INFO cinder.api.openstack.wsgi [None req-6cd6c87f-b2fc-4311-9c68-99ac3a42077e tempest-GroupSnapshotsTest-149148041 tempest-GroupSnapshotsTest-149148041-project-member] GET https://10.4.3.232/volume/v3/snapshots/detail
Jun 04 16:26:02.688094 np0000002165 devstack@c-api.service[96120]: DEBUG cinder.api.openstack.wsgi [None req-6cd6c87f-b2fc-4311-9c68-99ac3a42077e tempest-GroupSnapshotsTest-149148041 tempest-GroupSnapshotsTest-149148041-project-member] Empty body provided in request {{(pid=96120) get_body /opt/stack/cinder/cinder/api/openstack/wsgi.py:725}}
Jun 04 16:26:02.688324 np0000002165 devstack@c-api.service[96120]: DEBUG cinder.api.openstack.wsgi [None req-6cd6c87f-b2fc-4311-9c68-99ac3a42077e tempest-GroupSnapshotsTest-149148041 tempest-GroupSnapshotsTest-149148041-project-member] Calling method 'detail' {{(pid=96120) _process_stack /opt/stack/cinder/cinder/api/openstack/wsgi.py:878}}
Jun 04 16:26:02.688599 np0000002165 devstack@c-api.service[96120]: DEBUG cinder.api.api_utils [None req-6cd6c87f-b2fc-4311-9c68-99ac3a42077e tempest-GroupSnapshotsTest-149148041 tempest-GroupSnapshotsTest-149148041-project-member] Removing options '' from query. {{(pid=96120) remove_invalid_filter_options /opt/stack/cinder/cinder/api/api_utils.py:82}}
Jun 04 16:26:02.689778 np0000002165 devstack@c-api.service[96120]: DEBUG cinder.db.sqlalchemy.api [None req-6cd6c87f-b2fc-4311-9c68-99ac3a42077e tempest-GroupSnapshotsTest-149148041 tempest-GroupSnapshotsTest-149148041-project-member] Building query based on filter {{(pid=96120) _process_snaps_filters /opt/stack/cinder/cinder/db/sqlalchemy/api.py:3944}}
Jun 04 16:26:02.698032 np0000002165 devstack@c-api.service[96120]: INFO cinder.volume.api [None req-6cd6c87f-b2fc-4311-9c68-99ac3a42077e tempest-GroupSnapshotsTest-149148041 tempest-GroupSnapshotsTest-149148041-project-member] Get all snapshots completed successfully.
Jun 04 16:26:02.698696 np0000002165 devstack@c-api.service[96120]: /opt/stack/data/venv/lib/python3.12/site-packages/oslo_context/context.py:102: DeprecationWarning: Policy enforcement is depending on the value of is_admin. This key is deprecated. Please update your policy file to use the standard policy values.
Jun 04 16:26:02.698696 np0000002165 devstack@c-api.service[96120]: warnings.warn(
Jun 04 16:26:02.700139 np0000002165 devstack@c-api.service[96120]: INFO cinder.api.openstack.wsgi [None req-6cd6c87f-b2fc-4311-9c68-99ac3a42077e tempest-GroupSnapshotsTest-149148041 tempest-GroupSnapshotsTest-149148041-project-member] https://10.4.3.232/volume/v3/snapshots/detail returned with HTTP 200
Jun 04 16:26:02.700786 np0000002165 devstack@c-api.service[96120]: [pid: 96120|app: 0|req: 189/362] 10.4.3.232 () {66 vars in 1264 bytes} [Thu Jun 4 16:26:02 2026] GET /volume/v3/snapshots/detail => generated 929 bytes in 16 msecs (HTTP/1.1 200) 7 headers in 285 bytes (1 switches on core 0)
Jun 04 16:26:02.713893 np0000002165 devstack@c-api.service[96119]: DEBUG cinder.api.middleware.request_id [None req-2aab0996-5979-4193-853b-e343d468fea4 None None] RequestId filter calling following filter/app {{(pid=96119) _context_setter /opt/stack/cinder/cinder/api/middleware/request_id.py:62}}
Jun 04 16:26:02.717393 np0000002165 devstack@c-api.service[96119]: INFO cinder.api.openstack.wsgi [None req-2aab0996-5979-4193-853b-e343d468fea4 tempest-GroupSnapshotsTest-149148041 tempest-GroupSnapshotsTest-149148041-project-member] GET https://10.4.3.232/volume/v3/snapshots/7d976bb8-f07d-4aec-b972-ccea6fa2fbbc
Jun 04 16:26:02.717601 np0000002165 devstack@c-api.service[96119]: DEBUG cinder.api.openstack.wsgi [None req-2aab0996-5979-4193-853b-e343d468fea4 tempest-GroupSnapshotsTest-149148041 tempest-GroupSnapshotsTest-149148041-project-member] Empty body provided in request {{(pid=96119) get_body /opt/stack/cinder/cinder/api/openstack/wsgi.py:725}}
Jun 04 16:26:02.717801 np0000002165 devstack@c-api.service[96119]: DEBUG cinder.api.openstack.wsgi [None req-2aab0996-5979-4193-853b-e343d468fea4 tempest-GroupSnapshotsTest-149148041 tempest-GroupSnapshotsTest-149148041-project-member] Calling method 'show' {{(pid=96119) _process_stack /opt/stack/cinder/cinder/api/openstack/wsgi.py:878}}
Jun 04 16:26:02.722931 np0000002165 devstack@c-api.service[96119]: /opt/stack/data/venv/lib/python3.12/site-packages/oslo_context/context.py:102: DeprecationWarning: Policy enforcement is depending on the value of is_admin. This key is deprecated. Please update your policy file to use the standard policy values.
Jun 04 16:26:02.722931 np0000002165 devstack@c-api.service[96119]: warnings.warn(
Jun 04 16:26:02.725313 np0000002165 devstack@c-api.service[96119]: INFO cinder.volume.api [None req-2aab0996-5979-4193-853b-e343d468fea4 tempest-GroupSnapshotsTest-149148041 tempest-GroupSnapshotsTest-149148041-project-member] Snapshot retrieved successfully.
Jun 04 16:26:02.726237 np0000002165 devstack@c-api.service[96119]: INFO cinder.api.openstack.wsgi [None req-2aab0996-5979-4193-853b-e343d468fea4 tempest-GroupSnapshotsTest-149148041 tempest-GroupSnapshotsTest-149148041-project-member] https://10.4.3.232/volume/v3/snapshots/7d976bb8-f07d-4aec-b972-ccea6fa2fbbc returned with HTTP 200
Jun 04 16:26:02.726665 np0000002165 devstack@c-api.service[96119]: [pid: 96119|app: 0|req: 174/363] 10.4.3.232 () {66 vars in 1354 bytes} [Thu Jun 4 16:26:02 2026] GET /volume/v3/snapshots/7d976bb8-f07d-4aec-b972-ccea6fa2fbbc => generated 469 bytes in 13 msecs (HTTP/1.1 200) 7 headers in 285 bytes (1 switches on core 0)
Jun 04 16:26:02.739764 np0000002165 devstack@c-api.service[96120]: DEBUG cinder.api.middleware.request_id [None req-a737f30a-0314-4d87-b2b7-d50886a614b5 None None] RequestId filter calling following filter/app {{(pid=96120) _context_setter /opt/stack/cinder/cinder/api/middleware/request_id.py:62}}
Jun 04 16:26:02.743213 np0000002165 devstack@c-api.service[96120]: INFO cinder.api.openstack.wsgi [None req-a737f30a-0314-4d87-b2b7-d50886a614b5 tempest-GroupSnapshotsTest-149148041 tempest-GroupSnapshotsTest-149148041-project-member] GET https://10.4.3.232/volume/v3/snapshots/1d4cd6d9-d28d-4e05-b877-b31a819d1739
Jun 04 16:26:02.743513 np0000002165 devstack@c-api.service[96120]: DEBUG cinder.api.openstack.wsgi [None req-a737f30a-0314-4d87-b2b7-d50886a614b5 tempest-GroupSnapshotsTest-149148041 tempest-GroupSnapshotsTest-149148041-project-member] Empty body provided in request {{(pid=96120) get_body /opt/stack/cinder/cinder/api/openstack/wsgi.py:725}}
Jun 04 16:26:02.744303 np0000002165 devstack@c-api.service[96120]: DEBUG cinder.api.openstack.wsgi [None req-a737f30a-0314-4d87-b2b7-d50886a614b5 tempest-GroupSnapshotsTest-149148041 tempest-GroupSnapshotsTest-149148041-project-member] Calling method 'show' {{(pid=96120) _process_stack /opt/stack/cinder/cinder/api/openstack/wsgi.py:878}}
Jun 04 16:26:02.751782 np0000002165 devstack@c-api.service[96120]: /opt/stack/data/venv/lib/python3.12/site-packages/oslo_context/context.py:102: DeprecationWarning: Policy enforcement is depending on the value of is_admin. This key is deprecated. Please update your policy file to use the standard policy values.
Jun 04 16:26:02.751782 np0000002165 devstack@c-api.service[96120]: warnings.warn(
Jun 04 16:26:02.752668 np0000002165 devstack@c-api.service[96120]: INFO cinder.volume.api [None req-a737f30a-0314-4d87-b2b7-d50886a614b5 tempest-GroupSnapshotsTest-149148041 tempest-GroupSnapshotsTest-149148041-project-member] Snapshot retrieved successfully.
Jun 04 16:26:02.753462 np0000002165 devstack@c-api.service[96120]: INFO cinder.api.openstack.wsgi [None req-a737f30a-0314-4d87-b2b7-d50886a614b5 tempest-GroupSnapshotsTest-149148041 tempest-GroupSnapshotsTest-149148041-project-member] https://10.4.3.232/volume/v3/snapshots/1d4cd6d9-d28d-4e05-b877-b31a819d1739 returned with HTTP 200
Jun 04 16:26:02.754038 np0000002165 devstack@c-api.service[96120]: [pid: 96120|app: 0|req: 190/364] 10.4.3.232 () {66 vars in 1354 bytes} [Thu Jun 4 16:26:02 2026] GET /volume/v3/snapshots/1d4cd6d9-d28d-4e05-b877-b31a819d1739 => generated 469 bytes in 15 msecs (HTTP/1.1 200) 7 headers in 285 bytes (1 switches on core 0)
Jun 04 16:26:02.763934 np0000002165 devstack@c-api.service[96119]: DEBUG cinder.api.middleware.request_id [None req-8a72c1ae-b2b6-46bb-8cea-f5134590dbc6 None None] RequestId filter calling following filter/app {{(pid=96119) _context_setter /opt/stack/cinder/cinder/api/middleware/request_id.py:62}}
Jun 04 16:26:02.767887 np0000002165 devstack@c-api.service[96119]: INFO cinder.api.openstack.wsgi [None req-8a72c1ae-b2b6-46bb-8cea-f5134590dbc6 tempest-VolumeTypesTest-818108856 tempest-VolumeTypesTest-818108856-project-member] GET https://10.4.3.232/volume/v3/volumes/96dac6d1-53ae-4bc9-bdc8-030e8fb0405d
Jun 04 16:26:02.768232 np0000002165 devstack@c-api.service[96119]: DEBUG cinder.api.openstack.wsgi [None req-8a72c1ae-b2b6-46bb-8cea-f5134590dbc6 tempest-VolumeTypesTest-818108856 tempest-VolumeTypesTest-818108856-project-member] Empty body provided in request {{(pid=96119) get_body /opt/stack/cinder/cinder/api/openstack/wsgi.py:725}}
Jun 04 16:26:02.768466 np0000002165 devstack@c-api.service[96119]: DEBUG cinder.api.openstack.wsgi [None req-8a72c1ae-b2b6-46bb-8cea-f5134590dbc6 tempest-VolumeTypesTest-818108856 tempest-VolumeTypesTest-818108856-project-member] Calling method 'show' {{(pid=96119) _process_stack /opt/stack/cinder/cinder/api/openstack/wsgi.py:878}}
Jun 04 16:26:02.768697 np0000002165 devstack@c-api.service[96120]: DEBUG cinder.api.middleware.request_id [None req-22ca4e5f-5c18-47d6-8481-fd7f36e47605 None None] RequestId filter calling following filter/app {{(pid=96120) _context_setter /opt/stack/cinder/cinder/api/middleware/request_id.py:62}}
Jun 04 16:26:02.772020 np0000002165 devstack@c-api.service[96120]: INFO cinder.api.openstack.wsgi [None req-22ca4e5f-5c18-47d6-8481-fd7f36e47605 tempest-GroupSnapshotsTest-149148041 tempest-GroupSnapshotsTest-149148041-project-member] DELETE https://10.4.3.232/volume/v3/group_snapshots/13607073-e7a7-407e-9b34-d1648223abb0
Jun 04 16:26:02.772274 np0000002165 devstack@c-api.service[96120]: DEBUG cinder.api.openstack.wsgi [None req-22ca4e5f-5c18-47d6-8481-fd7f36e47605 tempest-GroupSnapshotsTest-149148041 tempest-GroupSnapshotsTest-149148041-project-member] Empty body provided in request {{(pid=96120) get_body /opt/stack/cinder/cinder/api/openstack/wsgi.py:725}}
Jun 04 16:26:02.772488 np0000002165 devstack@c-api.service[96120]: DEBUG cinder.api.openstack.wsgi [None req-22ca4e5f-5c18-47d6-8481-fd7f36e47605 tempest-GroupSnapshotsTest-149148041 tempest-GroupSnapshotsTest-149148041-project-member] Calling method 'version_select' {{(pid=96120) _process_stack /opt/stack/cinder/cinder/api/openstack/wsgi.py:878}}
Jun 04 16:26:02.772625 np0000002165 devstack@c-api.service[96120]: DEBUG cinder.api.v3.group_snapshots [None req-22ca4e5f-5c18-47d6-8481-fd7f36e47605 tempest-GroupSnapshotsTest-149148041 tempest-GroupSnapshotsTest-149148041-project-member] delete called for member 13607073-e7a7-407e-9b34-d1648223abb0 {{(pid=96120) delete /opt/stack/cinder/cinder/api/v3/group_snapshots.py:72}}
Jun 04 16:26:02.772716 np0000002165 devstack@c-api.service[96120]: INFO cinder.api.v3.group_snapshots [None req-22ca4e5f-5c18-47d6-8481-fd7f36e47605 tempest-GroupSnapshotsTest-149148041 tempest-GroupSnapshotsTest-149148041-project-member] Delete group_snapshot with id: 13607073-e7a7-407e-9b34-d1648223abb0
Jun 04 16:26:02.776316 np0000002165 devstack@c-api.service[96119]: /opt/stack/data/venv/lib/python3.12/site-packages/oslo_context/context.py:102: DeprecationWarning: Policy enforcement is depending on the value of is_admin. This key is deprecated. Please update your policy file to use the standard policy values.
Jun 04 16:26:02.776316 np0000002165 devstack@c-api.service[96119]: warnings.warn(
Jun 04 16:26:02.776418 np0000002165 devstack@c-api.service[96120]: /opt/stack/data/venv/lib/python3.12/site-packages/oslo_context/context.py:102: DeprecationWarning: Policy enforcement is depending on the value of is_admin. This key is deprecated. Please update your policy file to use the standard policy values.
Jun 04 16:26:02.776418 np0000002165 devstack@c-api.service[96120]: warnings.warn(
Jun 04 16:26:02.783537 np0000002165 devstack@c-api.service[96119]: INFO cinder.volume.api [None req-8a72c1ae-b2b6-46bb-8cea-f5134590dbc6 tempest-VolumeTypesTest-818108856 tempest-VolumeTypesTest-818108856-project-member] Volume info retrieved successfully.
Jun 04 16:26:02.791180 np0000002165 devstack@c-api.service[96119]: INFO cinder.api.openstack.wsgi [None req-8a72c1ae-b2b6-46bb-8cea-f5134590dbc6 tempest-VolumeTypesTest-818108856 tempest-VolumeTypesTest-818108856-project-member] https://10.4.3.232/volume/v3/volumes/96dac6d1-53ae-4bc9-bdc8-030e8fb0405d returned with HTTP 200
Jun 04 16:26:02.792269 np0000002165 devstack@c-api.service[96119]: [pid: 96119|app: 0|req: 175/365] 10.4.3.232 () {66 vars in 1348 bytes} [Thu Jun 4 16:26:02 2026] GET /volume/v3/volumes/96dac6d1-53ae-4bc9-bdc8-030e8fb0405d => generated 876 bytes in 28 msecs (HTTP/1.1 200) 7 headers in 285 bytes (1 switches on core 0)
Jun 04 16:26:02.810054 np0000002165 devstack@c-api.service[96119]: DEBUG cinder.api.middleware.request_id [None req-a48f0fbe-b218-4d4f-94b8-61752dc58ca6 None None] RequestId filter calling following filter/app {{(pid=96119) _context_setter /opt/stack/cinder/cinder/api/middleware/request_id.py:62}}
Jun 04 16:26:02.811827 np0000002165 devstack@c-api.service[96119]: INFO cinder.api.openstack.wsgi [None req-a48f0fbe-b218-4d4f-94b8-61752dc58ca6 tempest-VolumeTypesTest-818108856 tempest-VolumeTypesTest-818108856-project-member] POST https://10.4.3.232/volume/v3/volumes/96dac6d1-53ae-4bc9-bdc8-030e8fb0405d/action
Jun 04 16:26:02.812126 np0000002165 devstack@c-api.service[96119]: DEBUG cinder.api.openstack.wsgi [None req-a48f0fbe-b218-4d4f-94b8-61752dc58ca6 tempest-VolumeTypesTest-818108856 tempest-VolumeTypesTest-818108856-project-member] Action body: b'{"os-retype": {"new_type": "7622eae5-b343-4200-aeb4-302f82de7f49"}}' {{(pid=96119) get_method /opt/stack/cinder/cinder/api/openstack/wsgi.py:993}}
Jun 04 16:26:02.812393 np0000002165 devstack@c-api.service[96119]: DEBUG cinder.api.openstack.wsgi [None req-a48f0fbe-b218-4d4f-94b8-61752dc58ca6 tempest-VolumeTypesTest-818108856 tempest-VolumeTypesTest-818108856-project-member] Action: 'action', calling method: _retype, body: {"os-retype": {"new_type": "7622eae5-b343-4200-aeb4-302f82de7f49"}} {{(pid=96119) _process_stack /opt/stack/cinder/cinder/api/openstack/wsgi.py:876}}
Jun 04 16:26:02.816822 np0000002165 devstack@c-api.service[96120]: INFO cinder.api.openstack.wsgi [None req-22ca4e5f-5c18-47d6-8481-fd7f36e47605 tempest-GroupSnapshotsTest-149148041 tempest-GroupSnapshotsTest-149148041-project-member] https://10.4.3.232/volume/v3/group_snapshots/13607073-e7a7-407e-9b34-d1648223abb0 returned with HTTP 202
Jun 04 16:26:02.817570 np0000002165 devstack@c-api.service[96120]: [pid: 96120|app: 0|req: 191/366] 10.4.3.232 () {68 vars in 1416 bytes} [Thu Jun 4 16:26:02 2026] DELETE /volume/v3/group_snapshots/13607073-e7a7-407e-9b34-d1648223abb0 => generated 0 bytes in 49 msecs (HTTP/1.1 202) 6 headers in 234 bytes (1 switches on core 0)
Jun 04 16:26:02.824253 np0000002165 devstack@c-api.service[96120]: DEBUG cinder.api.middleware.request_id [None req-334e802d-d2ef-4998-9098-6319c8c4dcb9 None None] RequestId filter calling following filter/app {{(pid=96120) _context_setter /opt/stack/cinder/cinder/api/middleware/request_id.py:62}}
Jun 04 16:26:02.824727 np0000002165 devstack@c-api.service[96119]: /opt/stack/data/venv/lib/python3.12/site-packages/oslo_context/context.py:102: DeprecationWarning: Policy enforcement is depending on the value of is_admin. This key is deprecated. Please update your policy file to use the standard policy values.
Jun 04 16:26:02.824727 np0000002165 devstack@c-api.service[96119]: warnings.warn(
Jun 04 16:26:02.826306 np0000002165 devstack@c-api.service[96119]: INFO cinder.volume.api [None req-a48f0fbe-b218-4d4f-94b8-61752dc58ca6 tempest-VolumeTypesTest-818108856 tempest-VolumeTypesTest-818108856-project-member] Volume info retrieved successfully.
Jun 04 16:26:02.826407 np0000002165 devstack@c-api.service[96120]: INFO cinder.api.openstack.wsgi [None req-334e802d-d2ef-4998-9098-6319c8c4dcb9 tempest-GroupSnapshotsTest-149148041 tempest-GroupSnapshotsTest-149148041-project-member] GET https://10.4.3.232/volume/v3/volumes/detail
Jun 04 16:26:02.826717 np0000002165 devstack@c-api.service[96120]: DEBUG cinder.api.openstack.wsgi [None req-334e802d-d2ef-4998-9098-6319c8c4dcb9 tempest-GroupSnapshotsTest-149148041 tempest-GroupSnapshotsTest-149148041-project-member] Empty body provided in request {{(pid=96120) get_body /opt/stack/cinder/cinder/api/openstack/wsgi.py:725}}
Jun 04 16:26:02.827009 np0000002165 devstack@c-api.service[96120]: DEBUG cinder.api.openstack.wsgi [None req-334e802d-d2ef-4998-9098-6319c8c4dcb9 tempest-GroupSnapshotsTest-149148041 tempest-GroupSnapshotsTest-149148041-project-member] Calling method 'detail' {{(pid=96120) _process_stack /opt/stack/cinder/cinder/api/openstack/wsgi.py:878}}
Jun 04 16:26:02.827323 np0000002165 devstack@c-api.service[96120]: DEBUG cinder.api.api_utils [None req-334e802d-d2ef-4998-9098-6319c8c4dcb9 tempest-GroupSnapshotsTest-149148041 tempest-GroupSnapshotsTest-149148041-project-member] Removing options '' from query. {{(pid=96120) remove_invalid_filter_options /opt/stack/cinder/cinder/api/api_utils.py:82}}
Jun 04 16:26:02.827897 np0000002165 devstack@c-api.service[96120]: /opt/stack/data/venv/lib/python3.12/site-packages/oslo_context/context.py:102: DeprecationWarning: Policy enforcement is depending on the value of is_admin. This key is deprecated. Please update your policy file to use the standard policy values.
Jun 04 16:26:02.827897 np0000002165 devstack@c-api.service[96120]: warnings.warn(
Jun 04 16:26:02.828537 np0000002165 devstack@c-api.service[96120]: DEBUG cinder.volume.api [None req-334e802d-d2ef-4998-9098-6319c8c4dcb9 tempest-GroupSnapshotsTest-149148041 tempest-GroupSnapshotsTest-149148041-project-member] Searching by: MultiDict([('no_migration_targets', True)]). {{(pid=96120) get_all /opt/stack/cinder/cinder/volume/api.py:663}}
Jun 04 16:26:02.836479 np0000002165 devstack@c-api.service[96120]: INFO cinder.volume.api [None req-334e802d-d2ef-4998-9098-6319c8c4dcb9 tempest-GroupSnapshotsTest-149148041 tempest-GroupSnapshotsTest-149148041-project-member] Get all volumes completed successfully.
Jun 04 16:26:02.837930 np0000002165 devstack@c-api.service[96120]: WARNING stevedore.named [None req-334e802d-d2ef-4998-9098-6319c8c4dcb9 tempest-GroupSnapshotsTest-149148041 tempest-GroupSnapshotsTest-149148041-project-member] Could not load cinder.keymgr.conf_key_mgr.ConfKeyManager
Jun 04 16:26:02.837930 np0000002165 devstack@c-api.service[96120]: WARNING castellan.key_manager [None req-334e802d-d2ef-4998-9098-6319c8c4dcb9 tempest-GroupSnapshotsTest-149148041 tempest-GroupSnapshotsTest-149148041-project-member] Deprecation Warning : cinder.keymgr.conf_key_mgr.ConfKeyManager is not a stevedore based driver, trying to load it as a class: stevedore.exception.NoMatches: No 'castellan.drivers' driver found, looking for 'cinder.keymgr.conf_key_mgr.ConfKeyManager'
Jun 04 16:26:02.853637 np0000002165 devstack@c-api.service[96119]: WARNING cinder.quota [None req-a48f0fbe-b218-4d4f-94b8-61752dc58ca6 tempest-VolumeTypesTest-818108856 tempest-VolumeTypesTest-818108856-project-member] Deprecated: Default quota for resource: volumes_tempest-VolumeTypesTest-volume-type-403934784 is set by the default quota flag: quota_volumes_tempest-VolumeTypesTest-volume-type-403934784, it is now deprecated. Please use the default quota class for default quota.
Jun 04 16:26:02.854108 np0000002165 devstack@c-api.service[96119]: WARNING cinder.quota [None req-a48f0fbe-b218-4d4f-94b8-61752dc58ca6 tempest-VolumeTypesTest-818108856 tempest-VolumeTypesTest-818108856-project-member] Deprecated: Default quota for resource: gigabytes_tempest-VolumeTypesTest-volume-type-403934784 is set by the default quota flag: quota_gigabytes_tempest-VolumeTypesTest-volume-type-403934784, it is now deprecated. Please use the default quota class for default quota.
Jun 04 16:26:02.874769 np0000002165 devstack@c-api.service[96119]: DEBUG cinder.quota [None req-a48f0fbe-b218-4d4f-94b8-61752dc58ca6 tempest-VolumeTypesTest-818108856 tempest-VolumeTypesTest-818108856-project-member] Created reservations ['76950624-289b-4a75-b68a-a62008dcfb98', 'd3dcdd83-e713-4e77-8bb6-505c2c0a5768'] {{(pid=96119) reserve /opt/stack/cinder/cinder/quota.py:752}}
Jun 04 16:26:02.877973 np0000002165 devstack@c-api.service[96120]: DEBUG oslo_db.sqlalchemy.engines [None req-334e802d-d2ef-4998-9098-6319c8c4dcb9 tempest-GroupSnapshotsTest-149148041 tempest-GroupSnapshotsTest-149148041-project-member] MySQL server mode set to STRICT_TRANS_TABLES,STRICT_ALL_TABLES,NO_ZERO_IN_DATE,NO_ZERO_DATE,ERROR_FOR_DIVISION_BY_ZERO,TRADITIONAL,NO_ENGINE_SUBSTITUTION {{(pid=96120) _check_effective_sql_mode /opt/stack/data/venv/lib/python3.12/site-packages/oslo_db/sqlalchemy/engines.py:325}}
Jun 04 16:26:02.881767 np0000002165 devstack@c-api.service[96120]: /opt/stack/data/venv/lib/python3.12/site-packages/oslo_context/context.py:102: DeprecationWarning: Policy enforcement is depending on the value of is_admin. This key is deprecated. Please update your policy file to use the standard policy values.
Jun 04 16:26:02.881767 np0000002165 devstack@c-api.service[96120]: warnings.warn(
Jun 04 16:26:02.886906 np0000002165 devstack@c-api.service[96120]: WARNING stevedore.named [None req-334e802d-d2ef-4998-9098-6319c8c4dcb9 tempest-GroupSnapshotsTest-149148041 tempest-GroupSnapshotsTest-149148041-project-member] Could not load cinder.keymgr.conf_key_mgr.ConfKeyManager
Jun 04 16:26:02.887175 np0000002165 devstack@c-api.service[96120]: WARNING castellan.key_manager [None req-334e802d-d2ef-4998-9098-6319c8c4dcb9 tempest-GroupSnapshotsTest-149148041 tempest-GroupSnapshotsTest-149148041-project-member] Deprecation Warning : cinder.keymgr.conf_key_mgr.ConfKeyManager is not a stevedore based driver, trying to load it as a class: stevedore.exception.NoMatches: No 'castellan.drivers' driver found, looking for 'cinder.keymgr.conf_key_mgr.ConfKeyManager'
Jun 04 16:26:02.890412 np0000002165 devstack@c-api.service[96119]: DEBUG cinder.quota [None req-a48f0fbe-b218-4d4f-94b8-61752dc58ca6 tempest-VolumeTypesTest-818108856 tempest-VolumeTypesTest-818108856-project-member] Created reservations ['f6f6e50c-52cc-42c3-969d-d4bb693ee4cf', 'c9fd3819-7f8f-4ce1-a55f-b14468065612'] {{(pid=96119) reserve /opt/stack/cinder/cinder/quota.py:752}}
Jun 04 16:26:02.921204 np0000002165 devstack@c-api.service[96119]: INFO cinder.volume.api [None req-a48f0fbe-b218-4d4f-94b8-61752dc58ca6 tempest-VolumeTypesTest-818108856 tempest-VolumeTypesTest-818108856-project-member] Retype volume request issued successfully.
Jun 04 16:26:02.921458 np0000002165 devstack@c-api.service[96119]: INFO cinder.api.openstack.wsgi [None req-a48f0fbe-b218-4d4f-94b8-61752dc58ca6 tempest-VolumeTypesTest-818108856 tempest-VolumeTypesTest-818108856-project-member] https://10.4.3.232/volume/v3/volumes/96dac6d1-53ae-4bc9-bdc8-030e8fb0405d/action returned with HTTP 202
Jun 04 16:26:02.921858 np0000002165 devstack@c-api.service[96119]: [pid: 96119|app: 0|req: 176/367] 10.4.3.232 () {68 vars in 1390 bytes} [Thu Jun 4 16:26:02 2026] POST /volume/v3/volumes/96dac6d1-53ae-4bc9-bdc8-030e8fb0405d/action => generated 0 bytes in 112 msecs (HTTP/1.1 202) 7 headers in 289 bytes (1 switches on core 0)
Jun 04 16:26:02.926279 np0000002165 devstack@c-api.service[96120]: DEBUG oslo_db.sqlalchemy.engines [None req-334e802d-d2ef-4998-9098-6319c8c4dcb9 tempest-GroupSnapshotsTest-149148041 tempest-GroupSnapshotsTest-149148041-project-member] MySQL server mode set to STRICT_TRANS_TABLES,STRICT_ALL_TABLES,NO_ZERO_IN_DATE,NO_ZERO_DATE,ERROR_FOR_DIVISION_BY_ZERO,TRADITIONAL,NO_ENGINE_SUBSTITUTION {{(pid=96120) _check_effective_sql_mode /opt/stack/data/venv/lib/python3.12/site-packages/oslo_db/sqlalchemy/engines.py:325}}
Jun 04 16:26:02.931610 np0000002165 devstack@c-api.service[96119]: DEBUG cinder.api.middleware.request_id [None req-151b4cb7-0357-436b-abcc-30bbe4cf3e31 None None] RequestId filter calling following filter/app {{(pid=96119) _context_setter /opt/stack/cinder/cinder/api/middleware/request_id.py:62}}
Jun 04 16:26:02.931760 np0000002165 devstack@c-api.service[96120]: /opt/stack/data/venv/lib/python3.12/site-packages/oslo_context/context.py:102: DeprecationWarning: Policy enforcement is depending on the value of is_admin. This key is deprecated. Please update your policy file to use the standard policy values.
Jun 04 16:26:02.931760 np0000002165 devstack@c-api.service[96120]: warnings.warn(
Jun 04 16:26:02.932241 np0000002165 devstack@c-api.service[96119]: INFO cinder.api.openstack.wsgi [None req-151b4cb7-0357-436b-abcc-30bbe4cf3e31 tempest-VolumeTypesTest-818108856 tempest-VolumeTypesTest-818108856-project-member] GET https://10.4.3.232/volume/v3/volumes/96dac6d1-53ae-4bc9-bdc8-030e8fb0405d
Jun 04 16:26:02.932766 np0000002165 devstack@c-api.service[96119]: DEBUG cinder.api.openstack.wsgi [None req-151b4cb7-0357-436b-abcc-30bbe4cf3e31 tempest-VolumeTypesTest-818108856 tempest-VolumeTypesTest-818108856-project-member] Empty body provided in request {{(pid=96119) get_body /opt/stack/cinder/cinder/api/openstack/wsgi.py:725}}
Jun 04 16:26:02.933001 np0000002165 devstack@c-api.service[96119]: DEBUG cinder.api.openstack.wsgi [None req-151b4cb7-0357-436b-abcc-30bbe4cf3e31 tempest-VolumeTypesTest-818108856 tempest-VolumeTypesTest-818108856-project-member] Calling method 'show' {{(pid=96119) _process_stack /opt/stack/cinder/cinder/api/openstack/wsgi.py:878}}
Jun 04 16:26:02.940330 np0000002165 devstack@c-api.service[96120]: INFO cinder.api.openstack.wsgi [None req-334e802d-d2ef-4998-9098-6319c8c4dcb9 tempest-GroupSnapshotsTest-149148041 tempest-GroupSnapshotsTest-149148041-project-member] https://10.4.3.232/volume/v3/volumes/detail returned with HTTP 200
Jun 04 16:26:02.940948 np0000002165 devstack@c-api.service[96120]: [pid: 96120|app: 0|req: 192/368] 10.4.3.232 () {68 vars in 1299 bytes} [Thu Jun 4 16:26:02 2026] GET /volume/v3/volumes/detail => generated 1821 bytes in 117 msecs (HTTP/1.1 200) 7 headers in 287 bytes (1 switches on core 0)
Jun 04 16:26:02.941243 np0000002165 devstack@c-api.service[96119]: /opt/stack/data/venv/lib/python3.12/site-packages/oslo_context/context.py:102: DeprecationWarning: Policy enforcement is depending on the value of is_admin. This key is deprecated. Please update your policy file to use the standard policy values.
Jun 04 16:26:02.941243 np0000002165 devstack@c-api.service[96119]: warnings.warn(
Jun 04 16:26:02.945820 np0000002165 devstack@c-api.service[96119]: INFO cinder.volume.api [None req-151b4cb7-0357-436b-abcc-30bbe4cf3e31 tempest-VolumeTypesTest-818108856 tempest-VolumeTypesTest-818108856-project-member] Volume info retrieved successfully.
Jun 04 16:26:02.950398 np0000002165 devstack@c-api.service[96119]: INFO cinder.api.openstack.wsgi [None req-151b4cb7-0357-436b-abcc-30bbe4cf3e31 tempest-VolumeTypesTest-818108856 tempest-VolumeTypesTest-818108856-project-member] https://10.4.3.232/volume/v3/volumes/96dac6d1-53ae-4bc9-bdc8-030e8fb0405d returned with HTTP 200
Jun 04 16:26:02.950758 np0000002165 devstack@c-api.service[96119]: [pid: 96119|app: 0|req: 177/369] 10.4.3.232 () {66 vars in 1348 bytes} [Thu Jun 4 16:26:02 2026] GET /volume/v3/volumes/96dac6d1-53ae-4bc9-bdc8-030e8fb0405d => generated 875 bytes in 21 msecs (HTTP/1.1 200) 7 headers in 285 bytes (1 switches on core 0)
Jun 04 16:26:02.959833 np0000002165 devstack@c-api.service[96120]: DEBUG cinder.api.middleware.request_id [None req-b0e10a5c-31aa-4730-a96e-6e013ba77200 None None] RequestId filter calling following filter/app {{(pid=96120) _context_setter /opt/stack/cinder/cinder/api/middleware/request_id.py:62}}
Jun 04 16:26:02.961305 np0000002165 devstack@c-api.service[96120]: INFO cinder.api.openstack.wsgi [None req-b0e10a5c-31aa-4730-a96e-6e013ba77200 tempest-GroupSnapshotsTest-149148041 tempest-GroupSnapshotsTest-149148041-project-member] GET https://10.4.3.232/volume/v3/snapshots/detail
Jun 04 16:26:02.961599 np0000002165 devstack@c-api.service[96120]: DEBUG cinder.api.openstack.wsgi [None req-b0e10a5c-31aa-4730-a96e-6e013ba77200 tempest-GroupSnapshotsTest-149148041 tempest-GroupSnapshotsTest-149148041-project-member] Empty body provided in request {{(pid=96120) get_body /opt/stack/cinder/cinder/api/openstack/wsgi.py:725}}
Jun 04 16:26:02.961875 np0000002165 devstack@c-api.service[96120]: DEBUG cinder.api.openstack.wsgi [None req-b0e10a5c-31aa-4730-a96e-6e013ba77200 tempest-GroupSnapshotsTest-149148041 tempest-GroupSnapshotsTest-149148041-project-member] Calling method 'detail' {{(pid=96120) _process_stack /opt/stack/cinder/cinder/api/openstack/wsgi.py:878}}
Jun 04 16:26:02.962144 np0000002165 devstack@c-api.service[96120]: DEBUG cinder.api.api_utils [None req-b0e10a5c-31aa-4730-a96e-6e013ba77200 tempest-GroupSnapshotsTest-149148041 tempest-GroupSnapshotsTest-149148041-project-member] Removing options '' from query. {{(pid=96120) remove_invalid_filter_options /opt/stack/cinder/cinder/api/api_utils.py:82}}
Jun 04 16:26:02.963178 np0000002165 devstack@c-api.service[96120]: DEBUG cinder.db.sqlalchemy.api [None req-b0e10a5c-31aa-4730-a96e-6e013ba77200 tempest-GroupSnapshotsTest-149148041 tempest-GroupSnapshotsTest-149148041-project-member] Building query based on filter {{(pid=96120) _process_snaps_filters /opt/stack/cinder/cinder/db/sqlalchemy/api.py:3944}}
Jun 04 16:26:02.966814 np0000002165 devstack@c-api.service[96120]: INFO cinder.volume.api [None req-b0e10a5c-31aa-4730-a96e-6e013ba77200 tempest-GroupSnapshotsTest-149148041 tempest-GroupSnapshotsTest-149148041-project-member] Get all snapshots completed successfully.
Jun 04 16:26:02.967286 np0000002165 devstack@c-api.service[96120]: /opt/stack/data/venv/lib/python3.12/site-packages/oslo_context/context.py:102: DeprecationWarning: Policy enforcement is depending on the value of is_admin. This key is deprecated. Please update your policy file to use the standard policy values.
Jun 04 16:26:02.967286 np0000002165 devstack@c-api.service[96120]: warnings.warn(
Jun 04 16:26:02.967839 np0000002165 devstack@c-api.service[96120]: INFO cinder.api.openstack.wsgi [None req-b0e10a5c-31aa-4730-a96e-6e013ba77200 tempest-GroupSnapshotsTest-149148041 tempest-GroupSnapshotsTest-149148041-project-member] https://10.4.3.232/volume/v3/snapshots/detail returned with HTTP 200
Jun 04 16:26:02.968212 np0000002165 devstack@c-api.service[96120]: [pid: 96120|app: 0|req: 193/370] 10.4.3.232 () {66 vars in 1264 bytes} [Thu Jun 4 16:26:02 2026] GET /volume/v3/snapshots/detail => generated 470 bytes in 10 msecs (HTTP/1.1 200) 7 headers in 285 bytes (1 switches on core 0)
Jun 04 16:26:02.976948 np0000002165 devstack@c-api.service[96119]: DEBUG cinder.api.middleware.request_id [None req-12e06802-d517-4aa9-8170-dbb6ff78ec32 None None] RequestId filter calling following filter/app {{(pid=96119) _context_setter /opt/stack/cinder/cinder/api/middleware/request_id.py:62}}
Jun 04 16:26:02.980241 np0000002165 devstack@c-api.service[96119]: INFO cinder.api.openstack.wsgi [None req-12e06802-d517-4aa9-8170-dbb6ff78ec32 tempest-GroupSnapshotsTest-149148041 tempest-GroupSnapshotsTest-149148041-project-member] GET https://10.4.3.232/volume/v3/snapshots/7d976bb8-f07d-4aec-b972-ccea6fa2fbbc
Jun 04 16:26:02.980666 np0000002165 devstack@c-api.service[96119]: DEBUG cinder.api.openstack.wsgi [None req-12e06802-d517-4aa9-8170-dbb6ff78ec32 tempest-GroupSnapshotsTest-149148041 tempest-GroupSnapshotsTest-149148041-project-member] Empty body provided in request {{(pid=96119) get_body /opt/stack/cinder/cinder/api/openstack/wsgi.py:725}}
Jun 04 16:26:02.980994 np0000002165 devstack@c-api.service[96119]: DEBUG cinder.api.openstack.wsgi [None req-12e06802-d517-4aa9-8170-dbb6ff78ec32 tempest-GroupSnapshotsTest-149148041 tempest-GroupSnapshotsTest-149148041-project-member] Calling method 'show' {{(pid=96119) _process_stack /opt/stack/cinder/cinder/api/openstack/wsgi.py:878}}
Jun 04 16:26:02.986643 np0000002165 devstack@c-api.service[96119]: /opt/stack/data/venv/lib/python3.12/site-packages/oslo_context/context.py:102: DeprecationWarning: Policy enforcement is depending on the value of is_admin. This key is deprecated. Please update your policy file to use the standard policy values.
Jun 04 16:26:02.986643 np0000002165 devstack@c-api.service[96119]: warnings.warn(
Jun 04 16:26:02.987297 np0000002165 devstack@c-api.service[96119]: INFO cinder.volume.api [None req-12e06802-d517-4aa9-8170-dbb6ff78ec32 tempest-GroupSnapshotsTest-149148041 tempest-GroupSnapshotsTest-149148041-project-member] Snapshot retrieved successfully.
Jun 04 16:26:02.988392 np0000002165 devstack@c-api.service[96119]: INFO cinder.api.openstack.wsgi [None req-12e06802-d517-4aa9-8170-dbb6ff78ec32 tempest-GroupSnapshotsTest-149148041 tempest-GroupSnapshotsTest-149148041-project-member] https://10.4.3.232/volume/v3/snapshots/7d976bb8-f07d-4aec-b972-ccea6fa2fbbc returned with HTTP 200
Jun 04 16:26:02.989070 np0000002165 devstack@c-api.service[96119]: [pid: 96119|app: 0|req: 178/371] 10.4.3.232 () {66 vars in 1354 bytes} [Thu Jun 4 16:26:02 2026] GET /volume/v3/snapshots/7d976bb8-f07d-4aec-b972-ccea6fa2fbbc => generated 467 bytes in 13 msecs (HTTP/1.1 200) 7 headers in 285 bytes (1 switches on core 0)
Jun 04 16:26:03.786092 np0000002165 devstack@c-api.service[96120]: DEBUG cinder.api.middleware.request_id [None req-714297dc-d20f-4ab6-b36f-597d4fc98ee9 None None] RequestId filter calling following filter/app {{(pid=96120) _context_setter /opt/stack/cinder/cinder/api/middleware/request_id.py:62}}
Jun 04 16:26:03.938022 np0000002165 devstack@c-api.service[96120]: INFO cinder.api.openstack.wsgi [None req-714297dc-d20f-4ab6-b36f-597d4fc98ee9 tempest-TaggedBootDevicesTest_v242-578309656 tempest-TaggedBootDevicesTest_v242-578309656-project-member] POST https://10.4.3.232/volume/v3/volumes
Jun 04 16:26:03.938316 np0000002165 devstack@c-api.service[96120]: DEBUG cinder.api.openstack.wsgi [None req-714297dc-d20f-4ab6-b36f-597d4fc98ee9 tempest-TaggedBootDevicesTest_v242-578309656 tempest-TaggedBootDevicesTest_v242-578309656-project-member] Action: 'create', calling method: create, body: {"volume": {"size": 1, "display_name": "tempest-TaggedBootDevicesTest_v242-volume-827862702", "imageRef": "41b035b5-9b2a-4023-879a-319dfefe9671"}} {{(pid=96120) _process_stack /opt/stack/cinder/cinder/api/openstack/wsgi.py:876}}
