Jun 04 16:22:31.661264 np0000002165 devstack@neutron-api.service[86940]: DEBUG neutron.db.ovn_revision_numbers_db [None req-cc0f7c83-e8fd-4778-9e87-2c5633cbba67 admin admin] create_initial_revision uuid=42fc710c-dc94-4535-b2de-e1c9e53ad005, type=security_group_rules, rev=-1 {{(pid=86940) create_initial_revision /opt/stack/neutron/neutron/db/ovn_revision_numbers_db.py:98}}
Jun 04 16:22:31.662040 np0000002165 devstack@neutron-api.service[86940]: DEBUG neutron.db.ovn_revision_numbers_db [None req-cc0f7c83-e8fd-4778-9e87-2c5633cbba67 admin admin] create_initial_revision uuid=b68ccddf-470f-4255-9adb-75e2ffb991f9, type=security_group_rules, rev=-1 {{(pid=86940) create_initial_revision /opt/stack/neutron/neutron/db/ovn_revision_numbers_db.py:98}}
Jun 04 16:22:31.662811 np0000002165 devstack@neutron-api.service[86940]: DEBUG neutron.db.ovn_revision_numbers_db [None req-cc0f7c83-e8fd-4778-9e87-2c5633cbba67 admin admin] create_initial_revision uuid=d744886b-a56d-4ce1-8097-f31add57e727, type=security_group_rules, rev=-1 {{(pid=86940) create_initial_revision /opt/stack/neutron/neutron/db/ovn_revision_numbers_db.py:98}}
Jun 04 16:22:31.665321 np0000002165 devstack@neutron-api.service[86940]: DEBUG neutron_lib.callbacks.manager [None req-cc0f7c83-e8fd-4778-9e87-2c5633cbba67 admin admin] Publish callbacks ['neutron.plugins.ml2.drivers.ovn.mech_driver.mech_driver.OVNMechanismDriver._create_security_group-857993', 'neutron.plugins.ml2.ovo_rpc._ObjectChangeHandler.handle_event-886013'] for security_group (af8ac976-3fdb-409e-9ea7-e4c054c79c9d), after_create {{(pid=86940) _notify_loop /opt/stack/data/venv/lib/python3.12/site-packages/neutron_lib/callbacks/manager.py:184}}
Jun 04 16:22:31.665941 np0000002165 devstack@neutron-api.service[86940]: DEBUG ovsdbapp.backend.ovs_idl.transaction [None req-d9435d3c-3a8e-42e0-95cf-10bbf63bb83a None None] Running txn n=1 command(idx=0): PgAddCommand(_result=None, name=pg_af8ac976_3fdb_409e_9ea7_e4c054c79c9d, may_exist=False, columns={'acls': [], 'external_ids': {'neutron:security_group_id': 'af8ac976-3fdb-409e-9ea7-e4c054c79c9d'}}) {{(pid=86940) do_commit /opt/stack/data/venv/lib/python3.12/site-packages/ovsdbapp/backend/ovs_idl/transaction.py:89}}
Jun 04 16:22:31.666313 np0000002165 devstack@neutron-api.service[86940]: DEBUG ovsdbapp.backend.ovs_idl.transaction [None req-d9435d3c-3a8e-42e0-95cf-10bbf63bb83a None None] Running txn n=1 command(idx=1): PgAclAddCommand(_result=None, entity=pg_af8ac976_3fdb_409e_9ea7_e4c054c79c9d, direction=from-lport, priority=1002, match=inport == @pg_af8ac976_3fdb_409e_9ea7_e4c054c79c9d && ip6, action=allow-related, log=False, may_exist=True, severity=[], name=[], meter=[], external_ids={'neutron:security_group_rule_id': '3536d301-2fd5-4707-881e-0bc079cc861e'}) {{(pid=86940) do_commit /opt/stack/data/venv/lib/python3.12/site-packages/ovsdbapp/backend/ovs_idl/transaction.py:89}}
Jun 04 16:22:31.667282 np0000002165 devstack@neutron-api.service[86940]: DEBUG ovsdbapp.backend.ovs_idl.transaction [None req-d9435d3c-3a8e-42e0-95cf-10bbf63bb83a None None] Running txn n=1 command(idx=2): PgAclAddCommand(_result=None, entity=pg_af8ac976_3fdb_409e_9ea7_e4c054c79c9d, direction=to-lport, priority=1002, match=outport == @pg_af8ac976_3fdb_409e_9ea7_e4c054c79c9d && ip4 && ip4.src == $pg_af8ac976_3fdb_409e_9ea7_e4c054c79c9d_ip4, action=allow-related, log=False, may_exist=True, severity=[], name=[], meter=[], external_ids={'neutron:security_group_rule_id': '42fc710c-dc94-4535-b2de-e1c9e53ad005'}) {{(pid=86940) do_commit /opt/stack/data/venv/lib/python3.12/site-packages/ovsdbapp/backend/ovs_idl/transaction.py:89}}
Jun 04 16:22:31.667282 np0000002165 devstack@neutron-api.service[86940]: DEBUG ovsdbapp.backend.ovs_idl.transaction [None req-d9435d3c-3a8e-42e0-95cf-10bbf63bb83a None None] Running txn n=1 command(idx=3): PgAclAddCommand(_result=None, entity=pg_af8ac976_3fdb_409e_9ea7_e4c054c79c9d, direction=to-lport, priority=1002, match=outport == @pg_af8ac976_3fdb_409e_9ea7_e4c054c79c9d && ip6 && ip6.src == $pg_af8ac976_3fdb_409e_9ea7_e4c054c79c9d_ip6, action=allow-related, log=False, may_exist=True, severity=[], name=[], meter=[], external_ids={'neutron:security_group_rule_id': 'b68ccddf-470f-4255-9adb-75e2ffb991f9'}) {{(pid=86940) do_commit /opt/stack/data/venv/lib/python3.12/site-packages/ovsdbapp/backend/ovs_idl/transaction.py:89}}
Jun 04 16:22:31.667282 np0000002165 devstack@neutron-api.service[86940]: DEBUG ovsdbapp.backend.ovs_idl.transaction [None req-d9435d3c-3a8e-42e0-95cf-10bbf63bb83a None None] Running txn n=1 command(idx=4): PgAclAddCommand(_result=None, entity=pg_af8ac976_3fdb_409e_9ea7_e4c054c79c9d, direction=from-lport, priority=1002, match=inport == @pg_af8ac976_3fdb_409e_9ea7_e4c054c79c9d && ip4, action=allow-related, log=False, may_exist=True, severity=[], name=[], meter=[], external_ids={'neutron:security_group_rule_id': 'd744886b-a56d-4ce1-8097-f31add57e727'}) {{(pid=86940) do_commit /opt/stack/data/venv/lib/python3.12/site-packages/ovsdbapp/backend/ovs_idl/transaction.py:89}}
Jun 04 16:22:31.673142 np0000002165 devstack@neutron-api.service[86940]: DEBUG neutron.plugins.ml2.drivers.ovn.mech_driver.ovsdb.ovsdb_monitor [None req-d9435d3c-3a8e-42e0-95cf-10bbf63bb83a None None] Touching Hash Ring node "131194ef90275c23907a6a25128667dd" from IDL notify handler {{(pid=86940) notify /opt/stack/neutron/neutron/plugins/ml2/drivers/ovn/mech_driver/ovsdb/ovsdb_monitor.py:1007}}
Jun 04 16:22:31.673350 np0000002165 devstack@neutron-api.service[86938]: DEBUG neutron.plugins.ml2.drivers.ovn.mech_driver.ovsdb.ovsdb_monitor [None req-6d6bab22-bef3-4bef-83dd-f52082ff898f None None] Touching Hash Ring node "f2ee126465d85fc3ba88f2a9759290db" from IDL notify handler {{(pid=86938) notify /opt/stack/neutron/neutron/plugins/ml2/drivers/ovn/mech_driver/ovsdb/ovsdb_monitor.py:1007}}
Jun 04 16:22:31.677950 np0000002165 devstack@neutron-api.service[86940]: DEBUG neutron.plugins.ml2.drivers.ovn.mech_driver.ovsdb.ovsdb_monitor [None req-d9435d3c-3a8e-42e0-95cf-10bbf63bb83a None None] Hash Ring: Node 131194ef90275c23907a6a25128667dd (host: np0000002165) handling event "create" for row 1c7f55d1-e67e-40a4-a03e-4f6c27d1abd8 (table: ACL) {{(pid=86940) notify /opt/stack/neutron/neutron/plugins/ml2/drivers/ovn/mech_driver/ovsdb/ovsdb_monitor.py:1015}}
Jun 04 16:22:31.678547 np0000002165 devstack@neutron-api.service[86938]: DEBUG neutron.plugins.ml2.drivers.ovn.mech_driver.ovsdb.ovsdb_monitor [None req-6d6bab22-bef3-4bef-83dd-f52082ff898f None None] Hash Ring: Node f2ee126465d85fc3ba88f2a9759290db (host: np0000002165) handling event "create" for row a33fa6f6-6194-4f06-962a-54e92185acd1 (table: ACL) {{(pid=86938) notify /opt/stack/neutron/neutron/plugins/ml2/drivers/ovn/mech_driver/ovsdb/ovsdb_monitor.py:1015}}
Jun 04 16:22:31.678781 np0000002165 devstack@neutron-api.service[86940]: DEBUG neutron.plugins.ml2.drivers.ovn.mech_driver.ovsdb.ovsdb_monitor [None req-d9435d3c-3a8e-42e0-95cf-10bbf63bb83a None None] Touching Hash Ring node "131194ef90275c23907a6a25128667dd" from IDL notify handler {{(pid=86940) notify /opt/stack/neutron/neutron/plugins/ml2/drivers/ovn/mech_driver/ovsdb/ovsdb_monitor.py:1007}}
Jun 04 16:22:31.679392 np0000002165 devstack@neutron-api.service[86938]: DEBUG neutron.plugins.ml2.drivers.ovn.mech_driver.ovsdb.ovsdb_monitor [None req-6d6bab22-bef3-4bef-83dd-f52082ff898f None None] Touching Hash Ring node "f2ee126465d85fc3ba88f2a9759290db" from IDL notify handler {{(pid=86938) notify /opt/stack/neutron/neutron/plugins/ml2/drivers/ovn/mech_driver/ovsdb/ovsdb_monitor.py:1007}}
Jun 04 16:22:31.681130 np0000002165 devstack@neutron-api.service[86940]: DEBUG neutron.plugins.ml2.drivers.ovn.mech_driver.ovsdb.ovsdb_monitor [None req-d9435d3c-3a8e-42e0-95cf-10bbf63bb83a None None] Hash Ring: Node 131194ef90275c23907a6a25128667dd (host: np0000002165) handling event "create" for row ea48d25f-6c51-4fb1-9ea5-0d431e928266 (table: ACL) {{(pid=86940) notify /opt/stack/neutron/neutron/plugins/ml2/drivers/ovn/mech_driver/ovsdb/ovsdb_monitor.py:1015}}
Jun 04 16:22:31.682652 np0000002165 devstack@neutron-api.service[86938]: DEBUG neutron.plugins.ml2.drivers.ovn.mech_driver.ovsdb.ovsdb_monitor [None req-6d6bab22-bef3-4bef-83dd-f52082ff898f None None] Hash Ring: Node f2ee126465d85fc3ba88f2a9759290db (host: np0000002165) handling event "create" for row e7bea4d9-0feb-46ac-b564-19a0b07960bd (table: ACL) {{(pid=86938) notify /opt/stack/neutron/neutron/plugins/ml2/drivers/ovn/mech_driver/ovsdb/ovsdb_monitor.py:1015}}
Jun 04 16:22:31.683429 np0000002165 devstack@neutron-api.service[86938]: DEBUG neutron.plugins.ml2.drivers.ovn.mech_driver.ovsdb.ovsdb_monitor [None req-6d6bab22-bef3-4bef-83dd-f52082ff898f None None] Touching Hash Ring node "f2ee126465d85fc3ba88f2a9759290db" from IDL notify handler {{(pid=86938) notify /opt/stack/neutron/neutron/plugins/ml2/drivers/ovn/mech_driver/ovsdb/ovsdb_monitor.py:1007}}
Jun 04 16:22:31.685432 np0000002165 devstack@neutron-api.service[86938]: DEBUG neutron.plugins.ml2.drivers.ovn.mech_driver.ovsdb.ovsdb_monitor [None req-6d6bab22-bef3-4bef-83dd-f52082ff898f None None] Hash Ring: Node f2ee126465d85fc3ba88f2a9759290db (host: np0000002165) handling event "create" for row bff754ab-f242-4c90-a0a6-19fe670e7f7c (table: Port_Group) {{(pid=86938) notify /opt/stack/neutron/neutron/plugins/ml2/drivers/ovn/mech_driver/ovsdb/ovsdb_monitor.py:1015}}
Jun 04 16:22:31.702692 np0000002165 devstack@neutron-api.service[86940]: INFO neutron.db.ovn_revision_numbers_db [None req-cc0f7c83-e8fd-4778-9e87-2c5633cbba67 admin admin] Successfully bumped revision number for resource af8ac976-3fdb-409e-9ea7-e4c054c79c9d (type: security_groups) to 1
Jun 04 16:22:31.714392 np0000002165 devstack@neutron-api.service[86940]: INFO neutron.db.ovn_revision_numbers_db [None req-cc0f7c83-e8fd-4778-9e87-2c5633cbba67 admin admin] Successfully bumped revision number for resource 3536d301-2fd5-4707-881e-0bc079cc861e (type: security_group_rules) to 0
Jun 04 16:22:31.723420 np0000002165 devstack@neutron-api.service[86940]: INFO neutron.db.ovn_revision_numbers_db [None req-cc0f7c83-e8fd-4778-9e87-2c5633cbba67 admin admin] Successfully bumped revision number for resource 42fc710c-dc94-4535-b2de-e1c9e53ad005 (type: security_group_rules) to 0
Jun 04 16:22:31.733066 np0000002165 devstack@neutron-api.service[86940]: INFO neutron.db.ovn_revision_numbers_db [None req-cc0f7c83-e8fd-4778-9e87-2c5633cbba67 admin admin] Successfully bumped revision number for resource b68ccddf-470f-4255-9adb-75e2ffb991f9 (type: security_group_rules) to 0
Jun 04 16:22:31.742104 np0000002165 devstack@neutron-api.service[86940]: INFO neutron.db.ovn_revision_numbers_db [None req-cc0f7c83-e8fd-4778-9e87-2c5633cbba67 admin admin] Successfully bumped revision number for resource d744886b-a56d-4ce1-8097-f31add57e727 (type: security_group_rules) to 0
Jun 04 16:22:31.758354 np0000002165 devstack@neutron-api.service[86940]: DEBUG neutron.api.rpc.handlers.resources_rpc [None req-cc0f7c83-e8fd-4778-9e87-2c5633cbba67 admin admin] Pushing event updated for resources: {'SecurityGroup': ['ID=af8ac976-3fdb-409e-9ea7-e4c054c79c9d,revision_number=1']} {{(pid=86940) push /opt/stack/neutron/neutron/api/rpc/handlers/resources_rpc.py:237}}
Jun 04 16:22:31.775857 np0000002165 devstack@neutron-api.service[86940]: [pid: 86940|app: 0|req: 22/42] 10.4.3.232 () {66 vars in 1389 bytes} [Thu Jun 4 16:22:31 2026] GET /networking/v2.0/security-groups?project_id=8e0c09951c384200bbd6b54a4fabd8f4&name=default => generated 2921 bytes in 411 msecs (HTTP/1.1 200) 4 headers in 158 bytes (1 switches on core 0)
Jun 04 16:22:31.810059 np0000002165 devstack@neutron-api.service[86938]: DEBUG neutron_lib.callbacks.manager [None req-7f7b416e-bd79-4660-bb38-69d419637b93 admin admin] Publish callbacks [] for security_group (af8ac976-3fdb-409e-9ea7-e4c054c79c9d), before_delete {{(pid=86938) _notify_loop /opt/stack/data/venv/lib/python3.12/site-packages/neutron_lib/callbacks/manager.py:184}}
Jun 04 16:22:31.823597 np0000002165 devstack@neutron-api.service[86938]: DEBUG neutron_lib.callbacks.manager [None req-7f7b416e-bd79-4660-bb38-69d419637b93 admin admin] Publish callbacks ['neutron.plugins.ml2.drivers.ovn.mech_driver.mech_driver.OVNMechanismDriver._delete_security_group_precommit-848866'] for security_group (af8ac976-3fdb-409e-9ea7-e4c054c79c9d), precommit_delete {{(pid=86938) _notify_loop /opt/stack/data/venv/lib/python3.12/site-packages/neutron_lib/callbacks/manager.py:184}}
Jun 04 16:22:31.845140 np0000002165 devstack@neutron-api.service[86938]: DEBUG neutron.db.ovn_revision_numbers_db [None req-7f7b416e-bd79-4660-bb38-69d419637b93 admin admin] delete_revision(42fc710c-dc94-4535-b2de-e1c9e53ad005) {{(pid=86938) delete_revision /opt/stack/neutron/neutron/db/ovn_revision_numbers_db.py:112}}
Jun 04 16:22:31.847839 np0000002165 devstack@neutron-api.service[86938]: DEBUG neutron.db.ovn_revision_numbers_db [None req-7f7b416e-bd79-4660-bb38-69d419637b93 admin admin] delete_revision(b68ccddf-470f-4255-9adb-75e2ffb991f9) {{(pid=86938) delete_revision /opt/stack/neutron/neutron/db/ovn_revision_numbers_db.py:112}}
Jun 04 16:22:31.849899 np0000002165 devstack@neutron-api.service[86938]: DEBUG ovsdbapp.backend.ovs_idl.transaction [None req-6d6bab22-bef3-4bef-83dd-f52082ff898f None None] Running txn n=1 command(idx=0): PgAclDelCommand(_result=None, entity=pg_af8ac976_3fdb_409e_9ea7_e4c054c79c9d, if_exists=False, conditions=[('direction', '=', 'to-lport'), ('priority', '=', 1002), ('match', '=', 'outport == @pg_af8ac976_3fdb_409e_9ea7_e4c054c79c9d && ip4 && ip4.src == $pg_af8ac976_3fdb_409e_9ea7_e4c054c79c9d_ip4')]) {{(pid=86938) do_commit /opt/stack/data/venv/lib/python3.12/site-packages/ovsdbapp/backend/ovs_idl/transaction.py:89}}
Jun 04 16:22:31.850337 np0000002165 devstack@neutron-api.service[86938]: DEBUG ovsdbapp.backend.ovs_idl.transaction [None req-6d6bab22-bef3-4bef-83dd-f52082ff898f None None] Running txn n=1 command(idx=1): PgAclDelCommand(_result=None, entity=pg_af8ac976_3fdb_409e_9ea7_e4c054c79c9d, if_exists=False, conditions=[('direction', '=', 'to-lport'), ('priority', '=', 1002), ('match', '=', 'outport == @pg_af8ac976_3fdb_409e_9ea7_e4c054c79c9d && ip6 && ip6.src == $pg_af8ac976_3fdb_409e_9ea7_e4c054c79c9d_ip6')]) {{(pid=86938) do_commit /opt/stack/data/venv/lib/python3.12/site-packages/ovsdbapp/backend/ovs_idl/transaction.py:89}}
Jun 04 16:22:31.852815 np0000002165 devstack@neutron-api.service[86938]: DEBUG neutron.plugins.ml2.drivers.ovn.mech_driver.ovsdb.ovsdb_monitor [None req-6d6bab22-bef3-4bef-83dd-f52082ff898f None None] Touching Hash Ring node "f2ee126465d85fc3ba88f2a9759290db" from IDL notify handler {{(pid=86938) notify /opt/stack/neutron/neutron/plugins/ml2/drivers/ovn/mech_driver/ovsdb/ovsdb_monitor.py:1007}}
Jun 04 16:22:31.855341 np0000002165 devstack@neutron-api.service[86938]: DEBUG neutron.plugins.ml2.drivers.ovn.mech_driver.ovsdb.ovsdb_monitor [None req-6d6bab22-bef3-4bef-83dd-f52082ff898f None None] Hash Ring: Node f2ee126465d85fc3ba88f2a9759290db (host: np0000002165) handling event "delete" for row a33fa6f6-6194-4f06-962a-54e92185acd1 (table: ACL) {{(pid=86938) notify /opt/stack/neutron/neutron/plugins/ml2/drivers/ovn/mech_driver/ovsdb/ovsdb_monitor.py:1015}}
Jun 04 16:22:31.856068 np0000002165 devstack@neutron-api.service[86938]: DEBUG neutron.plugins.ml2.drivers.ovn.mech_driver.ovsdb.ovsdb_monitor [None req-6d6bab22-bef3-4bef-83dd-f52082ff898f None None] Touching Hash Ring node "f2ee126465d85fc3ba88f2a9759290db" from IDL notify handler {{(pid=86938) notify /opt/stack/neutron/neutron/plugins/ml2/drivers/ovn/mech_driver/ovsdb/ovsdb_monitor.py:1007}}
Jun 04 16:22:31.857958 np0000002165 devstack@neutron-api.service[86938]: DEBUG neutron.plugins.ml2.drivers.ovn.mech_driver.ovsdb.ovsdb_monitor [None req-6d6bab22-bef3-4bef-83dd-f52082ff898f None None] Hash Ring: Node f2ee126465d85fc3ba88f2a9759290db (host: np0000002165) handling event "delete" for row e7bea4d9-0feb-46ac-b564-19a0b07960bd (table: ACL) {{(pid=86938) notify /opt/stack/neutron/neutron/plugins/ml2/drivers/ovn/mech_driver/ovsdb/ovsdb_monitor.py:1015}}
Jun 04 16:22:31.858811 np0000002165 devstack@neutron-api.service[86938]: DEBUG neutron.plugins.ml2.drivers.ovn.mech_driver.ovsdb.ovsdb_monitor [None req-6d6bab22-bef3-4bef-83dd-f52082ff898f None None] Touching Hash Ring node "f2ee126465d85fc3ba88f2a9759290db" from IDL notify handler {{(pid=86938) notify /opt/stack/neutron/neutron/plugins/ml2/drivers/ovn/mech_driver/ovsdb/ovsdb_monitor.py:1007}}
Jun 04 16:22:31.860679 np0000002165 devstack@neutron-api.service[86938]: DEBUG neutron.plugins.ml2.drivers.ovn.mech_driver.ovsdb.ovsdb_monitor [None req-6d6bab22-bef3-4bef-83dd-f52082ff898f None None] Hash Ring: Node f2ee126465d85fc3ba88f2a9759290db (host: np0000002165) handling event "update" for row bff754ab-f242-4c90-a0a6-19fe670e7f7c (table: Port_Group) {{(pid=86938) notify /opt/stack/neutron/neutron/plugins/ml2/drivers/ovn/mech_driver/ovsdb/ovsdb_monitor.py:1015}}
Jun 04 16:22:31.885454 np0000002165 devstack@neutron-api.service[86938]: DEBUG neutron_lib.callbacks.manager [None req-7f7b416e-bd79-4660-bb38-69d419637b93 admin admin] Publish callbacks ['neutron.plugins.ml2.drivers.ovn.mech_driver.mech_driver.OVNMechanismDriver._delete_security_group-848860', 'neutron.plugins.ml2.ovo_rpc._ObjectChangeHandler.handle_event-1601793'] for security_group (af8ac976-3fdb-409e-9ea7-e4c054c79c9d), after_delete {{(pid=86938) _notify_loop /opt/stack/data/venv/lib/python3.12/site-packages/neutron_lib/callbacks/manager.py:184}}
Jun 04 16:22:31.886160 np0000002165 devstack@neutron-api.service[86938]: DEBUG ovsdbapp.backend.ovs_idl.transaction [None req-6d6bab22-bef3-4bef-83dd-f52082ff898f None None] Running txn n=1 command(idx=0): PgDelCommand(_result=None, name=pg_af8ac976_3fdb_409e_9ea7_e4c054c79c9d, if_exists=True) {{(pid=86938) do_commit /opt/stack/data/venv/lib/python3.12/site-packages/ovsdbapp/backend/ovs_idl/transaction.py:89}}
Jun 04 16:22:31.888811 np0000002165 devstack@neutron-api.service[86938]: DEBUG neutron.plugins.ml2.drivers.ovn.mech_driver.ovsdb.ovsdb_monitor [None req-6d6bab22-bef3-4bef-83dd-f52082ff898f None None] Touching Hash Ring node "f2ee126465d85fc3ba88f2a9759290db" from IDL notify handler {{(pid=86938) notify /opt/stack/neutron/neutron/plugins/ml2/drivers/ovn/mech_driver/ovsdb/ovsdb_monitor.py:1007}}
Jun 04 16:22:31.889439 np0000002165 devstack@neutron-api.service[86940]: DEBUG neutron.plugins.ml2.drivers.ovn.mech_driver.ovsdb.ovsdb_monitor [None req-d9435d3c-3a8e-42e0-95cf-10bbf63bb83a None None] Touching Hash Ring node "131194ef90275c23907a6a25128667dd" from IDL notify handler {{(pid=86940) notify /opt/stack/neutron/neutron/plugins/ml2/drivers/ovn/mech_driver/ovsdb/ovsdb_monitor.py:1007}}
Jun 04 16:22:31.891846 np0000002165 devstack@neutron-api.service[86938]: DEBUG neutron.plugins.ml2.drivers.ovn.mech_driver.ovsdb.ovsdb_monitor [None req-6d6bab22-bef3-4bef-83dd-f52082ff898f None None] Hash Ring: Node f2ee126465d85fc3ba88f2a9759290db (host: np0000002165) handling event "delete" for row bff754ab-f242-4c90-a0a6-19fe670e7f7c (table: Port_Group) {{(pid=86938) notify /opt/stack/neutron/neutron/plugins/ml2/drivers/ovn/mech_driver/ovsdb/ovsdb_monitor.py:1015}}
Jun 04 16:22:31.892370 np0000002165 devstack@neutron-api.service[86940]: DEBUG neutron.plugins.ml2.drivers.ovn.mech_driver.ovsdb.ovsdb_monitor [None req-d9435d3c-3a8e-42e0-95cf-10bbf63bb83a None None] Hash Ring: Node 131194ef90275c23907a6a25128667dd (host: np0000002165) handling event "delete" for row 1c7f55d1-e67e-40a4-a03e-4f6c27d1abd8 (table: ACL) {{(pid=86940) notify /opt/stack/neutron/neutron/plugins/ml2/drivers/ovn/mech_driver/ovsdb/ovsdb_monitor.py:1015}}
Jun 04 16:22:31.892585 np0000002165 devstack@neutron-api.service[86938]: DEBUG neutron.db.ovn_revision_numbers_db [None req-7f7b416e-bd79-4660-bb38-69d419637b93 admin admin] delete_revision(af8ac976-3fdb-409e-9ea7-e4c054c79c9d) {{(pid=86938) delete_revision /opt/stack/neutron/neutron/db/ovn_revision_numbers_db.py:112}}
Jun 04 16:22:31.893148 np0000002165 devstack@neutron-api.service[86940]: DEBUG neutron.plugins.ml2.drivers.ovn.mech_driver.ovsdb.ovsdb_monitor [None req-d9435d3c-3a8e-42e0-95cf-10bbf63bb83a None None] Touching Hash Ring node "131194ef90275c23907a6a25128667dd" from IDL notify handler {{(pid=86940) notify /opt/stack/neutron/neutron/plugins/ml2/drivers/ovn/mech_driver/ovsdb/ovsdb_monitor.py:1007}}
Jun 04 16:22:31.895748 np0000002165 devstack@neutron-api.service[86940]: DEBUG neutron.plugins.ml2.drivers.ovn.mech_driver.ovsdb.ovsdb_monitor [None req-d9435d3c-3a8e-42e0-95cf-10bbf63bb83a None None] Hash Ring: Node 131194ef90275c23907a6a25128667dd (host: np0000002165) handling event "delete" for row ea48d25f-6c51-4fb1-9ea5-0d431e928266 (table: ACL) {{(pid=86940) notify /opt/stack/neutron/neutron/plugins/ml2/drivers/ovn/mech_driver/ovsdb/ovsdb_monitor.py:1015}}
Jun 04 16:22:31.897443 np0000002165 devstack@neutron-api.service[86938]: DEBUG neutron.db.ovn_revision_numbers_db [None req-7f7b416e-bd79-4660-bb38-69d419637b93 admin admin] delete_revisions(['3536d301-2fd5-4707-881e-0bc079cc861e', 'd744886b-a56d-4ce1-8097-f31add57e727']) {{(pid=86938) delete_revisions /opt/stack/neutron/neutron/db/ovn_revision_numbers_db.py:127}}
Jun 04 16:22:31.907301 np0000002165 devstack@neutron-api.service[86938]: DEBUG neutron.api.rpc.handlers.resources_rpc [None req-7f7b416e-bd79-4660-bb38-69d419637b93 admin admin] Pushing event deleted for resources: {'SecurityGroup': ['ID=af8ac976-3fdb-409e-9ea7-e4c054c79c9d,revision_number=None']} {{(pid=86938) push /opt/stack/neutron/neutron/api/rpc/handlers/resources_rpc.py:237}}
Jun 04 16:22:31.910317 np0000002165 devstack@neutron-api.service[86938]: DEBUG neutron_lib.callbacks.manager [None req-7f7b416e-bd79-4660-bb38-69d419637b93 admin admin] Publish callbacks [] for security_group (None), before_response {{(pid=86938) _notify_loop /opt/stack/data/venv/lib/python3.12/site-packages/neutron_lib/callbacks/manager.py:184}}
Jun 04 16:22:31.910766 np0000002165 devstack@neutron-api.service[86938]: [pid: 86938|app: 0|req: 21/43] 10.4.3.232 () {66 vars in 1390 bytes} [Thu Jun 4 16:22:31 2026] DELETE /networking/v2.0/security-groups/af8ac976-3fdb-409e-9ea7-e4c054c79c9d => generated 0 bytes in 129 msecs (HTTP/1.1 204) 2 headers in 112 bytes (1 switches on core 0)
Jun 04 16:22:33.434375 np0000002165 devstack@neutron-api.service[86940]: DEBUG futurist.periodics [-] Submitting periodic callback 'neutron.plugins.ml2.drivers.ovn.mech_driver.ovsdb.maintenance.HashRingHealthCheckPeriodics.touch_hash_ring_node' {{(pid=86940) _process_scheduled /opt/stack/data/venv/lib/python3.12/site-packages/futurist/periodics.py:784}}
Jun 04 16:22:33.434841 np0000002165 devstack@neutron-api.service[86940]: DEBUG neutron.plugins.ml2.drivers.ovn.mech_driver.ovsdb.maintenance [-] Touching Hash Ring node "131194ef90275c23907a6a25128667dd" from periodic health check thread {{(pid=86940) touch_hash_ring_node /opt/stack/neutron/neutron/plugins/ml2/drivers/ovn/mech_driver/ovsdb/maintenance.py:1421}}
Jun 04 16:22:34.323076 np0000002165 devstack@neutron-api.service[86938]: DEBUG futurist.periodics [-] Submitting periodic callback 'neutron.plugins.ml2.drivers.ovn.mech_driver.ovsdb.maintenance.HashRingHealthCheckPeriodics.touch_hash_ring_node' {{(pid=86938) _process_scheduled /opt/stack/data/venv/lib/python3.12/site-packages/futurist/periodics.py:784}}
Jun 04 16:22:34.323540 np0000002165 devstack@neutron-api.service[86938]: DEBUG neutron.plugins.ml2.drivers.ovn.mech_driver.ovsdb.maintenance [-] Touching Hash Ring node "f2ee126465d85fc3ba88f2a9759290db" from periodic health check thread {{(pid=86938) touch_hash_ring_node /opt/stack/neutron/neutron/plugins/ml2/drivers/ovn/mech_driver/ovsdb/maintenance.py:1421}}
Jun 04 16:22:43.442745 np0000002165 devstack@neutron-api.service[86940]: DEBUG dbcounter [-] [86940] Writing DB stats neutron:SELECT=58,neutron:INSERT=16,neutron:UPDATE=11 {{(pid=86940) stat_writer /opt/stack/data/venv/lib/python3.12/site-packages/dbcounter.py:115}}
Jun 04 16:22:44.330250 np0000002165 devstack@neutron-api.service[86938]: DEBUG dbcounter [-] [86938] Writing DB stats neutron:UPDATE=8,neutron:SELECT=42,neutron:DELETE=8 {{(pid=86938) stat_writer /opt/stack/data/venv/lib/python3.12/site-packages/dbcounter.py:115}}
Jun 04 16:22:48.434899 np0000002165 devstack@neutron-api.service[86940]: DEBUG futurist.periodics [-] Submitting periodic callback 'neutron.plugins.ml2.drivers.ovn.mech_driver.ovsdb.maintenance.HashRingHealthCheckPeriodics.touch_hash_ring_node' {{(pid=86940) _process_scheduled /opt/stack/data/venv/lib/python3.12/site-packages/futurist/periodics.py:784}}
Jun 04 16:22:48.435475 np0000002165 devstack@neutron-api.service[86940]: DEBUG neutron.plugins.ml2.drivers.ovn.mech_driver.ovsdb.maintenance [-] Touching Hash Ring node "131194ef90275c23907a6a25128667dd" from periodic health check thread {{(pid=86940) touch_hash_ring_node /opt/stack/neutron/neutron/plugins/ml2/drivers/ovn/mech_driver/ovsdb/maintenance.py:1421}}
Jun 04 16:22:49.323594 np0000002165 devstack@neutron-api.service[86938]: DEBUG futurist.periodics [-] Submitting periodic callback 'neutron.plugins.ml2.drivers.ovn.mech_driver.ovsdb.maintenance.HashRingHealthCheckPeriodics.touch_hash_ring_node' {{(pid=86938) _process_scheduled /opt/stack/data/venv/lib/python3.12/site-packages/futurist/periodics.py:784}}
Jun 04 16:22:49.324282 np0000002165 devstack@neutron-api.service[86938]: DEBUG neutron.plugins.ml2.drivers.ovn.mech_driver.ovsdb.maintenance [-] Touching Hash Ring node "f2ee126465d85fc3ba88f2a9759290db" from periodic health check thread {{(pid=86938) touch_hash_ring_node /opt/stack/neutron/neutron/plugins/ml2/drivers/ovn/mech_driver/ovsdb/maintenance.py:1421}}
Jun 04 16:22:58.441501 np0000002165 devstack@neutron-api.service[86940]: DEBUG dbcounter [-] [86940] Writing DB stats neutron:UPDATE=1,neutron:SELECT=1 {{(pid=86940) stat_writer /opt/stack/data/venv/lib/python3.12/site-packages/dbcounter.py:115}}
Jun 04 16:22:59.329943 np0000002165 devstack@neutron-api.service[86938]: DEBUG dbcounter [-] [86938] Writing DB stats neutron:UPDATE=1,neutron:SELECT=1 {{(pid=86938) stat_writer /opt/stack/data/venv/lib/python3.12/site-packages/dbcounter.py:115}}
Jun 04 16:23:03.435818 np0000002165 devstack@neutron-api.service[86940]: DEBUG futurist.periodics [-] Submitting periodic callback 'neutron.plugins.ml2.drivers.ovn.mech_driver.ovsdb.maintenance.HashRingHealthCheckPeriodics.touch_hash_ring_node' {{(pid=86940) _process_scheduled /opt/stack/data/venv/lib/python3.12/site-packages/futurist/periodics.py:784}}
Jun 04 16:23:03.437394 np0000002165 devstack@neutron-api.service[86940]: DEBUG neutron.plugins.ml2.drivers.ovn.mech_driver.ovsdb.maintenance [-] Touching Hash Ring node "131194ef90275c23907a6a25128667dd" from periodic health check thread {{(pid=86940) touch_hash_ring_node /opt/stack/neutron/neutron/plugins/ml2/drivers/ovn/mech_driver/ovsdb/maintenance.py:1421}}
Jun 04 16:23:04.324109 np0000002165 devstack@neutron-api.service[86938]: DEBUG futurist.periodics [-] Submitting periodic callback 'neutron.plugins.ml2.drivers.ovn.mech_driver.ovsdb.maintenance.HashRingHealthCheckPeriodics.touch_hash_ring_node' {{(pid=86938) _process_scheduled /opt/stack/data/venv/lib/python3.12/site-packages/futurist/periodics.py:784}}
Jun 04 16:23:04.324552 np0000002165 devstack@neutron-api.service[86938]: DEBUG neutron.plugins.ml2.drivers.ovn.mech_driver.ovsdb.maintenance [-] Touching Hash Ring node "f2ee126465d85fc3ba88f2a9759290db" from periodic health check thread {{(pid=86938) touch_hash_ring_node /opt/stack/neutron/neutron/plugins/ml2/drivers/ovn/mech_driver/ovsdb/maintenance.py:1421}}
Jun 04 16:23:13.444868 np0000002165 devstack@neutron-api.service[86940]: DEBUG dbcounter [-] [86940] Writing DB stats neutron:UPDATE=1,neutron:SELECT=1 {{(pid=86940) stat_writer /opt/stack/data/venv/lib/python3.12/site-packages/dbcounter.py:115}}
Jun 04 16:23:14.329968 np0000002165 devstack@neutron-api.service[86938]: DEBUG dbcounter [-] [86938] Writing DB stats neutron:UPDATE=1,neutron:SELECT=1 {{(pid=86938) stat_writer /opt/stack/data/venv/lib/python3.12/site-packages/dbcounter.py:115}}
Jun 04 16:23:17.421321 np0000002165 devstack@neutron-api.service[86940]: DEBUG neutron.api.v2.base [None req-ce51af57-23de-4d72-b00d-13de8f093294 admin admin] Request body: {'network': {'name': 'tempest-TestVolumeSwap-548153407-network', 'project_id': '4af1a86a05924abebcab90f2f02df4e3'}} {{(pid=86940) prepare_request_body /opt/stack/neutron/neutron/api/v2/base.py:727}}
Jun 04 16:23:17.434445 np0000002165 devstack@neutron-api.service[86940]: DEBUG neutron.pecan_wsgi.hooks.quota_enforcement [None req-ce51af57-23de-4d72-b00d-13de8f093294 admin admin] Made reservation on behalf of 4af1a86a05924abebcab90f2f02df4e3 for: {'network': 1} {{(pid=86940) before /opt/stack/neutron/neutron/pecan_wsgi/hooks/quota_enforcement.py:66}}
Jun 04 16:23:17.437756 np0000002165 devstack@neutron-api.service[86940]: DEBUG neutron_lib.callbacks.manager [None req-ce51af57-23de-4d72-b00d-13de8f093294 admin admin] Publish callbacks ['neutron.plugins.ml2.plugin.SecurityGroupDbMixin._ensure_default_security_group_handler-470778'] for network (None), before_create {{(pid=86940) _notify_loop /opt/stack/data/venv/lib/python3.12/site-packages/neutron_lib/callbacks/manager.py:184}}
Jun 04 16:23:17.442111 np0000002165 devstack@neutron-api.service[86940]: DEBUG neutron_lib.callbacks.manager [None req-ce51af57-23de-4d72-b00d-13de8f093294 admin admin] Publish callbacks [] for security_group (None), before_create {{(pid=86940) _notify_loop /opt/stack/data/venv/lib/python3.12/site-packages/neutron_lib/callbacks/manager.py:184}}
Jun 04 16:23:17.502684 np0000002165 devstack@neutron-api.service[86940]: DEBUG neutron_lib.callbacks.manager [None req-ce51af57-23de-4d72-b00d-13de8f093294 admin admin] Publish callbacks ['neutron.plugins.ml2.drivers.ovn.mech_driver.mech_driver.OVNMechanismDriver._create_security_group_precommit-857987'] for security_group (800d51bb-9ff6-422d-a538-d0a26ed077cf), precommit_create {{(pid=86940) _notify_loop /opt/stack/data/venv/lib/python3.12/site-packages/neutron_lib/callbacks/manager.py:184}}
Jun 04 16:23:17.502788 np0000002165 devstack@neutron-api.service[86940]: DEBUG neutron.db.ovn_revision_numbers_db [None req-ce51af57-23de-4d72-b00d-13de8f093294 admin admin] create_initial_revision uuid=800d51bb-9ff6-422d-a538-d0a26ed077cf, type=security_groups, rev=-1 {{(pid=86940) create_initial_revision /opt/stack/neutron/neutron/db/ovn_revision_numbers_db.py:98}}
Jun 04 16:23:17.504084 np0000002165 devstack@neutron-api.service[86940]: DEBUG neutron.db.ovn_revision_numbers_db [None req-ce51af57-23de-4d72-b00d-13de8f093294 admin admin] create_initial_revision uuid=15054dd9-f34e-4012-832f-bd6170d6c88f, type=security_group_rules, rev=-1 {{(pid=86940) create_initial_revision /opt/stack/neutron/neutron/db/ovn_revision_numbers_db.py:98}}
Jun 04 16:23:17.505123 np0000002165 devstack@neutron-api.service[86940]: DEBUG neutron.db.ovn_revision_numbers_db [None req-ce51af57-23de-4d72-b00d-13de8f093294 admin admin] create_initial_revision uuid=8d524f19-a9be-4f10-a2f9-2fd4dcc08e60, type=security_group_rules, rev=-1 {{(pid=86940) create_initial_revision /opt/stack/neutron/neutron/db/ovn_revision_numbers_db.py:98}}
Jun 04 16:23:17.506071 np0000002165 devstack@neutron-api.service[86940]: DEBUG neutron.db.ovn_revision_numbers_db [None req-ce51af57-23de-4d72-b00d-13de8f093294 admin admin] create_initial_revision uuid=8d85e79c-24ed-4147-b06c-f23091d8ccf8, type=security_group_rules, rev=-1 {{(pid=86940) create_initial_revision /opt/stack/neutron/neutron/db/ovn_revision_numbers_db.py:98}}
Jun 04 16:23:17.507127 np0000002165 devstack@neutron-api.service[86940]: DEBUG neutron.db.ovn_revision_numbers_db [None req-ce51af57-23de-4d72-b00d-13de8f093294 admin admin] create_initial_revision uuid=d68ecc11-6ddb-4470-950a-db2e72b3bb0d, type=security_group_rules, rev=-1 {{(pid=86940) create_initial_revision /opt/stack/neutron/neutron/db/ovn_revision_numbers_db.py:98}}
Jun 04 16:23:17.511209 np0000002165 devstack@neutron-api.service[86940]: DEBUG neutron_lib.callbacks.manager [None req-ce51af57-23de-4d72-b00d-13de8f093294 admin admin] Publish callbacks ['neutron.plugins.ml2.drivers.ovn.mech_driver.mech_driver.OVNMechanismDriver._create_security_group-857993', 'neutron.plugins.ml2.ovo_rpc._ObjectChangeHandler.handle_event-886013'] for security_group (800d51bb-9ff6-422d-a538-d0a26ed077cf), after_create {{(pid=86940) _notify_loop /opt/stack/data/venv/lib/python3.12/site-packages/neutron_lib/callbacks/manager.py:184}}
Jun 04 16:23:17.512274 np0000002165 devstack@neutron-api.service[86940]: DEBUG ovsdbapp.backend.ovs_idl.transaction [None req-d9435d3c-3a8e-42e0-95cf-10bbf63bb83a None None] Running txn n=1 command(idx=0): PgAddCommand(_result=None, name=pg_800d51bb_9ff6_422d_a538_d0a26ed077cf, may_exist=False, columns={'acls': [], 'external_ids': {'neutron:security_group_id': '800d51bb-9ff6-422d-a538-d0a26ed077cf'}}) {{(pid=86940) do_commit /opt/stack/data/venv/lib/python3.12/site-packages/ovsdbapp/backend/ovs_idl/transaction.py:89}}
Jun 04 16:23:17.512274 np0000002165 devstack@neutron-api.service[86940]: DEBUG ovsdbapp.backend.ovs_idl.transaction [None req-d9435d3c-3a8e-42e0-95cf-10bbf63bb83a None None] Running txn n=1 command(idx=1): PgAclAddCommand(_result=None, entity=pg_800d51bb_9ff6_422d_a538_d0a26ed077cf, direction=from-lport, priority=1002, match=inport == @pg_800d51bb_9ff6_422d_a538_d0a26ed077cf && ip6, action=allow-related, log=False, may_exist=True, severity=[], name=[], meter=[], external_ids={'neutron:security_group_rule_id': '15054dd9-f34e-4012-832f-bd6170d6c88f'}) {{(pid=86940) do_commit /opt/stack/data/venv/lib/python3.12/site-packages/ovsdbapp/backend/ovs_idl/transaction.py:89}}
Jun 04 16:23:17.512455 np0000002165 devstack@neutron-api.service[86940]: DEBUG ovsdbapp.backend.ovs_idl.transaction [None req-d9435d3c-3a8e-42e0-95cf-10bbf63bb83a None None] Running txn n=1 command(idx=2): PgAclAddCommand(_result=None, entity=pg_800d51bb_9ff6_422d_a538_d0a26ed077cf, direction=to-lport, priority=1002, match=outport == @pg_800d51bb_9ff6_422d_a538_d0a26ed077cf && ip4 && ip4.src == $pg_800d51bb_9ff6_422d_a538_d0a26ed077cf_ip4, action=allow-related, log=False, may_exist=True, severity=[], name=[], meter=[], external_ids={'neutron:security_group_rule_id': '8d524f19-a9be-4f10-a2f9-2fd4dcc08e60'}) {{(pid=86940) do_commit /opt/stack/data/venv/lib/python3.12/site-packages/ovsdbapp/backend/ovs_idl/transaction.py:89}}
Jun 04 16:23:17.512580 np0000002165 devstack@neutron-api.service[86940]: DEBUG ovsdbapp.backend.ovs_idl.transaction [None req-d9435d3c-3a8e-42e0-95cf-10bbf63bb83a None None] Running txn n=1 command(idx=3): PgAclAddCommand(_result=None, entity=pg_800d51bb_9ff6_422d_a538_d0a26ed077cf, direction=from-lport, priority=1002, match=inport == @pg_800d51bb_9ff6_422d_a538_d0a26ed077cf && ip4, action=allow-related, log=False, may_exist=True, severity=[], name=[], meter=[], external_ids={'neutron:security_group_rule_id': '8d85e79c-24ed-4147-b06c-f23091d8ccf8'}) {{(pid=86940) do_commit /opt/stack/data/venv/lib/python3.12/site-packages/ovsdbapp/backend/ovs_idl/transaction.py:89}}
Jun 04 16:23:17.512824 np0000002165 devstack@neutron-api.service[86940]: DEBUG ovsdbapp.backend.ovs_idl.transaction [None req-d9435d3c-3a8e-42e0-95cf-10bbf63bb83a None None] Running txn n=1 command(idx=4): PgAclAddCommand(_result=None, entity=pg_800d51bb_9ff6_422d_a538_d0a26ed077cf, direction=to-lport, priority=1002, match=outport == @pg_800d51bb_9ff6_422d_a538_d0a26ed077cf && ip6 && ip6.src == $pg_800d51bb_9ff6_422d_a538_d0a26ed077cf_ip6, action=allow-related, log=False, may_exist=True, severity=[], name=[], meter=[], external_ids={'neutron:security_group_rule_id': 'd68ecc11-6ddb-4470-950a-db2e72b3bb0d'}) {{(pid=86940) do_commit /opt/stack/data/venv/lib/python3.12/site-packages/ovsdbapp/backend/ovs_idl/transaction.py:89}}
Jun 04 16:23:17.521651 np0000002165 devstack@neutron-api.service[86940]: DEBUG neutron.common.ovn.hash_ring_manager [None req-d9435d3c-3a8e-42e0-95cf-10bbf63bb83a None None] Hash Ring loaded. 2 active nodes. 0 offline nodes {{(pid=86940) _load_hash_ring /opt/stack/neutron/neutron/common/ovn/hash_ring_manager.py:102}}
Jun 04 16:23:17.521888 np0000002165 devstack@neutron-api.service[86940]: DEBUG neutron.plugins.ml2.drivers.ovn.mech_driver.ovsdb.ovsdb_monitor [None req-d9435d3c-3a8e-42e0-95cf-10bbf63bb83a None None] Hash Ring: Node 131194ef90275c23907a6a25128667dd (host: np0000002165) handling event "create" for row 7e14f704-e751-4ac2-b1c1-1382961cdb4e (table: ACL) {{(pid=86940) notify /opt/stack/neutron/neutron/plugins/ml2/drivers/ovn/mech_driver/ovsdb/ovsdb_monitor.py:1015}}
Jun 04 16:23:17.526928 np0000002165 devstack@neutron-api.service[86938]: DEBUG neutron.common.ovn.hash_ring_manager [None req-6d6bab22-bef3-4bef-83dd-f52082ff898f None None] Hash Ring loaded. 2 active nodes. 0 offline nodes {{(pid=86938) _load_hash_ring /opt/stack/neutron/neutron/common/ovn/hash_ring_manager.py:102}}
Jun 04 16:23:17.527256 np0000002165 devstack@neutron-api.service[86938]: DEBUG neutron.plugins.ml2.drivers.ovn.mech_driver.ovsdb.ovsdb_monitor [None req-6d6bab22-bef3-4bef-83dd-f52082ff898f None None] Hash Ring: Node f2ee126465d85fc3ba88f2a9759290db (host: np0000002165) handling event "create" for row 01141609-d6f5-4e09-96be-848502f55e0b (table: ACL) {{(pid=86938) notify /opt/stack/neutron/neutron/plugins/ml2/drivers/ovn/mech_driver/ovsdb/ovsdb_monitor.py:1015}}
Jun 04 16:23:17.527496 np0000002165 devstack@neutron-api.service[86938]: DEBUG neutron.plugins.ml2.drivers.ovn.mech_driver.ovsdb.ovsdb_monitor [None req-6d6bab22-bef3-4bef-83dd-f52082ff898f None None] Hash Ring: Node f2ee126465d85fc3ba88f2a9759290db (host: np0000002165) handling event "create" for row 93d2a55b-8baa-4bf5-8cc0-d7e9a0f7a473 (table: ACL) {{(pid=86938) notify /opt/stack/neutron/neutron/plugins/ml2/drivers/ovn/mech_driver/ovsdb/ovsdb_monitor.py:1015}}
Jun 04 16:23:17.527743 np0000002165 devstack@neutron-api.service[86938]: DEBUG neutron.plugins.ml2.drivers.ovn.mech_driver.ovsdb.ovsdb_monitor [None req-6d6bab22-bef3-4bef-83dd-f52082ff898f None None] Hash Ring: Node f2ee126465d85fc3ba88f2a9759290db (host: np0000002165) handling event "create" for row a40a86ea-a669-45cb-aa10-3be238adb09f (table: ACL) {{(pid=86938) notify /opt/stack/neutron/neutron/plugins/ml2/drivers/ovn/mech_driver/ovsdb/ovsdb_monitor.py:1015}}
Jun 04 16:23:17.527973 np0000002165 devstack@neutron-api.service[86938]: DEBUG neutron.plugins.ml2.drivers.ovn.mech_driver.ovsdb.ovsdb_monitor [None req-6d6bab22-bef3-4bef-83dd-f52082ff898f None None] Hash Ring: Node f2ee126465d85fc3ba88f2a9759290db (host: np0000002165) handling event "create" for row c093cfa9-b920-465c-87e1-0a80f6013e2c (table: Port_Group) {{(pid=86938) notify /opt/stack/neutron/neutron/plugins/ml2/drivers/ovn/mech_driver/ovsdb/ovsdb_monitor.py:1015}}
Jun 04 16:23:17.535123 np0000002165 devstack@neutron-api.service[86940]: INFO neutron.db.ovn_revision_numbers_db [None req-ce51af57-23de-4d72-b00d-13de8f093294 admin admin] Successfully bumped revision number for resource 800d51bb-9ff6-422d-a538-d0a26ed077cf (type: security_groups) to 1
Jun 04 16:23:17.544929 np0000002165 devstack@neutron-api.service[86940]: INFO neutron.db.ovn_revision_numbers_db [None req-ce51af57-23de-4d72-b00d-13de8f093294 admin admin] Successfully bumped revision number for resource 15054dd9-f34e-4012-832f-bd6170d6c88f (type: security_group_rules) to 0
Jun 04 16:23:17.553407 np0000002165 devstack@neutron-api.service[86940]: INFO neutron.db.ovn_revision_numbers_db [None req-ce51af57-23de-4d72-b00d-13de8f093294 admin admin] Successfully bumped revision number for resource 8d524f19-a9be-4f10-a2f9-2fd4dcc08e60 (type: security_group_rules) to 0
Jun 04 16:23:17.561696 np0000002165 devstack@neutron-api.service[86940]: INFO neutron.db.ovn_revision_numbers_db [None req-ce51af57-23de-4d72-b00d-13de8f093294 admin admin] Successfully bumped revision number for resource 8d85e79c-24ed-4147-b06c-f23091d8ccf8 (type: security_group_rules) to 0
Jun 04 16:23:17.570379 np0000002165 devstack@neutron-api.service[86940]: INFO neutron.db.ovn_revision_numbers_db [None req-ce51af57-23de-4d72-b00d-13de8f093294 admin admin] Successfully bumped revision number for resource d68ecc11-6ddb-4470-950a-db2e72b3bb0d (type: security_group_rules) to 0
Jun 04 16:23:17.591311 np0000002165 devstack@neutron-api.service[86940]: DEBUG neutron.api.rpc.handlers.resources_rpc [None req-ce51af57-23de-4d72-b00d-13de8f093294 admin admin] Pushing event updated for resources: {'SecurityGroup': ['ID=800d51bb-9ff6-422d-a538-d0a26ed077cf,revision_number=1']} {{(pid=86940) push /opt/stack/neutron/neutron/api/rpc/handlers/resources_rpc.py:237}}
Jun 04 16:23:17.595518 np0000002165 devstack@neutron-api.service[86940]: DEBUG ovsdbapp.backend.ovs_idl.transaction [None req-d9435d3c-3a8e-42e0-95cf-10bbf63bb83a None None] Running txn n=1 command(idx=0): CheckLivenessCommand(_result=None) {{(pid=86940) do_commit /opt/stack/data/venv/lib/python3.12/site-packages/ovsdbapp/backend/ovs_idl/transaction.py:89}}
Jun 04 16:23:17.597866 np0000002165 devstack@neutron-api.service[86940]: DEBUG neutron.plugins.ml2.drivers.ovn.mech_driver.ovsdb.ovsdb_monitor [None req-d9435d3c-3a8e-42e0-95cf-10bbf63bb83a None None] Hash Ring: Node 131194ef90275c23907a6a25128667dd (host: np0000002165) handling event "update" for row f75b2891-d7ea-4b7e-8b6e-f1821f91a71a (table: NB_Global) {{(pid=86940) notify /opt/stack/neutron/neutron/plugins/ml2/drivers/ovn/mech_driver/ovsdb/ovsdb_monitor.py:1015}}
Jun 04 16:23:17.598178 np0000002165 devstack@neutron-api.service[86940]: DEBUG neutron.plugins.ml2.drivers.ovn.mech_driver.ovsdb.ovsdb_monitor [None req-d9435d3c-3a8e-42e0-95cf-10bbf63bb83a None None] Hash Ring: Node 131194ef90275c23907a6a25128667dd (host: np0000002165) handling event "update" for row f75b2891-d7ea-4b7e-8b6e-f1821f91a71a (table: NB_Global) {{(pid=86940) notify /opt/stack/neutron/neutron/plugins/ml2/drivers/ovn/mech_driver/ovsdb/ovsdb_monitor.py:1015}}
Jun 04 16:23:17.598746 np0000002165 devstack@neutron-api.service[86940]: DEBUG neutron.plugins.ml2.drivers.ovn.mech_driver.ovsdb.ovsdb_monitor [None req-d9435d3c-3a8e-42e0-95cf-10bbf63bb83a None None] Hash Ring: Node 131194ef90275c23907a6a25128667dd (host: np0000002165) handling event "update" for row f75b2891-d7ea-4b7e-8b6e-f1821f91a71a (table: NB_Global) {{(pid=86940) notify /opt/stack/neutron/neutron/plugins/ml2/drivers/ovn/mech_driver/ovsdb/ovsdb_monitor.py:1015}}
Jun 04 16:23:17.600988 np0000002165 devstack@neutron-api.service[86940]: DEBUG neutron.api.rpc.callbacks.version_manager [None req-ce51af57-23de-4d72-b00d-13de8f093294 admin admin] Tracked resource versions report:
Jun 04 16:23:17.600988 np0000002165 devstack@neutron-api.service[86940]: pushed versions:
Jun 04 16:23:17.600988 np0000002165 devstack@neutron-api.service[86940]: { 'AddressGroup': {'1.2'},
Jun 04 16:23:17.600988 np0000002165 devstack@neutron-api.service[86940]: 'Agent': {'1.1'},
Jun 04 16:23:17.600988 np0000002165 devstack@neutron-api.service[86940]: 'ConntrackHelper': {'1.0'},
Jun 04 16:23:17.600988 np0000002165 devstack@neutron-api.service[86940]: 'LocalIPAssociation': {'1.0'},
Jun 04 16:23:17.600988 np0000002165 devstack@neutron-api.service[86940]: 'Log': {'1.0'},
Jun 04 16:23:17.600988 np0000002165 devstack@neutron-api.service[86940]: 'NDPProxy': {'1.0'},
Jun 04 16:23:17.600988 np0000002165 devstack@neutron-api.service[86940]: 'Network': {'1.3'},
Jun 04 16:23:17.600988 np0000002165 devstack@neutron-api.service[86940]: 'Port': {'1.11'},
Jun 04 16:23:17.600988 np0000002165 devstack@neutron-api.service[86940]: 'PortForwarding': {'1.3'},
Jun 04 16:23:17.600988 np0000002165 devstack@neutron-api.service[86940]: 'QosPolicy': {'1.10'},
Jun 04 16:23:17.600988 np0000002165 devstack@neutron-api.service[86940]: 'SecurityGroup': {'1.6'},
Jun 04 16:23:17.600988 np0000002165 devstack@neutron-api.service[86940]: 'SecurityGroupRule': {'1.3'},
Jun 04 16:23:17.600988 np0000002165 devstack@neutron-api.service[86940]: 'SubPort': {'1.0'},
Jun 04 16:23:17.600988 np0000002165 devstack@neutron-api.service[86940]: 'Subnet': {'1.2'},
Jun 04 16:23:17.600988 np0000002165 devstack@neutron-api.service[86940]: 'Trunk': {'1.1'}}
Jun 04 16:23:17.600988 np0000002165 devstack@neutron-api.service[86940]: consumer versions:
Jun 04 16:23:17.600988 np0000002165 devstack@neutron-api.service[86940]: { OVN Controller Gateway agent@np0000002165: {},
Jun 04 16:23:17.600988 np0000002165 devstack@neutron-api.service[86940]: OVN Neutron agent@np0000002165: {}}
Jun 04 16:23:17.600988 np0000002165 devstack@neutron-api.service[86940]: {{(pid=86940) report /opt/stack/neutron/neutron/api/rpc/callbacks/version_manager.py:183}}
Jun 04 16:23:17.606356 np0000002165 devstack@neutron-api.service[86938]: DEBUG neutron.plugins.ml2.drivers.ovn.mech_driver.ovsdb.ovsdb_monitor [None req-96b526b9-6696-4b0d-b88b-2ceb9a147662 None None] ChassisAgentWriteEvent : Matched Chassis_Private, update, None None {{(pid=86938) matches /opt/stack/neutron/neutron/plugins/ml2/drivers/ovn/mech_driver/ovsdb/ovsdb_monitor.py:64}}
Jun 04 16:23:17.606994 np0000002165 devstack@neutron-api.service[86940]: DEBUG neutron.plugins.ml2.drivers.ovn.mech_driver.ovsdb.ovsdb_monitor [None req-28d3ed23-4500-42a6-925e-93bc60272f02 None None] ChassisAgentWriteEvent : Matched Chassis_Private, update, None None {{(pid=86940) matches /opt/stack/neutron/neutron/plugins/ml2/drivers/ovn/mech_driver/ovsdb/ovsdb_monitor.py:64}}
Jun 04 16:23:17.607233 np0000002165 devstack@neutron-api.service[86940]: DEBUG neutron.plugins.ml2.drivers.ovn.mech_driver.ovsdb.ovsdb_monitor [None req-d9435d3c-3a8e-42e0-95cf-10bbf63bb83a None None] Hash Ring: Node 131194ef90275c23907a6a25128667dd (host: np0000002165) handling event "update" for row f75b2891-d7ea-4b7e-8b6e-f1821f91a71a (table: NB_Global) {{(pid=86940) notify /opt/stack/neutron/neutron/plugins/ml2/drivers/ovn/mech_driver/ovsdb/ovsdb_monitor.py:1015}}
Jun 04 16:23:17.612845 np0000002165 devstack@neutron-api.service[86938]: DEBUG neutron.common.ovn.hash_ring_manager [None req-96b526b9-6696-4b0d-b88b-2ceb9a147662 None None] Hash Ring loaded. 2 active nodes. 0 offline nodes {{(pid=86938) _load_hash_ring /opt/stack/neutron/neutron/common/ovn/hash_ring_manager.py:102}}
Jun 04 16:23:17.613440 np0000002165 devstack@neutron-api.service[86938]: DEBUG neutron.plugins.ml2.drivers.ovn.mech_driver.ovsdb.ovsdb_monitor [None req-96b526b9-6696-4b0d-b88b-2ceb9a147662 None None] Hash Ring: Node f2ee126465d85fc3ba88f2a9759290db (host: np0000002165) handling event "update" for row f3712515-de1a-408b-bbb5-542f81619f26 (table: Chassis_Private) {{(pid=86938) notify /opt/stack/neutron/neutron/plugins/ml2/drivers/ovn/mech_driver/ovsdb/ovsdb_monitor.py:1015}}
Jun 04 16:23:17.617399 np0000002165 devstack@neutron-api.service[86940]: DEBUG neutron.common.ovn.hash_ring_manager [None req-28d3ed23-4500-42a6-925e-93bc60272f02 None None] Hash Ring loaded. 2 active nodes. 0 offline nodes {{(pid=86940) _load_hash_ring /opt/stack/neutron/neutron/common/ovn/hash_ring_manager.py:102}}
Jun 04 16:23:17.634138 np0000002165 devstack@neutron-api.service[86940]: DEBUG neutron.plugins.ml2.drivers.helpers [None req-ce51af57-23de-4d72-b00d-13de8f093294 admin admin] geneve segment allocate from pool success with {'geneve_vni': 61602} {{(pid=86940) allocate_partially_specified_segment /opt/stack/neutron/neutron/plugins/ml2/drivers/helpers.py:142}}
Jun 04 16:23:17.640128 np0000002165 devstack@neutron-api.service[86940]: DEBUG neutron_lib.callbacks.manager [None req-ce51af57-23de-4d72-b00d-13de8f093294 admin admin] Publish callbacks ['neutron.plugins.ml2.plugin.Ml2Plugin._handle_segment_change-217112'] for segment (9810cc25-5fe1-4d59-9941-5a2745f9633a), precommit_create {{(pid=86940) _notify_loop /opt/stack/data/venv/lib/python3.12/site-packages/neutron_lib/callbacks/manager.py:184}}
Jun 04 16:23:17.640300 np0000002165 devstack@neutron-api.service[86940]: INFO neutron.db.segments_db [None req-ce51af57-23de-4d72-b00d-13de8f093294 admin admin] Added segment 9810cc25-5fe1-4d59-9941-5a2745f9633a of type geneve for network ae31490a-fb04-427f-a7c5-fb6d5036b296
Jun 04 16:23:17.651720 np0000002165 devstack@neutron-api.service[86940]: DEBUG neutron_lib.callbacks.manager [None req-ce51af57-23de-4d72-b00d-13de8f093294 admin admin] Publish callbacks ['neutron.services.auto_allocate.db._ensure_external_network_default_value_callback-7978157723168'] for network (ae31490a-fb04-427f-a7c5-fb6d5036b296), precommit_create {{(pid=86940) _notify_loop /opt/stack/data/venv/lib/python3.12/site-packages/neutron_lib/callbacks/manager.py:184}}
Jun 04 16:23:17.661751 np0000002165 devstack@neutron-api.service[86940]: DEBUG neutron.plugins.ml2.drivers.ovn.mech_driver.mech_driver [None req-ce51af57-23de-4d72-b00d-13de8f093294 admin admin] Validating network segment with type geneve, segmentation ID 61602, physical network None {{(pid=86940) _validate_network_segments /opt/stack/neutron/neutron/plugins/ml2/drivers/ovn/mech_driver/mech_driver.py:643}}
Jun 04 16:23:17.661890 np0000002165 devstack@neutron-api.service[86940]: DEBUG neutron.db.ovn_revision_numbers_db [None req-ce51af57-23de-4d72-b00d-13de8f093294 admin admin] create_initial_revision uuid=ae31490a-fb04-427f-a7c5-fb6d5036b296, type=networks, rev=-1 {{(pid=86940) create_initial_revision /opt/stack/neutron/neutron/db/ovn_revision_numbers_db.py:98}}
Jun 04 16:23:17.668436 np0000002165 devstack@neutron-api.service[86940]: DEBUG neutron_lib.callbacks.manager [None req-ce51af57-23de-4d72-b00d-13de8f093294 admin admin] Publish callbacks ['neutron.plugins.ml2.ovo_rpc._ObjectChangeHandler.handle_event-1180527'] for network (ae31490a-fb04-427f-a7c5-fb6d5036b296), after_create {{(pid=86940) _notify_loop /opt/stack/data/venv/lib/python3.12/site-packages/neutron_lib/callbacks/manager.py:184}}
