Jun 17 20:59:49.196893 np0000003098 devstack@neutron-api.service[89985]: INFO neutron.db.ovn_revision_numbers_db [None req-bd435007-c810-433f-84bb-7f9cbfbd097e admin admin] Successfully bumped revision number for resource 92d9cd0b-4729-44e8-af43-8da4b055e4fc (type: security_groups) to 1
Jun 17 20:59:49.206260 np0000003098 devstack@neutron-api.service[89985]: INFO neutron.db.ovn_revision_numbers_db [None req-bd435007-c810-433f-84bb-7f9cbfbd097e admin admin] Successfully bumped revision number for resource 40b97eef-ba68-4c24-89d9-0a4019e21083 (type: security_group_rules) to 0
Jun 17 20:59:49.207227 np0000003098 devstack@neutron-api.service[89983]: DEBUG neutron.plugins.ml2.drivers.ovn.mech_driver.mech_driver [None req-30359f8a-e3b7-4d57-9065-ba9900af0603 admin admin] Validating network segment with type geneve, segmentation ID 26368, physical network None {{(pid=89983) _validate_network_segments /opt/stack/neutron/neutron/plugins/ml2/drivers/ovn/mech_driver/mech_driver.py:643}}
Jun 17 20:59:49.207394 np0000003098 devstack@neutron-api.service[89983]: DEBUG neutron.db.ovn_revision_numbers_db [None req-30359f8a-e3b7-4d57-9065-ba9900af0603 admin admin] create_initial_revision uuid=85682621-60eb-4c88-9438-ee70edd7b714, type=networks, rev=-1 {{(pid=89983) create_initial_revision /opt/stack/neutron/neutron/db/ovn_revision_numbers_db.py:98}}
Jun 17 20:59:49.217031 np0000003098 devstack@neutron-api.service[89983]: DEBUG neutron_lib.callbacks.manager [None req-30359f8a-e3b7-4d57-9065-ba9900af0603 admin admin] Publish callbacks ['neutron.plugins.ml2.ovo_rpc._ObjectChangeHandler.handle_event-6965852'] for network (85682621-60eb-4c88-9438-ee70edd7b714), after_create {{(pid=89983) _notify_loop /opt/stack/data/venv/lib/python3.12/site-packages/neutron_lib/callbacks/manager.py:184}}
Jun 17 20:59:49.218161 np0000003098 devstack@neutron-api.service[89985]: INFO neutron.db.ovn_revision_numbers_db [None req-bd435007-c810-433f-84bb-7f9cbfbd097e admin admin] Successfully bumped revision number for resource 434b6770-74bd-44c7-a552-a0108cb841ed (type: security_group_rules) to 0
Jun 17 20:59:49.226719 np0000003098 devstack@neutron-api.service[89985]: INFO neutron.db.ovn_revision_numbers_db [None req-bd435007-c810-433f-84bb-7f9cbfbd097e admin admin] Successfully bumped revision number for resource 832898a4-9dc8-4777-81f7-5a057f2b9483 (type: security_group_rules) to 0
Jun 17 20:59:49.233384 np0000003098 devstack@neutron-api.service[89983]: DEBUG neutron.api.rpc.handlers.resources_rpc [None req-30359f8a-e3b7-4d57-9065-ba9900af0603 admin admin] Pushing event updated for resources: {'Network': ['ID=85682621-60eb-4c88-9438-ee70edd7b714,revision_number=1']} {{(pid=89983) push /opt/stack/neutron/neutron/api/rpc/handlers/resources_rpc.py:237}}
Jun 17 20:59:49.235996 np0000003098 devstack@neutron-api.service[89985]: INFO neutron.db.ovn_revision_numbers_db [None req-bd435007-c810-433f-84bb-7f9cbfbd097e admin admin] Successfully bumped revision number for resource adfc516a-1b2f-4d1e-9b56-d9eee268d080 (type: security_group_rules) to 0
Jun 17 20:59:49.241013 np0000003098 devstack@neutron-api.service[89983]: DEBUG ovsdbapp.backend.ovs_idl.transaction [None req-1825cd2e-a9ec-4ccb-8910-0899227fe319 None None] Running txn n=1 command(idx=0): AddNetworkCommand(_result=None, network_uuid=85682621-60eb-4c88-9438-ee70edd7b714, may_exist=True, columns={'external_ids': {'neutron:network_name': 'tempest-ServerActionsTestOtherB-133849041-network', 'neutron:mtu': '1372', 'neutron:revision_number': '1', 'neutron:availability_zone_hints': '', 'neutron:provnet-network-type': 'geneve'}, 'other_config': {'mcast_snoop': 'false', 'mcast_flood_unregistered': 'false', 'vlan-passthru': 'false'}}) {{(pid=89983) do_commit /opt/stack/data/venv/lib/python3.12/site-packages/ovsdbapp/backend/ovs_idl/transaction.py:89}}
Jun 17 20:59:49.244335 np0000003098 devstack@neutron-api.service[89983]: DEBUG neutron.plugins.ml2.drivers.ovn.mech_driver.ovsdb.ovsdb_monitor [None req-1825cd2e-a9ec-4ccb-8910-0899227fe319 None None] Hash Ring: Node ca89e7856ec754dd936f79ee67d80bad (host: np0000003098) handling event "create" for row 85682621-60eb-4c88-9438-ee70edd7b714 (table: Logical_Switch) {{(pid=89983) notify /opt/stack/neutron/neutron/plugins/ml2/drivers/ovn/mech_driver/ovsdb/ovsdb_monitor.py:1015}}
Jun 17 20:59:49.254638 np0000003098 devstack@neutron-api.service[89984]: DEBUG neutron.common.ovn.hash_ring_manager [None req-bd9b7c90-6cfe-4a4b-899a-cb86f66b5b57 None None] Hash Ring loaded. 3 active nodes. 0 offline nodes {{(pid=89984) _load_hash_ring /opt/stack/neutron/neutron/common/ovn/hash_ring_manager.py:110}}
Jun 17 20:59:49.262996 np0000003098 devstack@neutron-api.service[89983]: DEBUG neutron.common.ovn.hash_ring_manager [None req-8c6cf3c7-e440-4e6c-a4d1-c9c71a860bb8 None None] Hash Ring loaded. 3 active nodes. 0 offline nodes {{(pid=89983) _load_hash_ring /opt/stack/neutron/neutron/common/ovn/hash_ring_manager.py:110}}
Jun 17 20:59:49.264833 np0000003098 devstack@neutron-api.service[89985]: DEBUG neutron.common.ovn.hash_ring_manager [None req-74a9b6ee-40b9-485b-a4f5-0bcc100899f3 None None] Hash Ring loaded. 3 active nodes. 0 offline nodes {{(pid=89985) _load_hash_ring /opt/stack/neutron/neutron/common/ovn/hash_ring_manager.py:110}}
Jun 17 20:59:49.265102 np0000003098 devstack@neutron-api.service[89985]: DEBUG neutron.plugins.ml2.drivers.ovn.mech_driver.ovsdb.ovsdb_monitor [None req-74a9b6ee-40b9-485b-a4f5-0bcc100899f3 None None] Hash Ring: Node 30e4814584fe5626a8ed3af5234c3707 (host: np0000003098) handling event "create" for row 23318e40-a166-4638-a161-8683fc189531 (table: Datapath_Binding) {{(pid=89985) notify /opt/stack/neutron/neutron/plugins/ml2/drivers/ovn/mech_driver/ovsdb/ovsdb_monitor.py:1015}}
Jun 17 20:59:49.267798 np0000003098 devstack@neutron-api.service[89983]: INFO neutron.db.ovn_revision_numbers_db [None req-30359f8a-e3b7-4d57-9065-ba9900af0603 admin admin] Successfully bumped revision number for resource 85682621-60eb-4c88-9438-ee70edd7b714 (type: networks) to 1
Jun 17 20:59:49.269661 np0000003098 devstack@neutron-api.service[89985]: DEBUG neutron.api.rpc.handlers.resources_rpc [None req-bd435007-c810-433f-84bb-7f9cbfbd097e admin admin] Pushing event updated for resources: {'SecurityGroup': ['ID=92d9cd0b-4729-44e8-af43-8da4b055e4fc,revision_number=1']} {{(pid=89985) push /opt/stack/neutron/neutron/api/rpc/handlers/resources_rpc.py:237}}
Jun 17 20:59:49.278705 np0000003098 devstack@neutron-api.service[89983]: DEBUG neutron_lib.callbacks.manager [None req-30359f8a-e3b7-4d57-9065-ba9900af0603 admin admin] Publish callbacks ['neutron.plugins.ml2.plugin.SecurityGroupDbMixin._ensure_default_security_group_handler-378385'] for port (None), before_create {{(pid=89983) _notify_loop /opt/stack/data/venv/lib/python3.12/site-packages/neutron_lib/callbacks/manager.py:184}}
Jun 17 20:59:49.309824 np0000003098 devstack@neutron-api.service[89984]: DEBUG neutron.api.v2.base [None req-1d451d37-b238-472e-8e8b-5ff26bcc46f3 admin admin] Request body: {'network': {'name': 'tempest-AttachSCSIVolumeTestJSON-144053032-network', 'project_id': 'b4108cd8c48e4b9a92abac9ed1e53087'}} {{(pid=89984) prepare_request_body /opt/stack/neutron/neutron/api/v2/base.py:727}}
Jun 17 20:59:49.311126 np0000003098 devstack@neutron-api.service[89985]: DEBUG neutron.plugins.ml2.drivers.helpers [None req-bd435007-c810-433f-84bb-7f9cbfbd097e admin admin] geneve segment allocate from pool success with {'geneve_vni': 49368} {{(pid=89985) allocate_partially_specified_segment /opt/stack/neutron/neutron/plugins/ml2/drivers/helpers.py:142}}
Jun 17 20:59:49.320511 np0000003098 devstack@neutron-api.service[89984]: DEBUG neutron.pecan_wsgi.hooks.quota_enforcement [None req-1d451d37-b238-472e-8e8b-5ff26bcc46f3 admin admin] Made reservation on behalf of b4108cd8c48e4b9a92abac9ed1e53087 for: {'network': 1} {{(pid=89984) before /opt/stack/neutron/neutron/pecan_wsgi/hooks/quota_enforcement.py:66}}
Jun 17 20:59:49.322337 np0000003098 devstack@neutron-api.service[89984]: DEBUG neutron_lib.callbacks.manager [None req-1d451d37-b238-472e-8e8b-5ff26bcc46f3 admin admin] Publish callbacks ['neutron.plugins.ml2.plugin.SecurityGroupDbMixin._ensure_default_security_group_handler-354239'] for network (None), before_create {{(pid=89984) _notify_loop /opt/stack/data/venv/lib/python3.12/site-packages/neutron_lib/callbacks/manager.py:184}}
Jun 17 20:59:49.322887 np0000003098 devstack@neutron-api.service[89985]: DEBUG neutron_lib.callbacks.manager [None req-bd435007-c810-433f-84bb-7f9cbfbd097e admin admin] Publish callbacks ['neutron.services.segments.db._add_segment_host_mapping_for_segment-7776747356674', 'neutron.plugins.ml2.plugin.Ml2Plugin._handle_segment_change-71173'] for segment (351e0411-be10-4e97-b609-874603e9cf17), precommit_create {{(pid=89985) _notify_loop /opt/stack/data/venv/lib/python3.12/site-packages/neutron_lib/callbacks/manager.py:184}}
Jun 17 20:59:49.323174 np0000003098 devstack@neutron-api.service[89985]: INFO neutron.db.segments_db [None req-bd435007-c810-433f-84bb-7f9cbfbd097e admin admin] Added segment 351e0411-be10-4e97-b609-874603e9cf17 of type geneve for network 4f318114-f042-4649-bec4-475f6248fdfa
Jun 17 20:59:49.325887 np0000003098 devstack@neutron-api.service[89984]: DEBUG neutron_lib.callbacks.manager [None req-1d451d37-b238-472e-8e8b-5ff26bcc46f3 admin admin] Publish callbacks [] for security_group (None), before_create {{(pid=89984) _notify_loop /opt/stack/data/venv/lib/python3.12/site-packages/neutron_lib/callbacks/manager.py:184}}
Jun 17 20:59:49.340234 np0000003098 devstack@neutron-api.service[89983]: DEBUG neutron_lib.callbacks.manager [None req-30359f8a-e3b7-4d57-9065-ba9900af0603 admin admin] Publish callbacks ['neutron.plugins.ml2.drivers.ovn.mech_driver.mech_driver.OVNMechanismDriver._validate_allowed_address_pairs-8206962'] for allowed_address_pair (dcc96d7a-910d-4dde-8b1d-cbe040caa94f), before_create {{(pid=89983) _notify_loop /opt/stack/data/venv/lib/python3.12/site-packages/neutron_lib/callbacks/manager.py:184}}
Jun 17 20:59:49.340824 np0000003098 devstack@neutron-api.service[89983]: DEBUG neutron_lib.callbacks.manager [None req-30359f8a-e3b7-4d57-9065-ba9900af0603 admin admin] Publish callbacks [] for port (dcc96d7a-910d-4dde-8b1d-cbe040caa94f), precommit_create {{(pid=89983) _notify_loop /opt/stack/data/venv/lib/python3.12/site-packages/neutron_lib/callbacks/manager.py:184}}
Jun 17 20:59:49.340988 np0000003098 devstack@neutron-api.service[89983]: DEBUG neutron.plugins.ml2.drivers.ovn.mech_driver.mech_driver [None req-30359f8a-e3b7-4d57-9065-ba9900af0603 admin admin] No provisioning block for port dcc96d7a-910d-4dde-8b1d-cbe040caa94f since it does not have a host {{(pid=89983) _is_port_provisioning_required /opt/stack/neutron/neutron/plugins/ml2/drivers/ovn/mech_driver/mech_driver.py:896}}
Jun 17 20:59:49.341119 np0000003098 devstack@neutron-api.service[89983]: DEBUG neutron.db.ovn_revision_numbers_db [None req-30359f8a-e3b7-4d57-9065-ba9900af0603 admin admin] create_initial_revision uuid=dcc96d7a-910d-4dde-8b1d-cbe040caa94f, type=ports, rev=-1 {{(pid=89983) create_initial_revision /opt/stack/neutron/neutron/db/ovn_revision_numbers_db.py:98}}
Jun 17 20:59:49.345397 np0000003098 devstack@neutron-api.service[89985]: DEBUG neutron_lib.callbacks.manager [None req-bd435007-c810-433f-84bb-7f9cbfbd097e admin admin] Publish callbacks ['neutron.services.auto_allocate.db._ensure_external_network_default_value_callback-7776746088602'] for network (4f318114-f042-4649-bec4-475f6248fdfa), precommit_create {{(pid=89985) _notify_loop /opt/stack/data/venv/lib/python3.12/site-packages/neutron_lib/callbacks/manager.py:184}}
Jun 17 20:59:49.363058 np0000003098 devstack@neutron-api.service[89985]: DEBUG neutron.plugins.ml2.drivers.ovn.mech_driver.mech_driver [None req-bd435007-c810-433f-84bb-7f9cbfbd097e admin admin] Validating network segment with type geneve, segmentation ID 49368, physical network None {{(pid=89985) _validate_network_segments /opt/stack/neutron/neutron/plugins/ml2/drivers/ovn/mech_driver/mech_driver.py:643}}
Jun 17 20:59:49.363253 np0000003098 devstack@neutron-api.service[89985]: DEBUG neutron.db.ovn_revision_numbers_db [None req-bd435007-c810-433f-84bb-7f9cbfbd097e admin admin] create_initial_revision uuid=4f318114-f042-4649-bec4-475f6248fdfa, type=networks, rev=-1 {{(pid=89985) create_initial_revision /opt/stack/neutron/neutron/db/ovn_revision_numbers_db.py:98}}
Jun 17 20:59:49.368487 np0000003098 devstack@neutron-api.service[89983]: DEBUG neutron_lib.callbacks.manager [None req-30359f8a-e3b7-4d57-9065-ba9900af0603 admin admin] Publish callbacks ['neutron.plugins.ml2.ovo_rpc._ObjectChangeHandler.handle_event-6965946'] for port (dcc96d7a-910d-4dde-8b1d-cbe040caa94f), after_create {{(pid=89983) _notify_loop /opt/stack/data/venv/lib/python3.12/site-packages/neutron_lib/callbacks/manager.py:184}}
Jun 17 20:59:49.376991 np0000003098 devstack@neutron-api.service[89985]: DEBUG neutron_lib.callbacks.manager [None req-bd435007-c810-433f-84bb-7f9cbfbd097e admin admin] Publish callbacks ['neutron.plugins.ml2.ovo_rpc._ObjectChangeHandler.handle_event-7573089'] for network (4f318114-f042-4649-bec4-475f6248fdfa), after_create {{(pid=89985) _notify_loop /opt/stack/data/venv/lib/python3.12/site-packages/neutron_lib/callbacks/manager.py:184}}
Jun 17 20:59:49.396246 np0000003098 devstack@neutron-api.service[89983]: DEBUG neutron.api.rpc.handlers.resources_rpc [None req-30359f8a-e3b7-4d57-9065-ba9900af0603 admin admin] Pushing event updated for resources: {'Port': ['ID=dcc96d7a-910d-4dde-8b1d-cbe040caa94f,revision_number=1']} {{(pid=89983) push /opt/stack/neutron/neutron/api/rpc/handlers/resources_rpc.py:237}}
Jun 17 20:59:49.397911 np0000003098 devstack@neutron-api.service[89984]: DEBUG neutron_lib.callbacks.manager [None req-1d451d37-b238-472e-8e8b-5ff26bcc46f3 admin admin] Publish callbacks ['neutron.plugins.ml2.drivers.ovn.mech_driver.mech_driver.OVNMechanismDriver._create_security_group_precommit-8180410'] for security_group (f3f7c843-11f7-4b93-ba87-629a304a620a), precommit_create {{(pid=89984) _notify_loop /opt/stack/data/venv/lib/python3.12/site-packages/neutron_lib/callbacks/manager.py:184}}
Jun 17 20:59:49.398050 np0000003098 devstack@neutron-api.service[89984]: DEBUG neutron.db.ovn_revision_numbers_db [None req-1d451d37-b238-472e-8e8b-5ff26bcc46f3 admin admin] create_initial_revision uuid=f3f7c843-11f7-4b93-ba87-629a304a620a, type=security_groups, rev=-1 {{(pid=89984) create_initial_revision /opt/stack/neutron/neutron/db/ovn_revision_numbers_db.py:98}}
Jun 17 20:59:49.399383 np0000003098 devstack@neutron-api.service[89984]: DEBUG neutron.db.ovn_revision_numbers_db [None req-1d451d37-b238-472e-8e8b-5ff26bcc46f3 admin admin] create_initial_revision uuid=2c7d36e9-2b7d-4962-bd5c-695279d02d08, type=security_group_rules, rev=-1 {{(pid=89984) create_initial_revision /opt/stack/neutron/neutron/db/ovn_revision_numbers_db.py:98}}
Jun 17 20:59:49.400622 np0000003098 devstack@neutron-api.service[89984]: DEBUG neutron.db.ovn_revision_numbers_db [None req-1d451d37-b238-472e-8e8b-5ff26bcc46f3 admin admin] create_initial_revision uuid=38e0246d-4cdc-4638-8cca-98d488d25919, type=security_group_rules, rev=-1 {{(pid=89984) create_initial_revision /opt/stack/neutron/neutron/db/ovn_revision_numbers_db.py:98}}
Jun 17 20:59:49.401787 np0000003098 devstack@neutron-api.service[89984]: DEBUG neutron.db.ovn_revision_numbers_db [None req-1d451d37-b238-472e-8e8b-5ff26bcc46f3 admin admin] create_initial_revision uuid=6ea9016e-52db-4519-b3e9-5e1a540eec2f, type=security_group_rules, rev=-1 {{(pid=89984) create_initial_revision /opt/stack/neutron/neutron/db/ovn_revision_numbers_db.py:98}}
Jun 17 20:59:49.402155 np0000003098 devstack@neutron-api.service[89983]: DEBUG neutron.plugins.ml2.drivers.ovn.mech_driver.ovsdb.commands [None req-30359f8a-e3b7-4d57-9065-ba9900af0603 admin admin] Converting tag [] to a tag_request {{(pid=89983) _tag_column_to_tag_request /opt/stack/neutron/neutron/plugins/ml2/drivers/ovn/mech_driver/ovsdb/commands.py:205}}
Jun 17 20:59:49.403195 np0000003098 devstack@neutron-api.service[89984]: DEBUG neutron.db.ovn_revision_numbers_db [None req-1d451d37-b238-472e-8e8b-5ff26bcc46f3 admin admin] create_initial_revision uuid=dddd0d85-e88d-48d8-a1a0-a8e3661fd8e0, type=security_group_rules, rev=-1 {{(pid=89984) create_initial_revision /opt/stack/neutron/neutron/db/ovn_revision_numbers_db.py:98}}
Jun 17 20:59:49.403545 np0000003098 devstack@neutron-api.service[89983]: DEBUG ovsdbapp.backend.ovs_idl.transaction [None req-1825cd2e-a9ec-4ccb-8910-0899227fe319 None None] Running txn n=1 command(idx=0): AddLSwitchPortCommand(_result=None, lport=dcc96d7a-910d-4dde-8b1d-cbe040caa94f, lswitch=neutron-85682621-60eb-4c88-9438-ee70edd7b714, may_exist=True, network_uuid=85682621-60eb-4c88-9438-ee70edd7b714, columns={'addresses': ['fa:16:3e:7c:d0:49'], 'external_ids': {'neutron:port_name': '', 'neutron:device_id': 'ovnmeta-85682621-60eb-4c88-9438-ee70edd7b714', 'neutron:project_id': 'c7c27262e24447878c077233d0288e9d', 'neutron:cidrs': '', 'neutron:device_owner': 'network:distributed', 'neutron:subnet_pool_addr_scope4': '', 'neutron:subnet_pool_addr_scope6': '', 'neutron:network_name': 'neutron-85682621-60eb-4c88-9438-ee70edd7b714', 'neutron:security_group_ids': '', 'neutron:revision_number': '1', 'neutron:vnic_type': 'normal', 'neutron:port_capabilities': '', 'neutron:mtu': '1372'}, 'parent_name': [], 'enabled': True, 'options': {}, 'type': 'localport', 'port_security': [], 'dhcpv4_options': [], 'dhcpv6_options': [], 'tag_request': []}) {{(pid=89983) do_commit /opt/stack/data/venv/lib/python3.12/site-packages/ovsdbapp/backend/ovs_idl/transaction.py:89}}
Jun 17 20:59:49.403737 np0000003098 devstack@neutron-api.service[89983]: DEBUG ovsdbapp.backend.ovs_idl.transaction [None req-1825cd2e-a9ec-4ccb-8910-0899227fe319 None None] Running txn n=1 command(idx=1): QoSDelCommand(_result=None, switch=neutron-85682621-60eb-4c88-9438-ee70edd7b714, conditions=[('direction', '=', 'to-lport'), ('priority', '=', 2002), ('match', '=', 'outport == "dcc96d7a-910d-4dde-8b1d-cbe040caa94f"')], if_exists=True) {{(pid=89983) do_commit /opt/stack/data/venv/lib/python3.12/site-packages/ovsdbapp/backend/ovs_idl/transaction.py:89}}
Jun 17 20:59:49.404734 np0000003098 devstack@neutron-api.service[89983]: DEBUG ovsdbapp.backend.ovs_idl.transaction [None req-1825cd2e-a9ec-4ccb-8910-0899227fe319 None None] Running txn n=1 command(idx=2): QoSDelCommand(_result=None, switch=neutron-85682621-60eb-4c88-9438-ee70edd7b714, conditions=[('direction', '=', 'from-lport'), ('priority', '=', 2002), ('match', '=', 'inport == "dcc96d7a-910d-4dde-8b1d-cbe040caa94f"')], if_exists=True) {{(pid=89983) do_commit /opt/stack/data/venv/lib/python3.12/site-packages/ovsdbapp/backend/ovs_idl/transaction.py:89}}
Jun 17 20:59:49.406759 np0000003098 devstack@neutron-api.service[89985]: DEBUG neutron.api.rpc.handlers.resources_rpc [None req-bd435007-c810-433f-84bb-7f9cbfbd097e admin admin] Pushing event updated for resources: {'Network': ['ID=4f318114-f042-4649-bec4-475f6248fdfa,revision_number=1']} {{(pid=89985) push /opt/stack/neutron/neutron/api/rpc/handlers/resources_rpc.py:237}}
Jun 17 20:59:49.408625 np0000003098 devstack@neutron-api.service[89983]: DEBUG neutron.plugins.ml2.drivers.ovn.mech_driver.ovsdb.ovsdb_monitor [None req-1825cd2e-a9ec-4ccb-8910-0899227fe319 None None] Hash Ring: Node ca89e7856ec754dd936f79ee67d80bad (host: np0000003098) handling event "update" for row 85682621-60eb-4c88-9438-ee70edd7b714 (table: Logical_Switch) {{(pid=89983) notify /opt/stack/neutron/neutron/plugins/ml2/drivers/ovn/mech_driver/ovsdb/ovsdb_monitor.py:1015}}
Jun 17 20:59:49.410274 np0000003098 devstack@neutron-api.service[89984]: DEBUG neutron.plugins.ml2.drivers.ovn.mech_driver.ovsdb.ovsdb_monitor [None req-6e935b01-1df5-4cdd-bb92-2f7508576301 None None] Hash Ring: Node 258d76b1145e5998bf46259693ddd53b (host: np0000003098) handling event "create" for row 8ed3e7c0-1d8f-43e1-a2d0-ea1e22a1fc42 (table: Logical_Switch_Port) {{(pid=89984) notify /opt/stack/neutron/neutron/plugins/ml2/drivers/ovn/mech_driver/ovsdb/ovsdb_monitor.py:1015}}
Jun 17 20:59:49.411248 np0000003098 devstack@neutron-api.service[89984]: DEBUG ovsdbapp.backend.ovs_idl.event [None req-6e935b01-1df5-4cdd-bb92-2f7508576301 None None] Matched CREATE: LogicalSwitchPortCreateEvent(events=('create',), table='Logical_Switch_Port', conditions=[], old_conditions=None), priority=20 to row=Logical_Switch_Port(uuid=8ed3e7c0-1d8f-43e1-a2d0-ea1e22a1fc42, addresses=['fa:16:3e:7c:d0:49'], dhcpv4_options=[], dhcpv6_options=[], dynamic_addresses=[], enabled=True, external_ids={'neutron:cidrs': '', 'neutron:device_id': 'ovnmeta-85682621-60eb-4c88-9438-ee70edd7b714', 'neutron:device_owner': 'network:distributed', 'neutron:mtu': '1372', 'neutron:network_name': 'neutron-85682621-60eb-4c88-9438-ee70edd7b714', 'neutron:port_capabilities': '', 'neutron:port_name': '', 'neutron:project_id': 'c7c27262e24447878c077233d0288e9d', 'neutron:revision_number': '1', 'neutron:security_group_ids': '', 'neutron:subnet_pool_addr_scope4': '', 'neutron:subnet_pool_addr_scope6': '', 'neutron:vnic_type': 'normal'}, ha_chassis_group=[], mirror_rules=[], name='dcc96d7a-910d-4dde-8b1d-cbe040caa94f', options={}, parent_name=[], port_security=[], tag=[], tag_request=[], type='localport', up=[]) old= {{(pid=89984) matches /opt/stack/data/venv/lib/python3.12/site-packages/ovsdbapp/backend/ovs_idl/event.py:55}}
Jun 17 20:59:49.415528 np0000003098 devstack@neutron-api.service[89984]: INFO neutron.plugins.ml2.drivers.ovn.mech_driver.mech_driver [None req-34f1be52-1628-42e5-afaa-9037b561c584 None None] OVN reports status down for port: dcc96d7a-910d-4dde-8b1d-cbe040caa94f
Jun 17 20:59:49.415528 np0000003098 devstack@neutron-api.service[89984]: DEBUG neutron.plugins.ml2.drivers.ovn.mech_driver.ovsdb.ovsdb_monitor [None req-bd9b7c90-6cfe-4a4b-899a-cb86f66b5b57 None None] Hash Ring: Node 258d76b1145e5998bf46259693ddd53b (host: np0000003098) handling event "create" for row 113a8a61-298e-4f04-b886-992d380b948c (table: Port_Binding) {{(pid=89984) notify /opt/stack/neutron/neutron/plugins/ml2/drivers/ovn/mech_driver/ovsdb/ovsdb_monitor.py:1015}}
Jun 17 20:59:49.416109 np0000003098 devstack@neutron-api.service[89984]: DEBUG neutron.plugins.ml2.drivers.ovn.mech_driver.ovsdb.ovsdb_monitor [None req-6e935b01-1df5-4cdd-bb92-2f7508576301 None None] Hash Ring: Node 258d76b1145e5998bf46259693ddd53b (host: np0000003098) handling event "update" for row 8ed3e7c0-1d8f-43e1-a2d0-ea1e22a1fc42 (table: Logical_Switch_Port) {{(pid=89984) notify /opt/stack/neutron/neutron/plugins/ml2/drivers/ovn/mech_driver/ovsdb/ovsdb_monitor.py:1015}}
Jun 17 20:59:49.419253 np0000003098 devstack@neutron-api.service[89984]: DEBUG neutron_lib.callbacks.manager [None req-1d451d37-b238-472e-8e8b-5ff26bcc46f3 admin admin] Publish callbacks ['neutron.plugins.ml2.drivers.ovn.mech_driver.mech_driver.OVNMechanismDriver._create_security_group-8180400', 'neutron.plugins.ml2.ovo_rpc._ObjectChangeHandler.handle_event-6855261'] for security_group (f3f7c843-11f7-4b93-ba87-629a304a620a), after_create {{(pid=89984) _notify_loop /opt/stack/data/venv/lib/python3.12/site-packages/neutron_lib/callbacks/manager.py:184}}
Jun 17 20:59:49.420001 np0000003098 devstack@neutron-api.service[89984]: DEBUG ovsdbapp.backend.ovs_idl.transaction [None req-6e935b01-1df5-4cdd-bb92-2f7508576301 None None] Running txn n=1 command(idx=0): PgAddCommand(_result=None, name=pg_f3f7c843_11f7_4b93_ba87_629a304a620a, may_exist=False, columns={'acls': [], 'external_ids': {'neutron:security_group_id': 'f3f7c843-11f7-4b93-ba87-629a304a620a'}}) {{(pid=89984) do_commit /opt/stack/data/venv/lib/python3.12/site-packages/ovsdbapp/backend/ovs_idl/transaction.py:89}}
Jun 17 20:59:49.420001 np0000003098 devstack@neutron-api.service[89984]: DEBUG ovsdbapp.backend.ovs_idl.transaction [None req-6e935b01-1df5-4cdd-bb92-2f7508576301 None None] Running txn n=1 command(idx=1): PgAclAddCommand(_result=None, entity=pg_f3f7c843_11f7_4b93_ba87_629a304a620a, direction=to-lport, priority=1002, match=outport == @pg_f3f7c843_11f7_4b93_ba87_629a304a620a && ip6 && ip6.src == $pg_f3f7c843_11f7_4b93_ba87_629a304a620a_ip6, action=allow-related, log=False, may_exist=True, severity=[], name=[], meter=[], external_ids={'neutron:security_group_rule_id': '2c7d36e9-2b7d-4962-bd5c-695279d02d08'}) {{(pid=89984) do_commit /opt/stack/data/venv/lib/python3.12/site-packages/ovsdbapp/backend/ovs_idl/transaction.py:89}}
Jun 17 20:59:49.420349 np0000003098 devstack@neutron-api.service[89984]: DEBUG ovsdbapp.backend.ovs_idl.transaction [None req-6e935b01-1df5-4cdd-bb92-2f7508576301 None None] Running txn n=1 command(idx=2): PgAclAddCommand(_result=None, entity=pg_f3f7c843_11f7_4b93_ba87_629a304a620a, direction=to-lport, priority=1002, match=outport == @pg_f3f7c843_11f7_4b93_ba87_629a304a620a && ip4 && ip4.src == $pg_f3f7c843_11f7_4b93_ba87_629a304a620a_ip4, action=allow-related, log=False, may_exist=True, severity=[], name=[], meter=[], external_ids={'neutron:security_group_rule_id': '38e0246d-4cdc-4638-8cca-98d488d25919'}) {{(pid=89984) do_commit /opt/stack/data/venv/lib/python3.12/site-packages/ovsdbapp/backend/ovs_idl/transaction.py:89}}
Jun 17 20:59:49.421084 np0000003098 devstack@neutron-api.service[89984]: DEBUG ovsdbapp.backend.ovs_idl.transaction [None req-6e935b01-1df5-4cdd-bb92-2f7508576301 None None] Running txn n=1 command(idx=3): PgAclAddCommand(_result=None, entity=pg_f3f7c843_11f7_4b93_ba87_629a304a620a, direction=from-lport, priority=1002, match=inport == @pg_f3f7c843_11f7_4b93_ba87_629a304a620a && ip4, action=allow-related, log=False, may_exist=True, severity=[], name=[], meter=[], external_ids={'neutron:security_group_rule_id': '6ea9016e-52db-4519-b3e9-5e1a540eec2f'}) {{(pid=89984) do_commit /opt/stack/data/venv/lib/python3.12/site-packages/ovsdbapp/backend/ovs_idl/transaction.py:89}}
Jun 17 20:59:49.421084 np0000003098 devstack@neutron-api.service[89984]: DEBUG ovsdbapp.backend.ovs_idl.transaction [None req-6e935b01-1df5-4cdd-bb92-2f7508576301 None None] Running txn n=1 command(idx=4): PgAclAddCommand(_result=None, entity=pg_f3f7c843_11f7_4b93_ba87_629a304a620a, direction=from-lport, priority=1002, match=inport == @pg_f3f7c843_11f7_4b93_ba87_629a304a620a && ip6, action=allow-related, log=False, may_exist=True, severity=[], name=[], meter=[], external_ids={'neutron:security_group_rule_id': 'dddd0d85-e88d-48d8-a1a0-a8e3661fd8e0'}) {{(pid=89984) do_commit /opt/stack/data/venv/lib/python3.12/site-packages/ovsdbapp/backend/ovs_idl/transaction.py:89}}
Jun 17 20:59:49.428391 np0000003098 devstack@neutron-api.service[89983]: DEBUG neutron.plugins.ml2.drivers.ovn.mech_driver.ovsdb.ovsdb_monitor [None req-1825cd2e-a9ec-4ccb-8910-0899227fe319 None None] Hash Ring: Node ca89e7856ec754dd936f79ee67d80bad (host: np0000003098) handling event "create" for row 03db0ed7-ba06-481a-ad94-cc5d67e42f0f (table: ACL) {{(pid=89983) notify /opt/stack/neutron/neutron/plugins/ml2/drivers/ovn/mech_driver/ovsdb/ovsdb_monitor.py:1015}}
Jun 17 20:59:49.428584 np0000003098 devstack@neutron-api.service[89983]: DEBUG neutron.plugins.ml2.drivers.ovn.mech_driver.ovsdb.ovsdb_monitor [None req-1825cd2e-a9ec-4ccb-8910-0899227fe319 None None] Hash Ring: Node ca89e7856ec754dd936f79ee67d80bad (host: np0000003098) handling event "create" for row 1807411f-b080-4ab1-969d-27bbd6c8d2fb (table: ACL) {{(pid=89983) notify /opt/stack/neutron/neutron/plugins/ml2/drivers/ovn/mech_driver/ovsdb/ovsdb_monitor.py:1015}}
Jun 17 20:59:49.428951 np0000003098 devstack@neutron-api.service[89983]: DEBUG neutron.plugins.ml2.drivers.ovn.mech_driver.ovsdb.ovsdb_monitor [None req-1825cd2e-a9ec-4ccb-8910-0899227fe319 None None] Hash Ring: Node ca89e7856ec754dd936f79ee67d80bad (host: np0000003098) handling event "create" for row 4c84663b-6438-402d-8d11-baa8b10259e3 (table: ACL) {{(pid=89983) notify /opt/stack/neutron/neutron/plugins/ml2/drivers/ovn/mech_driver/ovsdb/ovsdb_monitor.py:1015}}
Jun 17 20:59:49.428951 np0000003098 devstack@neutron-api.service[89983]: DEBUG neutron.plugins.ml2.drivers.ovn.mech_driver.ovsdb.ovsdb_monitor [None req-1825cd2e-a9ec-4ccb-8910-0899227fe319 None None] Hash Ring: Node ca89e7856ec754dd936f79ee67d80bad (host: np0000003098) handling event "create" for row 917b9301-51ec-4a43-a9a7-f4d22455ab03 (table: ACL) {{(pid=89983) notify /opt/stack/neutron/neutron/plugins/ml2/drivers/ovn/mech_driver/ovsdb/ovsdb_monitor.py:1015}}
Jun 17 20:59:49.429833 np0000003098 devstack@neutron-api.service[89985]: DEBUG neutron.plugins.ml2.drivers.ovn.mech_driver.ovsdb.ovsdb_monitor [None req-0ec75806-276e-4632-ba04-e707bbfed678 None None] Hash Ring: Node 30e4814584fe5626a8ed3af5234c3707 (host: np0000003098) handling event "create" for row 7bb9420a-ac79-45bd-8a1b-94499f5e7607 (table: Port_Group) {{(pid=89985) notify /opt/stack/neutron/neutron/plugins/ml2/drivers/ovn/mech_driver/ovsdb/ovsdb_monitor.py:1015}}
Jun 17 20:59:49.430271 np0000003098 devstack@neutron-api.service[89985]: DEBUG ovsdbapp.backend.ovs_idl.transaction [None req-0ec75806-276e-4632-ba04-e707bbfed678 None None] Running txn n=1 command(idx=0): AddNetworkCommand(_result=None, network_uuid=4f318114-f042-4649-bec4-475f6248fdfa, may_exist=True, columns={'external_ids': {'neutron:network_name': 'tempest-ServerActionsTestOtherA-1350898909-network', 'neutron:mtu': '1372', 'neutron:revision_number': '1', 'neutron:availability_zone_hints': '', 'neutron:provnet-network-type': 'geneve'}, 'other_config': {'mcast_snoop': 'false', 'mcast_flood_unregistered': 'false', 'vlan-passthru': 'false'}}) {{(pid=89985) do_commit /opt/stack/data/venv/lib/python3.12/site-packages/ovsdbapp/backend/ovs_idl/transaction.py:89}}
Jun 17 20:59:49.430271 np0000003098 devstack@neutron-api.service[89985]: DEBUG neutron.common.ovn.utils [None req-0ec75806-276e-4632-ba04-e707bbfed678 None None] OVS persist_uuid supported=True {{(pid=89985) ovs_persist_uuid_supported /opt/stack/neutron/neutron/common/ovn/utils.py:1544}}
Jun 17 20:59:49.437251 np0000003098 devstack@neutron-api.service[89985]: DEBUG neutron.plugins.ml2.drivers.ovn.mech_driver.ovsdb.ovsdb_monitor [None req-74a9b6ee-40b9-485b-a4f5-0bcc100899f3 None None] Hash Ring: Node 30e4814584fe5626a8ed3af5234c3707 (host: np0000003098) handling event "create" for row 34ce859b-ff84-431d-a180-9f48311e092b (table: Datapath_Binding) {{(pid=89985) notify /opt/stack/neutron/neutron/plugins/ml2/drivers/ovn/mech_driver/ovsdb/ovsdb_monitor.py:1015}}
Jun 17 20:59:49.447722 np0000003098 devstack@neutron-api.service[89983]: INFO neutron.db.ovn_revision_numbers_db [None req-30359f8a-e3b7-4d57-9065-ba9900af0603 admin admin] Successfully bumped revision number for resource dcc96d7a-910d-4dde-8b1d-cbe040caa94f (type: ports) to 1
Jun 17 20:59:49.447847 np0000003098 devstack@neutron-api.service[89984]: DEBUG neutron.plugins.ml2.drivers.ovn.mech_driver.ovsdb.ovsdb_monitor [None req-6e935b01-1df5-4cdd-bb92-2f7508576301 None None] Hash Ring: Node 258d76b1145e5998bf46259693ddd53b (host: np0000003098) handling event "create" for row 4f318114-f042-4649-bec4-475f6248fdfa (table: Logical_Switch) {{(pid=89984) notify /opt/stack/neutron/neutron/plugins/ml2/drivers/ovn/mech_driver/ovsdb/ovsdb_monitor.py:1015}}
Jun 17 20:59:49.455698 np0000003098 devstack@neutron-api.service[89983]: DEBUG neutron.pecan_wsgi.hooks.policy_enforcement [None req-30359f8a-e3b7-4d57-9065-ba9900af0603 admin admin] Attributes excluded by policy engine: ['standard_attr_id'] {{(pid=89983) _exclude_attributes_by_policy /opt/stack/neutron/neutron/pecan_wsgi/hooks/policy_enforcement.py:259}}
Jun 17 20:59:49.456061 np0000003098 devstack@neutron-api.service[89983]: DEBUG neutron_lib.callbacks.manager [None req-30359f8a-e3b7-4d57-9065-ba9900af0603 admin admin] Publish callbacks [] for network (None), before_response {{(pid=89983) _notify_loop /opt/stack/data/venv/lib/python3.12/site-packages/neutron_lib/callbacks/manager.py:184}}
Jun 17 20:59:49.459721 np0000003098 devstack@neutron-api.service[89985]: INFO neutron.db.ovn_revision_numbers_db [None req-bd435007-c810-433f-84bb-7f9cbfbd097e admin admin] Successfully bumped revision number for resource 4f318114-f042-4649-bec4-475f6248fdfa (type: networks) to 1
Jun 17 20:59:49.466561 np0000003098 devstack@neutron-api.service[89983]: [pid: 89983|app: 0|req: 16/44] 10.4.3.8 () {68 vars in 1263 bytes} [Wed Jun 17 20:59:48 2026] POST /networking/v2.0/networks => generated 723 bytes in 874 msecs (HTTP/1.1 201) 4 headers in 162 bytes (1 switches on core 0)
Jun 17 20:59:49.473802 np0000003098 devstack@neutron-api.service[89984]: INFO neutron.db.ovn_revision_numbers_db [None req-1d451d37-b238-472e-8e8b-5ff26bcc46f3 admin admin] Successfully bumped revision number for resource f3f7c843-11f7-4b93-ba87-629a304a620a (type: security_groups) to 1
Jun 17 20:59:49.484263 np0000003098 devstack@neutron-api.service[89984]: DEBUG neutron.db.provisioning_blocks [None req-34f1be52-1628-42e5-afaa-9037b561c584 None None] Transition to ACTIVE for port object dcc96d7a-910d-4dde-8b1d-cbe040caa94f will not be triggered until provisioned by entity L2. {{(pid=89984) add_provisioning_component /opt/stack/neutron/neutron/db/provisioning_blocks.py:74}}
Jun 17 20:59:49.492260 np0000003098 devstack@neutron-api.service[89984]: INFO neutron.db.ovn_revision_numbers_db [None req-1d451d37-b238-472e-8e8b-5ff26bcc46f3 admin admin] Successfully bumped revision number for resource 2c7d36e9-2b7d-4962-bd5c-695279d02d08 (type: security_group_rules) to 0
Jun 17 20:59:49.505185 np0000003098 devstack@neutron-api.service[89985]: DEBUG neutron_lib.callbacks.manager [None req-bd435007-c810-433f-84bb-7f9cbfbd097e admin admin] Publish callbacks ['neutron.plugins.ml2.plugin.SecurityGroupDbMixin._ensure_default_security_group_handler-374355'] for port (None), before_create {{(pid=89985) _notify_loop /opt/stack/data/venv/lib/python3.12/site-packages/neutron_lib/callbacks/manager.py:184}}
Jun 17 20:59:49.513870 np0000003098 devstack@neutron-api.service[89984]: INFO neutron.db.ovn_revision_numbers_db [None req-1d451d37-b238-472e-8e8b-5ff26bcc46f3 admin admin] Successfully bumped revision number for resource 38e0246d-4cdc-4638-8cca-98d488d25919 (type: security_group_rules) to 0
Jun 17 20:59:49.514726 np0000003098 devstack@neutron-api.service[89984]: DEBUG neutron.plugins.ml2.plugin [None req-34f1be52-1628-42e5-afaa-9037b561c584 None None] Current status of the port dcc96d7a-910d-4dde-8b1d-cbe040caa94f is: DOWN; New status is: DOWN {{(pid=89984) _update_individual_port_db_status /opt/stack/neutron/neutron/plugins/ml2/plugin.py:2470}}
Jun 17 20:59:49.516406 np0000003098 devstack@neutron-api.service[89984]: DEBUG ovsdbapp.backend.ovs_idl.transaction [None req-6e935b01-1df5-4cdd-bb92-2f7508576301 None None] Running txn n=1 command(idx=0): DbRemoveCommand(_result=None, table=Logical_Switch_Port, record=dcc96d7a-910d-4dde-8b1d-cbe040caa94f, column=external_ids, values=('neutron:host_id',), keyvalues={}, if_exists=True) {{(pid=89984) do_commit /opt/stack/data/venv/lib/python3.12/site-packages/ovsdbapp/backend/ovs_idl/transaction.py:89}}
Jun 17 20:59:49.525950 np0000003098 devstack@neutron-api.service[89984]: INFO neutron.db.ovn_revision_numbers_db [None req-1d451d37-b238-472e-8e8b-5ff26bcc46f3 admin admin] Successfully bumped revision number for resource 6ea9016e-52db-4519-b3e9-5e1a540eec2f (type: security_group_rules) to 0
Jun 17 20:59:49.536327 np0000003098 devstack@neutron-api.service[89984]: INFO neutron.db.ovn_revision_numbers_db [None req-1d451d37-b238-472e-8e8b-5ff26bcc46f3 admin admin] Successfully bumped revision number for resource dddd0d85-e88d-48d8-a1a0-a8e3661fd8e0 (type: security_group_rules) to 0
Jun 17 20:59:49.559320 np0000003098 devstack@neutron-api.service[89984]: DEBUG neutron.api.rpc.handlers.resources_rpc [None req-1d451d37-b238-472e-8e8b-5ff26bcc46f3 admin admin] Pushing event updated for resources: {'SecurityGroup': ['ID=f3f7c843-11f7-4b93-ba87-629a304a620a,revision_number=1']} {{(pid=89984) push /opt/stack/neutron/neutron/api/rpc/handlers/resources_rpc.py:237}}
Jun 17 20:59:49.564681 np0000003098 devstack@neutron-api.service[89984]: DEBUG neutron.api.rpc.callbacks.version_manager [None req-1d451d37-b238-472e-8e8b-5ff26bcc46f3 admin admin] Tracked resource versions report:
Jun 17 20:59:49.564681 np0000003098 devstack@neutron-api.service[89984]: pushed versions:
Jun 17 20:59:49.564681 np0000003098 devstack@neutron-api.service[89984]: { 'AddressGroup': {'1.2'},
Jun 17 20:59:49.564681 np0000003098 devstack@neutron-api.service[89984]: 'Agent': {'1.1'},
Jun 17 20:59:49.564681 np0000003098 devstack@neutron-api.service[89984]: 'ConntrackHelper': {'1.0'},
Jun 17 20:59:49.564681 np0000003098 devstack@neutron-api.service[89984]: 'LocalIPAssociation': {'1.0'},
Jun 17 20:59:49.564681 np0000003098 devstack@neutron-api.service[89984]: 'Log': {'1.0'},
Jun 17 20:59:49.564681 np0000003098 devstack@neutron-api.service[89984]: 'NDPProxy': {'1.0'},
Jun 17 20:59:49.564681 np0000003098 devstack@neutron-api.service[89984]: 'Network': {'1.3'},
Jun 17 20:59:49.564681 np0000003098 devstack@neutron-api.service[89984]: 'Port': {'1.11'},
Jun 17 20:59:49.564681 np0000003098 devstack@neutron-api.service[89984]: 'PortForwarding': {'1.3'},
Jun 17 20:59:49.564681 np0000003098 devstack@neutron-api.service[89984]: 'QosPolicy': {'1.10'},
Jun 17 20:59:49.564681 np0000003098 devstack@neutron-api.service[89984]: 'SecurityGroup': {'1.6'},
Jun 17 20:59:49.564681 np0000003098 devstack@neutron-api.service[89984]: 'SecurityGroupRule': {'1.3'},
Jun 17 20:59:49.564681 np0000003098 devstack@neutron-api.service[89984]: 'SubPort': {'1.0'},
Jun 17 20:59:49.564681 np0000003098 devstack@neutron-api.service[89984]: 'Subnet': {'1.2'},
Jun 17 20:59:49.564681 np0000003098 devstack@neutron-api.service[89984]: 'Trunk': {'1.1'}}
Jun 17 20:59:49.564681 np0000003098 devstack@neutron-api.service[89984]: consumer versions:
Jun 17 20:59:49.564681 np0000003098 devstack@neutron-api.service[89984]: { OVN Neutron agent@np0000003098: {},
Jun 17 20:59:49.564681 np0000003098 devstack@neutron-api.service[89984]: OVN Controller Gateway agent@np0000003098: {}}
Jun 17 20:59:49.564681 np0000003098 devstack@neutron-api.service[89984]: {{(pid=89984) report /opt/stack/neutron/neutron/api/rpc/callbacks/version_manager.py:183}}
Jun 17 20:59:49.589306 np0000003098 devstack@neutron-api.service[89984]: DEBUG neutron.plugins.ml2.drivers.helpers [None req-1d451d37-b238-472e-8e8b-5ff26bcc46f3 admin admin] geneve segment allocate from pool success with {'geneve_vni': 58248} {{(pid=89984) allocate_partially_specified_segment /opt/stack/neutron/neutron/plugins/ml2/drivers/helpers.py:142}}
Jun 17 20:59:49.594623 np0000003098 devstack@neutron-api.service[89984]: DEBUG neutron_lib.callbacks.manager [None req-1d451d37-b238-472e-8e8b-5ff26bcc46f3 admin admin] Publish callbacks ['neutron.plugins.ml2.plugin.Ml2Plugin._handle_segment_change-68059'] for segment (6dd3ab89-a746-4fc9-8a7d-aec06559bea3), precommit_create {{(pid=89984) _notify_loop /opt/stack/data/venv/lib/python3.12/site-packages/neutron_lib/callbacks/manager.py:184}}
Jun 17 20:59:49.594731 np0000003098 devstack@neutron-api.service[89984]: INFO neutron.db.segments_db [None req-1d451d37-b238-472e-8e8b-5ff26bcc46f3 admin admin] Added segment 6dd3ab89-a746-4fc9-8a7d-aec06559bea3 of type geneve for network fa28a806-cf48-47ca-8d4b-2e154a9d8457
Jun 17 20:59:49.598680 np0000003098 devstack@neutron-api.service[89985]: DEBUG neutron_lib.callbacks.manager [None req-bd435007-c810-433f-84bb-7f9cbfbd097e admin admin] Publish callbacks ['neutron.plugins.ml2.drivers.ovn.mech_driver.mech_driver.OVNMechanismDriver._validate_allowed_address_pairs-8177426'] for allowed_address_pair (6c2937ab-6223-4648-9f7c-51a9f57c473c), before_create {{(pid=89985) _notify_loop /opt/stack/data/venv/lib/python3.12/site-packages/neutron_lib/callbacks/manager.py:184}}
Jun 17 20:59:49.599299 np0000003098 devstack@neutron-api.service[89985]: DEBUG neutron_lib.callbacks.manager [None req-bd435007-c810-433f-84bb-7f9cbfbd097e admin admin] Publish callbacks [] for port (6c2937ab-6223-4648-9f7c-51a9f57c473c), precommit_create {{(pid=89985) _notify_loop /opt/stack/data/venv/lib/python3.12/site-packages/neutron_lib/callbacks/manager.py:184}}
Jun 17 20:59:49.599515 np0000003098 devstack@neutron-api.service[89985]: DEBUG neutron.plugins.ml2.drivers.ovn.mech_driver.mech_driver [None req-bd435007-c810-433f-84bb-7f9cbfbd097e admin admin] No provisioning block for port 6c2937ab-6223-4648-9f7c-51a9f57c473c since it does not have a host {{(pid=89985) _is_port_provisioning_required /opt/stack/neutron/neutron/plugins/ml2/drivers/ovn/mech_driver/mech_driver.py:896}}
Jun 17 20:59:49.599758 np0000003098 devstack@neutron-api.service[89985]: DEBUG neutron.db.ovn_revision_numbers_db [None req-bd435007-c810-433f-84bb-7f9cbfbd097e admin admin] create_initial_revision uuid=6c2937ab-6223-4648-9f7c-51a9f57c473c, type=ports, rev=-1 {{(pid=89985) create_initial_revision /opt/stack/neutron/neutron/db/ovn_revision_numbers_db.py:98}}
Jun 17 20:59:49.606156 np0000003098 devstack@neutron-api.service[89984]: DEBUG neutron_lib.callbacks.manager [None req-1d451d37-b238-472e-8e8b-5ff26bcc46f3 admin admin] Publish callbacks ['neutron.services.auto_allocate.db._ensure_external_network_default_value_callback-7776746088602'] for network (fa28a806-cf48-47ca-8d4b-2e154a9d8457), precommit_create {{(pid=89984) _notify_loop /opt/stack/data/venv/lib/python3.12/site-packages/neutron_lib/callbacks/manager.py:184}}
Jun 17 20:59:49.611893 np0000003098 devstack@neutron-api.service[89983]: DEBUG neutron.api.v2.base [None req-250bf327-f55b-4235-a8c3-a21827c8c578 admin admin] Request body: {'network': {'name': 'tempest-DeleteServersTestJSON-1684587522-network', 'project_id': '6e4d944bd7974c0ead2c378cbe20edc8'}} {{(pid=89983) prepare_request_body /opt/stack/neutron/neutron/api/v2/base.py:727}}
Jun 17 20:59:49.615835 np0000003098 devstack@neutron-api.service[89984]: DEBUG neutron.plugins.ml2.drivers.ovn.mech_driver.mech_driver [None req-1d451d37-b238-472e-8e8b-5ff26bcc46f3 admin admin] Validating network segment with type geneve, segmentation ID 58248, physical network None {{(pid=89984) _validate_network_segments /opt/stack/neutron/neutron/plugins/ml2/drivers/ovn/mech_driver/mech_driver.py:643}}
Jun 17 20:59:49.615935 np0000003098 devstack@neutron-api.service[89984]: DEBUG neutron.db.ovn_revision_numbers_db [None req-1d451d37-b238-472e-8e8b-5ff26bcc46f3 admin admin] create_initial_revision uuid=fa28a806-cf48-47ca-8d4b-2e154a9d8457, type=networks, rev=-1 {{(pid=89984) create_initial_revision /opt/stack/neutron/neutron/db/ovn_revision_numbers_db.py:98}}
Jun 17 20:59:49.622182 np0000003098 devstack@neutron-api.service[89984]: DEBUG neutron_lib.callbacks.manager [None req-1d451d37-b238-472e-8e8b-5ff26bcc46f3 admin admin] Publish callbacks ['neutron.plugins.ml2.ovo_rpc._ObjectChangeHandler.handle_event-6855229'] for network (fa28a806-cf48-47ca-8d4b-2e154a9d8457), after_create {{(pid=89984) _notify_loop /opt/stack/data/venv/lib/python3.12/site-packages/neutron_lib/callbacks/manager.py:184}}
Jun 17 20:59:49.623176 np0000003098 devstack@neutron-api.service[89983]: DEBUG neutron.pecan_wsgi.hooks.quota_enforcement [None req-250bf327-f55b-4235-a8c3-a21827c8c578 admin admin] Made reservation on behalf of 6e4d944bd7974c0ead2c378cbe20edc8 for: {'network': 1} {{(pid=89983) before /opt/stack/neutron/neutron/pecan_wsgi/hooks/quota_enforcement.py:66}}
Jun 17 20:59:49.625668 np0000003098 devstack@neutron-api.service[89983]: DEBUG neutron_lib.callbacks.manager [None req-250bf327-f55b-4235-a8c3-a21827c8c578 admin admin] Publish callbacks ['neutron.plugins.ml2.plugin.SecurityGroupDbMixin._ensure_default_security_group_handler-378385'] for network (None), before_create {{(pid=89983) _notify_loop /opt/stack/data/venv/lib/python3.12/site-packages/neutron_lib/callbacks/manager.py:184}}
Jun 17 20:59:49.630225 np0000003098 devstack@neutron-api.service[89983]: DEBUG neutron_lib.callbacks.manager [None req-250bf327-f55b-4235-a8c3-a21827c8c578 admin admin] Publish callbacks [] for security_group (None), before_create {{(pid=89983) _notify_loop /opt/stack/data/venv/lib/python3.12/site-packages/neutron_lib/callbacks/manager.py:184}}
Jun 17 20:59:49.634416 np0000003098 devstack@neutron-api.service[89984]: DEBUG neutron.api.rpc.handlers.resources_rpc [None req-1d451d37-b238-472e-8e8b-5ff26bcc46f3 admin admin] Pushing event updated for resources: {'Network': ['ID=fa28a806-cf48-47ca-8d4b-2e154a9d8457,revision_number=1']} {{(pid=89984) push /opt/stack/neutron/neutron/api/rpc/handlers/resources_rpc.py:237}}
Jun 17 20:59:49.642332 np0000003098 devstack@neutron-api.service[89984]: DEBUG ovsdbapp.backend.ovs_idl.transaction [None req-6e935b01-1df5-4cdd-bb92-2f7508576301 None None] Running txn n=1 command(idx=0): AddNetworkCommand(_result=None, network_uuid=fa28a806-cf48-47ca-8d4b-2e154a9d8457, may_exist=True, columns={'external_ids': {'neutron:network_name': 'tempest-AttachSCSIVolumeTestJSON-144053032-network', 'neutron:mtu': '1372', 'neutron:revision_number': '1', 'neutron:availability_zone_hints': '', 'neutron:provnet-network-type': 'geneve'}, 'other_config': {'mcast_snoop': 'false', 'mcast_flood_unregistered': 'false', 'vlan-passthru': 'false'}}) {{(pid=89984) do_commit /opt/stack/data/venv/lib/python3.12/site-packages/ovsdbapp/backend/ovs_idl/transaction.py:89}}
Jun 17 20:59:49.648990 np0000003098 devstack@neutron-api.service[89983]: DEBUG neutron.plugins.ml2.drivers.ovn.mech_driver.ovsdb.ovsdb_monitor [None req-8c6cf3c7-e440-4e6c-a4d1-c9c71a860bb8 None None] Hash Ring: Node ca89e7856ec754dd936f79ee67d80bad (host: np0000003098) handling event "create" for row 4e376217-bae0-4ca7-be4a-2502a4293666 (table: Datapath_Binding) {{(pid=89983) notify /opt/stack/neutron/neutron/plugins/ml2/drivers/ovn/mech_driver/ovsdb/ovsdb_monitor.py:1015}}
Jun 17 20:59:49.650191 np0000003098 devstack@neutron-api.service[89983]: DEBUG neutron.plugins.ml2.drivers.ovn.mech_driver.ovsdb.ovsdb_monitor [None req-1825cd2e-a9ec-4ccb-8910-0899227fe319 None None] Hash Ring: Node ca89e7856ec754dd936f79ee67d80bad (host: np0000003098) handling event "create" for row fa28a806-cf48-47ca-8d4b-2e154a9d8457 (table: Logical_Switch) {{(pid=89983) notify /opt/stack/neutron/neutron/plugins/ml2/drivers/ovn/mech_driver/ovsdb/ovsdb_monitor.py:1015}}
Jun 17 20:59:49.656665 np0000003098 devstack@neutron-api.service[89985]: DEBUG neutron_lib.callbacks.manager [None req-bd435007-c810-433f-84bb-7f9cbfbd097e admin admin] Publish callbacks ['neutron.plugins.ml2.ovo_rpc._ObjectChangeHandler.handle_event-7573023'] for port (6c2937ab-6223-4648-9f7c-51a9f57c473c), after_create {{(pid=89985) _notify_loop /opt/stack/data/venv/lib/python3.12/site-packages/neutron_lib/callbacks/manager.py:184}}
Jun 17 20:59:49.665910 np0000003098 devstack@neutron-api.service[89984]: INFO neutron.db.ovn_revision_numbers_db [None req-1d451d37-b238-472e-8e8b-5ff26bcc46f3 admin admin] Successfully bumped revision number for resource fa28a806-cf48-47ca-8d4b-2e154a9d8457 (type: networks) to 1
Jun 17 20:59:49.678272 np0000003098 devstack@neutron-api.service[89984]: DEBUG neutron_lib.callbacks.manager [None req-1d451d37-b238-472e-8e8b-5ff26bcc46f3 admin admin] Publish callbacks ['neutron.plugins.ml2.plugin.SecurityGroupDbMixin._ensure_default_security_group_handler-354239'] for port (None), before_create {{(pid=89984) _notify_loop /opt/stack/data/venv/lib/python3.12/site-packages/neutron_lib/callbacks/manager.py:184}}
Jun 17 20:59:49.691000 np0000003098 devstack@neutron-api.service[89983]: DEBUG neutron_lib.callbacks.manager [None req-250bf327-f55b-4235-a8c3-a21827c8c578 admin admin] Publish callbacks ['neutron.plugins.ml2.drivers.ovn.mech_driver.mech_driver.OVNMechanismDriver._create_security_group_precommit-8207098'] for security_group (08b8b87b-1885-4499-8ecd-247476ddb19c), precommit_create {{(pid=89983) _notify_loop /opt/stack/data/venv/lib/python3.12/site-packages/neutron_lib/callbacks/manager.py:184}}
Jun 17 20:59:49.691173 np0000003098 devstack@neutron-api.service[89983]: DEBUG neutron.db.ovn_revision_numbers_db [None req-250bf327-f55b-4235-a8c3-a21827c8c578 admin admin] create_initial_revision uuid=08b8b87b-1885-4499-8ecd-247476ddb19c, type=security_groups, rev=-1 {{(pid=89983) create_initial_revision /opt/stack/neutron/neutron/db/ovn_revision_numbers_db.py:98}}
Jun 17 20:59:49.692254 np0000003098 devstack@neutron-api.service[89983]: DEBUG neutron.db.ovn_revision_numbers_db [None req-250bf327-f55b-4235-a8c3-a21827c8c578 admin admin] create_initial_revision uuid=7b59efe8-3edc-4c90-a2c7-90d0f8d1b1ed, type=security_group_rules, rev=-1 {{(pid=89983) create_initial_revision /opt/stack/neutron/neutron/db/ovn_revision_numbers_db.py:98}}
Jun 17 20:59:49.693158 np0000003098 devstack@neutron-api.service[89983]: DEBUG neutron.db.ovn_revision_numbers_db [None req-250bf327-f55b-4235-a8c3-a21827c8c578 admin admin] create_initial_revision uuid=b41a9204-6c83-4f49-86d0-2b2075aea84b, type=security_group_rules, rev=-1 {{(pid=89983) create_initial_revision /opt/stack/neutron/neutron/db/ovn_revision_numbers_db.py:98}}
Jun 17 20:59:49.694288 np0000003098 devstack@neutron-api.service[89983]: DEBUG neutron.db.ovn_revision_numbers_db [None req-250bf327-f55b-4235-a8c3-a21827c8c578 admin admin] create_initial_revision uuid=e905b5f8-32d5-47b9-988f-cf0a3307add2, type=security_group_rules, rev=-1 {{(pid=89983) create_initial_revision /opt/stack/neutron/neutron/db/ovn_revision_numbers_db.py:98}}
Jun 17 20:59:49.695317 np0000003098 devstack@neutron-api.service[89983]: DEBUG neutron.db.ovn_revision_numbers_db [None req-250bf327-f55b-4235-a8c3-a21827c8c578 admin admin] create_initial_revision uuid=f1e5c3a9-20e5-4e45-ae70-50d5fef6de83, type=security_group_rules, rev=-1 {{(pid=89983) create_initial_revision /opt/stack/neutron/neutron/db/ovn_revision_numbers_db.py:98}}
