Jul 03 16:42:20.446476 np0000004442 nova-conductor[98738]: DEBUG cotyledon.oslo_config_glue [-] profiler.es_scroll_size = 10000 {{(pid=98738) log_opt_values /opt/stack/data/venv/lib/python3.12/site-packages/oslo_config/cfg.py:3253}}
Jul 03 16:42:20.446476 np0000004442 nova-conductor[98738]: DEBUG cotyledon.oslo_config_glue [-] profiler.es_scroll_time = 2m {{(pid=98738) log_opt_values /opt/stack/data/venv/lib/python3.12/site-packages/oslo_config/cfg.py:3253}}
Jul 03 16:42:20.446727 np0000004442 nova-conductor[98738]: DEBUG cotyledon.oslo_config_glue [-] profiler.filter_error_trace = False {{(pid=98738) log_opt_values /opt/stack/data/venv/lib/python3.12/site-packages/oslo_config/cfg.py:3253}}
Jul 03 16:42:20.446727 np0000004442 nova-conductor[98738]: DEBUG cotyledon.oslo_config_glue [-] profiler.hmac_keys = **** {{(pid=98738) log_opt_values /opt/stack/data/venv/lib/python3.12/site-packages/oslo_config/cfg.py:3253}}
Jul 03 16:42:20.446727 np0000004442 nova-conductor[98738]: DEBUG cotyledon.oslo_config_glue [-] profiler.sentinel_service_name = mymaster {{(pid=98738) log_opt_values /opt/stack/data/venv/lib/python3.12/site-packages/oslo_config/cfg.py:3253}}
Jul 03 16:42:20.446727 np0000004442 nova-conductor[98738]: DEBUG cotyledon.oslo_config_glue [-] profiler.socket_timeout = 0.1 {{(pid=98738) log_opt_values /opt/stack/data/venv/lib/python3.12/site-packages/oslo_config/cfg.py:3253}}
Jul 03 16:42:20.446727 np0000004442 nova-conductor[98738]: DEBUG cotyledon.oslo_config_glue [-] profiler.trace_requests = False {{(pid=98738) log_opt_values /opt/stack/data/venv/lib/python3.12/site-packages/oslo_config/cfg.py:3253}}
Jul 03 16:42:20.446727 np0000004442 nova-conductor[98738]: DEBUG cotyledon.oslo_config_glue [-] profiler.trace_sqlalchemy = False {{(pid=98738) log_opt_values /opt/stack/data/venv/lib/python3.12/site-packages/oslo_config/cfg.py:3253}}
Jul 03 16:42:20.446727 np0000004442 nova-conductor[98738]: DEBUG cotyledon.oslo_config_glue [-] profiler_jaeger.process_tags = {} {{(pid=98738) log_opt_values /opt/stack/data/venv/lib/python3.12/site-packages/oslo_config/cfg.py:3253}}
Jul 03 16:42:20.446727 np0000004442 nova-conductor[98738]: DEBUG cotyledon.oslo_config_glue [-] profiler_jaeger.service_name_prefix = None {{(pid=98738) log_opt_values /opt/stack/data/venv/lib/python3.12/site-packages/oslo_config/cfg.py:3253}}
Jul 03 16:42:20.446727 np0000004442 nova-conductor[98738]: DEBUG cotyledon.oslo_config_glue [-] profiler_otlp.service_name_prefix = None {{(pid=98738) log_opt_values /opt/stack/data/venv/lib/python3.12/site-packages/oslo_config/cfg.py:3253}}
Jul 03 16:42:20.446962 np0000004442 nova-conductor[98738]: DEBUG cotyledon.oslo_config_glue [-] oslo_messaging_rabbit.amqp_auto_delete = False {{(pid=98738) log_opt_values /opt/stack/data/venv/lib/python3.12/site-packages/oslo_config/cfg.py:3253}}
Jul 03 16:42:20.446962 np0000004442 nova-conductor[98738]: DEBUG cotyledon.oslo_config_glue [-] oslo_messaging_rabbit.amqp_durable_queues = False {{(pid=98738) log_opt_values /opt/stack/data/venv/lib/python3.12/site-packages/oslo_config/cfg.py:3253}}
Jul 03 16:42:20.446962 np0000004442 nova-conductor[98738]: DEBUG cotyledon.oslo_config_glue [-] oslo_messaging_rabbit.conn_pool_min_size = 2 {{(pid=98738) log_opt_values /opt/stack/data/venv/lib/python3.12/site-packages/oslo_config/cfg.py:3253}}
Jul 03 16:42:20.446962 np0000004442 nova-conductor[98738]: DEBUG cotyledon.oslo_config_glue [-] oslo_messaging_rabbit.conn_pool_ttl = 1200 {{(pid=98738) log_opt_values /opt/stack/data/venv/lib/python3.12/site-packages/oslo_config/cfg.py:3253}}
Jul 03 16:42:20.446962 np0000004442 nova-conductor[98738]: DEBUG cotyledon.oslo_config_glue [-] oslo_messaging_rabbit.direct_mandatory_flag = True {{(pid=98738) log_opt_values /opt/stack/data/venv/lib/python3.12/site-packages/oslo_config/cfg.py:3253}}
Jul 03 16:42:20.446962 np0000004442 nova-conductor[98738]: DEBUG cotyledon.oslo_config_glue [-] oslo_messaging_rabbit.enable_cancel_on_failover = False {{(pid=98738) log_opt_values /opt/stack/data/venv/lib/python3.12/site-packages/oslo_config/cfg.py:3253}}
Jul 03 16:42:20.446962 np0000004442 nova-conductor[98738]: DEBUG cotyledon.oslo_config_glue [-] oslo_messaging_rabbit.heartbeat_rate = 3 {{(pid=98738) log_opt_values /opt/stack/data/venv/lib/python3.12/site-packages/oslo_config/cfg.py:3253}}
Jul 03 16:42:20.446962 np0000004442 nova-conductor[98738]: DEBUG cotyledon.oslo_config_glue [-] oslo_messaging_rabbit.heartbeat_timeout_threshold = 60 {{(pid=98738) log_opt_values /opt/stack/data/venv/lib/python3.12/site-packages/oslo_config/cfg.py:3253}}
Jul 03 16:42:20.446962 np0000004442 nova-conductor[98738]: DEBUG cotyledon.oslo_config_glue [-] oslo_messaging_rabbit.hostname = np0000004442 {{(pid=98738) log_opt_values /opt/stack/data/venv/lib/python3.12/site-packages/oslo_config/cfg.py:3253}}
Jul 03 16:42:20.447140 np0000004442 nova-conductor[98738]: DEBUG cotyledon.oslo_config_glue [-] oslo_messaging_rabbit.kombu_compression = None {{(pid=98738) log_opt_values /opt/stack/data/venv/lib/python3.12/site-packages/oslo_config/cfg.py:3253}}
Jul 03 16:42:20.447140 np0000004442 nova-conductor[98738]: DEBUG cotyledon.oslo_config_glue [-] oslo_messaging_rabbit.kombu_failover_strategy = round-robin {{(pid=98738) log_opt_values /opt/stack/data/venv/lib/python3.12/site-packages/oslo_config/cfg.py:3253}}
Jul 03 16:42:20.447140 np0000004442 nova-conductor[98738]: DEBUG cotyledon.oslo_config_glue [-] oslo_messaging_rabbit.kombu_missing_consumer_retry_timeout = 60 {{(pid=98738) log_opt_values /opt/stack/data/venv/lib/python3.12/site-packages/oslo_config/cfg.py:3253}}
Jul 03 16:42:20.447140 np0000004442 nova-conductor[98738]: DEBUG cotyledon.oslo_config_glue [-] oslo_messaging_rabbit.kombu_reconnect_delay = 1.0 {{(pid=98738) log_opt_values /opt/stack/data/venv/lib/python3.12/site-packages/oslo_config/cfg.py:3253}}
Jul 03 16:42:20.447140 np0000004442 nova-conductor[98738]: DEBUG cotyledon.oslo_config_glue [-] oslo_messaging_rabbit.kombu_reconnect_splay = 0.0 {{(pid=98738) log_opt_values /opt/stack/data/venv/lib/python3.12/site-packages/oslo_config/cfg.py:3253}}
Jul 03 16:42:20.447140 np0000004442 nova-conductor[98738]: DEBUG cotyledon.oslo_config_glue [-] oslo_messaging_rabbit.processname = nova-conductor {{(pid=98738) log_opt_values /opt/stack/data/venv/lib/python3.12/site-packages/oslo_config/cfg.py:3253}}
Jul 03 16:42:20.447140 np0000004442 nova-conductor[98738]: DEBUG cotyledon.oslo_config_glue [-] oslo_messaging_rabbit.rabbit_ha_queues = False {{(pid=98738) log_opt_values /opt/stack/data/venv/lib/python3.12/site-packages/oslo_config/cfg.py:3253}}
Jul 03 16:42:20.447140 np0000004442 nova-conductor[98738]: DEBUG cotyledon.oslo_config_glue [-] oslo_messaging_rabbit.rabbit_interval_max = 30 {{(pid=98738) log_opt_values /opt/stack/data/venv/lib/python3.12/site-packages/oslo_config/cfg.py:3253}}
Jul 03 16:42:20.447140 np0000004442 nova-conductor[98738]: DEBUG cotyledon.oslo_config_glue [-] oslo_messaging_rabbit.rabbit_login_method = AMQPLAIN {{(pid=98738) log_opt_values /opt/stack/data/venv/lib/python3.12/site-packages/oslo_config/cfg.py:3253}}
Jul 03 16:42:20.447311 np0000004442 nova-conductor[98738]: DEBUG cotyledon.oslo_config_glue [-] oslo_messaging_rabbit.rabbit_qos_prefetch_count = 0 {{(pid=98738) log_opt_values /opt/stack/data/venv/lib/python3.12/site-packages/oslo_config/cfg.py:3253}}
Jul 03 16:42:20.447311 np0000004442 nova-conductor[98738]: DEBUG cotyledon.oslo_config_glue [-] oslo_messaging_rabbit.rabbit_quorum_delivery_limit = 0 {{(pid=98738) log_opt_values /opt/stack/data/venv/lib/python3.12/site-packages/oslo_config/cfg.py:3253}}
Jul 03 16:42:20.447311 np0000004442 nova-conductor[98738]: DEBUG cotyledon.oslo_config_glue [-] oslo_messaging_rabbit.rabbit_quorum_max_memory_bytes = 0 {{(pid=98738) log_opt_values /opt/stack/data/venv/lib/python3.12/site-packages/oslo_config/cfg.py:3253}}
Jul 03 16:42:20.447311 np0000004442 nova-conductor[98738]: DEBUG cotyledon.oslo_config_glue [-] oslo_messaging_rabbit.rabbit_quorum_max_memory_length = 0 {{(pid=98738) log_opt_values /opt/stack/data/venv/lib/python3.12/site-packages/oslo_config/cfg.py:3253}}
Jul 03 16:42:20.447311 np0000004442 nova-conductor[98738]: DEBUG cotyledon.oslo_config_glue [-] oslo_messaging_rabbit.rabbit_quorum_queue = False {{(pid=98738) log_opt_values /opt/stack/data/venv/lib/python3.12/site-packages/oslo_config/cfg.py:3253}}
Jul 03 16:42:20.447311 np0000004442 nova-conductor[98738]: DEBUG cotyledon.oslo_config_glue [-] oslo_messaging_rabbit.rabbit_retry_backoff = 2 {{(pid=98738) log_opt_values /opt/stack/data/venv/lib/python3.12/site-packages/oslo_config/cfg.py:3253}}
Jul 03 16:42:20.447311 np0000004442 nova-conductor[98738]: DEBUG cotyledon.oslo_config_glue [-] oslo_messaging_rabbit.rabbit_retry_interval = 1 {{(pid=98738) log_opt_values /opt/stack/data/venv/lib/python3.12/site-packages/oslo_config/cfg.py:3253}}
Jul 03 16:42:20.447311 np0000004442 nova-conductor[98738]: DEBUG cotyledon.oslo_config_glue [-] oslo_messaging_rabbit.rabbit_stream_fanout = False {{(pid=98738) log_opt_values /opt/stack/data/venv/lib/python3.12/site-packages/oslo_config/cfg.py:3253}}
Jul 03 16:42:20.447521 np0000004442 nova-conductor[98738]: DEBUG cotyledon.oslo_config_glue [-] oslo_messaging_rabbit.rabbit_transient_queues_ttl = 1800 {{(pid=98738) log_opt_values /opt/stack/data/venv/lib/python3.12/site-packages/oslo_config/cfg.py:3253}}
Jul 03 16:42:20.447521 np0000004442 nova-conductor[98738]: DEBUG cotyledon.oslo_config_glue [-] oslo_messaging_rabbit.rabbit_transient_quorum_queue = False {{(pid=98738) log_opt_values /opt/stack/data/venv/lib/python3.12/site-packages/oslo_config/cfg.py:3253}}
Jul 03 16:42:20.447521 np0000004442 nova-conductor[98738]: DEBUG cotyledon.oslo_config_glue [-] oslo_messaging_rabbit.rpc_conn_pool_size = 30 {{(pid=98738) log_opt_values /opt/stack/data/venv/lib/python3.12/site-packages/oslo_config/cfg.py:3253}}
Jul 03 16:42:20.447521 np0000004442 nova-conductor[98738]: DEBUG cotyledon.oslo_config_glue [-] oslo_messaging_rabbit.ssl = False {{(pid=98738) log_opt_values /opt/stack/data/venv/lib/python3.12/site-packages/oslo_config/cfg.py:3253}}
Jul 03 16:42:20.447521 np0000004442 nova-conductor[98738]: DEBUG cotyledon.oslo_config_glue [-] oslo_messaging_rabbit.ssl_ca_file = {{(pid=98738) log_opt_values /opt/stack/data/venv/lib/python3.12/site-packages/oslo_config/cfg.py:3253}}
Jul 03 16:42:20.447521 np0000004442 nova-conductor[98738]: DEBUG cotyledon.oslo_config_glue [-] oslo_messaging_rabbit.ssl_cert_file = {{(pid=98738) log_opt_values /opt/stack/data/venv/lib/python3.12/site-packages/oslo_config/cfg.py:3253}}
Jul 03 16:42:20.447521 np0000004442 nova-conductor[98738]: DEBUG cotyledon.oslo_config_glue [-] oslo_messaging_rabbit.ssl_enforce_fips_mode = False {{(pid=98738) log_opt_values /opt/stack/data/venv/lib/python3.12/site-packages/oslo_config/cfg.py:3253}}
Jul 03 16:42:20.447521 np0000004442 nova-conductor[98738]: DEBUG cotyledon.oslo_config_glue [-] oslo_messaging_rabbit.ssl_enforce_hostname_verification = True {{(pid=98738) log_opt_values /opt/stack/data/venv/lib/python3.12/site-packages/oslo_config/cfg.py:3253}}
Jul 03 16:42:20.447521 np0000004442 nova-conductor[98738]: DEBUG cotyledon.oslo_config_glue [-] oslo_messaging_rabbit.ssl_key_file = {{(pid=98738) log_opt_values /opt/stack/data/venv/lib/python3.12/site-packages/oslo_config/cfg.py:3253}}
Jul 03 16:42:20.447721 np0000004442 nova-conductor[98738]: DEBUG cotyledon.oslo_config_glue [-] oslo_messaging_rabbit.ssl_version = {{(pid=98738) log_opt_values /opt/stack/data/venv/lib/python3.12/site-packages/oslo_config/cfg.py:3253}}
Jul 03 16:42:20.447721 np0000004442 nova-conductor[98738]: DEBUG cotyledon.oslo_config_glue [-] oslo_messaging_rabbit.use_queue_manager = False {{(pid=98738) log_opt_values /opt/stack/data/venv/lib/python3.12/site-packages/oslo_config/cfg.py:3253}}
Jul 03 16:42:20.447721 np0000004442 nova-conductor[98738]: DEBUG cotyledon.oslo_config_glue [-] oslo_messaging_notifications.driver = ['messagingv2'] {{(pid=98738) log_opt_values /opt/stack/data/venv/lib/python3.12/site-packages/oslo_config/cfg.py:3253}}
Jul 03 16:42:20.447721 np0000004442 nova-conductor[98738]: DEBUG cotyledon.oslo_config_glue [-] oslo_messaging_notifications.retry = -1 {{(pid=98738) log_opt_values /opt/stack/data/venv/lib/python3.12/site-packages/oslo_config/cfg.py:3253}}
Jul 03 16:42:20.447721 np0000004442 nova-conductor[98738]: DEBUG cotyledon.oslo_config_glue [-] oslo_messaging_notifications.topics = ['notifications'] {{(pid=98738) log_opt_values /opt/stack/data/venv/lib/python3.12/site-packages/oslo_config/cfg.py:3253}}
Jul 03 16:42:20.447721 np0000004442 nova-conductor[98738]: DEBUG cotyledon.oslo_config_glue [-] oslo_messaging_notifications.transport_url = **** {{(pid=98738) log_opt_values /opt/stack/data/venv/lib/python3.12/site-packages/oslo_config/cfg.py:3253}}
Jul 03 16:42:20.447721 np0000004442 nova-conductor[98738]: DEBUG cotyledon.oslo_config_glue [-] oslo_limit.auth_section = None {{(pid=98738) log_opt_values /opt/stack/data/venv/lib/python3.12/site-packages/oslo_config/cfg.py:3253}}
Jul 03 16:42:20.447721 np0000004442 nova-conductor[98738]: DEBUG cotyledon.oslo_config_glue [-] oslo_limit.auth_type = None {{(pid=98738) log_opt_values /opt/stack/data/venv/lib/python3.12/site-packages/oslo_config/cfg.py:3253}}
Jul 03 16:42:20.447721 np0000004442 nova-conductor[98738]: DEBUG cotyledon.oslo_config_glue [-] oslo_limit.cafile = None {{(pid=98738) log_opt_values /opt/stack/data/venv/lib/python3.12/site-packages/oslo_config/cfg.py:3253}}
Jul 03 16:42:20.447907 np0000004442 nova-conductor[98738]: DEBUG cotyledon.oslo_config_glue [-] oslo_limit.certfile = None {{(pid=98738) log_opt_values /opt/stack/data/venv/lib/python3.12/site-packages/oslo_config/cfg.py:3253}}
Jul 03 16:42:20.447907 np0000004442 nova-conductor[98738]: DEBUG cotyledon.oslo_config_glue [-] oslo_limit.collect_timing = False {{(pid=98738) log_opt_values /opt/stack/data/venv/lib/python3.12/site-packages/oslo_config/cfg.py:3253}}
Jul 03 16:42:20.447907 np0000004442 nova-conductor[98738]: DEBUG cotyledon.oslo_config_glue [-] oslo_limit.connect_retries = None {{(pid=98738) log_opt_values /opt/stack/data/venv/lib/python3.12/site-packages/oslo_config/cfg.py:3253}}
Jul 03 16:42:20.447907 np0000004442 nova-conductor[98738]: DEBUG cotyledon.oslo_config_glue [-] oslo_limit.connect_retry_delay = None {{(pid=98738) log_opt_values /opt/stack/data/venv/lib/python3.12/site-packages/oslo_config/cfg.py:3253}}
Jul 03 16:42:20.447907 np0000004442 nova-conductor[98738]: DEBUG cotyledon.oslo_config_glue [-] oslo_limit.endpoint_id = None {{(pid=98738) log_opt_values /opt/stack/data/venv/lib/python3.12/site-packages/oslo_config/cfg.py:3253}}
Jul 03 16:42:20.447907 np0000004442 nova-conductor[98738]: DEBUG cotyledon.oslo_config_glue [-] oslo_limit.endpoint_interface = public {{(pid=98738) log_opt_values /opt/stack/data/venv/lib/python3.12/site-packages/oslo_config/cfg.py:3253}}
Jul 03 16:42:20.447907 np0000004442 nova-conductor[98738]: DEBUG cotyledon.oslo_config_glue [-] oslo_limit.endpoint_override = None {{(pid=98738) log_opt_values /opt/stack/data/venv/lib/python3.12/site-packages/oslo_config/cfg.py:3253}}
Jul 03 16:42:20.447907 np0000004442 nova-conductor[98738]: DEBUG cotyledon.oslo_config_glue [-] oslo_limit.endpoint_region_name = None {{(pid=98738) log_opt_values /opt/stack/data/venv/lib/python3.12/site-packages/oslo_config/cfg.py:3253}}
Jul 03 16:42:20.447907 np0000004442 nova-conductor[98738]: DEBUG cotyledon.oslo_config_glue [-] oslo_limit.endpoint_service_name = None {{(pid=98738) log_opt_values /opt/stack/data/venv/lib/python3.12/site-packages/oslo_config/cfg.py:3253}}
Jul 03 16:42:20.448094 np0000004442 nova-conductor[98738]: DEBUG cotyledon.oslo_config_glue [-] oslo_limit.endpoint_service_type = None {{(pid=98738) log_opt_values /opt/stack/data/venv/lib/python3.12/site-packages/oslo_config/cfg.py:3253}}
Jul 03 16:42:20.448094 np0000004442 nova-conductor[98738]: DEBUG cotyledon.oslo_config_glue [-] oslo_limit.insecure = False {{(pid=98738) log_opt_values /opt/stack/data/venv/lib/python3.12/site-packages/oslo_config/cfg.py:3253}}
Jul 03 16:42:20.448094 np0000004442 nova-conductor[98738]: DEBUG cotyledon.oslo_config_glue [-] oslo_limit.keyfile = None {{(pid=98738) log_opt_values /opt/stack/data/venv/lib/python3.12/site-packages/oslo_config/cfg.py:3253}}
Jul 03 16:42:20.448094 np0000004442 nova-conductor[98738]: DEBUG cotyledon.oslo_config_glue [-] oslo_limit.max_version = None {{(pid=98738) log_opt_values /opt/stack/data/venv/lib/python3.12/site-packages/oslo_config/cfg.py:3253}}
Jul 03 16:42:20.448094 np0000004442 nova-conductor[98738]: DEBUG cotyledon.oslo_config_glue [-] oslo_limit.min_version = None {{(pid=98738) log_opt_values /opt/stack/data/venv/lib/python3.12/site-packages/oslo_config/cfg.py:3253}}
Jul 03 16:42:20.448094 np0000004442 nova-conductor[98738]: DEBUG cotyledon.oslo_config_glue [-] oslo_limit.region_name = None {{(pid=98738) log_opt_values /opt/stack/data/venv/lib/python3.12/site-packages/oslo_config/cfg.py:3253}}
Jul 03 16:42:20.448094 np0000004442 nova-conductor[98738]: DEBUG cotyledon.oslo_config_glue [-] oslo_limit.retriable_status_codes = None {{(pid=98738) log_opt_values /opt/stack/data/venv/lib/python3.12/site-packages/oslo_config/cfg.py:3253}}
Jul 03 16:42:20.448094 np0000004442 nova-conductor[98738]: DEBUG cotyledon.oslo_config_glue [-] oslo_limit.service_name = None {{(pid=98738) log_opt_values /opt/stack/data/venv/lib/python3.12/site-packages/oslo_config/cfg.py:3253}}
Jul 03 16:42:20.448094 np0000004442 nova-conductor[98738]: DEBUG cotyledon.oslo_config_glue [-] oslo_limit.service_type = None {{(pid=98738) log_opt_values /opt/stack/data/venv/lib/python3.12/site-packages/oslo_config/cfg.py:3253}}
Jul 03 16:42:20.448280 np0000004442 nova-conductor[98738]: DEBUG cotyledon.oslo_config_glue [-] oslo_limit.split_loggers = False {{(pid=98738) log_opt_values /opt/stack/data/venv/lib/python3.12/site-packages/oslo_config/cfg.py:3253}}
Jul 03 16:42:20.448280 np0000004442 nova-conductor[98738]: DEBUG cotyledon.oslo_config_glue [-] oslo_limit.status_code_retries = None {{(pid=98738) log_opt_values /opt/stack/data/venv/lib/python3.12/site-packages/oslo_config/cfg.py:3253}}
Jul 03 16:42:20.448280 np0000004442 nova-conductor[98738]: DEBUG cotyledon.oslo_config_glue [-] oslo_limit.status_code_retry_delay = None {{(pid=98738) log_opt_values /opt/stack/data/venv/lib/python3.12/site-packages/oslo_config/cfg.py:3253}}
Jul 03 16:42:20.448280 np0000004442 nova-conductor[98738]: DEBUG cotyledon.oslo_config_glue [-] oslo_limit.timeout = None {{(pid=98738) log_opt_values /opt/stack/data/venv/lib/python3.12/site-packages/oslo_config/cfg.py:3253}}
Jul 03 16:42:20.448280 np0000004442 nova-conductor[98738]: DEBUG cotyledon.oslo_config_glue [-] oslo_limit.valid_interfaces = None {{(pid=98738) log_opt_values /opt/stack/data/venv/lib/python3.12/site-packages/oslo_config/cfg.py:3253}}
Jul 03 16:42:20.448280 np0000004442 nova-conductor[98738]: DEBUG cotyledon.oslo_config_glue [-] oslo_limit.version = None {{(pid=98738) log_opt_values /opt/stack/data/venv/lib/python3.12/site-packages/oslo_config/cfg.py:3253}}
Jul 03 16:42:20.448280 np0000004442 nova-conductor[98738]: DEBUG cotyledon.oslo_config_glue [-] oslo_reports.file_event_handler = None {{(pid=98738) log_opt_values /opt/stack/data/venv/lib/python3.12/site-packages/oslo_config/cfg.py:3253}}
Jul 03 16:42:20.448280 np0000004442 nova-conductor[98738]: DEBUG cotyledon.oslo_config_glue [-] oslo_reports.file_event_handler_interval = 1 {{(pid=98738) log_opt_values /opt/stack/data/venv/lib/python3.12/site-packages/oslo_config/cfg.py:3253}}
Jul 03 16:42:20.448280 np0000004442 nova-conductor[98738]: DEBUG cotyledon.oslo_config_glue [-] oslo_reports.log_dir = None {{(pid=98738) log_opt_values /opt/stack/data/venv/lib/python3.12/site-packages/oslo_config/cfg.py:3253}}
Jul 03 16:42:20.448519 np0000004442 nova-conductor[98738]: DEBUG cotyledon.oslo_config_glue [-] ******************************************************************************** {{(pid=98738) log_opt_values /opt/stack/data/venv/lib/python3.12/site-packages/oslo_config/cfg.py:3260}}
Jul 03 16:42:20.448519 np0000004442 nova-conductor[98738]: DEBUG cotyledon._service_worker [-] Run service ServiceWrapper(3) [98738] {{(pid=98738) wait_forever /opt/stack/data/venv/lib/python3.12/site-packages/cotyledon/_service_worker.py:218}}
Jul 03 16:42:20.448519 np0000004442 nova-conductor[98738]: INFO nova.service [-] Starting conductor node (version 33.1.0)
Jul 03 16:42:20.448614 np0000004442 nova-conductor[98725]: DEBUG oslo_db.sqlalchemy.engines [None req-3574dce7-1349-436f-a000-3bedffc11134 None None] MySQL server mode set to STRICT_TRANS_TABLES,STRICT_ALL_TABLES,NO_ZERO_IN_DATE,NO_ZERO_DATE,ERROR_FOR_DIVISION_BY_ZERO,TRADITIONAL,NO_ENGINE_SUBSTITUTION {{(pid=98725) _check_effective_sql_mode /opt/stack/data/venv/lib/python3.12/site-packages/oslo_db/sqlalchemy/engines.py:325}}
Jul 03 16:42:20.448645 np0000004442 nova-conductor[98738]: INFO dbcounter [None req-2dad6248-56d9-4017-a8ec-bd7d3769d589 None None] Registered counter for database nova_cell0
Jul 03 16:42:20.448683 np0000004442 nova-conductor[98725]: DEBUG dbcounter [-] [98725] Writer thread running {{(pid=98725) stat_writer /opt/stack/data/venv/lib/python3.12/site-packages/dbcounter.py:102}}
Jul 03 16:42:20.448709 np0000004442 nova-conductor[98729]: DEBUG oslo_db.sqlalchemy.engines [None req-6967acfd-495c-485f-b1a1-57f2773a2008 None None] MySQL server mode set to STRICT_TRANS_TABLES,STRICT_ALL_TABLES,NO_ZERO_IN_DATE,NO_ZERO_DATE,ERROR_FOR_DIVISION_BY_ZERO,TRADITIONAL,NO_ENGINE_SUBSTITUTION {{(pid=98729) _check_effective_sql_mode /opt/stack/data/venv/lib/python3.12/site-packages/oslo_db/sqlalchemy/engines.py:325}}
Jul 03 16:42:20.459929 np0000004442 nova-conductor[98729]: DEBUG dbcounter [-] [98729] Writer thread running {{(pid=98729) stat_writer /opt/stack/data/venv/lib/python3.12/site-packages/dbcounter.py:102}}
Jul 03 16:42:20.467939 np0000004442 nova-conductor[98735]: DEBUG oslo_db.sqlalchemy.engines [None req-c3e29034-5949-4240-9156-9f9459d503d3 None None] MySQL server mode set to STRICT_TRANS_TABLES,STRICT_ALL_TABLES,NO_ZERO_IN_DATE,NO_ZERO_DATE,ERROR_FOR_DIVISION_BY_ZERO,TRADITIONAL,NO_ENGINE_SUBSTITUTION {{(pid=98735) _check_effective_sql_mode /opt/stack/data/venv/lib/python3.12/site-packages/oslo_db/sqlalchemy/engines.py:325}}
Jul 03 16:42:20.469775 np0000004442 nova-conductor[98725]: DEBUG nova.service [None req-3574dce7-1349-436f-a000-3bedffc11134 None None] Creating RPC server for service: nova-conductor on topic: conductor {{(pid=98725) start /opt/stack/nova/nova/service.py:196}}
Jul 03 16:42:20.473455 np0000004442 nova-conductor[98738]: DEBUG oslo_db.sqlalchemy.engines [None req-2dad6248-56d9-4017-a8ec-bd7d3769d589 None None] MySQL server mode set to STRICT_TRANS_TABLES,STRICT_ALL_TABLES,NO_ZERO_IN_DATE,NO_ZERO_DATE,ERROR_FOR_DIVISION_BY_ZERO,TRADITIONAL,NO_ENGINE_SUBSTITUTION {{(pid=98738) _check_effective_sql_mode /opt/stack/data/venv/lib/python3.12/site-packages/oslo_db/sqlalchemy/engines.py:325}}
Jul 03 16:42:20.474579 np0000004442 nova-conductor[98729]: DEBUG nova.service [None req-6967acfd-495c-485f-b1a1-57f2773a2008 None None] Creating RPC server for service: nova-conductor on topic: conductor {{(pid=98729) start /opt/stack/nova/nova/service.py:196}}
Jul 03 16:42:20.478276 np0000004442 nova-conductor[98735]: DEBUG dbcounter [-] [98735] Writer thread running {{(pid=98735) stat_writer /opt/stack/data/venv/lib/python3.12/site-packages/dbcounter.py:102}}
Jul 03 16:42:20.481324 np0000004442 nova-conductor[98735]: DEBUG nova.service [None req-c3e29034-5949-4240-9156-9f9459d503d3 None None] Creating RPC server for service: nova-conductor on topic: conductor {{(pid=98735) start /opt/stack/nova/nova/service.py:196}}
Jul 03 16:42:20.482416 np0000004442 nova-conductor[98738]: DEBUG dbcounter [-] [98738] Writer thread running {{(pid=98738) stat_writer /opt/stack/data/venv/lib/python3.12/site-packages/dbcounter.py:102}}
Jul 03 16:42:20.485490 np0000004442 nova-conductor[98738]: DEBUG nova.service [None req-2dad6248-56d9-4017-a8ec-bd7d3769d589 None None] Creating RPC server for service: nova-conductor on topic: conductor {{(pid=98738) start /opt/stack/nova/nova/service.py:196}}
Jul 03 16:42:20.489714 np0000004442 nova-conductor[98725]: DEBUG nova.service [None req-3574dce7-1349-436f-a000-3bedffc11134 None None] Join ServiceGroup membership for this service conductor {{(pid=98725) start /opt/stack/nova/nova/service.py:222}}
Jul 03 16:42:20.489949 np0000004442 nova-conductor[98725]: DEBUG nova.servicegroup.drivers.db [None req-3574dce7-1349-436f-a000-3bedffc11134 None None] DB_Driver: join new ServiceGroup member np0000004442 to the conductor group, service = {{(pid=98725) join /opt/stack/nova/nova/servicegroup/drivers/db.py:44}}
Jul 03 16:42:20.491715 np0000004442 nova-conductor[98725]: DEBUG oslo.service.backend._threading.loopingcall [None req-e82a0747-c17b-47d4-8ad6-842e8bedd348 None None] Dynamic interval looping call 'nova.service.Service.periodic_tasks' sleeping for 60.00 seconds {{(pid=98725) _run_loop /opt/stack/data/venv/lib/python3.12/site-packages/oslo_service/backend/_threading/loopingcall.py:125}}
Jul 03 16:42:20.495452 np0000004442 nova-conductor[98729]: DEBUG nova.service [None req-6967acfd-495c-485f-b1a1-57f2773a2008 None None] Join ServiceGroup membership for this service conductor {{(pid=98729) start /opt/stack/nova/nova/service.py:222}}
Jul 03 16:42:20.495663 np0000004442 nova-conductor[98729]: DEBUG nova.servicegroup.drivers.db [None req-6967acfd-495c-485f-b1a1-57f2773a2008 None None] DB_Driver: join new ServiceGroup member np0000004442 to the conductor group, service = {{(pid=98729) join /opt/stack/nova/nova/servicegroup/drivers/db.py:44}}
Jul 03 16:42:20.499147 np0000004442 nova-conductor[98735]: DEBUG nova.service [None req-c3e29034-5949-4240-9156-9f9459d503d3 None None] Join ServiceGroup membership for this service conductor {{(pid=98735) start /opt/stack/nova/nova/service.py:222}}
Jul 03 16:42:20.499307 np0000004442 nova-conductor[98735]: DEBUG nova.servicegroup.drivers.db [None req-c3e29034-5949-4240-9156-9f9459d503d3 None None] DB_Driver: join new ServiceGroup member np0000004442 to the conductor group, service = {{(pid=98735) join /opt/stack/nova/nova/servicegroup/drivers/db.py:44}}
Jul 03 16:42:20.502646 np0000004442 nova-conductor[98738]: DEBUG nova.service [None req-2dad6248-56d9-4017-a8ec-bd7d3769d589 None None] Join ServiceGroup membership for this service conductor {{(pid=98738) start /opt/stack/nova/nova/service.py:222}}
Jul 03 16:42:20.502858 np0000004442 nova-conductor[98738]: DEBUG nova.servicegroup.drivers.db [None req-2dad6248-56d9-4017-a8ec-bd7d3769d589 None None] DB_Driver: join new ServiceGroup member np0000004442 to the conductor group, service = {{(pid=98738) join /opt/stack/nova/nova/servicegroup/drivers/db.py:44}}
Jul 03 16:42:25.511962 np0000004442 nova-conductor[98725]: DEBUG oslo.service.backend._threading.loopingcall [-] Fixed interval looping call 'nova.servicegroup.drivers.db.DbDriver._report_state' sleeping for 119.98 seconds {{(pid=98725) _run_loop /opt/stack/data/venv/lib/python3.12/site-packages/oslo_service/backend/_threading/loopingcall.py:125}}
Jul 03 16:42:25.521553 np0000004442 nova-conductor[98729]: DEBUG oslo.service.backend._threading.loopingcall [-] Fixed interval looping call 'nova.servicegroup.drivers.db.DbDriver._report_state' sleeping for 119.98 seconds {{(pid=98729) _run_loop /opt/stack/data/venv/lib/python3.12/site-packages/oslo_service/backend/_threading/loopingcall.py:125}}
Jul 03 16:42:25.522974 np0000004442 nova-conductor[98735]: DEBUG oslo.service.backend._threading.loopingcall [-] Fixed interval looping call 'nova.servicegroup.drivers.db.DbDriver._report_state' sleeping for 119.98 seconds {{(pid=98735) _run_loop /opt/stack/data/venv/lib/python3.12/site-packages/oslo_service/backend/_threading/loopingcall.py:125}}
Jul 03 16:42:25.527376 np0000004442 nova-conductor[98738]: DEBUG oslo.service.backend._threading.loopingcall [-] Fixed interval looping call 'nova.servicegroup.drivers.db.DbDriver._report_state' sleeping for 119.98 seconds {{(pid=98738) _run_loop /opt/stack/data/venv/lib/python3.12/site-packages/oslo_service/backend/_threading/loopingcall.py:125}}
Jul 03 16:42:29.074707 np0000004442 nova-conductor[97222]: DEBUG dbcounter [-] [97222] Writing DB stats nova_api:SELECT=1 {{(pid=97222) stat_writer /opt/stack/data/venv/lib/python3.12/site-packages/dbcounter.py:115}}
Jul 03 16:42:29.209241 np0000004442 nova-conductor[97222]: DEBUG dbcounter [-] [97222] Writing DB stats nova_cell0:SELECT=1 {{(pid=97222) stat_writer /opt/stack/data/venv/lib/python3.12/site-packages/dbcounter.py:115}}
Jul 03 16:42:29.213337 np0000004442 nova-conductor[97222]: DEBUG dbcounter [-] [97222] Writing DB stats nova_cell1:SELECT=1 {{(pid=97222) stat_writer /opt/stack/data/venv/lib/python3.12/site-packages/dbcounter.py:115}}
Jul 03 16:42:35.497701 np0000004442 nova-conductor[98725]: DEBUG dbcounter [-] [98725] Writing DB stats nova_cell0:SELECT=4,nova_cell0:INSERT=1,nova_cell0:UPDATE=1 {{(pid=98725) stat_writer /opt/stack/data/venv/lib/python3.12/site-packages/dbcounter.py:115}}
Jul 03 16:42:35.501620 np0000004442 nova-conductor[98735]: DEBUG oslo.service.backend._threading.loopingcall [None req-47c210f0-996f-4339-b06e-4f5aeb6fde72 None None] Dynamic interval looping call 'nova.service.Service.periodic_tasks' sleeping for 60.00 seconds {{(pid=98735) _run_loop /opt/stack/data/venv/lib/python3.12/site-packages/oslo_service/backend/_threading/loopingcall.py:125}}
Jul 03 16:42:35.504011 np0000004442 nova-conductor[98729]: DEBUG dbcounter [-] [98729] Writing DB stats nova_cell0:SELECT=5,nova_cell0:INSERT=1,nova_cell0:UPDATE=1 {{(pid=98729) stat_writer /opt/stack/data/venv/lib/python3.12/site-packages/dbcounter.py:115}}
Jul 03 16:42:35.511384 np0000004442 nova-conductor[98735]: DEBUG dbcounter [-] [98735] Writing DB stats nova_cell0:SELECT=3,nova_cell0:UPDATE=1 {{(pid=98735) stat_writer /opt/stack/data/venv/lib/python3.12/site-packages/dbcounter.py:115}}
Jul 03 16:42:35.519347 np0000004442 nova-conductor[98738]: DEBUG dbcounter [-] [98738] Writing DB stats nova_cell0:SELECT=3 {{(pid=98738) stat_writer /opt/stack/data/venv/lib/python3.12/site-packages/dbcounter.py:115}}
Jul 03 16:42:51.504872 np0000004442 nova-conductor[98738]: DEBUG oslo.service.backend._threading.loopingcall [None req-91202a44-e3fd-4afe-9329-2168377cb0c5 None None] Dynamic interval looping call 'nova.service.Service.periodic_tasks' sleeping for 60.00 seconds {{(pid=98738) _run_loop /opt/stack/data/venv/lib/python3.12/site-packages/oslo_service/backend/_threading/loopingcall.py:125}}
Jul 03 16:43:11.497656 np0000004442 nova-conductor[98729]: DEBUG oslo.service.backend._threading.loopingcall [None req-d480a125-3e7d-46ed-bf47-c6a875916596 None None] Dynamic interval looping call 'nova.service.Service.periodic_tasks' sleeping for 60.00 seconds {{(pid=98729) _run_loop /opt/stack/data/venv/lib/python3.12/site-packages/oslo_service/backend/_threading/loopingcall.py:125}}
Jul 03 16:43:20.492221 np0000004442 nova-conductor[98725]: DEBUG oslo.service.backend._threading.loopingcall [None req-e82a0747-c17b-47d4-8ad6-842e8bedd348 None None] Dynamic interval looping call 'nova.service.Service.periodic_tasks' sleeping for 60.00 seconds {{(pid=98725) _run_loop /opt/stack/data/venv/lib/python3.12/site-packages/oslo_service/backend/_threading/loopingcall.py:125}}
Jul 03 16:43:35.502204 np0000004442 nova-conductor[98735]: DEBUG oslo.service.backend._threading.loopingcall [None req-47c210f0-996f-4339-b06e-4f5aeb6fde72 None None] Dynamic interval looping call 'nova.service.Service.periodic_tasks' sleeping for 60.00 seconds {{(pid=98735) _run_loop /opt/stack/data/venv/lib/python3.12/site-packages/oslo_service/backend/_threading/loopingcall.py:125}}
Jul 03 16:43:51.505403 np0000004442 nova-conductor[98738]: DEBUG oslo.service.backend._threading.loopingcall [None req-91202a44-e3fd-4afe-9329-2168377cb0c5 None None] Dynamic interval looping call 'nova.service.Service.periodic_tasks' sleeping for 60.00 seconds {{(pid=98738) _run_loop /opt/stack/data/venv/lib/python3.12/site-packages/oslo_service/backend/_threading/loopingcall.py:125}}
Jul 03 16:44:11.498233 np0000004442 nova-conductor[98729]: DEBUG oslo.service.backend._threading.loopingcall [None req-d480a125-3e7d-46ed-bf47-c6a875916596 None None] Dynamic interval looping call 'nova.service.Service.periodic_tasks' sleeping for 60.00 seconds {{(pid=98729) _run_loop /opt/stack/data/venv/lib/python3.12/site-packages/oslo_service/backend/_threading/loopingcall.py:125}}
Jul 03 16:44:20.492710 np0000004442 nova-conductor[98725]: DEBUG oslo.service.backend._threading.loopingcall [None req-e82a0747-c17b-47d4-8ad6-842e8bedd348 None None] Dynamic interval looping call 'nova.service.Service.periodic_tasks' sleeping for 60.00 seconds {{(pid=98725) _run_loop /opt/stack/data/venv/lib/python3.12/site-packages/oslo_service/backend/_threading/loopingcall.py:125}}
Jul 03 16:44:25.509378 np0000004442 nova-conductor[98725]: DEBUG oslo.service.backend._threading.loopingcall [-] Fixed interval looping call 'nova.servicegroup.drivers.db.DbDriver._report_state' sleeping for 119.98 seconds {{(pid=98725) _run_loop /opt/stack/data/venv/lib/python3.12/site-packages/oslo_service/backend/_threading/loopingcall.py:125}}
Jul 03 16:44:25.511672 np0000004442 nova-conductor[98738]: DEBUG oslo.service.backend._threading.loopingcall [-] Fixed interval looping call 'nova.servicegroup.drivers.db.DbDriver._report_state' sleeping for 120.00 seconds {{(pid=98738) _run_loop /opt/stack/data/venv/lib/python3.12/site-packages/oslo_service/backend/_threading/loopingcall.py:125}}
Jul 03 16:44:25.521263 np0000004442 nova-conductor[98729]: DEBUG oslo.service.backend._threading.loopingcall [-] Fixed interval looping call 'nova.servicegroup.drivers.db.DbDriver._report_state' sleeping for 119.98 seconds {{(pid=98729) _run_loop /opt/stack/data/venv/lib/python3.12/site-packages/oslo_service/backend/_threading/loopingcall.py:125}}
Jul 03 16:44:25.521724 np0000004442 nova-conductor[98735]: DEBUG oslo.service.backend._threading.loopingcall [-] Fixed interval looping call 'nova.servicegroup.drivers.db.DbDriver._report_state' sleeping for 119.98 seconds {{(pid=98735) _run_loop /opt/stack/data/venv/lib/python3.12/site-packages/oslo_service/backend/_threading/loopingcall.py:125}}
Jul 03 16:44:29.031912 np0000004442 nova-conductor[98725]: DEBUG oslo_db.sqlalchemy.engines [None req-e9b848eb-ee9a-4923-9dbf-5df0efcd9c8c tempest-DeleteServersTestJSON-405297495 tempest-DeleteServersTestJSON-405297495-project-member] Parent process 97222 forked (98725) with an open database connection, which is being discarded and recreated. {{(pid=98725) checkout /opt/stack/data/venv/lib/python3.12/site-packages/oslo_db/sqlalchemy/engines.py:402}}
Jul 03 16:44:29.078807 np0000004442 nova-conductor[98725]: DEBUG dbcounter [-] [98725] Writer thread running {{(pid=98725) stat_writer /opt/stack/data/venv/lib/python3.12/site-packages/dbcounter.py:102}}
Jul 03 16:44:30.105718 np0000004442 nova-conductor[98725]: DEBUG nova.conductor.manager [None req-e9b848eb-ee9a-4923-9dbf-5df0efcd9c8c tempest-DeleteServersTestJSON-405297495 tempest-DeleteServersTestJSON-405297495-project-member] Took 1.02 seconds to select destinations for 1 instance(s). {{(pid=98725) _schedule_instances /opt/stack/nova/nova/conductor/manager.py:968}}
Jul 03 16:44:30.149015 np0000004442 nova-conductor[98725]: DEBUG oslo_concurrency.lockutils [None req-e9b848eb-ee9a-4923-9dbf-5df0efcd9c8c tempest-DeleteServersTestJSON-405297495 tempest-DeleteServersTestJSON-405297495-project-member] Acquiring lock "cbca7752-9005-407b-8e14-73ba314a7c94" by "nova.context.set_target_cell..get_or_set_cached_cell_and_set_connections" {{(pid=98725) inner /opt/stack/data/venv/lib/python3.12/site-packages/oslo_concurrency/lockutils.py:511}}
Jul 03 16:44:30.149287 np0000004442 nova-conductor[98725]: DEBUG oslo_concurrency.lockutils [None req-e9b848eb-ee9a-4923-9dbf-5df0efcd9c8c tempest-DeleteServersTestJSON-405297495 tempest-DeleteServersTestJSON-405297495-project-member] Lock "cbca7752-9005-407b-8e14-73ba314a7c94" acquired by "nova.context.set_target_cell..get_or_set_cached_cell_and_set_connections" :: waited 0.000s {{(pid=98725) inner /opt/stack/data/venv/lib/python3.12/site-packages/oslo_concurrency/lockutils.py:524}}
Jul 03 16:44:30.150632 np0000004442 nova-conductor[98725]: DEBUG oslo_concurrency.lockutils [None req-e9b848eb-ee9a-4923-9dbf-5df0efcd9c8c tempest-DeleteServersTestJSON-405297495 tempest-DeleteServersTestJSON-405297495-project-member] Lock "cbca7752-9005-407b-8e14-73ba314a7c94" "released" by "nova.context.set_target_cell..get_or_set_cached_cell_and_set_connections" :: held 0.001s {{(pid=98725) inner /opt/stack/data/venv/lib/python3.12/site-packages/oslo_concurrency/lockutils.py:543}}
Jul 03 16:44:30.152621 np0000004442 nova-conductor[98725]: INFO dbcounter [None req-e9b848eb-ee9a-4923-9dbf-5df0efcd9c8c tempest-DeleteServersTestJSON-405297495 tempest-DeleteServersTestJSON-405297495-project-member] Registered counter for database nova_cell1
Jul 03 16:44:30.194854 np0000004442 nova-conductor[98725]: DEBUG oslo_db.sqlalchemy.engines [None req-e9b848eb-ee9a-4923-9dbf-5df0efcd9c8c tempest-DeleteServersTestJSON-405297495 tempest-DeleteServersTestJSON-405297495-project-member] MySQL server mode set to STRICT_TRANS_TABLES,STRICT_ALL_TABLES,NO_ZERO_IN_DATE,NO_ZERO_DATE,ERROR_FOR_DIVISION_BY_ZERO,TRADITIONAL,NO_ENGINE_SUBSTITUTION {{(pid=98725) _check_effective_sql_mode /opt/stack/data/venv/lib/python3.12/site-packages/oslo_db/sqlalchemy/engines.py:325}}
Jul 03 16:44:30.200819 np0000004442 nova-conductor[98725]: DEBUG dbcounter [-] [98725] Writer thread running {{(pid=98725) stat_writer /opt/stack/data/venv/lib/python3.12/site-packages/dbcounter.py:102}}
Jul 03 16:44:30.283416 np0000004442 nova-conductor[98725]: INFO nova.utils [None req-e9b848eb-ee9a-4923-9dbf-5df0efcd9c8c tempest-DeleteServersTestJSON-405297495 tempest-DeleteServersTestJSON-405297495-project-member] The cell worker thread pool ForkProcess-1.cell_worker is initialized
Jul 03 16:44:30.283416 np0000004442 nova-conductor[98725]: DEBUG oslo_concurrency.lockutils [None req-e9b848eb-ee9a-4923-9dbf-5df0efcd9c8c tempest-DeleteServersTestJSON-405297495 tempest-DeleteServersTestJSON-405297495-project-member] Acquiring lock "00000000-0000-0000-0000-000000000000" by "nova.context.set_target_cell..get_or_set_cached_cell_and_set_connections" {{(pid=98725) inner /opt/stack/data/venv/lib/python3.12/site-packages/oslo_concurrency/lockutils.py:511}}
Jul 03 16:44:30.283416 np0000004442 nova-conductor[98725]: DEBUG oslo_concurrency.lockutils [None req-e9b848eb-ee9a-4923-9dbf-5df0efcd9c8c tempest-DeleteServersTestJSON-405297495 tempest-DeleteServersTestJSON-405297495-project-member] Lock "00000000-0000-0000-0000-000000000000" acquired by "nova.context.set_target_cell..get_or_set_cached_cell_and_set_connections" :: waited 0.000s {{(pid=98725) inner /opt/stack/data/venv/lib/python3.12/site-packages/oslo_concurrency/lockutils.py:524}}
Jul 03 16:44:30.284090 np0000004442 nova-conductor[98725]: DEBUG oslo_concurrency.lockutils [None req-e9b848eb-ee9a-4923-9dbf-5df0efcd9c8c tempest-DeleteServersTestJSON-405297495 tempest-DeleteServersTestJSON-405297495-project-member] Lock "00000000-0000-0000-0000-000000000000" "released" by "nova.context.set_target_cell..get_or_set_cached_cell_and_set_connections" :: held 0.000s {{(pid=98725) inner /opt/stack/data/venv/lib/python3.12/site-packages/oslo_concurrency/lockutils.py:543}}
Jul 03 16:44:30.285750 np0000004442 nova-conductor[98725]: DEBUG oslo_concurrency.lockutils [None req-e9b848eb-ee9a-4923-9dbf-5df0efcd9c8c tempest-DeleteServersTestJSON-405297495 tempest-DeleteServersTestJSON-405297495-project-member] Acquiring lock "cbca7752-9005-407b-8e14-73ba314a7c94" by "nova.context.set_target_cell..get_or_set_cached_cell_and_set_connections" {{(pid=98725) inner /opt/stack/data/venv/lib/python3.12/site-packages/oslo_concurrency/lockutils.py:511}}
Jul 03 16:44:30.286044 np0000004442 nova-conductor[98725]: DEBUG oslo_concurrency.lockutils [None req-e9b848eb-ee9a-4923-9dbf-5df0efcd9c8c tempest-DeleteServersTestJSON-405297495 tempest-DeleteServersTestJSON-405297495-project-member] Lock "cbca7752-9005-407b-8e14-73ba314a7c94" acquired by "nova.context.set_target_cell..get_or_set_cached_cell_and_set_connections" :: waited 0.001s {{(pid=98725) inner /opt/stack/data/venv/lib/python3.12/site-packages/oslo_concurrency/lockutils.py:524}}
Jul 03 16:44:30.286358 np0000004442 nova-conductor[98725]: DEBUG oslo_concurrency.lockutils [None req-e9b848eb-ee9a-4923-9dbf-5df0efcd9c8c tempest-DeleteServersTestJSON-405297495 tempest-DeleteServersTestJSON-405297495-project-member] Lock "cbca7752-9005-407b-8e14-73ba314a7c94" "released" by "nova.context.set_target_cell..get_or_set_cached_cell_and_set_connections" :: held 0.000s {{(pid=98725) inner /opt/stack/data/venv/lib/python3.12/site-packages/oslo_concurrency/lockutils.py:543}}
Jul 03 16:44:30.287817 np0000004442 nova-conductor[98725]: INFO dbcounter [None req-e9b848eb-ee9a-4923-9dbf-5df0efcd9c8c tempest-DeleteServersTestJSON-405297495 tempest-DeleteServersTestJSON-405297495-project-member] Registered counter for database nova_cell0
Jul 03 16:44:30.335967 np0000004442 nova-conductor[98725]: DEBUG oslo_db.sqlalchemy.engines [None req-e9b848eb-ee9a-4923-9dbf-5df0efcd9c8c tempest-DeleteServersTestJSON-405297495 tempest-DeleteServersTestJSON-405297495-project-member] MySQL server mode set to STRICT_TRANS_TABLES,STRICT_ALL_TABLES,NO_ZERO_IN_DATE,NO_ZERO_DATE,ERROR_FOR_DIVISION_BY_ZERO,TRADITIONAL,NO_ENGINE_SUBSTITUTION {{(pid=98725) _check_effective_sql_mode /opt/stack/data/venv/lib/python3.12/site-packages/oslo_db/sqlalchemy/engines.py:325}}
Jul 03 16:44:30.342608 np0000004442 nova-conductor[98725]: DEBUG dbcounter [-] [98725] Writer thread running {{(pid=98725) stat_writer /opt/stack/data/venv/lib/python3.12/site-packages/dbcounter.py:102}}
Jul 03 16:44:30.354547 np0000004442 nova-conductor[98725]: DEBUG nova.quota [None req-e9b848eb-ee9a-4923-9dbf-5df0efcd9c8c tempest-DeleteServersTestJSON-405297495 tempest-DeleteServersTestJSON-405297495-project-member] Getting quotas for project 2ccdf98a845d4275bec132d011b474c2. Resources: {'instances', 'cores', 'ram'} {{(pid=98725) _get_quotas /opt/stack/nova/nova/quota.py:389}}
Jul 03 16:44:30.359463 np0000004442 nova-conductor[98725]: DEBUG nova.quota [None req-e9b848eb-ee9a-4923-9dbf-5df0efcd9c8c tempest-DeleteServersTestJSON-405297495 tempest-DeleteServersTestJSON-405297495-project-member] Getting quotas for user 8aa95d41a74a468394b369a218bd1a71 and project 2ccdf98a845d4275bec132d011b474c2. Resources: {'instances', 'cores', 'ram'} {{(pid=98725) _get_quotas /opt/stack/nova/nova/quota.py:379}}
Jul 03 16:44:30.365775 np0000004442 nova-conductor[98725]: DEBUG nova.conductor.manager [None req-e9b848eb-ee9a-4923-9dbf-5df0efcd9c8c tempest-DeleteServersTestJSON-405297495 tempest-DeleteServersTestJSON-405297495-project-member] [instance: 01ac3b31-4d1d-4696-8c22-5b6d43e8f099] Selected host: np0000004442; Selected node: np0000004442; Alternates: [] {{(pid=98725) schedule_and_build_instances /opt/stack/nova/nova/conductor/manager.py:1784}}
Jul 03 16:44:30.366376 np0000004442 nova-conductor[98725]: DEBUG oslo_concurrency.lockutils [None req-e9b848eb-ee9a-4923-9dbf-5df0efcd9c8c tempest-DeleteServersTestJSON-405297495 tempest-DeleteServersTestJSON-405297495-project-member] Acquiring lock "cbca7752-9005-407b-8e14-73ba314a7c94" by "nova.context.set_target_cell..get_or_set_cached_cell_and_set_connections" {{(pid=98725) inner /opt/stack/data/venv/lib/python3.12/site-packages/oslo_concurrency/lockutils.py:511}}
Jul 03 16:44:30.366463 np0000004442 nova-conductor[98725]: DEBUG oslo_concurrency.lockutils [None req-e9b848eb-ee9a-4923-9dbf-5df0efcd9c8c tempest-DeleteServersTestJSON-405297495 tempest-DeleteServersTestJSON-405297495-project-member] Lock "cbca7752-9005-407b-8e14-73ba314a7c94" acquired by "nova.context.set_target_cell..get_or_set_cached_cell_and_set_connections" :: waited 0.000s {{(pid=98725) inner /opt/stack/data/venv/lib/python3.12/site-packages/oslo_concurrency/lockutils.py:524}}
Jul 03 16:44:30.366571 np0000004442 nova-conductor[98725]: DEBUG oslo_concurrency.lockutils [None req-e9b848eb-ee9a-4923-9dbf-5df0efcd9c8c tempest-DeleteServersTestJSON-405297495 tempest-DeleteServersTestJSON-405297495-project-member] Lock "cbca7752-9005-407b-8e14-73ba314a7c94" "released" by "nova.context.set_target_cell..get_or_set_cached_cell_and_set_connections" :: held 0.000s {{(pid=98725) inner /opt/stack/data/venv/lib/python3.12/site-packages/oslo_concurrency/lockutils.py:543}}
Jul 03 16:44:30.376567 np0000004442 nova-conductor[98725]: DEBUG nova.conductor.manager [None req-e9b848eb-ee9a-4923-9dbf-5df0efcd9c8c tempest-DeleteServersTestJSON-405297495 tempest-DeleteServersTestJSON-405297495-project-member] [instance: 01ac3b31-4d1d-4696-8c22-5b6d43e8f099] block_device_mapping [BlockDeviceMapping(attachment_id=,boot_index=0,connection_info=None,created_at=,delete_on_termination=True,deleted=,deleted_at=,destination_type='local',device_name=None,device_type='disk',disk_bus=None,encrypted=False,encryption_format=None,encryption_options=None,encryption_secret_uuid=None,guest_format=None,id=,image_id='31e88551-db92-44fc-8c65-b9ea49e3d886',instance=,instance_uuid=,no_device=False,snapshot_id=None,source_type='image',tag=None,updated_at=,uuid=,volume_id=None,volume_size=None,volume_type=None)] {{(pid=98725) _create_block_device_mapping /opt/stack/nova/nova/conductor/manager.py:1529}}
Jul 03 16:44:30.378233 np0000004442 nova-conductor[98725]: DEBUG oslo_concurrency.lockutils [None req-e9b848eb-ee9a-4923-9dbf-5df0efcd9c8c tempest-DeleteServersTestJSON-405297495 tempest-DeleteServersTestJSON-405297495-project-member] Acquiring lock "cbca7752-9005-407b-8e14-73ba314a7c94" by "nova.context.set_target_cell..get_or_set_cached_cell_and_set_connections" {{(pid=98725) inner /opt/stack/data/venv/lib/python3.12/site-packages/oslo_concurrency/lockutils.py:511}}
Jul 03 16:44:30.378454 np0000004442 nova-conductor[98725]: DEBUG oslo_concurrency.lockutils [None req-e9b848eb-ee9a-4923-9dbf-5df0efcd9c8c tempest-DeleteServersTestJSON-405297495 tempest-DeleteServersTestJSON-405297495-project-member] Lock "cbca7752-9005-407b-8e14-73ba314a7c94" acquired by "nova.context.set_target_cell..get_or_set_cached_cell_and_set_connections" :: waited 0.000s {{(pid=98725) inner /opt/stack/data/venv/lib/python3.12/site-packages/oslo_concurrency/lockutils.py:524}}
Jul 03 16:44:30.378630 np0000004442 nova-conductor[98725]: DEBUG oslo_concurrency.lockutils [None req-e9b848eb-ee9a-4923-9dbf-5df0efcd9c8c tempest-DeleteServersTestJSON-405297495 tempest-DeleteServersTestJSON-405297495-project-member] Lock "cbca7752-9005-407b-8e14-73ba314a7c94" "released" by "nova.context.set_target_cell..get_or_set_cached_cell_and_set_connections" :: held 0.000s {{(pid=98725) inner /opt/stack/data/venv/lib/python3.12/site-packages/oslo_concurrency/lockutils.py:543}}
Jul 03 16:44:30.425286 np0000004442 nova-conductor[98725]: DEBUG oslo_concurrency.lockutils [None req-e9b848eb-ee9a-4923-9dbf-5df0efcd9c8c tempest-DeleteServersTestJSON-405297495 tempest-DeleteServersTestJSON-405297495-project-member] Acquiring lock "cbca7752-9005-407b-8e14-73ba314a7c94" by "nova.context.set_target_cell..get_or_set_cached_cell_and_set_connections" {{(pid=98725) inner /opt/stack/data/venv/lib/python3.12/site-packages/oslo_concurrency/lockutils.py:511}}
Jul 03 16:44:30.425536 np0000004442 nova-conductor[98725]: DEBUG oslo_concurrency.lockutils [None req-e9b848eb-ee9a-4923-9dbf-5df0efcd9c8c tempest-DeleteServersTestJSON-405297495 tempest-DeleteServersTestJSON-405297495-project-member] Lock "cbca7752-9005-407b-8e14-73ba314a7c94" acquired by "nova.context.set_target_cell..get_or_set_cached_cell_and_set_connections" :: waited 0.000s {{(pid=98725) inner /opt/stack/data/venv/lib/python3.12/site-packages/oslo_concurrency/lockutils.py:524}}
Jul 03 16:44:30.425724 np0000004442 nova-conductor[98725]: DEBUG oslo_concurrency.lockutils [None req-e9b848eb-ee9a-4923-9dbf-5df0efcd9c8c tempest-DeleteServersTestJSON-405297495 tempest-DeleteServersTestJSON-405297495-project-member] Lock "cbca7752-9005-407b-8e14-73ba314a7c94" "released" by "nova.context.set_target_cell..get_or_set_cached_cell_and_set_connections" :: held 0.000s {{(pid=98725) inner /opt/stack/data/venv/lib/python3.12/site-packages/oslo_concurrency/lockutils.py:543}}
Jul 03 16:44:30.426014 np0000004442 nova-conductor[98725]: DEBUG oslo_concurrency.lockutils [None req-e9b848eb-ee9a-4923-9dbf-5df0efcd9c8c tempest-DeleteServersTestJSON-405297495 tempest-DeleteServersTestJSON-405297495-project-member] Acquiring lock "compute-rpcapi-router" {{(pid=98725) lock /opt/stack/data/venv/lib/python3.12/site-packages/oslo_concurrency/lockutils.py:395}}
Jul 03 16:44:30.426151 np0000004442 nova-conductor[98725]: DEBUG oslo_concurrency.lockutils [None req-e9b848eb-ee9a-4923-9dbf-5df0efcd9c8c tempest-DeleteServersTestJSON-405297495 tempest-DeleteServersTestJSON-405297495-project-member] Acquired lock "compute-rpcapi-router" {{(pid=98725) lock /opt/stack/data/venv/lib/python3.12/site-packages/oslo_concurrency/lockutils.py:398}}
Jul 03 16:44:30.426672 np0000004442 nova-conductor[98725]: DEBUG oslo_concurrency.lockutils [None req-aa5581ec-f55b-4dac-b6b9-90038e32e4ad None None] Acquiring lock "00000000-0000-0000-0000-000000000000" by "nova.context.set_target_cell..get_or_set_cached_cell_and_set_connections" {{(pid=98725) inner /opt/stack/data/venv/lib/python3.12/site-packages/oslo_concurrency/lockutils.py:511}}
