Jul 05 04:23:09.458228 np0000004568 nova-scheduler[96280]: DEBUG cotyledon.oslo_config_glue [-] profiler.es_scroll_size = 10000 {{(pid=96280) log_opt_values /opt/stack/data/venv/lib/python3.12/site-packages/oslo_config/cfg.py:3253}}
Jul 05 04:23:09.458228 np0000004568 nova-scheduler[96280]: DEBUG cotyledon.oslo_config_glue [-] profiler.es_scroll_time = 2m {{(pid=96280) log_opt_values /opt/stack/data/venv/lib/python3.12/site-packages/oslo_config/cfg.py:3253}}
Jul 05 04:23:09.458228 np0000004568 nova-scheduler[96280]: DEBUG cotyledon.oslo_config_glue [-] profiler.filter_error_trace = False {{(pid=96280) log_opt_values /opt/stack/data/venv/lib/python3.12/site-packages/oslo_config/cfg.py:3253}}
Jul 05 04:23:09.458228 np0000004568 nova-scheduler[96280]: DEBUG cotyledon.oslo_config_glue [-] profiler.hmac_keys = **** {{(pid=96280) log_opt_values /opt/stack/data/venv/lib/python3.12/site-packages/oslo_config/cfg.py:3253}}
Jul 05 04:23:09.458406 np0000004568 nova-scheduler[96280]: DEBUG cotyledon.oslo_config_glue [-] profiler.sentinel_service_name = mymaster {{(pid=96280) log_opt_values /opt/stack/data/venv/lib/python3.12/site-packages/oslo_config/cfg.py:3253}}
Jul 05 04:23:09.458406 np0000004568 nova-scheduler[96280]: DEBUG cotyledon.oslo_config_glue [-] profiler.socket_timeout = 0.1 {{(pid=96280) log_opt_values /opt/stack/data/venv/lib/python3.12/site-packages/oslo_config/cfg.py:3253}}
Jul 05 04:23:09.458406 np0000004568 nova-scheduler[96280]: DEBUG cotyledon.oslo_config_glue [-] profiler.trace_requests = False {{(pid=96280) log_opt_values /opt/stack/data/venv/lib/python3.12/site-packages/oslo_config/cfg.py:3253}}
Jul 05 04:23:09.458406 np0000004568 nova-scheduler[96280]: DEBUG cotyledon.oslo_config_glue [-] profiler.trace_sqlalchemy = False {{(pid=96280) log_opt_values /opt/stack/data/venv/lib/python3.12/site-packages/oslo_config/cfg.py:3253}}
Jul 05 04:23:09.458406 np0000004568 nova-scheduler[96280]: DEBUG cotyledon.oslo_config_glue [-] profiler_jaeger.process_tags = {} {{(pid=96280) log_opt_values /opt/stack/data/venv/lib/python3.12/site-packages/oslo_config/cfg.py:3253}}
Jul 05 04:23:09.458406 np0000004568 nova-scheduler[96280]: DEBUG cotyledon.oslo_config_glue [-] profiler_jaeger.service_name_prefix = None {{(pid=96280) log_opt_values /opt/stack/data/venv/lib/python3.12/site-packages/oslo_config/cfg.py:3253}}
Jul 05 04:23:09.458406 np0000004568 nova-scheduler[96280]: DEBUG cotyledon.oslo_config_glue [-] profiler_otlp.service_name_prefix = None {{(pid=96280) log_opt_values /opt/stack/data/venv/lib/python3.12/site-packages/oslo_config/cfg.py:3253}}
Jul 05 04:23:09.458406 np0000004568 nova-scheduler[96280]: DEBUG cotyledon.oslo_config_glue [-] oslo_messaging_rabbit.amqp_auto_delete = False {{(pid=96280) log_opt_values /opt/stack/data/venv/lib/python3.12/site-packages/oslo_config/cfg.py:3253}}
Jul 05 04:23:09.458406 np0000004568 nova-scheduler[96280]: DEBUG cotyledon.oslo_config_glue [-] oslo_messaging_rabbit.amqp_durable_queues = False {{(pid=96280) log_opt_values /opt/stack/data/venv/lib/python3.12/site-packages/oslo_config/cfg.py:3253}}
Jul 05 04:23:09.458623 np0000004568 nova-scheduler[96280]: DEBUG cotyledon.oslo_config_glue [-] oslo_messaging_rabbit.conn_pool_min_size = 2 {{(pid=96280) log_opt_values /opt/stack/data/venv/lib/python3.12/site-packages/oslo_config/cfg.py:3253}}
Jul 05 04:23:09.458623 np0000004568 nova-scheduler[96280]: DEBUG cotyledon.oslo_config_glue [-] oslo_messaging_rabbit.conn_pool_ttl = 1200 {{(pid=96280) log_opt_values /opt/stack/data/venv/lib/python3.12/site-packages/oslo_config/cfg.py:3253}}
Jul 05 04:23:09.458623 np0000004568 nova-scheduler[96280]: DEBUG cotyledon.oslo_config_glue [-] oslo_messaging_rabbit.direct_mandatory_flag = True {{(pid=96280) log_opt_values /opt/stack/data/venv/lib/python3.12/site-packages/oslo_config/cfg.py:3253}}
Jul 05 04:23:09.458623 np0000004568 nova-scheduler[96280]: DEBUG cotyledon.oslo_config_glue [-] oslo_messaging_rabbit.enable_cancel_on_failover = False {{(pid=96280) log_opt_values /opt/stack/data/venv/lib/python3.12/site-packages/oslo_config/cfg.py:3253}}
Jul 05 04:23:09.458623 np0000004568 nova-scheduler[96280]: DEBUG cotyledon.oslo_config_glue [-] oslo_messaging_rabbit.heartbeat_rate = 3 {{(pid=96280) log_opt_values /opt/stack/data/venv/lib/python3.12/site-packages/oslo_config/cfg.py:3253}}
Jul 05 04:23:09.458623 np0000004568 nova-scheduler[96280]: DEBUG cotyledon.oslo_config_glue [-] oslo_messaging_rabbit.heartbeat_timeout_threshold = 60 {{(pid=96280) log_opt_values /opt/stack/data/venv/lib/python3.12/site-packages/oslo_config/cfg.py:3253}}
Jul 05 04:23:09.458623 np0000004568 nova-scheduler[96280]: DEBUG cotyledon.oslo_config_glue [-] oslo_messaging_rabbit.hostname = np0000004568 {{(pid=96280) log_opt_values /opt/stack/data/venv/lib/python3.12/site-packages/oslo_config/cfg.py:3253}}
Jul 05 04:23:09.458623 np0000004568 nova-scheduler[96280]: DEBUG cotyledon.oslo_config_glue [-] oslo_messaging_rabbit.kombu_compression = None {{(pid=96280) log_opt_values /opt/stack/data/venv/lib/python3.12/site-packages/oslo_config/cfg.py:3253}}
Jul 05 04:23:09.458623 np0000004568 nova-scheduler[96280]: DEBUG cotyledon.oslo_config_glue [-] oslo_messaging_rabbit.kombu_failover_strategy = round-robin {{(pid=96280) log_opt_values /opt/stack/data/venv/lib/python3.12/site-packages/oslo_config/cfg.py:3253}}
Jul 05 04:23:09.458819 np0000004568 nova-scheduler[96280]: DEBUG cotyledon.oslo_config_glue [-] oslo_messaging_rabbit.kombu_missing_consumer_retry_timeout = 60 {{(pid=96280) log_opt_values /opt/stack/data/venv/lib/python3.12/site-packages/oslo_config/cfg.py:3253}}
Jul 05 04:23:09.458819 np0000004568 nova-scheduler[96280]: DEBUG cotyledon.oslo_config_glue [-] oslo_messaging_rabbit.kombu_reconnect_delay = 1.0 {{(pid=96280) log_opt_values /opt/stack/data/venv/lib/python3.12/site-packages/oslo_config/cfg.py:3253}}
Jul 05 04:23:09.458819 np0000004568 nova-scheduler[96280]: DEBUG cotyledon.oslo_config_glue [-] oslo_messaging_rabbit.kombu_reconnect_splay = 0.0 {{(pid=96280) log_opt_values /opt/stack/data/venv/lib/python3.12/site-packages/oslo_config/cfg.py:3253}}
Jul 05 04:23:09.458819 np0000004568 nova-scheduler[96280]: DEBUG cotyledon.oslo_config_glue [-] oslo_messaging_rabbit.processname = nova-scheduler {{(pid=96280) log_opt_values /opt/stack/data/venv/lib/python3.12/site-packages/oslo_config/cfg.py:3253}}
Jul 05 04:23:09.458819 np0000004568 nova-scheduler[96280]: DEBUG cotyledon.oslo_config_glue [-] oslo_messaging_rabbit.rabbit_ha_queues = False {{(pid=96280) log_opt_values /opt/stack/data/venv/lib/python3.12/site-packages/oslo_config/cfg.py:3253}}
Jul 05 04:23:09.458819 np0000004568 nova-scheduler[96280]: DEBUG cotyledon.oslo_config_glue [-] oslo_messaging_rabbit.rabbit_interval_max = 30 {{(pid=96280) log_opt_values /opt/stack/data/venv/lib/python3.12/site-packages/oslo_config/cfg.py:3253}}
Jul 05 04:23:09.458819 np0000004568 nova-scheduler[96280]: DEBUG cotyledon.oslo_config_glue [-] oslo_messaging_rabbit.rabbit_login_method = AMQPLAIN {{(pid=96280) log_opt_values /opt/stack/data/venv/lib/python3.12/site-packages/oslo_config/cfg.py:3253}}
Jul 05 04:23:09.458819 np0000004568 nova-scheduler[96280]: DEBUG cotyledon.oslo_config_glue [-] oslo_messaging_rabbit.rabbit_qos_prefetch_count = 0 {{(pid=96280) log_opt_values /opt/stack/data/venv/lib/python3.12/site-packages/oslo_config/cfg.py:3253}}
Jul 05 04:23:09.458819 np0000004568 nova-scheduler[96280]: DEBUG cotyledon.oslo_config_glue [-] oslo_messaging_rabbit.rabbit_quorum_delivery_limit = 0 {{(pid=96280) log_opt_values /opt/stack/data/venv/lib/python3.12/site-packages/oslo_config/cfg.py:3253}}
Jul 05 04:23:09.458993 np0000004568 nova-scheduler[96280]: DEBUG cotyledon.oslo_config_glue [-] oslo_messaging_rabbit.rabbit_quorum_max_memory_bytes = 0 {{(pid=96280) log_opt_values /opt/stack/data/venv/lib/python3.12/site-packages/oslo_config/cfg.py:3253}}
Jul 05 04:23:09.458993 np0000004568 nova-scheduler[96280]: DEBUG cotyledon.oslo_config_glue [-] oslo_messaging_rabbit.rabbit_quorum_max_memory_length = 0 {{(pid=96280) log_opt_values /opt/stack/data/venv/lib/python3.12/site-packages/oslo_config/cfg.py:3253}}
Jul 05 04:23:09.458993 np0000004568 nova-scheduler[96280]: DEBUG cotyledon.oslo_config_glue [-] oslo_messaging_rabbit.rabbit_quorum_queue = False {{(pid=96280) log_opt_values /opt/stack/data/venv/lib/python3.12/site-packages/oslo_config/cfg.py:3253}}
Jul 05 04:23:09.458993 np0000004568 nova-scheduler[96280]: DEBUG cotyledon.oslo_config_glue [-] oslo_messaging_rabbit.rabbit_retry_backoff = 2 {{(pid=96280) log_opt_values /opt/stack/data/venv/lib/python3.12/site-packages/oslo_config/cfg.py:3253}}
Jul 05 04:23:09.458993 np0000004568 nova-scheduler[96280]: DEBUG cotyledon.oslo_config_glue [-] oslo_messaging_rabbit.rabbit_retry_interval = 1 {{(pid=96280) log_opt_values /opt/stack/data/venv/lib/python3.12/site-packages/oslo_config/cfg.py:3253}}
Jul 05 04:23:09.458993 np0000004568 nova-scheduler[96280]: DEBUG cotyledon.oslo_config_glue [-] oslo_messaging_rabbit.rabbit_stream_fanout = False {{(pid=96280) log_opt_values /opt/stack/data/venv/lib/python3.12/site-packages/oslo_config/cfg.py:3253}}
Jul 05 04:23:09.458993 np0000004568 nova-scheduler[96280]: DEBUG cotyledon.oslo_config_glue [-] oslo_messaging_rabbit.rabbit_transient_queues_ttl = 1800 {{(pid=96280) log_opt_values /opt/stack/data/venv/lib/python3.12/site-packages/oslo_config/cfg.py:3253}}
Jul 05 04:23:09.458993 np0000004568 nova-scheduler[96280]: DEBUG cotyledon.oslo_config_glue [-] oslo_messaging_rabbit.rabbit_transient_quorum_queue = False {{(pid=96280) log_opt_values /opt/stack/data/venv/lib/python3.12/site-packages/oslo_config/cfg.py:3253}}
Jul 05 04:23:09.459141 np0000004568 nova-scheduler[96280]: DEBUG cotyledon.oslo_config_glue [-] oslo_messaging_rabbit.rpc_conn_pool_size = 30 {{(pid=96280) log_opt_values /opt/stack/data/venv/lib/python3.12/site-packages/oslo_config/cfg.py:3253}}
Jul 05 04:23:09.459141 np0000004568 nova-scheduler[96280]: DEBUG cotyledon.oslo_config_glue [-] oslo_messaging_rabbit.ssl = False {{(pid=96280) log_opt_values /opt/stack/data/venv/lib/python3.12/site-packages/oslo_config/cfg.py:3253}}
Jul 05 04:23:09.459141 np0000004568 nova-scheduler[96280]: DEBUG cotyledon.oslo_config_glue [-] oslo_messaging_rabbit.ssl_ca_file = {{(pid=96280) log_opt_values /opt/stack/data/venv/lib/python3.12/site-packages/oslo_config/cfg.py:3253}}
Jul 05 04:23:09.459141 np0000004568 nova-scheduler[96280]: DEBUG cotyledon.oslo_config_glue [-] oslo_messaging_rabbit.ssl_cert_file = {{(pid=96280) log_opt_values /opt/stack/data/venv/lib/python3.12/site-packages/oslo_config/cfg.py:3253}}
Jul 05 04:23:09.459141 np0000004568 nova-scheduler[96280]: DEBUG cotyledon.oslo_config_glue [-] oslo_messaging_rabbit.ssl_enforce_fips_mode = False {{(pid=96280) log_opt_values /opt/stack/data/venv/lib/python3.12/site-packages/oslo_config/cfg.py:3253}}
Jul 05 04:23:09.459141 np0000004568 nova-scheduler[96280]: DEBUG cotyledon.oslo_config_glue [-] oslo_messaging_rabbit.ssl_enforce_hostname_verification = True {{(pid=96280) log_opt_values /opt/stack/data/venv/lib/python3.12/site-packages/oslo_config/cfg.py:3253}}
Jul 05 04:23:09.459141 np0000004568 nova-scheduler[96280]: DEBUG cotyledon.oslo_config_glue [-] oslo_messaging_rabbit.ssl_key_file = {{(pid=96280) log_opt_values /opt/stack/data/venv/lib/python3.12/site-packages/oslo_config/cfg.py:3253}}
Jul 05 04:23:09.459141 np0000004568 nova-scheduler[96280]: DEBUG cotyledon.oslo_config_glue [-] oslo_messaging_rabbit.ssl_version = {{(pid=96280) log_opt_values /opt/stack/data/venv/lib/python3.12/site-packages/oslo_config/cfg.py:3253}}
Jul 05 04:23:09.459141 np0000004568 nova-scheduler[96280]: DEBUG cotyledon.oslo_config_glue [-] oslo_messaging_rabbit.use_queue_manager = False {{(pid=96280) log_opt_values /opt/stack/data/venv/lib/python3.12/site-packages/oslo_config/cfg.py:3253}}
Jul 05 04:23:09.459321 np0000004568 nova-scheduler[96280]: DEBUG cotyledon.oslo_config_glue [-] oslo_messaging_notifications.driver = ['messagingv2'] {{(pid=96280) log_opt_values /opt/stack/data/venv/lib/python3.12/site-packages/oslo_config/cfg.py:3253}}
Jul 05 04:23:09.459321 np0000004568 nova-scheduler[96280]: DEBUG cotyledon.oslo_config_glue [-] oslo_messaging_notifications.retry = -1 {{(pid=96280) log_opt_values /opt/stack/data/venv/lib/python3.12/site-packages/oslo_config/cfg.py:3253}}
Jul 05 04:23:09.459321 np0000004568 nova-scheduler[96280]: DEBUG cotyledon.oslo_config_glue [-] oslo_messaging_notifications.topics = ['notifications'] {{(pid=96280) log_opt_values /opt/stack/data/venv/lib/python3.12/site-packages/oslo_config/cfg.py:3253}}
Jul 05 04:23:09.459321 np0000004568 nova-scheduler[96280]: DEBUG cotyledon.oslo_config_glue [-] oslo_messaging_notifications.transport_url = **** {{(pid=96280) log_opt_values /opt/stack/data/venv/lib/python3.12/site-packages/oslo_config/cfg.py:3253}}
Jul 05 04:23:09.459321 np0000004568 nova-scheduler[96280]: DEBUG cotyledon.oslo_config_glue [-] oslo_limit.auth_section = None {{(pid=96280) log_opt_values /opt/stack/data/venv/lib/python3.12/site-packages/oslo_config/cfg.py:3253}}
Jul 05 04:23:09.459321 np0000004568 nova-scheduler[96280]: DEBUG cotyledon.oslo_config_glue [-] oslo_limit.auth_type = None {{(pid=96280) log_opt_values /opt/stack/data/venv/lib/python3.12/site-packages/oslo_config/cfg.py:3253}}
Jul 05 04:23:09.459321 np0000004568 nova-scheduler[96280]: DEBUG cotyledon.oslo_config_glue [-] oslo_limit.cafile = None {{(pid=96280) log_opt_values /opt/stack/data/venv/lib/python3.12/site-packages/oslo_config/cfg.py:3253}}
Jul 05 04:23:09.459321 np0000004568 nova-scheduler[96280]: DEBUG cotyledon.oslo_config_glue [-] oslo_limit.certfile = None {{(pid=96280) log_opt_values /opt/stack/data/venv/lib/python3.12/site-packages/oslo_config/cfg.py:3253}}
Jul 05 04:23:09.459321 np0000004568 nova-scheduler[96280]: DEBUG cotyledon.oslo_config_glue [-] oslo_limit.collect_timing = False {{(pid=96280) log_opt_values /opt/stack/data/venv/lib/python3.12/site-packages/oslo_config/cfg.py:3253}}
Jul 05 04:23:09.459493 np0000004568 nova-scheduler[96280]: DEBUG cotyledon.oslo_config_glue [-] oslo_limit.connect_retries = None {{(pid=96280) log_opt_values /opt/stack/data/venv/lib/python3.12/site-packages/oslo_config/cfg.py:3253}}
Jul 05 04:23:09.459493 np0000004568 nova-scheduler[96280]: DEBUG cotyledon.oslo_config_glue [-] oslo_limit.connect_retry_delay = None {{(pid=96280) log_opt_values /opt/stack/data/venv/lib/python3.12/site-packages/oslo_config/cfg.py:3253}}
Jul 05 04:23:09.459493 np0000004568 nova-scheduler[96280]: DEBUG cotyledon.oslo_config_glue [-] oslo_limit.endpoint_id = None {{(pid=96280) log_opt_values /opt/stack/data/venv/lib/python3.12/site-packages/oslo_config/cfg.py:3253}}
Jul 05 04:23:09.459493 np0000004568 nova-scheduler[96280]: DEBUG cotyledon.oslo_config_glue [-] oslo_limit.endpoint_interface = public {{(pid=96280) log_opt_values /opt/stack/data/venv/lib/python3.12/site-packages/oslo_config/cfg.py:3253}}
Jul 05 04:23:09.459493 np0000004568 nova-scheduler[96280]: DEBUG cotyledon.oslo_config_glue [-] oslo_limit.endpoint_override = None {{(pid=96280) log_opt_values /opt/stack/data/venv/lib/python3.12/site-packages/oslo_config/cfg.py:3253}}
Jul 05 04:23:09.459493 np0000004568 nova-scheduler[96280]: DEBUG cotyledon.oslo_config_glue [-] oslo_limit.endpoint_region_name = None {{(pid=96280) log_opt_values /opt/stack/data/venv/lib/python3.12/site-packages/oslo_config/cfg.py:3253}}
Jul 05 04:23:09.459493 np0000004568 nova-scheduler[96280]: DEBUG cotyledon.oslo_config_glue [-] oslo_limit.endpoint_service_name = None {{(pid=96280) log_opt_values /opt/stack/data/venv/lib/python3.12/site-packages/oslo_config/cfg.py:3253}}
Jul 05 04:23:09.459493 np0000004568 nova-scheduler[96280]: DEBUG cotyledon.oslo_config_glue [-] oslo_limit.endpoint_service_type = None {{(pid=96280) log_opt_values /opt/stack/data/venv/lib/python3.12/site-packages/oslo_config/cfg.py:3253}}
Jul 05 04:23:09.459493 np0000004568 nova-scheduler[96280]: DEBUG cotyledon.oslo_config_glue [-] oslo_limit.insecure = False {{(pid=96280) log_opt_values /opt/stack/data/venv/lib/python3.12/site-packages/oslo_config/cfg.py:3253}}
Jul 05 04:23:09.459722 np0000004568 nova-scheduler[96280]: DEBUG cotyledon.oslo_config_glue [-] oslo_limit.keyfile = None {{(pid=96280) log_opt_values /opt/stack/data/venv/lib/python3.12/site-packages/oslo_config/cfg.py:3253}}
Jul 05 04:23:09.459722 np0000004568 nova-scheduler[96280]: DEBUG cotyledon.oslo_config_glue [-] oslo_limit.max_version = None {{(pid=96280) log_opt_values /opt/stack/data/venv/lib/python3.12/site-packages/oslo_config/cfg.py:3253}}
Jul 05 04:23:09.459722 np0000004568 nova-scheduler[96280]: DEBUG cotyledon.oslo_config_glue [-] oslo_limit.min_version = None {{(pid=96280) log_opt_values /opt/stack/data/venv/lib/python3.12/site-packages/oslo_config/cfg.py:3253}}
Jul 05 04:23:09.459722 np0000004568 nova-scheduler[96280]: DEBUG cotyledon.oslo_config_glue [-] oslo_limit.region_name = None {{(pid=96280) log_opt_values /opt/stack/data/venv/lib/python3.12/site-packages/oslo_config/cfg.py:3253}}
Jul 05 04:23:09.459722 np0000004568 nova-scheduler[96280]: DEBUG cotyledon.oslo_config_glue [-] oslo_limit.retriable_status_codes = None {{(pid=96280) log_opt_values /opt/stack/data/venv/lib/python3.12/site-packages/oslo_config/cfg.py:3253}}
Jul 05 04:23:09.459722 np0000004568 nova-scheduler[96280]: DEBUG cotyledon.oslo_config_glue [-] oslo_limit.service_name = None {{(pid=96280) log_opt_values /opt/stack/data/venv/lib/python3.12/site-packages/oslo_config/cfg.py:3253}}
Jul 05 04:23:09.459722 np0000004568 nova-scheduler[96280]: DEBUG cotyledon.oslo_config_glue [-] oslo_limit.service_type = None {{(pid=96280) log_opt_values /opt/stack/data/venv/lib/python3.12/site-packages/oslo_config/cfg.py:3253}}
Jul 05 04:23:09.459722 np0000004568 nova-scheduler[96280]: DEBUG cotyledon.oslo_config_glue [-] oslo_limit.split_loggers = False {{(pid=96280) log_opt_values /opt/stack/data/venv/lib/python3.12/site-packages/oslo_config/cfg.py:3253}}
Jul 05 04:23:09.459722 np0000004568 nova-scheduler[96280]: DEBUG cotyledon.oslo_config_glue [-] oslo_limit.status_code_retries = None {{(pid=96280) log_opt_values /opt/stack/data/venv/lib/python3.12/site-packages/oslo_config/cfg.py:3253}}
Jul 05 04:23:09.459955 np0000004568 nova-scheduler[96280]: DEBUG cotyledon.oslo_config_glue [-] oslo_limit.status_code_retry_delay = None {{(pid=96280) log_opt_values /opt/stack/data/venv/lib/python3.12/site-packages/oslo_config/cfg.py:3253}}
Jul 05 04:23:09.459955 np0000004568 nova-scheduler[96280]: DEBUG cotyledon.oslo_config_glue [-] oslo_limit.timeout = None {{(pid=96280) log_opt_values /opt/stack/data/venv/lib/python3.12/site-packages/oslo_config/cfg.py:3253}}
Jul 05 04:23:09.459955 np0000004568 nova-scheduler[96280]: DEBUG cotyledon.oslo_config_glue [-] oslo_limit.valid_interfaces = None {{(pid=96280) log_opt_values /opt/stack/data/venv/lib/python3.12/site-packages/oslo_config/cfg.py:3253}}
Jul 05 04:23:09.459955 np0000004568 nova-scheduler[96280]: DEBUG cotyledon.oslo_config_glue [-] oslo_limit.version = None {{(pid=96280) log_opt_values /opt/stack/data/venv/lib/python3.12/site-packages/oslo_config/cfg.py:3253}}
Jul 05 04:23:09.459955 np0000004568 nova-scheduler[96280]: DEBUG cotyledon.oslo_config_glue [-] oslo_reports.file_event_handler = None {{(pid=96280) log_opt_values /opt/stack/data/venv/lib/python3.12/site-packages/oslo_config/cfg.py:3253}}
Jul 05 04:23:09.459955 np0000004568 nova-scheduler[96280]: DEBUG cotyledon.oslo_config_glue [-] oslo_reports.file_event_handler_interval = 1 {{(pid=96280) log_opt_values /opt/stack/data/venv/lib/python3.12/site-packages/oslo_config/cfg.py:3253}}
Jul 05 04:23:09.459955 np0000004568 nova-scheduler[96280]: DEBUG cotyledon.oslo_config_glue [-] oslo_reports.log_dir = None {{(pid=96280) log_opt_values /opt/stack/data/venv/lib/python3.12/site-packages/oslo_config/cfg.py:3253}}
Jul 05 04:23:09.459955 np0000004568 nova-scheduler[96280]: DEBUG cotyledon.oslo_config_glue [-] ******************************************************************************** {{(pid=96280) log_opt_values /opt/stack/data/venv/lib/python3.12/site-packages/oslo_config/cfg.py:3260}}
Jul 05 04:23:09.459955 np0000004568 nova-scheduler[96280]: DEBUG cotyledon._service_worker [-] Run service ServiceWrapper(3) [96280] {{(pid=96280) wait_forever /opt/stack/data/venv/lib/python3.12/site-packages/cotyledon/_service_worker.py:218}}
Jul 05 04:23:09.460853 np0000004568 nova-scheduler[96280]: INFO nova.service [-] Starting scheduler node (version 33.1.0)
Jul 05 04:23:09.465581 np0000004568 nova-scheduler[96280]: INFO dbcounter [None req-23bc40c4-f4fa-48de-b259-6ebf862f721b None None] Registered counter for database nova_cell0
Jul 05 04:23:09.469183 np0000004568 nova-scheduler[96269]: DEBUG oslo_db.sqlalchemy.engines [None req-7b45f8a9-fa39-40bb-939e-ca792680e8e6 None None] MySQL server mode set to STRICT_TRANS_TABLES,STRICT_ALL_TABLES,NO_ZERO_IN_DATE,NO_ZERO_DATE,ERROR_FOR_DIVISION_BY_ZERO,TRADITIONAL,NO_ENGINE_SUBSTITUTION {{(pid=96269) _check_effective_sql_mode /opt/stack/data/venv/lib/python3.12/site-packages/oslo_db/sqlalchemy/engines.py:325}}
Jul 05 04:23:09.472996 np0000004568 nova-scheduler[96278]: DEBUG oslo_db.sqlalchemy.engines [None req-63b86f36-a51e-4a7b-a774-82802e24c399 None None] MySQL server mode set to STRICT_TRANS_TABLES,STRICT_ALL_TABLES,NO_ZERO_IN_DATE,NO_ZERO_DATE,ERROR_FOR_DIVISION_BY_ZERO,TRADITIONAL,NO_ENGINE_SUBSTITUTION {{(pid=96278) _check_effective_sql_mode /opt/stack/data/venv/lib/python3.12/site-packages/oslo_db/sqlalchemy/engines.py:325}}
Jul 05 04:23:09.477562 np0000004568 nova-scheduler[96273]: DEBUG oslo_db.sqlalchemy.engines [None req-b7755723-dd92-43f1-8491-ecc4eb98847a None None] MySQL server mode set to STRICT_TRANS_TABLES,STRICT_ALL_TABLES,NO_ZERO_IN_DATE,NO_ZERO_DATE,ERROR_FOR_DIVISION_BY_ZERO,TRADITIONAL,NO_ENGINE_SUBSTITUTION {{(pid=96273) _check_effective_sql_mode /opt/stack/data/venv/lib/python3.12/site-packages/oslo_db/sqlalchemy/engines.py:325}}
Jul 05 04:23:09.478246 np0000004568 nova-scheduler[96269]: DEBUG dbcounter [-] [96269] Writer thread running {{(pid=96269) stat_writer /opt/stack/data/venv/lib/python3.12/site-packages/dbcounter.py:102}}
Jul 05 04:23:09.482767 np0000004568 nova-scheduler[96278]: DEBUG dbcounter [-] [96278] Writer thread running {{(pid=96278) stat_writer /opt/stack/data/venv/lib/python3.12/site-packages/dbcounter.py:102}}
Jul 05 04:23:09.487716 np0000004568 nova-scheduler[96273]: DEBUG dbcounter [-] [96273] Writer thread running {{(pid=96273) stat_writer /opt/stack/data/venv/lib/python3.12/site-packages/dbcounter.py:102}}
Jul 05 04:23:09.491085 np0000004568 nova-scheduler[96269]: DEBUG nova.service [None req-7b45f8a9-fa39-40bb-939e-ca792680e8e6 None None] Creating RPC server for service: nova-scheduler on topic: scheduler {{(pid=96269) start /opt/stack/nova/nova/service.py:196}}
Jul 05 04:23:09.497892 np0000004568 nova-scheduler[96278]: DEBUG nova.service [None req-63b86f36-a51e-4a7b-a774-82802e24c399 None None] Creating RPC server for service: nova-scheduler on topic: scheduler {{(pid=96278) start /opt/stack/nova/nova/service.py:196}}
Jul 05 04:23:09.503992 np0000004568 nova-scheduler[96280]: DEBUG oslo_db.sqlalchemy.engines [None req-23bc40c4-f4fa-48de-b259-6ebf862f721b None None] MySQL server mode set to STRICT_TRANS_TABLES,STRICT_ALL_TABLES,NO_ZERO_IN_DATE,NO_ZERO_DATE,ERROR_FOR_DIVISION_BY_ZERO,TRADITIONAL,NO_ENGINE_SUBSTITUTION {{(pid=96280) _check_effective_sql_mode /opt/stack/data/venv/lib/python3.12/site-packages/oslo_db/sqlalchemy/engines.py:325}}
Jul 05 04:23:09.504684 np0000004568 nova-scheduler[96273]: DEBUG nova.service [None req-b7755723-dd92-43f1-8491-ecc4eb98847a None None] Creating RPC server for service: nova-scheduler on topic: scheduler {{(pid=96273) start /opt/stack/nova/nova/service.py:196}}
Jul 05 04:23:09.515428 np0000004568 nova-scheduler[96280]: DEBUG dbcounter [-] [96280] Writer thread running {{(pid=96280) stat_writer /opt/stack/data/venv/lib/python3.12/site-packages/dbcounter.py:102}}
Jul 05 04:23:09.519517 np0000004568 nova-scheduler[96278]: DEBUG nova.service [None req-63b86f36-a51e-4a7b-a774-82802e24c399 None None] Join ServiceGroup membership for this service scheduler {{(pid=96278) start /opt/stack/nova/nova/service.py:222}}
Jul 05 04:23:09.519738 np0000004568 nova-scheduler[96278]: DEBUG nova.servicegroup.drivers.db [None req-63b86f36-a51e-4a7b-a774-82802e24c399 None None] DB_Driver: join new ServiceGroup member np0000004568 to the scheduler group, service = {{(pid=96278) join /opt/stack/nova/nova/servicegroup/drivers/db.py:44}}
Jul 05 04:23:09.519956 np0000004568 nova-scheduler[96280]: DEBUG nova.service [None req-23bc40c4-f4fa-48de-b259-6ebf862f721b None None] Creating RPC server for service: nova-scheduler on topic: scheduler {{(pid=96280) start /opt/stack/nova/nova/service.py:196}}
Jul 05 04:23:09.527593 np0000004568 nova-scheduler[96273]: DEBUG nova.service [None req-b7755723-dd92-43f1-8491-ecc4eb98847a None None] Join ServiceGroup membership for this service scheduler {{(pid=96273) start /opt/stack/nova/nova/service.py:222}}
Jul 05 04:23:09.527793 np0000004568 nova-scheduler[96273]: DEBUG nova.servicegroup.drivers.db [None req-b7755723-dd92-43f1-8491-ecc4eb98847a None None] DB_Driver: join new ServiceGroup member np0000004568 to the scheduler group, service = {{(pid=96273) join /opt/stack/nova/nova/servicegroup/drivers/db.py:44}}
Jul 05 04:23:09.528769 np0000004568 nova-scheduler[96269]: DEBUG nova.service [None req-7b45f8a9-fa39-40bb-939e-ca792680e8e6 None None] Join ServiceGroup membership for this service scheduler {{(pid=96269) start /opt/stack/nova/nova/service.py:222}}
Jul 05 04:23:09.529005 np0000004568 nova-scheduler[96269]: DEBUG nova.servicegroup.drivers.db [None req-7b45f8a9-fa39-40bb-939e-ca792680e8e6 None None] DB_Driver: join new ServiceGroup member np0000004568 to the scheduler group, service = {{(pid=96269) join /opt/stack/nova/nova/servicegroup/drivers/db.py:44}}
Jul 05 04:23:09.543643 np0000004568 nova-scheduler[96280]: DEBUG nova.service [None req-23bc40c4-f4fa-48de-b259-6ebf862f721b None None] Join ServiceGroup membership for this service scheduler {{(pid=96280) start /opt/stack/nova/nova/service.py:222}}
Jul 05 04:23:09.543907 np0000004568 nova-scheduler[96280]: DEBUG nova.servicegroup.drivers.db [None req-23bc40c4-f4fa-48de-b259-6ebf862f721b None None] DB_Driver: join new ServiceGroup member np0000004568 to the scheduler group, service = {{(pid=96280) join /opt/stack/nova/nova/servicegroup/drivers/db.py:44}}
Jul 05 04:23:14.534116 np0000004568 nova-scheduler[96278]: DEBUG oslo.service.backend._threading.loopingcall [-] Fixed interval looping call 'nova.servicegroup.drivers.db.DbDriver._report_state' sleeping for 119.99 seconds {{(pid=96278) _run_loop /opt/stack/data/venv/lib/python3.12/site-packages/oslo_service/backend/_threading/loopingcall.py:125}}
Jul 05 04:23:14.537985 np0000004568 nova-scheduler[96273]: DEBUG oslo.service.backend._threading.loopingcall [-] Fixed interval looping call 'nova.servicegroup.drivers.db.DbDriver._report_state' sleeping for 119.99 seconds {{(pid=96273) _run_loop /opt/stack/data/venv/lib/python3.12/site-packages/oslo_service/backend/_threading/loopingcall.py:125}}
Jul 05 04:23:14.538263 np0000004568 nova-scheduler[96269]: DEBUG oslo.service.backend._threading.loopingcall [-] Fixed interval looping call 'nova.servicegroup.drivers.db.DbDriver._report_state' sleeping for 119.99 seconds {{(pid=96269) _run_loop /opt/stack/data/venv/lib/python3.12/site-packages/oslo_service/backend/_threading/loopingcall.py:125}}
Jul 05 04:23:14.555086 np0000004568 nova-scheduler[96280]: DEBUG oslo.service.backend._threading.loopingcall [-] Fixed interval looping call 'nova.servicegroup.drivers.db.DbDriver._report_state' sleeping for 119.99 seconds {{(pid=96280) _run_loop /opt/stack/data/venv/lib/python3.12/site-packages/oslo_service/backend/_threading/loopingcall.py:125}}
Jul 05 04:23:18.069613 np0000004568 nova-scheduler[95076]: DEBUG dbcounter [-] [95076] Writing DB stats nova_api:SELECT=3 {{(pid=95076) stat_writer /opt/stack/data/venv/lib/python3.12/site-packages/dbcounter.py:115}}
Jul 05 04:23:18.210951 np0000004568 nova-scheduler[95076]: DEBUG dbcounter [-] [95076] Writing DB stats nova_cell1:SELECT=1 {{(pid=95076) stat_writer /opt/stack/data/venv/lib/python3.12/site-packages/dbcounter.py:115}}
Jul 05 04:23:18.216750 np0000004568 nova-scheduler[95076]: DEBUG dbcounter [-] [95076] Writing DB stats nova_cell0:SELECT=1 {{(pid=95076) stat_writer /opt/stack/data/venv/lib/python3.12/site-packages/dbcounter.py:115}}
Jul 05 04:23:18.521329 np0000004568 nova-scheduler[96278]: DEBUG oslo.service.backend._threading.loopingcall [None req-1df91eb5-24b3-49cd-8eca-83bda35b7643 None None] Dynamic interval looping call 'nova.service.Service.periodic_tasks' sleeping for 60.00 seconds {{(pid=96278) _run_loop /opt/stack/data/venv/lib/python3.12/site-packages/oslo_service/backend/_threading/loopingcall.py:125}}
Jul 05 04:23:24.528845 np0000004568 nova-scheduler[96278]: DEBUG dbcounter [-] [96278] Writing DB stats nova_cell0:SELECT=5,nova_cell0:INSERT=1,nova_cell0:UPDATE=1 {{(pid=96278) stat_writer /opt/stack/data/venv/lib/python3.12/site-packages/dbcounter.py:115}}
Jul 05 04:23:24.536180 np0000004568 nova-scheduler[96269]: DEBUG dbcounter [-] [96269] Writing DB stats nova_cell0:SELECT=4,nova_cell0:INSERT=1 {{(pid=96269) stat_writer /opt/stack/data/venv/lib/python3.12/site-packages/dbcounter.py:115}}
Jul 05 04:23:24.537311 np0000004568 nova-scheduler[96273]: DEBUG dbcounter [-] [96273] Writing DB stats nova_cell0:SELECT=4,nova_cell0:INSERT=1,nova_cell0:UPDATE=1 {{(pid=96273) stat_writer /opt/stack/data/venv/lib/python3.12/site-packages/dbcounter.py:115}}
Jul 05 04:23:24.552136 np0000004568 nova-scheduler[96280]: DEBUG dbcounter [-] [96280] Writing DB stats nova_cell0:SELECT=3 {{(pid=96280) stat_writer /opt/stack/data/venv/lib/python3.12/site-packages/dbcounter.py:115}}
Jul 05 04:23:40.531649 np0000004568 nova-scheduler[96269]: DEBUG oslo.service.backend._threading.loopingcall [None req-9c2942b0-9c6d-4c6f-ad4b-3cea963d90b5 None None] Dynamic interval looping call 'nova.service.Service.periodic_tasks' sleeping for 60.00 seconds {{(pid=96269) _run_loop /opt/stack/data/venv/lib/python3.12/site-packages/oslo_service/backend/_threading/loopingcall.py:125}}
Jul 05 04:23:48.529848 np0000004568 nova-scheduler[96273]: DEBUG oslo.service.backend._threading.loopingcall [None req-bec3e226-64db-4e76-9c8b-106b0a500311 None None] Dynamic interval looping call 'nova.service.Service.periodic_tasks' sleeping for 60.00 seconds {{(pid=96273) _run_loop /opt/stack/data/venv/lib/python3.12/site-packages/oslo_service/backend/_threading/loopingcall.py:125}}
Jul 05 04:24:08.545825 np0000004568 nova-scheduler[96280]: DEBUG oslo.service.backend._threading.loopingcall [None req-c3f1920c-56cf-4388-81ee-4b94109116c6 None None] Dynamic interval looping call 'nova.service.Service.periodic_tasks' sleeping for 60.00 seconds {{(pid=96280) _run_loop /opt/stack/data/venv/lib/python3.12/site-packages/oslo_service/backend/_threading/loopingcall.py:125}}
Jul 05 04:24:18.521840 np0000004568 nova-scheduler[96278]: DEBUG oslo.service.backend._threading.loopingcall [None req-1df91eb5-24b3-49cd-8eca-83bda35b7643 None None] Dynamic interval looping call 'nova.service.Service.periodic_tasks' sleeping for 60.00 seconds {{(pid=96278) _run_loop /opt/stack/data/venv/lib/python3.12/site-packages/oslo_service/backend/_threading/loopingcall.py:125}}
Jul 05 04:24:40.532125 np0000004568 nova-scheduler[96269]: DEBUG oslo.service.backend._threading.loopingcall [None req-9c2942b0-9c6d-4c6f-ad4b-3cea963d90b5 None None] Dynamic interval looping call 'nova.service.Service.periodic_tasks' sleeping for 60.00 seconds {{(pid=96269) _run_loop /opt/stack/data/venv/lib/python3.12/site-packages/oslo_service/backend/_threading/loopingcall.py:125}}
Jul 05 04:24:48.530484 np0000004568 nova-scheduler[96273]: DEBUG oslo.service.backend._threading.loopingcall [None req-bec3e226-64db-4e76-9c8b-106b0a500311 None None] Dynamic interval looping call 'nova.service.Service.periodic_tasks' sleeping for 60.00 seconds {{(pid=96273) _run_loop /opt/stack/data/venv/lib/python3.12/site-packages/oslo_service/backend/_threading/loopingcall.py:125}}
Jul 05 04:25:08.546358 np0000004568 nova-scheduler[96280]: DEBUG oslo.service.backend._threading.loopingcall [None req-c3f1920c-56cf-4388-81ee-4b94109116c6 None None] Dynamic interval looping call 'nova.service.Service.periodic_tasks' sleeping for 60.00 seconds {{(pid=96280) _run_loop /opt/stack/data/venv/lib/python3.12/site-packages/oslo_service/backend/_threading/loopingcall.py:125}}
Jul 05 04:25:14.534365 np0000004568 nova-scheduler[96278]: DEBUG oslo.service.backend._threading.loopingcall [-] Fixed interval looping call 'nova.servicegroup.drivers.db.DbDriver._report_state' sleeping for 119.99 seconds {{(pid=96278) _run_loop /opt/stack/data/venv/lib/python3.12/site-packages/oslo_service/backend/_threading/loopingcall.py:125}}
Jul 05 04:25:14.534905 np0000004568 nova-scheduler[96273]: DEBUG oslo.service.backend._threading.loopingcall [-] Fixed interval looping call 'nova.servicegroup.drivers.db.DbDriver._report_state' sleeping for 119.99 seconds {{(pid=96273) _run_loop /opt/stack/data/venv/lib/python3.12/site-packages/oslo_service/backend/_threading/loopingcall.py:125}}
Jul 05 04:25:14.535702 np0000004568 nova-scheduler[96269]: DEBUG oslo.service.backend._threading.loopingcall [-] Fixed interval looping call 'nova.servicegroup.drivers.db.DbDriver._report_state' sleeping for 119.99 seconds {{(pid=96269) _run_loop /opt/stack/data/venv/lib/python3.12/site-packages/oslo_service/backend/_threading/loopingcall.py:125}}
Jul 05 04:25:14.548898 np0000004568 nova-scheduler[96280]: DEBUG oslo.service.backend._threading.loopingcall [-] Fixed interval looping call 'nova.servicegroup.drivers.db.DbDriver._report_state' sleeping for 120.00 seconds {{(pid=96280) _run_loop /opt/stack/data/venv/lib/python3.12/site-packages/oslo_service/backend/_threading/loopingcall.py:125}}
Jul 05 04:25:18.522404 np0000004568 nova-scheduler[96278]: DEBUG oslo.service.backend._threading.loopingcall [None req-1df91eb5-24b3-49cd-8eca-83bda35b7643 None None] Dynamic interval looping call 'nova.service.Service.periodic_tasks' sleeping for 60.00 seconds {{(pid=96278) _run_loop /opt/stack/data/venv/lib/python3.12/site-packages/oslo_service/backend/_threading/loopingcall.py:125}}
Jul 05 04:25:24.527717 np0000004568 nova-scheduler[96278]: DEBUG dbcounter [-] [96278] Writing DB stats nova_cell0:SELECT=1,nova_cell0:UPDATE=1 {{(pid=96278) stat_writer /opt/stack/data/venv/lib/python3.12/site-packages/dbcounter.py:115}}
Jul 05 04:25:24.531393 np0000004568 nova-scheduler[96273]: DEBUG dbcounter [-] [96273] Writing DB stats nova_cell0:SELECT=1,nova_cell0:UPDATE=1 {{(pid=96273) stat_writer /opt/stack/data/venv/lib/python3.12/site-packages/dbcounter.py:115}}
Jul 05 04:25:24.532898 np0000004568 nova-scheduler[96269]: DEBUG dbcounter [-] [96269] Writing DB stats nova_cell0:SELECT=1,nova_cell0:UPDATE=1 {{(pid=96269) stat_writer /opt/stack/data/venv/lib/python3.12/site-packages/dbcounter.py:115}}
Jul 05 04:25:24.547102 np0000004568 nova-scheduler[96280]: DEBUG dbcounter [-] [96280] Writing DB stats nova_cell0:SELECT=1 {{(pid=96280) stat_writer /opt/stack/data/venv/lib/python3.12/site-packages/dbcounter.py:115}}
Jul 05 04:25:35.917608 np0000004568 nova-scheduler[96278]: DEBUG nova.scheduler.manager [None req-bc61b116-4d14-449d-b8f9-8a121935e4e7 tempest-DeleteServersTestJSON-166376426 tempest-DeleteServersTestJSON-166376426-project-member] Starting to schedule for instances: ['41938093-6315-43af-a591-90f7de82a612'] {{(pid=96278) select_destinations /opt/stack/nova/nova/scheduler/manager.py:209}}
Jul 05 04:25:35.918127 np0000004568 nova-scheduler[96278]: DEBUG nova.scheduler.request_filter [None req-bc61b116-4d14-449d-b8f9-8a121935e4e7 tempest-DeleteServersTestJSON-166376426 tempest-DeleteServersTestJSON-166376426-project-member] compute_status_filter request filter added forbidden trait COMPUTE_STATUS_DISABLED {{(pid=96278) compute_status_filter /opt/stack/nova/nova/scheduler/request_filter.py:253}}
Jul 05 04:25:35.919036 np0000004568 nova-scheduler[96278]: DEBUG nova.scheduler.request_filter [None req-bc61b116-4d14-449d-b8f9-8a121935e4e7 tempest-DeleteServersTestJSON-166376426 tempest-DeleteServersTestJSON-166376426-project-member] Request filter 'compute_status_filter' took 0.0 seconds {{(pid=96278) wrapper /opt/stack/nova/nova/scheduler/request_filter.py:46}}
Jul 05 04:25:35.919440 np0000004568 nova-scheduler[96278]: DEBUG nova.scheduler.request_filter [None req-bc61b116-4d14-449d-b8f9-8a121935e4e7 tempest-DeleteServersTestJSON-166376426 tempest-DeleteServersTestJSON-166376426-project-member] Request filter 'accelerators_filter' took 0.0 seconds {{(pid=96278) wrapper /opt/stack/nova/nova/scheduler/request_filter.py:46}}
Jul 05 04:25:35.919440 np0000004568 nova-scheduler[96278]: DEBUG nova.scheduler.request_filter [None req-bc61b116-4d14-449d-b8f9-8a121935e4e7 tempest-DeleteServersTestJSON-166376426 tempest-DeleteServersTestJSON-166376426-project-member] Request filter 'packed_virtqueue_filter' took 0.0 seconds {{(pid=96278) wrapper /opt/stack/nova/nova/scheduler/request_filter.py:46}}
Jul 05 04:25:35.919894 np0000004568 nova-scheduler[96278]: DEBUG nova.scheduler.request_filter [None req-bc61b116-4d14-449d-b8f9-8a121935e4e7 tempest-DeleteServersTestJSON-166376426 tempest-DeleteServersTestJSON-166376426-project-member] Request filter 'remote_managed_ports_filter' took 0.0 seconds {{(pid=96278) wrapper /opt/stack/nova/nova/scheduler/request_filter.py:46}}
Jul 05 04:25:35.920040 np0000004568 nova-scheduler[96278]: DEBUG nova.scheduler.request_filter [None req-bc61b116-4d14-449d-b8f9-8a121935e4e7 tempest-DeleteServersTestJSON-166376426 tempest-DeleteServersTestJSON-166376426-project-member] ephemeral_encryption_filter skipped {{(pid=96278) ephemeral_encryption_filter /opt/stack/nova/nova/scheduler/request_filter.py:426}}
Jul 05 04:25:35.920247 np0000004568 nova-scheduler[96278]: DEBUG nova.scheduler.request_filter [None req-bc61b116-4d14-449d-b8f9-8a121935e4e7 tempest-DeleteServersTestJSON-166376426 tempest-DeleteServersTestJSON-166376426-project-member] virtio_sound_filter skipped {{(pid=96278) virtio_sound_filter /opt/stack/nova/nova/scheduler/request_filter.py:460}}
Jul 05 04:25:35.920459 np0000004568 nova-scheduler[96278]: DEBUG nova.scheduler.request_filter [None req-bc61b116-4d14-449d-b8f9-8a121935e4e7 tempest-DeleteServersTestJSON-166376426 tempest-DeleteServersTestJSON-166376426-project-member] tpm_secret_security_filter skipped {{(pid=96278) tpm_secret_security_filter /opt/stack/nova/nova/scheduler/request_filter.py:477}}
Jul 05 04:25:35.998873 np0000004568 nova-scheduler[96273]: DEBUG nova.scheduler.manager [None req-28708c63-c9d9-43f3-bb31-6a63e2127e3b tempest-AttachVolumeTestJSON-1483644466 tempest-AttachVolumeTestJSON-1483644466-project-member] Starting to schedule for instances: ['37c470ef-6790-4ee3-8dd7-883b8cfcc743'] {{(pid=96273) select_destinations /opt/stack/nova/nova/scheduler/manager.py:209}}
Jul 05 04:25:35.999477 np0000004568 nova-scheduler[96273]: DEBUG nova.scheduler.request_filter [None req-28708c63-c9d9-43f3-bb31-6a63e2127e3b tempest-AttachVolumeTestJSON-1483644466 tempest-AttachVolumeTestJSON-1483644466-project-member] compute_status_filter request filter added forbidden trait COMPUTE_STATUS_DISABLED {{(pid=96273) compute_status_filter /opt/stack/nova/nova/scheduler/request_filter.py:253}}
Jul 05 04:25:35.999999 np0000004568 nova-scheduler[96273]: DEBUG nova.scheduler.request_filter [None req-28708c63-c9d9-43f3-bb31-6a63e2127e3b tempest-AttachVolumeTestJSON-1483644466 tempest-AttachVolumeTestJSON-1483644466-project-member] Request filter 'compute_status_filter' took 0.0 seconds {{(pid=96273) wrapper /opt/stack/nova/nova/scheduler/request_filter.py:46}}
Jul 05 04:25:36.000258 np0000004568 nova-scheduler[96273]: DEBUG nova.scheduler.request_filter [None req-28708c63-c9d9-43f3-bb31-6a63e2127e3b tempest-AttachVolumeTestJSON-1483644466 tempest-AttachVolumeTestJSON-1483644466-project-member] Request filter 'accelerators_filter' took 0.0 seconds {{(pid=96273) wrapper /opt/stack/nova/nova/scheduler/request_filter.py:46}}
Jul 05 04:25:36.000461 np0000004568 nova-scheduler[96273]: DEBUG nova.scheduler.request_filter [None req-28708c63-c9d9-43f3-bb31-6a63e2127e3b tempest-AttachVolumeTestJSON-1483644466 tempest-AttachVolumeTestJSON-1483644466-project-member] Request filter 'packed_virtqueue_filter' took 0.0 seconds {{(pid=96273) wrapper /opt/stack/nova/nova/scheduler/request_filter.py:46}}
Jul 05 04:25:36.000960 np0000004568 nova-scheduler[96273]: DEBUG nova.scheduler.request_filter [None req-28708c63-c9d9-43f3-bb31-6a63e2127e3b tempest-AttachVolumeTestJSON-1483644466 tempest-AttachVolumeTestJSON-1483644466-project-member] Request filter 'remote_managed_ports_filter' took 0.0 seconds {{(pid=96273) wrapper /opt/stack/nova/nova/scheduler/request_filter.py:46}}
Jul 05 04:25:36.000960 np0000004568 nova-scheduler[96273]: DEBUG nova.scheduler.request_filter [None req-28708c63-c9d9-43f3-bb31-6a63e2127e3b tempest-AttachVolumeTestJSON-1483644466 tempest-AttachVolumeTestJSON-1483644466-project-member] ephemeral_encryption_filter skipped {{(pid=96273) ephemeral_encryption_filter /opt/stack/nova/nova/scheduler/request_filter.py:426}}
Jul 05 04:25:36.001232 np0000004568 nova-scheduler[96273]: DEBUG nova.scheduler.request_filter [None req-28708c63-c9d9-43f3-bb31-6a63e2127e3b tempest-AttachVolumeTestJSON-1483644466 tempest-AttachVolumeTestJSON-1483644466-project-member] virtio_sound_filter skipped {{(pid=96273) virtio_sound_filter /opt/stack/nova/nova/scheduler/request_filter.py:460}}
Jul 05 04:25:36.001363 np0000004568 nova-scheduler[96273]: DEBUG nova.scheduler.request_filter [None req-28708c63-c9d9-43f3-bb31-6a63e2127e3b tempest-AttachVolumeTestJSON-1483644466 tempest-AttachVolumeTestJSON-1483644466-project-member] tpm_secret_security_filter skipped {{(pid=96273) tpm_secret_security_filter /opt/stack/nova/nova/scheduler/request_filter.py:477}}
Jul 05 04:25:36.134006 np0000004568 nova-scheduler[96269]: DEBUG nova.scheduler.manager [None req-41ac1ca5-f06c-49d9-bf98-114dd8edf1a7 tempest-ServerStableDeviceRescueTest-1713654366 tempest-ServerStableDeviceRescueTest-1713654366-project-member] Starting to schedule for instances: ['3611114c-39d5-46be-8726-f9e41062e412'] {{(pid=96269) select_destinations /opt/stack/nova/nova/scheduler/manager.py:209}}
Jul 05 04:25:36.134694 np0000004568 nova-scheduler[96269]: DEBUG nova.scheduler.request_filter [None req-41ac1ca5-f06c-49d9-bf98-114dd8edf1a7 tempest-ServerStableDeviceRescueTest-1713654366 tempest-ServerStableDeviceRescueTest-1713654366-project-member] compute_status_filter request filter added forbidden trait COMPUTE_STATUS_DISABLED {{(pid=96269) compute_status_filter /opt/stack/nova/nova/scheduler/request_filter.py:253}}
Jul 05 04:25:36.134694 np0000004568 nova-scheduler[96269]: DEBUG nova.scheduler.request_filter [None req-41ac1ca5-f06c-49d9-bf98-114dd8edf1a7 tempest-ServerStableDeviceRescueTest-1713654366 tempest-ServerStableDeviceRescueTest-1713654366-project-member] Request filter 'compute_status_filter' took 0.0 seconds {{(pid=96269) wrapper /opt/stack/nova/nova/scheduler/request_filter.py:46}}
Jul 05 04:25:36.134849 np0000004568 nova-scheduler[96269]: DEBUG nova.scheduler.request_filter [None req-41ac1ca5-f06c-49d9-bf98-114dd8edf1a7 tempest-ServerStableDeviceRescueTest-1713654366 tempest-ServerStableDeviceRescueTest-1713654366-project-member] Request filter 'accelerators_filter' took 0.0 seconds {{(pid=96269) wrapper /opt/stack/nova/nova/scheduler/request_filter.py:46}}
Jul 05 04:25:36.135022 np0000004568 nova-scheduler[96269]: DEBUG nova.scheduler.request_filter [None req-41ac1ca5-f06c-49d9-bf98-114dd8edf1a7 tempest-ServerStableDeviceRescueTest-1713654366 tempest-ServerStableDeviceRescueTest-1713654366-project-member] Request filter 'packed_virtqueue_filter' took 0.0 seconds {{(pid=96269) wrapper /opt/stack/nova/nova/scheduler/request_filter.py:46}}
Jul 05 04:25:36.135270 np0000004568 nova-scheduler[96269]: DEBUG nova.scheduler.request_filter [None req-41ac1ca5-f06c-49d9-bf98-114dd8edf1a7 tempest-ServerStableDeviceRescueTest-1713654366 tempest-ServerStableDeviceRescueTest-1713654366-project-member] Request filter 'remote_managed_ports_filter' took 0.0 seconds {{(pid=96269) wrapper /opt/stack/nova/nova/scheduler/request_filter.py:46}}
Jul 05 04:25:36.135409 np0000004568 nova-scheduler[96269]: DEBUG nova.scheduler.request_filter [None req-41ac1ca5-f06c-49d9-bf98-114dd8edf1a7 tempest-ServerStableDeviceRescueTest-1713654366 tempest-ServerStableDeviceRescueTest-1713654366-project-member] ephemeral_encryption_filter skipped {{(pid=96269) ephemeral_encryption_filter /opt/stack/nova/nova/scheduler/request_filter.py:426}}
Jul 05 04:25:36.135529 np0000004568 nova-scheduler[96269]: DEBUG nova.scheduler.request_filter [None req-41ac1ca5-f06c-49d9-bf98-114dd8edf1a7 tempest-ServerStableDeviceRescueTest-1713654366 tempest-ServerStableDeviceRescueTest-1713654366-project-member] virtio_sound_filter skipped {{(pid=96269) virtio_sound_filter /opt/stack/nova/nova/scheduler/request_filter.py:460}}
Jul 05 04:25:36.135990 np0000004568 nova-scheduler[96269]: DEBUG nova.scheduler.request_filter [None req-41ac1ca5-f06c-49d9-bf98-114dd8edf1a7 tempest-ServerStableDeviceRescueTest-1713654366 tempest-ServerStableDeviceRescueTest-1713654366-project-member] tpm_secret_security_filter skipped {{(pid=96269) tpm_secret_security_filter /opt/stack/nova/nova/scheduler/request_filter.py:477}}
Jul 05 04:25:36.508812 np0000004568 nova-scheduler[96273]: INFO nova.utils [None req-28708c63-c9d9-43f3-bb31-6a63e2127e3b tempest-AttachVolumeTestJSON-1483644466 tempest-AttachVolumeTestJSON-1483644466-project-member] The cell worker thread pool ForkProcess-2.cell_worker is initialized
Jul 05 04:25:36.509326 np0000004568 nova-scheduler[96273]: DEBUG oslo_concurrency.lockutils [None req-28708c63-c9d9-43f3-bb31-6a63e2127e3b tempest-AttachVolumeTestJSON-1483644466 tempest-AttachVolumeTestJSON-1483644466-project-member] Acquiring lock "263d64ef-e425-4db2-8d2c-737e09d1226e" by "nova.context.set_target_cell..get_or_set_cached_cell_and_set_connections" {{(pid=96273) inner /opt/stack/data/venv/lib/python3.12/site-packages/oslo_concurrency/lockutils.py:511}}
Jul 05 04:25:36.509563 np0000004568 nova-scheduler[96273]: DEBUG oslo_concurrency.lockutils [None req-28708c63-c9d9-43f3-bb31-6a63e2127e3b tempest-AttachVolumeTestJSON-1483644466 tempest-AttachVolumeTestJSON-1483644466-project-member] Lock "263d64ef-e425-4db2-8d2c-737e09d1226e" acquired by "nova.context.set_target_cell..get_or_set_cached_cell_and_set_connections" :: waited 0.000s {{(pid=96273) inner /opt/stack/data/venv/lib/python3.12/site-packages/oslo_concurrency/lockutils.py:524}}
Jul 05 04:25:36.511141 np0000004568 nova-scheduler[96273]: DEBUG oslo_concurrency.lockutils [None req-28708c63-c9d9-43f3-bb31-6a63e2127e3b tempest-AttachVolumeTestJSON-1483644466 tempest-AttachVolumeTestJSON-1483644466-project-member] Lock "263d64ef-e425-4db2-8d2c-737e09d1226e" "released" by "nova.context.set_target_cell..get_or_set_cached_cell_and_set_connections" :: held 0.002s {{(pid=96273) inner /opt/stack/data/venv/lib/python3.12/site-packages/oslo_concurrency/lockutils.py:543}}
Jul 05 04:25:36.513531 np0000004568 nova-scheduler[96273]: INFO dbcounter [None req-28708c63-c9d9-43f3-bb31-6a63e2127e3b tempest-AttachVolumeTestJSON-1483644466 tempest-AttachVolumeTestJSON-1483644466-project-member] Registered counter for database nova_cell1
Jul 05 04:25:36.569861 np0000004568 nova-scheduler[96273]: DEBUG oslo_db.sqlalchemy.engines [None req-28708c63-c9d9-43f3-bb31-6a63e2127e3b tempest-AttachVolumeTestJSON-1483644466 tempest-AttachVolumeTestJSON-1483644466-project-member] MySQL server mode set to STRICT_TRANS_TABLES,STRICT_ALL_TABLES,NO_ZERO_IN_DATE,NO_ZERO_DATE,ERROR_FOR_DIVISION_BY_ZERO,TRADITIONAL,NO_ENGINE_SUBSTITUTION {{(pid=96273) _check_effective_sql_mode /opt/stack/data/venv/lib/python3.12/site-packages/oslo_db/sqlalchemy/engines.py:325}}
Jul 05 04:25:36.575965 np0000004568 nova-scheduler[96273]: DEBUG dbcounter [-] [96273] Writer thread running {{(pid=96273) stat_writer /opt/stack/data/venv/lib/python3.12/site-packages/dbcounter.py:102}}
Jul 05 04:25:36.599028 np0000004568 nova-scheduler[96273]: DEBUG oslo_db.sqlalchemy.engines [None req-28708c63-c9d9-43f3-bb31-6a63e2127e3b tempest-AttachVolumeTestJSON-1483644466 tempest-AttachVolumeTestJSON-1483644466-project-member] Parent process 95076 forked (96273) with an open database connection, which is being discarded and recreated. {{(pid=96273) checkout /opt/stack/data/venv/lib/python3.12/site-packages/oslo_db/sqlalchemy/engines.py:402}}
Jul 05 04:25:36.649133 np0000004568 nova-scheduler[96273]: DEBUG dbcounter [-] [96273] Writer thread running {{(pid=96273) stat_writer /opt/stack/data/venv/lib/python3.12/site-packages/dbcounter.py:102}}
Jul 05 04:25:36.652404 np0000004568 nova-scheduler[96273]: DEBUG oslo_concurrency.lockutils [None req-28708c63-c9d9-43f3-bb31-6a63e2127e3b tempest-AttachVolumeTestJSON-1483644466 tempest-AttachVolumeTestJSON-1483644466-project-member] Acquiring lock "263d64ef-e425-4db2-8d2c-737e09d1226e" by "nova.context.set_target_cell..get_or_set_cached_cell_and_set_connections" {{(pid=96273) inner /opt/stack/data/venv/lib/python3.12/site-packages/oslo_concurrency/lockutils.py:511}}
