Jul 05 04:24:07.437512 np0000004568 devstack@neutron-api.service[90469]: DEBUG neutron.db.db_base_plugin_common [None req-13d737dc-0ac7-47a3-9488-5e3ec388c5ba admin admin] Allocated IP 192.168.233.2 (0d6b827c-6067-473c-a2dc-f5b45aab39f1/d7dcf5c2-36c1-481e-a24c-a507ccf4445d/049f81ed-9e1a-4632-a3c4-90483cdfb685) {{(pid=90469) _store_ip_allocation /opt/stack/neutron/neutron/db/db_base_plugin_common.py:131}}
Jul 05 04:24:07.493867 np0000004568 devstack@neutron-api.service[90469]: DEBUG neutron_lib.callbacks.manager [None req-13d737dc-0ac7-47a3-9488-5e3ec388c5ba admin admin] Publish callbacks [] for port (049f81ed-9e1a-4632-a3c4-90483cdfb685), precommit_update {{(pid=90469) _notify_loop /opt/stack/data/venv/lib/python3.12/site-packages/neutron_lib/callbacks/manager.py:184}}
Jul 05 04:24:07.494053 np0000004568 devstack@neutron-api.service[90469]: DEBUG neutron.plugins.ml2.drivers.ovn.mech_driver.mech_driver [None req-13d737dc-0ac7-47a3-9488-5e3ec388c5ba admin admin] No provisioning block for port 049f81ed-9e1a-4632-a3c4-90483cdfb685 since it does not have a host {{(pid=90469) _is_port_provisioning_required /opt/stack/neutron/neutron/plugins/ml2/drivers/ovn/mech_driver/mech_driver.py:899}}
Jul 05 04:24:07.500304 np0000004568 devstack@neutron-api.service[90469]: DEBUG neutron_lib.callbacks.manager [None req-13d737dc-0ac7-47a3-9488-5e3ec388c5ba admin admin] Publish callbacks ['neutron.plugins.ml2.ovo_rpc._ObjectChangeHandler.handle_event-6962277', 'neutron.services.ovn_l3.plugin.OVNL3RouterPlugin._port_update-7985237715748'] for port (049f81ed-9e1a-4632-a3c4-90483cdfb685), after_update {{(pid=90469) _notify_loop /opt/stack/data/venv/lib/python3.12/site-packages/neutron_lib/callbacks/manager.py:184}}
Jul 05 04:24:07.527148 np0000004568 devstack@neutron-api.service[90469]: DEBUG neutron.api.rpc.handlers.resources_rpc [None req-13d737dc-0ac7-47a3-9488-5e3ec388c5ba admin admin] Pushing event updated for resources: {'Port': ['ID=049f81ed-9e1a-4632-a3c4-90483cdfb685,revision_number=2']} {{(pid=90469) push /opt/stack/neutron/neutron/api/rpc/handlers/resources_rpc.py:237}}
Jul 05 04:24:07.613406 np0000004568 devstack@neutron-api.service[90469]: DEBUG neutron.plugins.ml2.drivers.ovn.mech_driver.ovsdb.commands [None req-13d737dc-0ac7-47a3-9488-5e3ec388c5ba admin admin] Converting tag [] to a tag_request {{(pid=90469) _tag_column_to_tag_request /opt/stack/neutron/neutron/plugins/ml2/drivers/ovn/mech_driver/ovsdb/commands.py:205}}
Jul 05 04:24:07.614397 np0000004568 devstack@neutron-api.service[90469]: DEBUG ovsdbapp.backend.ovs_idl.transaction [None req-8a875d48-af39-4563-a54a-cd7d22f33021 None None] Running txn n=1 command(idx=0): CheckRevisionNumberCommand(_result=None, name=049f81ed-9e1a-4632-a3c4-90483cdfb685, resource={'id': '049f81ed-9e1a-4632-a3c4-90483cdfb685', 'name': '', 'network_id': '0d6b827c-6067-473c-a2dc-f5b45aab39f1', 'project_id': 'f8f66b20fc07456ba63f11e0cb540f1c', 'mac_address': 'fa:16:3e:dd:9b:de', 'admin_state_up': True, 'status': 'DOWN', 'device_id': 'ovnmeta-0d6b827c-6067-473c-a2dc-f5b45aab39f1', 'device_owner': 'network:distributed', 'standard_attr_id': 28, 'fixed_ips': [{'subnet_id': 'd7dcf5c2-36c1-481e-a24c-a507ccf4445d', 'ip_address': '192.168.233.2'}], 'allowed_address_pairs': [], 'extra_dhcp_opts': [], 'security_groups': [], 'description': '', 'binding:vnic_type': 'normal', 'binding:profile': {}, 'binding:host_id': '', 'binding:vif_type': 'unbound', 'binding:vif_details': {}, 'port_security_enabled': False, 'tags': [], 'created_at': '2026-07-05T04:24:06Z', 'updated_at': '2026-07-05T04:24:07Z', 'revision_number': 2, 'tenant_id': 'f8f66b20fc07456ba63f11e0cb540f1c', 'network': {'id': '0d6b827c-6067-473c-a2dc-f5b45aab39f1', 'name': 'shared', 'tenant_id': 'f8f66b20fc07456ba63f11e0cb540f1c', 'project_id': 'f8f66b20fc07456ba63f11e0cb540f1c', 'admin_state_up': True, 'mtu': 1372, 'status': 'ACTIVE', 'subnets': ['d7dcf5c2-36c1-481e-a24c-a507ccf4445d'], 'standard_attr_id': 26, 'shared': True, 'availability_zone_hints': [], 'availability_zones': [], 'ipv4_address_scope': None, 'ipv6_address_scope': None, 'router:external': False, 'qinq': False, 'vlan_transparent': False, 'description': '', 'port_security_enabled': True, 'tags': [], 'created_at': '2026-07-05T04:24:06Z', 'updated_at': '2026-07-05T04:24:07Z', 'revision_number': 2, 'provider:network_type': 'geneve', 'provider:physical_network': None, 'provider:segmentation_id': 51434}}, resource_type=ports, if_exists=True) {{(pid=90469) do_commit /opt/stack/data/venv/lib/python3.12/site-packages/ovsdbapp/backend/ovs_idl/transaction.py:89}}
Jul 05 04:24:07.614828 np0000004568 devstack@neutron-api.service[90469]: DEBUG ovsdbapp.backend.ovs_idl.transaction [None req-8a875d48-af39-4563-a54a-cd7d22f33021 None None] Running txn n=1 command(idx=1): AddDHCPOptionsCommand(_result=None, columns={'cidr': '192.168.233.0/24', 'options': {'server_id': '192.168.233.1', 'lease_time': '43200', 'mtu': '1372', 'router': '192.168.233.1', 'server_mac': 'fa:16:3e:62:45:f9', 'dns_server': '{127.0.0.53}', 'classless_static_route': '{169.254.169.254/32,192.168.233.2, 0.0.0.0/0,192.168.233.1}'}, 'external_ids': {'subnet_id': 'd7dcf5c2-36c1-481e-a24c-a507ccf4445d', 'neutron:network_id': '0d6b827c-6067-473c-a2dc-f5b45aab39f1', 'neutron:revision_number': '0'}}, may_exist=True, subnet_id=d7dcf5c2-36c1-481e-a24c-a507ccf4445d, port_id=None, new_insert=False) {{(pid=90469) do_commit /opt/stack/data/venv/lib/python3.12/site-packages/ovsdbapp/backend/ovs_idl/transaction.py:89}}
Jul 05 04:24:07.615212 np0000004568 devstack@neutron-api.service[90469]: DEBUG ovsdbapp.backend.ovs_idl.transaction [None req-8a875d48-af39-4563-a54a-cd7d22f33021 None None] Running txn n=1 command(idx=2): SetLSwitchPortCommand(_result=None, lport=049f81ed-9e1a-4632-a3c4-90483cdfb685, external_ids_update=None, columns={'external_ids': {'neutron:port_name': '', 'neutron:device_id': 'ovnmeta-0d6b827c-6067-473c-a2dc-f5b45aab39f1', 'neutron:project_id': 'f8f66b20fc07456ba63f11e0cb540f1c', 'neutron:cidrs': '192.168.233.2/24', 'neutron:device_owner': 'network:distributed', 'neutron:subnet_pool_addr_scope4': '', 'neutron:subnet_pool_addr_scope6': '', 'neutron:network_name': 'neutron-0d6b827c-6067-473c-a2dc-f5b45aab39f1', 'neutron:security_group_ids': '', 'neutron:revision_number': '2', 'neutron:vnic_type': 'normal', 'neutron:port_capabilities': '', 'neutron:mtu': '1372'}, 'parent_name': [], 'options': {}, 'enabled': True, 'port_security': [], 'dhcpv4_options': [], 'dhcpv6_options': [], 'type': 'localport', 'addresses': ['fa:16:3e:dd:9b:de 192.168.233.2'], 'ha_chassis_group': [], 'tag_request': []}, if_exists=False) {{(pid=90469) do_commit /opt/stack/data/venv/lib/python3.12/site-packages/ovsdbapp/backend/ovs_idl/transaction.py:89}}
Jul 05 04:24:07.615854 np0000004568 devstack@neutron-api.service[90469]: DEBUG ovsdbapp.backend.ovs_idl.transaction [None req-8a875d48-af39-4563-a54a-cd7d22f33021 None None] Running txn n=1 command(idx=3): PgDelPortCommand(_result=None, port_group=neutron_pg_drop, lsp=['049f81ed-9e1a-4632-a3c4-90483cdfb685'], if_exists=False) {{(pid=90469) do_commit /opt/stack/data/venv/lib/python3.12/site-packages/ovsdbapp/backend/ovs_idl/transaction.py:89}}
Jul 05 04:24:07.620815 np0000004568 devstack@neutron-api.service[90468]: DEBUG neutron.plugins.ml2.drivers.ovn.mech_driver.ovsdb.ovsdb_monitor [None req-cace162b-e8d1-46dd-a05b-495f388ffbe8 None None] Hash Ring: Node dbb0f955c56a5a09b4313850cf0b22c7 (host: np0000004568) handling event "create" for row bb64e281-e59e-483f-808b-38e743ce0a90 (table: DHCP_Options) {{(pid=90468) notify /opt/stack/neutron/neutron/plugins/ml2/drivers/ovn/mech_driver/ovsdb/ovsdb_monitor.py:1015}}
Jul 05 04:24:07.621236 np0000004568 devstack@neutron-api.service[90466]: DEBUG neutron.plugins.ml2.drivers.ovn.mech_driver.ovsdb.ovsdb_monitor [None req-6fcbb2dd-7b99-43e1-ad71-989bb683da54 None None] Hash Ring: Node c9ebeadde00a54aebd190f95124f5879 (host: np0000004568) handling event "update" for row 525e3c9c-617c-403a-bb91-447d5a74a23b (table: Logical_Switch_Port) {{(pid=90466) notify /opt/stack/neutron/neutron/plugins/ml2/drivers/ovn/mech_driver/ovsdb/ovsdb_monitor.py:1015}}
Jul 05 04:24:07.623235 np0000004568 devstack@neutron-api.service[90469]: DEBUG neutron.plugins.ml2.drivers.ovn.mech_driver.ovsdb.ovsdb_monitor [None req-a9765c96-d913-4cd4-b4f2-d45a8d2ae14f None None] Hash Ring: Node bcbc41504bb85738a7428a0b7e3a9ae9 (host: np0000004568) handling event "update" for row e15468b5-7f27-4f16-b0ee-8567793a5fe8 (table: Port_Binding) {{(pid=90469) notify /opt/stack/neutron/neutron/plugins/ml2/drivers/ovn/mech_driver/ovsdb/ovsdb_monitor.py:1015}}
Jul 05 04:24:07.646904 np0000004568 devstack@neutron-api.service[90469]: INFO neutron.db.ovn_revision_numbers_db [None req-13d737dc-0ac7-47a3-9488-5e3ec388c5ba admin admin] Successfully bumped revision number for resource 049f81ed-9e1a-4632-a3c4-90483cdfb685 (type: ports) to 2
Jul 05 04:24:07.655058 np0000004568 devstack@neutron-api.service[90469]: DEBUG neutron.plugins.ml2.plugin [None req-13d737dc-0ac7-47a3-9488-5e3ec388c5ba admin admin] In _notify_port_updated(), no bound segment for port 049f81ed-9e1a-4632-a3c4-90483cdfb685 on network 0d6b827c-6067-473c-a2dc-f5b45aab39f1 {{(pid=90469) _notify_port_updated /opt/stack/neutron/neutron/plugins/ml2/plugin.py:1041}}
Jul 05 04:24:07.670501 np0000004568 devstack@neutron-api.service[90469]: INFO neutron.db.ovn_revision_numbers_db [None req-13d737dc-0ac7-47a3-9488-5e3ec388c5ba admin admin] Successfully bumped revision number for resource d7dcf5c2-36c1-481e-a24c-a507ccf4445d (type: subnets) to 0
Jul 05 04:24:07.671606 np0000004568 devstack@neutron-api.service[90469]: DEBUG neutron.pecan_wsgi.hooks.policy_enforcement [None req-13d737dc-0ac7-47a3-9488-5e3ec388c5ba admin admin] Attributes excluded by policy engine: ['standard_attr_id', 'shared', 'network'] {{(pid=90469) _exclude_attributes_by_policy /opt/stack/neutron/neutron/pecan_wsgi/hooks/policy_enforcement.py:259}}
Jul 05 04:24:07.671879 np0000004568 devstack@neutron-api.service[90469]: DEBUG neutron_lib.callbacks.manager [None req-13d737dc-0ac7-47a3-9488-5e3ec388c5ba admin admin] Publish callbacks [] for subnet (None), before_response {{(pid=90469) _notify_loop /opt/stack/data/venv/lib/python3.12/site-packages/neutron_lib/callbacks/manager.py:184}}
Jul 05 04:24:07.680808 np0000004568 devstack@neutron-api.service[90469]: [pid: 90469|app: 0|req: 10/40] 10.4.3.20 () {68 vars in 1317 bytes} [Sun Jul 5 04:24:07 2026] POST /networking/v2.0/subnets => generated 665 bytes in 461 msecs (HTTP/1.1 201) 4 headers in 162 bytes (1 switches on core 0)
Jul 05 04:24:13.002667 np0000004568 devstack@neutron-api.service[90467]: DEBUG futurist.periodics [-] Submitting periodic callback 'neutron.plugins.ml2.drivers.ovn.mech_driver.ovsdb.maintenance.HashRingHealthCheckPeriodics.touch_hash_ring_node' {{(pid=90467) _process_scheduled /opt/stack/data/venv/lib/python3.12/site-packages/futurist/periodics.py:784}}
Jul 05 04:24:13.003301 np0000004568 devstack@neutron-api.service[90467]: DEBUG neutron.plugins.ml2.drivers.ovn.mech_driver.ovsdb.maintenance [-] Touching Hash Ring node "0a55e41661025461afa2544c84e5c158" from periodic health check thread {{(pid=90467) touch_hash_ring_node /opt/stack/neutron/neutron/plugins/ml2/drivers/ovn/mech_driver/ovsdb/maintenance.py:1419}}
Jul 05 04:24:13.818769 np0000004568 devstack@neutron-api.service[90468]: DEBUG futurist.periodics [-] Submitting periodic callback 'neutron.plugins.ml2.drivers.ovn.mech_driver.ovsdb.maintenance.HashRingHealthCheckPeriodics.touch_hash_ring_node' {{(pid=90468) _process_scheduled /opt/stack/data/venv/lib/python3.12/site-packages/futurist/periodics.py:784}}
Jul 05 04:24:13.819184 np0000004568 devstack@neutron-api.service[90468]: DEBUG neutron.plugins.ml2.drivers.ovn.mech_driver.ovsdb.maintenance [-] Touching Hash Ring node "dbb0f955c56a5a09b4313850cf0b22c7" from periodic health check thread {{(pid=90468) touch_hash_ring_node /opt/stack/neutron/neutron/plugins/ml2/drivers/ovn/mech_driver/ovsdb/maintenance.py:1419}}
Jul 05 04:24:13.834990 np0000004568 devstack@neutron-api.service[90469]: DEBUG futurist.periodics [-] Submitting periodic callback 'neutron.plugins.ml2.drivers.ovn.mech_driver.ovsdb.maintenance.HashRingHealthCheckPeriodics.touch_hash_ring_node' {{(pid=90469) _process_scheduled /opt/stack/data/venv/lib/python3.12/site-packages/futurist/periodics.py:784}}
Jul 05 04:24:13.835492 np0000004568 devstack@neutron-api.service[90469]: DEBUG neutron.plugins.ml2.drivers.ovn.mech_driver.ovsdb.maintenance [-] Touching Hash Ring node "bcbc41504bb85738a7428a0b7e3a9ae9" from periodic health check thread {{(pid=90469) touch_hash_ring_node /opt/stack/neutron/neutron/plugins/ml2/drivers/ovn/mech_driver/ovsdb/maintenance.py:1419}}
Jul 05 04:24:13.899589 np0000004568 devstack@neutron-api.service[90466]: DEBUG futurist.periodics [-] Submitting periodic callback 'neutron.plugins.ml2.drivers.ovn.mech_driver.ovsdb.maintenance.HashRingHealthCheckPeriodics.touch_hash_ring_node' {{(pid=90466) _process_scheduled /opt/stack/data/venv/lib/python3.12/site-packages/futurist/periodics.py:784}}
Jul 05 04:24:13.899977 np0000004568 devstack@neutron-api.service[90466]: DEBUG neutron.plugins.ml2.drivers.ovn.mech_driver.ovsdb.maintenance [-] Touching Hash Ring node "c9ebeadde00a54aebd190f95124f5879" from periodic health check thread {{(pid=90466) touch_hash_ring_node /opt/stack/neutron/neutron/plugins/ml2/drivers/ovn/mech_driver/ovsdb/maintenance.py:1419}}
Jul 05 04:24:14.687584 np0000004568 devstack@neutron-api.service[90467]: DEBUG neutron.plugins.ml2.drivers.ovn.mech_driver.ovsdb.ovsdb_monitor [None req-4e7e6118-8866-4179-a5f3-6f9cfe383da0 None None] ChassisOVNAgentWriteEvent : Matched Chassis_Private, update, None None {{(pid=90467) matches /opt/stack/neutron/neutron/plugins/ml2/drivers/ovn/mech_driver/ovsdb/ovsdb_monitor.py:64}}
Jul 05 04:24:14.688129 np0000004568 devstack@neutron-api.service[90469]: DEBUG neutron.plugins.ml2.drivers.ovn.mech_driver.ovsdb.ovsdb_monitor [None req-a9765c96-d913-4cd4-b4f2-d45a8d2ae14f None None] ChassisOVNAgentWriteEvent : Matched Chassis_Private, update, None None {{(pid=90469) matches /opt/stack/neutron/neutron/plugins/ml2/drivers/ovn/mech_driver/ovsdb/ovsdb_monitor.py:64}}
Jul 05 04:24:14.688273 np0000004568 devstack@neutron-api.service[90468]: DEBUG neutron.plugins.ml2.drivers.ovn.mech_driver.ovsdb.ovsdb_monitor [None req-a21b8f05-6d96-473b-b988-17852a82524d None None] ChassisOVNAgentWriteEvent : Matched Chassis_Private, update, None None {{(pid=90468) matches /opt/stack/neutron/neutron/plugins/ml2/drivers/ovn/mech_driver/ovsdb/ovsdb_monitor.py:64}}
Jul 05 04:24:14.688773 np0000004568 devstack@neutron-api.service[90466]: DEBUG neutron.plugins.ml2.drivers.ovn.mech_driver.ovsdb.ovsdb_monitor [None req-fe490817-4bb5-4d80-89f5-dcf3cfb322cb None None] ChassisOVNAgentWriteEvent : Matched Chassis_Private, update, None None {{(pid=90466) matches /opt/stack/neutron/neutron/plugins/ml2/drivers/ovn/mech_driver/ovsdb/ovsdb_monitor.py:64}}
Jul 05 04:24:14.689062 np0000004568 devstack@neutron-api.service[90469]: DEBUG neutron.plugins.ml2.drivers.ovn.mech_driver.ovsdb.ovsdb_monitor [None req-a9765c96-d913-4cd4-b4f2-d45a8d2ae14f None None] Touching Hash Ring node "bcbc41504bb85738a7428a0b7e3a9ae9" from IDL notify handler {{(pid=90469) notify /opt/stack/neutron/neutron/plugins/ml2/drivers/ovn/mech_driver/ovsdb/ovsdb_monitor.py:1007}}
Jul 05 04:24:14.695037 np0000004568 devstack@neutron-api.service[90469]: DEBUG neutron.plugins.ml2.drivers.ovn.mech_driver.ovsdb.ovsdb_monitor [None req-a9765c96-d913-4cd4-b4f2-d45a8d2ae14f None None] Hash Ring: Node bcbc41504bb85738a7428a0b7e3a9ae9 (host: np0000004568) handling event "update" for row b643a8ac-dfeb-47de-86f5-f1b01cad28a1 (table: Chassis_Private) {{(pid=90469) notify /opt/stack/neutron/neutron/plugins/ml2/drivers/ovn/mech_driver/ovsdb/ovsdb_monitor.py:1015}}
Jul 05 04:24:23.009652 np0000004568 devstack@neutron-api.service[90467]: DEBUG dbcounter [-] [90467] Writing DB stats neutron:UPDATE=2,neutron:SELECT=7 {{(pid=90467) stat_writer /opt/stack/data/venv/lib/python3.12/site-packages/dbcounter.py:115}}
Jul 05 04:24:23.828608 np0000004568 devstack@neutron-api.service[90468]: DEBUG dbcounter [-] [90468] Writing DB stats neutron:UPDATE=2,neutron:SELECT=17 {{(pid=90468) stat_writer /opt/stack/data/venv/lib/python3.12/site-packages/dbcounter.py:115}}
Jul 05 04:24:23.906639 np0000004568 devstack@neutron-api.service[90466]: DEBUG dbcounter [-] [90466] Writing DB stats neutron:UPDATE=11,neutron:SELECT=159,neutron:INSERT=15,neutron:DELETE=2 {{(pid=90466) stat_writer /opt/stack/data/venv/lib/python3.12/site-packages/dbcounter.py:115}}
Jul 05 04:24:24.692598 np0000004568 devstack@neutron-api.service[90469]: DEBUG dbcounter [-] [90469] Writing DB stats neutron:UPDATE=8,neutron:SELECT=256,neutron:INSERT=11,neutron:DELETE=2 {{(pid=90469) stat_writer /opt/stack/data/venv/lib/python3.12/site-packages/dbcounter.py:115}}
Jul 05 04:24:28.003491 np0000004568 devstack@neutron-api.service[90467]: DEBUG futurist.periodics [-] Submitting periodic callback 'neutron.plugins.ml2.drivers.ovn.mech_driver.ovsdb.maintenance.HashRingHealthCheckPeriodics.touch_hash_ring_node' {{(pid=90467) _process_scheduled /opt/stack/data/venv/lib/python3.12/site-packages/futurist/periodics.py:784}}
Jul 05 04:24:28.003931 np0000004568 devstack@neutron-api.service[90467]: DEBUG neutron.plugins.ml2.drivers.ovn.mech_driver.ovsdb.maintenance [-] Touching Hash Ring node "0a55e41661025461afa2544c84e5c158" from periodic health check thread {{(pid=90467) touch_hash_ring_node /opt/stack/neutron/neutron/plugins/ml2/drivers/ovn/mech_driver/ovsdb/maintenance.py:1419}}
Jul 05 04:24:28.819380 np0000004568 devstack@neutron-api.service[90468]: DEBUG futurist.periodics [-] Submitting periodic callback 'neutron.plugins.ml2.drivers.ovn.mech_driver.ovsdb.maintenance.HashRingHealthCheckPeriodics.touch_hash_ring_node' {{(pid=90468) _process_scheduled /opt/stack/data/venv/lib/python3.12/site-packages/futurist/periodics.py:784}}
Jul 05 04:24:28.819875 np0000004568 devstack@neutron-api.service[90468]: DEBUG neutron.plugins.ml2.drivers.ovn.mech_driver.ovsdb.maintenance [-] Touching Hash Ring node "dbb0f955c56a5a09b4313850cf0b22c7" from periodic health check thread {{(pid=90468) touch_hash_ring_node /opt/stack/neutron/neutron/plugins/ml2/drivers/ovn/mech_driver/ovsdb/maintenance.py:1419}}
Jul 05 04:24:28.835588 np0000004568 devstack@neutron-api.service[90469]: DEBUG futurist.periodics [-] Submitting periodic callback 'neutron.plugins.ml2.drivers.ovn.mech_driver.ovsdb.maintenance.HashRingHealthCheckPeriodics.touch_hash_ring_node' {{(pid=90469) _process_scheduled /opt/stack/data/venv/lib/python3.12/site-packages/futurist/periodics.py:784}}
Jul 05 04:24:28.836082 np0000004568 devstack@neutron-api.service[90469]: DEBUG neutron.plugins.ml2.drivers.ovn.mech_driver.ovsdb.maintenance [-] Touching Hash Ring node "bcbc41504bb85738a7428a0b7e3a9ae9" from periodic health check thread {{(pid=90469) touch_hash_ring_node /opt/stack/neutron/neutron/plugins/ml2/drivers/ovn/mech_driver/ovsdb/maintenance.py:1419}}
Jul 05 04:24:28.901145 np0000004568 devstack@neutron-api.service[90466]: DEBUG futurist.periodics [-] Submitting periodic callback 'neutron.plugins.ml2.drivers.ovn.mech_driver.ovsdb.maintenance.HashRingHealthCheckPeriodics.touch_hash_ring_node' {{(pid=90466) _process_scheduled /opt/stack/data/venv/lib/python3.12/site-packages/futurist/periodics.py:784}}
Jul 05 04:24:28.901145 np0000004568 devstack@neutron-api.service[90466]: DEBUG neutron.plugins.ml2.drivers.ovn.mech_driver.ovsdb.maintenance [-] Touching Hash Ring node "c9ebeadde00a54aebd190f95124f5879" from periodic health check thread {{(pid=90466) touch_hash_ring_node /opt/stack/neutron/neutron/plugins/ml2/drivers/ovn/mech_driver/ovsdb/maintenance.py:1419}}
Jul 05 04:24:36.456431 np0000004568 devstack@neutron-api.service[90466]: DEBUG neutron.api.wsgi [None req-60150dd2-0a52-4ee4-b3bb-f5f6e947468b tempest-verify_tempest_config-1176138458 tempest-verify_tempest_config-1176138458-project-member] https://10.4.3.20/networking/v2.0/extensions returned with HTTP 200 {{(pid=90466) __call__ /opt/stack/neutron/neutron/api/wsgi.py:540}}
Jul 05 04:24:36.456880 np0000004568 devstack@neutron-api.service[90466]: [pid: 90466|app: 0|req: 10/41] 10.4.3.20 () {66 vars in 1254 bytes} [Sun Jul 5 04:24:36 2026] GET /networking/v2.0/extensions => generated 16171 bytes in 3 msecs (HTTP/1.1 200) 4 headers in 159 bytes (1 switches on core 0)
Jul 05 04:24:36.961685 np0000004568 devstack@neutron-api.service[90467]: DEBUG neutron_lib.callbacks.manager [None req-af4292d4-ea8c-462a-85d8-14c1fd04b4f0 admin admin] Publish callbacks [] for security_group (None), before_create {{(pid=90467) _notify_loop /opt/stack/data/venv/lib/python3.12/site-packages/neutron_lib/callbacks/manager.py:184}}
Jul 05 04:24:37.051664 np0000004568 devstack@neutron-api.service[90467]: DEBUG neutron_lib.callbacks.manager [None req-af4292d4-ea8c-462a-85d8-14c1fd04b4f0 admin admin] Publish callbacks ['neutron.plugins.ml2.drivers.ovn.mech_driver.mech_driver.OVNMechanismDriver._create_security_group_precommit-1876356'] for security_group (3df83e87-9006-4be2-bf3b-88b16b4b6275), precommit_create {{(pid=90467) _notify_loop /opt/stack/data/venv/lib/python3.12/site-packages/neutron_lib/callbacks/manager.py:184}}
Jul 05 04:24:37.051943 np0000004568 devstack@neutron-api.service[90467]: DEBUG neutron.db.ovn_revision_numbers_db [None req-af4292d4-ea8c-462a-85d8-14c1fd04b4f0 admin admin] create_initial_revision uuid=3df83e87-9006-4be2-bf3b-88b16b4b6275, type=security_groups, rev=-1 {{(pid=90467) create_initial_revision /opt/stack/neutron/neutron/db/ovn_revision_numbers_db.py:98}}
Jul 05 04:24:37.052960 np0000004568 devstack@neutron-api.service[90467]: DEBUG neutron.db.ovn_revision_numbers_db [None req-af4292d4-ea8c-462a-85d8-14c1fd04b4f0 admin admin] create_initial_revision uuid=04c1fd8e-0501-4d4d-a20c-f1fd6084c4c7, type=security_group_rules, rev=-1 {{(pid=90467) create_initial_revision /opt/stack/neutron/neutron/db/ovn_revision_numbers_db.py:98}}
Jul 05 04:24:37.053923 np0000004568 devstack@neutron-api.service[90467]: DEBUG neutron.db.ovn_revision_numbers_db [None req-af4292d4-ea8c-462a-85d8-14c1fd04b4f0 admin admin] create_initial_revision uuid=19f2273c-0187-422c-a02a-98c51ad9a4e8, type=security_group_rules, rev=-1 {{(pid=90467) create_initial_revision /opt/stack/neutron/neutron/db/ovn_revision_numbers_db.py:98}}
Jul 05 04:24:37.054786 np0000004568 devstack@neutron-api.service[90467]: DEBUG neutron.db.ovn_revision_numbers_db [None req-af4292d4-ea8c-462a-85d8-14c1fd04b4f0 admin admin] create_initial_revision uuid=2b209541-3006-40c2-a5d5-c16353ca10a0, type=security_group_rules, rev=-1 {{(pid=90467) create_initial_revision /opt/stack/neutron/neutron/db/ovn_revision_numbers_db.py:98}}
Jul 05 04:24:37.055637 np0000004568 devstack@neutron-api.service[90467]: DEBUG neutron.db.ovn_revision_numbers_db [None req-af4292d4-ea8c-462a-85d8-14c1fd04b4f0 admin admin] create_initial_revision uuid=96813666-a7af-4037-bec8-e015cf4bf0a2, type=security_group_rules, rev=-1 {{(pid=90467) create_initial_revision /opt/stack/neutron/neutron/db/ovn_revision_numbers_db.py:98}}
Jul 05 04:24:37.058326 np0000004568 devstack@neutron-api.service[90467]: DEBUG neutron_lib.callbacks.manager [None req-af4292d4-ea8c-462a-85d8-14c1fd04b4f0 admin admin] Publish callbacks ['neutron.plugins.ml2.drivers.ovn.mech_driver.mech_driver.OVNMechanismDriver._create_security_group-1876382', 'neutron.plugins.ml2.ovo_rpc._ObjectChangeHandler.handle_event-1277969'] for security_group (3df83e87-9006-4be2-bf3b-88b16b4b6275), after_create {{(pid=90467) _notify_loop /opt/stack/data/venv/lib/python3.12/site-packages/neutron_lib/callbacks/manager.py:184}}
Jul 05 04:24:37.058775 np0000004568 devstack@neutron-api.service[90467]: DEBUG ovsdbapp.backend.ovs_idl.transaction [None req-62e83802-d456-4998-bb38-d078d4a6b77f None None] Running txn n=1 command(idx=0): PgAddCommand(_result=None, name=pg_3df83e87_9006_4be2_bf3b_88b16b4b6275, may_exist=False, columns={'acls': [], 'external_ids': {'neutron:security_group_id': '3df83e87-9006-4be2-bf3b-88b16b4b6275'}}) {{(pid=90467) do_commit /opt/stack/data/venv/lib/python3.12/site-packages/ovsdbapp/backend/ovs_idl/transaction.py:89}}
Jul 05 04:24:37.059070 np0000004568 devstack@neutron-api.service[90467]: DEBUG ovsdbapp.backend.ovs_idl.transaction [None req-62e83802-d456-4998-bb38-d078d4a6b77f None None] Running txn n=1 command(idx=1): PgAclAddCommand(_result=None, entity=pg_3df83e87_9006_4be2_bf3b_88b16b4b6275, direction=to-lport, priority=1002, match=outport == @pg_3df83e87_9006_4be2_bf3b_88b16b4b6275 && ip4 && ip4.src == $pg_3df83e87_9006_4be2_bf3b_88b16b4b6275_ip4, action=allow-related, log=False, may_exist=True, severity=[], name=[], meter=[], external_ids={'neutron:security_group_rule_id': '04c1fd8e-0501-4d4d-a20c-f1fd6084c4c7'}) {{(pid=90467) do_commit /opt/stack/data/venv/lib/python3.12/site-packages/ovsdbapp/backend/ovs_idl/transaction.py:89}}
Jul 05 04:24:37.059390 np0000004568 devstack@neutron-api.service[90467]: DEBUG ovsdbapp.backend.ovs_idl.transaction [None req-62e83802-d456-4998-bb38-d078d4a6b77f None None] Running txn n=1 command(idx=2): PgAclAddCommand(_result=None, entity=pg_3df83e87_9006_4be2_bf3b_88b16b4b6275, direction=from-lport, priority=1002, match=inport == @pg_3df83e87_9006_4be2_bf3b_88b16b4b6275 && ip6, action=allow-related, log=False, may_exist=True, severity=[], name=[], meter=[], external_ids={'neutron:security_group_rule_id': '19f2273c-0187-422c-a02a-98c51ad9a4e8'}) {{(pid=90467) do_commit /opt/stack/data/venv/lib/python3.12/site-packages/ovsdbapp/backend/ovs_idl/transaction.py:89}}
Jul 05 04:24:37.059650 np0000004568 devstack@neutron-api.service[90467]: DEBUG ovsdbapp.backend.ovs_idl.transaction [None req-62e83802-d456-4998-bb38-d078d4a6b77f None None] Running txn n=1 command(idx=3): PgAclAddCommand(_result=None, entity=pg_3df83e87_9006_4be2_bf3b_88b16b4b6275, direction=to-lport, priority=1002, match=outport == @pg_3df83e87_9006_4be2_bf3b_88b16b4b6275 && ip6 && ip6.src == $pg_3df83e87_9006_4be2_bf3b_88b16b4b6275_ip6, action=allow-related, log=False, may_exist=True, severity=[], name=[], meter=[], external_ids={'neutron:security_group_rule_id': '2b209541-3006-40c2-a5d5-c16353ca10a0'}) {{(pid=90467) do_commit /opt/stack/data/venv/lib/python3.12/site-packages/ovsdbapp/backend/ovs_idl/transaction.py:89}}
Jul 05 04:24:37.059906 np0000004568 devstack@neutron-api.service[90467]: DEBUG ovsdbapp.backend.ovs_idl.transaction [None req-62e83802-d456-4998-bb38-d078d4a6b77f None None] Running txn n=1 command(idx=4): PgAclAddCommand(_result=None, entity=pg_3df83e87_9006_4be2_bf3b_88b16b4b6275, direction=from-lport, priority=1002, match=inport == @pg_3df83e87_9006_4be2_bf3b_88b16b4b6275 && ip4, action=allow-related, log=False, may_exist=True, severity=[], name=[], meter=[], external_ids={'neutron:security_group_rule_id': '96813666-a7af-4037-bec8-e015cf4bf0a2'}) {{(pid=90467) do_commit /opt/stack/data/venv/lib/python3.12/site-packages/ovsdbapp/backend/ovs_idl/transaction.py:89}}
Jul 05 04:24:37.066759 np0000004568 devstack@neutron-api.service[90468]: DEBUG neutron.plugins.ml2.drivers.ovn.mech_driver.ovsdb.ovsdb_monitor [None req-cace162b-e8d1-46dd-a05b-495f388ffbe8 None None] Touching Hash Ring node "dbb0f955c56a5a09b4313850cf0b22c7" from IDL notify handler {{(pid=90468) notify /opt/stack/neutron/neutron/plugins/ml2/drivers/ovn/mech_driver/ovsdb/ovsdb_monitor.py:1007}}
Jul 05 04:24:37.067280 np0000004568 devstack@neutron-api.service[90467]: DEBUG neutron.plugins.ml2.drivers.ovn.mech_driver.ovsdb.ovsdb_monitor [None req-62e83802-d456-4998-bb38-d078d4a6b77f None None] Touching Hash Ring node "0a55e41661025461afa2544c84e5c158" from IDL notify handler {{(pid=90467) notify /opt/stack/neutron/neutron/plugins/ml2/drivers/ovn/mech_driver/ovsdb/ovsdb_monitor.py:1007}}
Jul 05 04:24:37.067887 np0000004568 devstack@neutron-api.service[90466]: DEBUG neutron.plugins.ml2.drivers.ovn.mech_driver.ovsdb.ovsdb_monitor [None req-6fcbb2dd-7b99-43e1-ad71-989bb683da54 None None] Touching Hash Ring node "c9ebeadde00a54aebd190f95124f5879" from IDL notify handler {{(pid=90466) notify /opt/stack/neutron/neutron/plugins/ml2/drivers/ovn/mech_driver/ovsdb/ovsdb_monitor.py:1007}}
Jul 05 04:24:37.072675 np0000004568 devstack@neutron-api.service[90468]: DEBUG neutron.plugins.ml2.drivers.ovn.mech_driver.ovsdb.ovsdb_monitor [None req-cace162b-e8d1-46dd-a05b-495f388ffbe8 None None] Hash Ring: Node dbb0f955c56a5a09b4313850cf0b22c7 (host: np0000004568) handling event "create" for row 84cf3cad-1ed3-4699-bb4e-916db5451127 (table: ACL) {{(pid=90468) notify /opt/stack/neutron/neutron/plugins/ml2/drivers/ovn/mech_driver/ovsdb/ovsdb_monitor.py:1015}}
Jul 05 04:24:37.073139 np0000004568 devstack@neutron-api.service[90466]: DEBUG neutron.plugins.ml2.drivers.ovn.mech_driver.ovsdb.ovsdb_monitor [None req-6fcbb2dd-7b99-43e1-ad71-989bb683da54 None None] Hash Ring: Node c9ebeadde00a54aebd190f95124f5879 (host: np0000004568) handling event "create" for row 42dbb34c-e2a9-40ac-9849-0826dc019e4a (table: ACL) {{(pid=90466) notify /opt/stack/neutron/neutron/plugins/ml2/drivers/ovn/mech_driver/ovsdb/ovsdb_monitor.py:1015}}
Jul 05 04:24:37.073210 np0000004568 devstack@neutron-api.service[90467]: DEBUG neutron.plugins.ml2.drivers.ovn.mech_driver.ovsdb.ovsdb_monitor [None req-62e83802-d456-4998-bb38-d078d4a6b77f None None] Hash Ring: Node 0a55e41661025461afa2544c84e5c158 (host: np0000004568) handling event "create" for row dab70f48-d93d-4c5c-9a2d-b304dc34e734 (table: ACL) {{(pid=90467) notify /opt/stack/neutron/neutron/plugins/ml2/drivers/ovn/mech_driver/ovsdb/ovsdb_monitor.py:1015}}
Jul 05 04:24:37.074086 np0000004568 devstack@neutron-api.service[90467]: DEBUG neutron.plugins.ml2.drivers.ovn.mech_driver.ovsdb.ovsdb_monitor [None req-62e83802-d456-4998-bb38-d078d4a6b77f None None] Touching Hash Ring node "0a55e41661025461afa2544c84e5c158" from IDL notify handler {{(pid=90467) notify /opt/stack/neutron/neutron/plugins/ml2/drivers/ovn/mech_driver/ovsdb/ovsdb_monitor.py:1007}}
Jul 05 04:24:37.074336 np0000004568 devstack@neutron-api.service[90466]: DEBUG neutron.plugins.ml2.drivers.ovn.mech_driver.ovsdb.ovsdb_monitor [None req-6fcbb2dd-7b99-43e1-ad71-989bb683da54 None None] Touching Hash Ring node "c9ebeadde00a54aebd190f95124f5879" from IDL notify handler {{(pid=90466) notify /opt/stack/neutron/neutron/plugins/ml2/drivers/ovn/mech_driver/ovsdb/ovsdb_monitor.py:1007}}
Jul 05 04:24:37.076279 np0000004568 devstack@neutron-api.service[90466]: DEBUG neutron.plugins.ml2.drivers.ovn.mech_driver.ovsdb.ovsdb_monitor [None req-6fcbb2dd-7b99-43e1-ad71-989bb683da54 None None] Hash Ring: Node c9ebeadde00a54aebd190f95124f5879 (host: np0000004568) handling event "create" for row ce99552c-7281-4e4b-b9bb-36e71c58859f (table: ACL) {{(pid=90466) notify /opt/stack/neutron/neutron/plugins/ml2/drivers/ovn/mech_driver/ovsdb/ovsdb_monitor.py:1015}}
Jul 05 04:24:37.076346 np0000004568 devstack@neutron-api.service[90467]: DEBUG neutron.plugins.ml2.drivers.ovn.mech_driver.ovsdb.ovsdb_monitor [None req-62e83802-d456-4998-bb38-d078d4a6b77f None None] Hash Ring: Node 0a55e41661025461afa2544c84e5c158 (host: np0000004568) handling event "create" for row e3f7e5ce-719a-4590-bbb0-96830c9fe923 (table: Port_Group) {{(pid=90467) notify /opt/stack/neutron/neutron/plugins/ml2/drivers/ovn/mech_driver/ovsdb/ovsdb_monitor.py:1015}}
Jul 05 04:24:37.099013 np0000004568 devstack@neutron-api.service[90467]: INFO neutron.db.ovn_revision_numbers_db [None req-af4292d4-ea8c-462a-85d8-14c1fd04b4f0 admin admin] Successfully bumped revision number for resource 3df83e87-9006-4be2-bf3b-88b16b4b6275 (type: security_groups) to 1
Jul 05 04:24:37.328498 np0000004568 devstack@neutron-api.service[90467]: INFO neutron.db.ovn_revision_numbers_db [None req-af4292d4-ea8c-462a-85d8-14c1fd04b4f0 admin admin] Successfully bumped revision number for resource 04c1fd8e-0501-4d4d-a20c-f1fd6084c4c7 (type: security_group_rules) to 0
Jul 05 04:24:37.336545 np0000004568 devstack@neutron-api.service[90467]: INFO neutron.db.ovn_revision_numbers_db [None req-af4292d4-ea8c-462a-85d8-14c1fd04b4f0 admin admin] Successfully bumped revision number for resource 19f2273c-0187-422c-a02a-98c51ad9a4e8 (type: security_group_rules) to 0
Jul 05 04:24:37.344003 np0000004568 devstack@neutron-api.service[90467]: INFO neutron.db.ovn_revision_numbers_db [None req-af4292d4-ea8c-462a-85d8-14c1fd04b4f0 admin admin] Successfully bumped revision number for resource 2b209541-3006-40c2-a5d5-c16353ca10a0 (type: security_group_rules) to 0
Jul 05 04:24:37.351548 np0000004568 devstack@neutron-api.service[90467]: INFO neutron.db.ovn_revision_numbers_db [None req-af4292d4-ea8c-462a-85d8-14c1fd04b4f0 admin admin] Successfully bumped revision number for resource 96813666-a7af-4037-bec8-e015cf4bf0a2 (type: security_group_rules) to 0
Jul 05 04:24:37.366839 np0000004568 devstack@neutron-api.service[90467]: DEBUG neutron.api.rpc.handlers.resources_rpc [None req-af4292d4-ea8c-462a-85d8-14c1fd04b4f0 admin admin] Pushing event updated for resources: {'SecurityGroup': ['ID=3df83e87-9006-4be2-bf3b-88b16b4b6275,revision_number=1']} {{(pid=90467) push /opt/stack/neutron/neutron/api/rpc/handlers/resources_rpc.py:237}}
Jul 05 04:24:37.385712 np0000004568 devstack@neutron-api.service[90467]: [pid: 90467|app: 0|req: 12/42] 10.4.3.20 () {66 vars in 1382 bytes} [Sun Jul 5 04:24:36 2026] GET /networking/v2.0/security-groups?project_id=c0ea87e851314bd28ed164214cf8d251&name=default => generated 2921 bytes in 587 msecs (HTTP/1.1 200) 4 headers in 158 bytes (1 switches on core 0)
Jul 05 04:24:37.433881 np0000004568 devstack@neutron-api.service[90468]: DEBUG neutron_lib.callbacks.manager [None req-1c22cdd0-4c01-439a-b956-c52bd23e89e0 admin admin] Publish callbacks [] for security_group (3df83e87-9006-4be2-bf3b-88b16b4b6275), before_delete {{(pid=90468) _notify_loop /opt/stack/data/venv/lib/python3.12/site-packages/neutron_lib/callbacks/manager.py:184}}
Jul 05 04:24:37.448139 np0000004568 devstack@neutron-api.service[90468]: DEBUG neutron_lib.callbacks.manager [None req-1c22cdd0-4c01-439a-b956-c52bd23e89e0 admin admin] Publish callbacks ['neutron.plugins.ml2.drivers.ovn.mech_driver.mech_driver.OVNMechanismDriver._delete_security_group_precommit-1859141'] for security_group (3df83e87-9006-4be2-bf3b-88b16b4b6275), precommit_delete {{(pid=90468) _notify_loop /opt/stack/data/venv/lib/python3.12/site-packages/neutron_lib/callbacks/manager.py:184}}
Jul 05 04:24:37.470323 np0000004568 devstack@neutron-api.service[90468]: DEBUG neutron.db.ovn_revision_numbers_db [None req-1c22cdd0-4c01-439a-b956-c52bd23e89e0 admin admin] delete_revision(04c1fd8e-0501-4d4d-a20c-f1fd6084c4c7) {{(pid=90468) delete_revision /opt/stack/neutron/neutron/db/ovn_revision_numbers_db.py:112}}
Jul 05 04:24:37.473112 np0000004568 devstack@neutron-api.service[90468]: DEBUG neutron.db.ovn_revision_numbers_db [None req-1c22cdd0-4c01-439a-b956-c52bd23e89e0 admin admin] delete_revision(2b209541-3006-40c2-a5d5-c16353ca10a0) {{(pid=90468) delete_revision /opt/stack/neutron/neutron/db/ovn_revision_numbers_db.py:112}}
Jul 05 04:24:37.474922 np0000004568 devstack@neutron-api.service[90468]: DEBUG ovsdbapp.backend.ovs_idl.transaction [None req-cace162b-e8d1-46dd-a05b-495f388ffbe8 None None] Running txn n=1 command(idx=0): PgAclDelCommand(_result=None, entity=pg_3df83e87_9006_4be2_bf3b_88b16b4b6275, if_exists=False, conditions=[('direction', '=', 'to-lport'), ('priority', '=', 1002), ('match', '=', 'outport == @pg_3df83e87_9006_4be2_bf3b_88b16b4b6275 && ip4 && ip4.src == $pg_3df83e87_9006_4be2_bf3b_88b16b4b6275_ip4')]) {{(pid=90468) do_commit /opt/stack/data/venv/lib/python3.12/site-packages/ovsdbapp/backend/ovs_idl/transaction.py:89}}
Jul 05 04:24:37.475266 np0000004568 devstack@neutron-api.service[90468]: DEBUG ovsdbapp.backend.ovs_idl.transaction [None req-cace162b-e8d1-46dd-a05b-495f388ffbe8 None None] Running txn n=1 command(idx=1): PgAclDelCommand(_result=None, entity=pg_3df83e87_9006_4be2_bf3b_88b16b4b6275, if_exists=False, conditions=[('direction', '=', 'to-lport'), ('priority', '=', 1002), ('match', '=', 'outport == @pg_3df83e87_9006_4be2_bf3b_88b16b4b6275 && ip6 && ip6.src == $pg_3df83e87_9006_4be2_bf3b_88b16b4b6275_ip6')]) {{(pid=90468) do_commit /opt/stack/data/venv/lib/python3.12/site-packages/ovsdbapp/backend/ovs_idl/transaction.py:89}}
Jul 05 04:24:37.492013 np0000004568 devstack@neutron-api.service[90467]: DEBUG neutron.plugins.ml2.drivers.ovn.mech_driver.ovsdb.ovsdb_monitor [None req-62e83802-d456-4998-bb38-d078d4a6b77f None None] Touching Hash Ring node "0a55e41661025461afa2544c84e5c158" from IDL notify handler {{(pid=90467) notify /opt/stack/neutron/neutron/plugins/ml2/drivers/ovn/mech_driver/ovsdb/ovsdb_monitor.py:1007}}
Jul 05 04:24:37.492169 np0000004568 devstack@neutron-api.service[90468]: DEBUG neutron.plugins.ml2.drivers.ovn.mech_driver.ovsdb.ovsdb_monitor [None req-cace162b-e8d1-46dd-a05b-495f388ffbe8 None None] Touching Hash Ring node "dbb0f955c56a5a09b4313850cf0b22c7" from IDL notify handler {{(pid=90468) notify /opt/stack/neutron/neutron/plugins/ml2/drivers/ovn/mech_driver/ovsdb/ovsdb_monitor.py:1007}}
Jul 05 04:24:37.492745 np0000004568 devstack@neutron-api.service[90466]: DEBUG neutron.plugins.ml2.drivers.ovn.mech_driver.ovsdb.ovsdb_monitor [None req-6fcbb2dd-7b99-43e1-ad71-989bb683da54 None None] Touching Hash Ring node "c9ebeadde00a54aebd190f95124f5879" from IDL notify handler {{(pid=90466) notify /opt/stack/neutron/neutron/plugins/ml2/drivers/ovn/mech_driver/ovsdb/ovsdb_monitor.py:1007}}
Jul 05 04:24:37.494734 np0000004568 devstack@neutron-api.service[90467]: DEBUG neutron.plugins.ml2.drivers.ovn.mech_driver.ovsdb.ovsdb_monitor [None req-62e83802-d456-4998-bb38-d078d4a6b77f None None] Hash Ring: Node 0a55e41661025461afa2544c84e5c158 (host: np0000004568) handling event "update" for row e3f7e5ce-719a-4590-bbb0-96830c9fe923 (table: Port_Group) {{(pid=90467) notify /opt/stack/neutron/neutron/plugins/ml2/drivers/ovn/mech_driver/ovsdb/ovsdb_monitor.py:1015}}
Jul 05 04:24:37.495813 np0000004568 devstack@neutron-api.service[90466]: DEBUG neutron.plugins.ml2.drivers.ovn.mech_driver.ovsdb.ovsdb_monitor [None req-6fcbb2dd-7b99-43e1-ad71-989bb683da54 None None] Hash Ring: Node c9ebeadde00a54aebd190f95124f5879 (host: np0000004568) handling event "delete" for row ce99552c-7281-4e4b-b9bb-36e71c58859f (table: ACL) {{(pid=90466) notify /opt/stack/neutron/neutron/plugins/ml2/drivers/ovn/mech_driver/ovsdb/ovsdb_monitor.py:1015}}
Jul 05 04:24:37.495921 np0000004568 devstack@neutron-api.service[90468]: DEBUG neutron.plugins.ml2.drivers.ovn.mech_driver.ovsdb.ovsdb_monitor [None req-cace162b-e8d1-46dd-a05b-495f388ffbe8 None None] Hash Ring: Node dbb0f955c56a5a09b4313850cf0b22c7 (host: np0000004568) handling event "delete" for row 84cf3cad-1ed3-4699-bb4e-916db5451127 (table: ACL) {{(pid=90468) notify /opt/stack/neutron/neutron/plugins/ml2/drivers/ovn/mech_driver/ovsdb/ovsdb_monitor.py:1015}}
Jul 05 04:24:37.519832 np0000004568 devstack@neutron-api.service[90468]: DEBUG neutron_lib.callbacks.manager [None req-1c22cdd0-4c01-439a-b956-c52bd23e89e0 admin admin] Publish callbacks ['neutron.plugins.ml2.drivers.ovn.mech_driver.mech_driver.OVNMechanismDriver._delete_security_group-1859187', 'neutron.plugins.ml2.ovo_rpc._ObjectChangeHandler.handle_event-6952903'] for security_group (3df83e87-9006-4be2-bf3b-88b16b4b6275), after_delete {{(pid=90468) _notify_loop /opt/stack/data/venv/lib/python3.12/site-packages/neutron_lib/callbacks/manager.py:184}}
Jul 05 04:24:37.520355 np0000004568 devstack@neutron-api.service[90468]: DEBUG ovsdbapp.backend.ovs_idl.transaction [None req-cace162b-e8d1-46dd-a05b-495f388ffbe8 None None] Running txn n=1 command(idx=0): PgDelCommand(_result=None, name=pg_3df83e87_9006_4be2_bf3b_88b16b4b6275, if_exists=True) {{(pid=90468) do_commit /opt/stack/data/venv/lib/python3.12/site-packages/ovsdbapp/backend/ovs_idl/transaction.py:89}}
Jul 05 04:24:37.522513 np0000004568 devstack@neutron-api.service[90468]: DEBUG neutron.db.ovn_revision_numbers_db [None req-1c22cdd0-4c01-439a-b956-c52bd23e89e0 admin admin] delete_revision(3df83e87-9006-4be2-bf3b-88b16b4b6275) {{(pid=90468) delete_revision /opt/stack/neutron/neutron/db/ovn_revision_numbers_db.py:112}}
Jul 05 04:24:37.523693 np0000004568 devstack@neutron-api.service[90467]: DEBUG neutron.plugins.ml2.drivers.ovn.mech_driver.ovsdb.ovsdb_monitor [None req-62e83802-d456-4998-bb38-d078d4a6b77f None None] Touching Hash Ring node "0a55e41661025461afa2544c84e5c158" from IDL notify handler {{(pid=90467) notify /opt/stack/neutron/neutron/plugins/ml2/drivers/ovn/mech_driver/ovsdb/ovsdb_monitor.py:1007}}
Jul 05 04:24:37.524249 np0000004568 devstack@neutron-api.service[90466]: DEBUG neutron.plugins.ml2.drivers.ovn.mech_driver.ovsdb.ovsdb_monitor [None req-6fcbb2dd-7b99-43e1-ad71-989bb683da54 None None] Touching Hash Ring node "c9ebeadde00a54aebd190f95124f5879" from IDL notify handler {{(pid=90466) notify /opt/stack/neutron/neutron/plugins/ml2/drivers/ovn/mech_driver/ovsdb/ovsdb_monitor.py:1007}}
Jul 05 04:24:37.529393 np0000004568 devstack@neutron-api.service[90467]: DEBUG neutron.plugins.ml2.drivers.ovn.mech_driver.ovsdb.ovsdb_monitor [None req-62e83802-d456-4998-bb38-d078d4a6b77f None None] Hash Ring: Node 0a55e41661025461afa2544c84e5c158 (host: np0000004568) handling event "delete" for row dab70f48-d93d-4c5c-9a2d-b304dc34e734 (table: ACL) {{(pid=90467) notify /opt/stack/neutron/neutron/plugins/ml2/drivers/ovn/mech_driver/ovsdb/ovsdb_monitor.py:1015}}
Jul 05 04:24:37.529813 np0000004568 devstack@neutron-api.service[90466]: DEBUG neutron.plugins.ml2.drivers.ovn.mech_driver.ovsdb.ovsdb_monitor [None req-6fcbb2dd-7b99-43e1-ad71-989bb683da54 None None] Hash Ring: Node c9ebeadde00a54aebd190f95124f5879 (host: np0000004568) handling event "delete" for row 42dbb34c-e2a9-40ac-9849-0826dc019e4a (table: ACL) {{(pid=90466) notify /opt/stack/neutron/neutron/plugins/ml2/drivers/ovn/mech_driver/ovsdb/ovsdb_monitor.py:1015}}
Jul 05 04:24:37.530116 np0000004568 devstack@neutron-api.service[90468]: DEBUG neutron.db.ovn_revision_numbers_db [None req-1c22cdd0-4c01-439a-b956-c52bd23e89e0 admin admin] delete_revisions(['96813666-a7af-4037-bec8-e015cf4bf0a2', '19f2273c-0187-422c-a02a-98c51ad9a4e8']) {{(pid=90468) delete_revisions /opt/stack/neutron/neutron/db/ovn_revision_numbers_db.py:127}}
Jul 05 04:24:37.530441 np0000004568 devstack@neutron-api.service[90467]: DEBUG neutron.plugins.ml2.drivers.ovn.mech_driver.ovsdb.ovsdb_monitor [None req-62e83802-d456-4998-bb38-d078d4a6b77f None None] Touching Hash Ring node "0a55e41661025461afa2544c84e5c158" from IDL notify handler {{(pid=90467) notify /opt/stack/neutron/neutron/plugins/ml2/drivers/ovn/mech_driver/ovsdb/ovsdb_monitor.py:1007}}
Jul 05 04:24:37.532506 np0000004568 devstack@neutron-api.service[90467]: DEBUG neutron.plugins.ml2.drivers.ovn.mech_driver.ovsdb.ovsdb_monitor [None req-62e83802-d456-4998-bb38-d078d4a6b77f None None] Hash Ring: Node 0a55e41661025461afa2544c84e5c158 (host: np0000004568) handling event "delete" for row e3f7e5ce-719a-4590-bbb0-96830c9fe923 (table: Port_Group) {{(pid=90467) notify /opt/stack/neutron/neutron/plugins/ml2/drivers/ovn/mech_driver/ovsdb/ovsdb_monitor.py:1015}}
Jul 05 04:24:37.537073 np0000004568 devstack@neutron-api.service[90468]: DEBUG neutron.api.rpc.handlers.resources_rpc [None req-1c22cdd0-4c01-439a-b956-c52bd23e89e0 admin admin] Pushing event deleted for resources: {'SecurityGroup': ['ID=3df83e87-9006-4be2-bf3b-88b16b4b6275,revision_number=None']} {{(pid=90468) push /opt/stack/neutron/neutron/api/rpc/handlers/resources_rpc.py:237}}
Jul 05 04:24:37.541306 np0000004568 devstack@neutron-api.service[90468]: DEBUG neutron.api.rpc.callbacks.version_manager [None req-1c22cdd0-4c01-439a-b956-c52bd23e89e0 admin admin] Tracked resource versions report:
Jul 05 04:24:37.541306 np0000004568 devstack@neutron-api.service[90468]: pushed versions:
Jul 05 04:24:37.541306 np0000004568 devstack@neutron-api.service[90468]: { 'AddressGroup': {'1.2'},
Jul 05 04:24:37.541306 np0000004568 devstack@neutron-api.service[90468]: 'Agent': {'1.1'},
Jul 05 04:24:37.541306 np0000004568 devstack@neutron-api.service[90468]: 'ConntrackHelper': {'1.0'},
Jul 05 04:24:37.541306 np0000004568 devstack@neutron-api.service[90468]: 'LocalIPAssociation': {'1.0'},
Jul 05 04:24:37.541306 np0000004568 devstack@neutron-api.service[90468]: 'Log': {'1.0'},
Jul 05 04:24:37.541306 np0000004568 devstack@neutron-api.service[90468]: 'NDPProxy': {'1.0'},
Jul 05 04:24:37.541306 np0000004568 devstack@neutron-api.service[90468]: 'Network': {'1.3'},
Jul 05 04:24:37.541306 np0000004568 devstack@neutron-api.service[90468]: 'Port': {'1.11'},
Jul 05 04:24:37.541306 np0000004568 devstack@neutron-api.service[90468]: 'PortForwarding': {'1.3'},
Jul 05 04:24:37.541306 np0000004568 devstack@neutron-api.service[90468]: 'QosPolicy': {'1.10'},
Jul 05 04:24:37.541306 np0000004568 devstack@neutron-api.service[90468]: 'SecurityGroup': {'1.6'},
Jul 05 04:24:37.541306 np0000004568 devstack@neutron-api.service[90468]: 'SecurityGroupRule': {'1.3'},
Jul 05 04:24:37.541306 np0000004568 devstack@neutron-api.service[90468]: 'SubPort': {'1.0'},
Jul 05 04:24:37.541306 np0000004568 devstack@neutron-api.service[90468]: 'Subnet': {'1.2'},
Jul 05 04:24:37.541306 np0000004568 devstack@neutron-api.service[90468]: 'Trunk': {'1.1'}}
Jul 05 04:24:37.541306 np0000004568 devstack@neutron-api.service[90468]: consumer versions:
Jul 05 04:24:37.541306 np0000004568 devstack@neutron-api.service[90468]: { OVN Neutron agent@np0000004568: {},
Jul 05 04:24:37.541306 np0000004568 devstack@neutron-api.service[90468]: OVN Controller Gateway agent@np0000004568: {}}
Jul 05 04:24:37.541306 np0000004568 devstack@neutron-api.service[90468]: {{(pid=90468) report /opt/stack/neutron/neutron/api/rpc/callbacks/version_manager.py:183}}
Jul 05 04:24:37.544550 np0000004568 devstack@neutron-api.service[90468]: DEBUG neutron_lib.callbacks.manager [None req-1c22cdd0-4c01-439a-b956-c52bd23e89e0 admin admin] Publish callbacks [] for security_group (None), before_response {{(pid=90468) _notify_loop /opt/stack/data/venv/lib/python3.12/site-packages/neutron_lib/callbacks/manager.py:184}}
Jul 05 04:24:37.544942 np0000004568 devstack@neutron-api.service[90468]: [pid: 90468|app: 0|req: 11/43] 10.4.3.20 () {66 vars in 1383 bytes} [Sun Jul 5 04:24:37 2026] DELETE /networking/v2.0/security-groups/3df83e87-9006-4be2-bf3b-88b16b4b6275 => generated 0 bytes in 153 msecs (HTTP/1.1 204) 2 headers in 112 bytes (1 switches on core 0)
Jul 05 04:24:38.842398 np0000004568 devstack@neutron-api.service[90469]: DEBUG dbcounter [-] [90469] Writing DB stats neutron:UPDATE=1,neutron:SELECT=1 {{(pid=90469) stat_writer /opt/stack/data/venv/lib/python3.12/site-packages/dbcounter.py:115}}
Jul 05 04:24:43.004025 np0000004568 devstack@neutron-api.service[90467]: DEBUG futurist.periodics [-] Submitting periodic callback 'neutron.plugins.ml2.drivers.ovn.mech_driver.ovsdb.maintenance.HashRingHealthCheckPeriodics.touch_hash_ring_node' {{(pid=90467) _process_scheduled /opt/stack/data/venv/lib/python3.12/site-packages/futurist/periodics.py:784}}
Jul 05 04:24:43.004513 np0000004568 devstack@neutron-api.service[90467]: DEBUG neutron.plugins.ml2.drivers.ovn.mech_driver.ovsdb.maintenance [-] Touching Hash Ring node "0a55e41661025461afa2544c84e5c158" from periodic health check thread {{(pid=90467) touch_hash_ring_node /opt/stack/neutron/neutron/plugins/ml2/drivers/ovn/mech_driver/ovsdb/maintenance.py:1419}}
Jul 05 04:24:43.819952 np0000004568 devstack@neutron-api.service[90468]: DEBUG futurist.periodics [-] Submitting periodic callback 'neutron.plugins.ml2.drivers.ovn.mech_driver.ovsdb.maintenance.HashRingHealthCheckPeriodics.touch_hash_ring_node' {{(pid=90468) _process_scheduled /opt/stack/data/venv/lib/python3.12/site-packages/futurist/periodics.py:784}}
Jul 05 04:24:43.820351 np0000004568 devstack@neutron-api.service[90468]: DEBUG neutron.plugins.ml2.drivers.ovn.mech_driver.ovsdb.maintenance [-] Touching Hash Ring node "dbb0f955c56a5a09b4313850cf0b22c7" from periodic health check thread {{(pid=90468) touch_hash_ring_node /opt/stack/neutron/neutron/plugins/ml2/drivers/ovn/mech_driver/ovsdb/maintenance.py:1419}}
Jul 05 04:24:43.836064 np0000004568 devstack@neutron-api.service[90469]: DEBUG futurist.periodics [-] Submitting periodic callback 'neutron.plugins.ml2.drivers.ovn.mech_driver.ovsdb.maintenance.HashRingHealthCheckPeriodics.touch_hash_ring_node' {{(pid=90469) _process_scheduled /opt/stack/data/venv/lib/python3.12/site-packages/futurist/periodics.py:784}}
Jul 05 04:24:43.836458 np0000004568 devstack@neutron-api.service[90469]: DEBUG neutron.plugins.ml2.drivers.ovn.mech_driver.ovsdb.maintenance [-] Touching Hash Ring node "bcbc41504bb85738a7428a0b7e3a9ae9" from periodic health check thread {{(pid=90469) touch_hash_ring_node /opt/stack/neutron/neutron/plugins/ml2/drivers/ovn/mech_driver/ovsdb/maintenance.py:1419}}
Jul 05 04:24:43.900487 np0000004568 devstack@neutron-api.service[90466]: DEBUG futurist.periodics [-] Submitting periodic callback 'neutron.plugins.ml2.drivers.ovn.mech_driver.ovsdb.maintenance.HashRingHealthCheckPeriodics.touch_hash_ring_node' {{(pid=90466) _process_scheduled /opt/stack/data/venv/lib/python3.12/site-packages/futurist/periodics.py:784}}
Jul 05 04:24:43.900966 np0000004568 devstack@neutron-api.service[90466]: DEBUG neutron.plugins.ml2.drivers.ovn.mech_driver.ovsdb.maintenance [-] Touching Hash Ring node "c9ebeadde00a54aebd190f95124f5879" from periodic health check thread {{(pid=90466) touch_hash_ring_node /opt/stack/neutron/neutron/plugins/ml2/drivers/ovn/mech_driver/ovsdb/maintenance.py:1419}}
Jul 05 04:24:53.010590 np0000004568 devstack@neutron-api.service[90467]: DEBUG dbcounter [-] [90467] Writing DB stats neutron:UPDATE=13,neutron:SELECT=60,neutron:INSERT=16 {{(pid=90467) stat_writer /opt/stack/data/venv/lib/python3.12/site-packages/dbcounter.py:115}}
