Jun 25 15:37:22.091748 np0000003614 nova-scheduler[93239]: DEBUG cotyledon.oslo_config_glue [-] oslo_limit.collect_timing = False {{(pid=93239) log_opt_values /opt/stack/data/venv/lib/python3.12/site-packages/oslo_config/cfg.py:3253}}
Jun 25 15:37:22.091748 np0000003614 nova-scheduler[93239]: DEBUG cotyledon.oslo_config_glue [-] oslo_limit.connect_retries = None {{(pid=93239) log_opt_values /opt/stack/data/venv/lib/python3.12/site-packages/oslo_config/cfg.py:3253}}
Jun 25 15:37:22.091748 np0000003614 nova-scheduler[93239]: DEBUG cotyledon.oslo_config_glue [-] oslo_limit.connect_retry_delay = None {{(pid=93239) log_opt_values /opt/stack/data/venv/lib/python3.12/site-packages/oslo_config/cfg.py:3253}}
Jun 25 15:37:22.092023 np0000003614 nova-scheduler[93239]: DEBUG cotyledon.oslo_config_glue [-] oslo_limit.endpoint_id = None {{(pid=93239) log_opt_values /opt/stack/data/venv/lib/python3.12/site-packages/oslo_config/cfg.py:3253}}
Jun 25 15:37:22.092023 np0000003614 nova-scheduler[93239]: DEBUG cotyledon.oslo_config_glue [-] oslo_limit.endpoint_interface = public {{(pid=93239) log_opt_values /opt/stack/data/venv/lib/python3.12/site-packages/oslo_config/cfg.py:3253}}
Jun 25 15:37:22.092023 np0000003614 nova-scheduler[93239]: DEBUG cotyledon.oslo_config_glue [-] oslo_limit.endpoint_override = None {{(pid=93239) log_opt_values /opt/stack/data/venv/lib/python3.12/site-packages/oslo_config/cfg.py:3253}}
Jun 25 15:37:22.092023 np0000003614 nova-scheduler[93239]: DEBUG cotyledon.oslo_config_glue [-] oslo_limit.endpoint_region_name = None {{(pid=93239) log_opt_values /opt/stack/data/venv/lib/python3.12/site-packages/oslo_config/cfg.py:3253}}
Jun 25 15:37:22.092023 np0000003614 nova-scheduler[93239]: DEBUG cotyledon.oslo_config_glue [-] oslo_limit.endpoint_service_name = None {{(pid=93239) log_opt_values /opt/stack/data/venv/lib/python3.12/site-packages/oslo_config/cfg.py:3253}}
Jun 25 15:37:22.092023 np0000003614 nova-scheduler[93239]: DEBUG cotyledon.oslo_config_glue [-] oslo_limit.endpoint_service_type = None {{(pid=93239) log_opt_values /opt/stack/data/venv/lib/python3.12/site-packages/oslo_config/cfg.py:3253}}
Jun 25 15:37:22.092023 np0000003614 nova-scheduler[93239]: DEBUG cotyledon.oslo_config_glue [-] oslo_limit.insecure = False {{(pid=93239) log_opt_values /opt/stack/data/venv/lib/python3.12/site-packages/oslo_config/cfg.py:3253}}
Jun 25 15:37:22.092023 np0000003614 nova-scheduler[93239]: DEBUG cotyledon.oslo_config_glue [-] oslo_limit.keyfile = None {{(pid=93239) log_opt_values /opt/stack/data/venv/lib/python3.12/site-packages/oslo_config/cfg.py:3253}}
Jun 25 15:37:22.092023 np0000003614 nova-scheduler[93239]: DEBUG cotyledon.oslo_config_glue [-] oslo_limit.max_version = None {{(pid=93239) log_opt_values /opt/stack/data/venv/lib/python3.12/site-packages/oslo_config/cfg.py:3253}}
Jun 25 15:37:22.092317 np0000003614 nova-scheduler[93239]: DEBUG cotyledon.oslo_config_glue [-] oslo_limit.min_version = None {{(pid=93239) log_opt_values /opt/stack/data/venv/lib/python3.12/site-packages/oslo_config/cfg.py:3253}}
Jun 25 15:37:22.092317 np0000003614 nova-scheduler[93239]: DEBUG cotyledon.oslo_config_glue [-] oslo_limit.region_name = None {{(pid=93239) log_opt_values /opt/stack/data/venv/lib/python3.12/site-packages/oslo_config/cfg.py:3253}}
Jun 25 15:37:22.092384 np0000003614 nova-scheduler[93227]: INFO nova.service [-] Starting scheduler node (version 33.1.0)
Jun 25 15:37:22.092422 np0000003614 nova-scheduler[93239]: DEBUG cotyledon.oslo_config_glue [-] oslo_limit.retriable_status_codes = None {{(pid=93239) log_opt_values /opt/stack/data/venv/lib/python3.12/site-packages/oslo_config/cfg.py:3253}}
Jun 25 15:37:22.092422 np0000003614 nova-scheduler[93239]: DEBUG cotyledon.oslo_config_glue [-] oslo_limit.service_name = None {{(pid=93239) log_opt_values /opt/stack/data/venv/lib/python3.12/site-packages/oslo_config/cfg.py:3253}}
Jun 25 15:37:22.092422 np0000003614 nova-scheduler[93239]: DEBUG cotyledon.oslo_config_glue [-] oslo_limit.service_type = None {{(pid=93239) log_opt_values /opt/stack/data/venv/lib/python3.12/site-packages/oslo_config/cfg.py:3253}}
Jun 25 15:37:22.092422 np0000003614 nova-scheduler[93239]: DEBUG cotyledon.oslo_config_glue [-] oslo_limit.split_loggers = False {{(pid=93239) log_opt_values /opt/stack/data/venv/lib/python3.12/site-packages/oslo_config/cfg.py:3253}}
Jun 25 15:37:22.092422 np0000003614 nova-scheduler[93239]: DEBUG cotyledon.oslo_config_glue [-] oslo_limit.status_code_retries = None {{(pid=93239) log_opt_values /opt/stack/data/venv/lib/python3.12/site-packages/oslo_config/cfg.py:3253}}
Jun 25 15:37:22.092422 np0000003614 nova-scheduler[93239]: DEBUG cotyledon.oslo_config_glue [-] oslo_limit.status_code_retry_delay = None {{(pid=93239) log_opt_values /opt/stack/data/venv/lib/python3.12/site-packages/oslo_config/cfg.py:3253}}
Jun 25 15:37:22.092422 np0000003614 nova-scheduler[93239]: DEBUG cotyledon.oslo_config_glue [-] oslo_limit.timeout = None {{(pid=93239) log_opt_values /opt/stack/data/venv/lib/python3.12/site-packages/oslo_config/cfg.py:3253}}
Jun 25 15:37:22.092422 np0000003614 nova-scheduler[93239]: DEBUG cotyledon.oslo_config_glue [-] oslo_limit.valid_interfaces = None {{(pid=93239) log_opt_values /opt/stack/data/venv/lib/python3.12/site-packages/oslo_config/cfg.py:3253}}
Jun 25 15:37:22.092422 np0000003614 nova-scheduler[93239]: DEBUG cotyledon.oslo_config_glue [-] oslo_limit.version = None {{(pid=93239) log_opt_values /opt/stack/data/venv/lib/python3.12/site-packages/oslo_config/cfg.py:3253}}
Jun 25 15:37:22.092714 np0000003614 nova-scheduler[93239]: DEBUG cotyledon.oslo_config_glue [-] oslo_reports.file_event_handler = None {{(pid=93239) log_opt_values /opt/stack/data/venv/lib/python3.12/site-packages/oslo_config/cfg.py:3253}}
Jun 25 15:37:22.092714 np0000003614 nova-scheduler[93239]: DEBUG cotyledon.oslo_config_glue [-] oslo_reports.file_event_handler_interval = 1 {{(pid=93239) log_opt_values /opt/stack/data/venv/lib/python3.12/site-packages/oslo_config/cfg.py:3253}}
Jun 25 15:37:22.092714 np0000003614 nova-scheduler[93239]: DEBUG cotyledon.oslo_config_glue [-] oslo_reports.log_dir = None {{(pid=93239) log_opt_values /opt/stack/data/venv/lib/python3.12/site-packages/oslo_config/cfg.py:3253}}
Jun 25 15:37:22.092714 np0000003614 nova-scheduler[93239]: DEBUG cotyledon.oslo_config_glue [-] ******************************************************************************** {{(pid=93239) log_opt_values /opt/stack/data/venv/lib/python3.12/site-packages/oslo_config/cfg.py:3260}}
Jun 25 15:37:22.092714 np0000003614 nova-scheduler[93239]: DEBUG cotyledon._service_worker [-] Run service ServiceWrapper(2) [93239] {{(pid=93239) wait_forever /opt/stack/data/venv/lib/python3.12/site-packages/cotyledon/_service_worker.py:218}}
Jun 25 15:37:22.092714 np0000003614 nova-scheduler[93239]: INFO nova.service [-] Starting scheduler node (version 33.1.0)
Jun 25 15:37:22.092911 np0000003614 nova-scheduler[93227]: INFO dbcounter [None req-4a8f5c94-a9e6-46b5-a919-4ca78e29246b None None] Registered counter for database nova_cell0
Jun 25 15:37:22.092951 np0000003614 nova-scheduler[93193]: DEBUG oslo_db.sqlalchemy.engines [None req-3332c8a5-a89d-462d-95a3-469a90181f5e None None] MySQL server mode set to STRICT_TRANS_TABLES,STRICT_ALL_TABLES,NO_ZERO_IN_DATE,NO_ZERO_DATE,ERROR_FOR_DIVISION_BY_ZERO,TRADITIONAL,NO_ENGINE_SUBSTITUTION {{(pid=93193) _check_effective_sql_mode /opt/stack/data/venv/lib/python3.12/site-packages/oslo_db/sqlalchemy/engines.py:325}}
Jun 25 15:37:22.092997 np0000003614 nova-scheduler[93239]: INFO dbcounter [None req-8b812bb2-dbdd-486e-b8cd-d8eb85324417 None None] Registered counter for database nova_cell0
Jun 25 15:37:22.093038 np0000003614 nova-scheduler[93193]: DEBUG dbcounter [-] [93193] Writer thread running {{(pid=93193) stat_writer /opt/stack/data/venv/lib/python3.12/site-packages/dbcounter.py:102}}
Jun 25 15:37:22.099515 np0000003614 nova-scheduler[93193]: DEBUG nova.service [None req-3332c8a5-a89d-462d-95a3-469a90181f5e None None] Creating RPC server for service: nova-scheduler on topic: scheduler {{(pid=93193) start /opt/stack/nova/nova/service.py:196}}
Jun 25 15:37:22.106821 np0000003614 nova-scheduler[93227]: DEBUG oslo_db.sqlalchemy.engines [None req-4a8f5c94-a9e6-46b5-a919-4ca78e29246b None None] MySQL server mode set to STRICT_TRANS_TABLES,STRICT_ALL_TABLES,NO_ZERO_IN_DATE,NO_ZERO_DATE,ERROR_FOR_DIVISION_BY_ZERO,TRADITIONAL,NO_ENGINE_SUBSTITUTION {{(pid=93227) _check_effective_sql_mode /opt/stack/data/venv/lib/python3.12/site-packages/oslo_db/sqlalchemy/engines.py:325}}
Jun 25 15:37:22.114633 np0000003614 nova-scheduler[93239]: DEBUG oslo_db.sqlalchemy.engines [None req-8b812bb2-dbdd-486e-b8cd-d8eb85324417 None None] MySQL server mode set to STRICT_TRANS_TABLES,STRICT_ALL_TABLES,NO_ZERO_IN_DATE,NO_ZERO_DATE,ERROR_FOR_DIVISION_BY_ZERO,TRADITIONAL,NO_ENGINE_SUBSTITUTION {{(pid=93239) _check_effective_sql_mode /opt/stack/data/venv/lib/python3.12/site-packages/oslo_db/sqlalchemy/engines.py:325}}
Jun 25 15:37:22.116401 np0000003614 nova-scheduler[93227]: DEBUG dbcounter [-] [93227] Writer thread running {{(pid=93227) stat_writer /opt/stack/data/venv/lib/python3.12/site-packages/dbcounter.py:102}}
Jun 25 15:37:22.119265 np0000003614 nova-scheduler[93227]: DEBUG nova.service [None req-4a8f5c94-a9e6-46b5-a919-4ca78e29246b None None] Creating RPC server for service: nova-scheduler on topic: scheduler {{(pid=93227) start /opt/stack/nova/nova/service.py:196}}
Jun 25 15:37:22.120346 np0000003614 nova-scheduler[93193]: DEBUG nova.service [None req-3332c8a5-a89d-462d-95a3-469a90181f5e None None] Join ServiceGroup membership for this service scheduler {{(pid=93193) start /opt/stack/nova/nova/service.py:222}}
Jun 25 15:37:22.120543 np0000003614 nova-scheduler[93193]: DEBUG nova.servicegroup.drivers.db [None req-3332c8a5-a89d-462d-95a3-469a90181f5e None None] DB_Driver: join new ServiceGroup member np0000003614 to the scheduler group, service = {{(pid=93193) join /opt/stack/nova/nova/servicegroup/drivers/db.py:44}}
Jun 25 15:37:22.124012 np0000003614 nova-scheduler[93239]: DEBUG dbcounter [-] [93239] Writer thread running {{(pid=93239) stat_writer /opt/stack/data/venv/lib/python3.12/site-packages/dbcounter.py:102}}
Jun 25 15:37:22.126629 np0000003614 nova-scheduler[93239]: DEBUG nova.service [None req-8b812bb2-dbdd-486e-b8cd-d8eb85324417 None None] Creating RPC server for service: nova-scheduler on topic: scheduler {{(pid=93239) start /opt/stack/nova/nova/service.py:196}}
Jun 25 15:37:22.134435 np0000003614 nova-scheduler[93227]: DEBUG nova.service [None req-4a8f5c94-a9e6-46b5-a919-4ca78e29246b None None] Join ServiceGroup membership for this service scheduler {{(pid=93227) start /opt/stack/nova/nova/service.py:222}}
Jun 25 15:37:22.134567 np0000003614 nova-scheduler[93227]: DEBUG nova.servicegroup.drivers.db [None req-4a8f5c94-a9e6-46b5-a919-4ca78e29246b None None] DB_Driver: join new ServiceGroup member np0000003614 to the scheduler group, service = {{(pid=93227) join /opt/stack/nova/nova/servicegroup/drivers/db.py:44}}
Jun 25 15:37:22.141307 np0000003614 nova-scheduler[93239]: DEBUG nova.service [None req-8b812bb2-dbdd-486e-b8cd-d8eb85324417 None None] Join ServiceGroup membership for this service scheduler {{(pid=93239) start /opt/stack/nova/nova/service.py:222}}
Jun 25 15:37:22.141478 np0000003614 nova-scheduler[93239]: DEBUG nova.servicegroup.drivers.db [None req-8b812bb2-dbdd-486e-b8cd-d8eb85324417 None None] DB_Driver: join new ServiceGroup member np0000003614 to the scheduler group, service = {{(pid=93239) join /opt/stack/nova/nova/servicegroup/drivers/db.py:44}}
Jun 25 15:37:27.142974 np0000003614 nova-scheduler[93193]: DEBUG oslo.service.backend._threading.loopingcall [-] Fixed interval looping call 'nova.servicegroup.drivers.db.DbDriver._report_state' sleeping for 119.98 seconds {{(pid=93193) _run_loop /opt/stack/data/venv/lib/python3.12/site-packages/oslo_service/backend/_threading/loopingcall.py:125}}
Jun 25 15:37:27.151301 np0000003614 nova-scheduler[93239]: DEBUG oslo.service.backend._threading.loopingcall [-] Fixed interval looping call 'nova.servicegroup.drivers.db.DbDriver._report_state' sleeping for 119.99 seconds {{(pid=93239) _run_loop /opt/stack/data/venv/lib/python3.12/site-packages/oslo_service/backend/_threading/loopingcall.py:125}}
Jun 25 15:37:27.153575 np0000003614 nova-scheduler[93227]: DEBUG oslo.service.backend._threading.loopingcall [-] Fixed interval looping call 'nova.servicegroup.drivers.db.DbDriver._report_state' sleeping for 119.98 seconds {{(pid=93227) _run_loop /opt/stack/data/venv/lib/python3.12/site-packages/oslo_service/backend/_threading/loopingcall.py:125}}
Jun 25 15:37:30.708715 np0000003614 nova-scheduler[91984]: DEBUG dbcounter [-] [91984] Writing DB stats nova_api:SELECT=3 {{(pid=91984) stat_writer /opt/stack/data/venv/lib/python3.12/site-packages/dbcounter.py:115}}
Jun 25 15:37:30.834696 np0000003614 nova-scheduler[91984]: DEBUG dbcounter [-] [91984] Writing DB stats nova_cell0:SELECT=1 {{(pid=91984) stat_writer /opt/stack/data/venv/lib/python3.12/site-packages/dbcounter.py:115}}
Jun 25 15:37:30.838644 np0000003614 nova-scheduler[91984]: DEBUG dbcounter [-] [91984] Writing DB stats nova_cell1:SELECT=1 {{(pid=91984) stat_writer /opt/stack/data/venv/lib/python3.12/site-packages/dbcounter.py:115}}
Jun 25 15:37:37.131838 np0000003614 nova-scheduler[93193]: DEBUG dbcounter [-] [93193] Writing DB stats nova_cell0:SELECT=4,nova_cell0:INSERT=1,nova_cell0:UPDATE=1 {{(pid=93193) stat_writer /opt/stack/data/venv/lib/python3.12/site-packages/dbcounter.py:115}}
Jun 25 15:37:37.148940 np0000003614 nova-scheduler[93227]: DEBUG dbcounter [-] [93227] Writing DB stats nova_cell0:SELECT=3 {{(pid=93227) stat_writer /opt/stack/data/venv/lib/python3.12/site-packages/dbcounter.py:115}}
Jun 25 15:37:37.149844 np0000003614 nova-scheduler[93239]: DEBUG dbcounter [-] [93239] Writing DB stats nova_cell0:SELECT=3 {{(pid=93239) stat_writer /opt/stack/data/venv/lib/python3.12/site-packages/dbcounter.py:115}}
Jun 25 15:37:58.122562 np0000003614 nova-scheduler[93193]: DEBUG oslo.service.backend._threading.loopingcall [None req-873b3b86-9fad-469a-a4a5-11118f02fac4 None None] Dynamic interval looping call 'nova.service.Service.periodic_tasks' sleeping for 60.00 seconds {{(pid=93193) _run_loop /opt/stack/data/venv/lib/python3.12/site-packages/oslo_service/backend/_threading/loopingcall.py:125}}
Jun 25 15:38:08.143858 np0000003614 nova-scheduler[93239]: DEBUG oslo.service.backend._threading.loopingcall [None req-ef486123-3032-4993-98e4-471119179472 None None] Dynamic interval looping call 'nova.service.Service.periodic_tasks' sleeping for 60.00 seconds {{(pid=93239) _run_loop /opt/stack/data/venv/lib/python3.12/site-packages/oslo_service/backend/_threading/loopingcall.py:125}}
Jun 25 15:38:19.136683 np0000003614 nova-scheduler[93227]: DEBUG oslo.service.backend._threading.loopingcall [None req-e1291a0e-96c8-4ec7-acc3-ca7399982ba1 None None] Dynamic interval looping call 'nova.service.Service.periodic_tasks' sleeping for 60.00 seconds {{(pid=93227) _run_loop /opt/stack/data/venv/lib/python3.12/site-packages/oslo_service/backend/_threading/loopingcall.py:125}}
Jun 25 15:38:58.123013 np0000003614 nova-scheduler[93193]: DEBUG oslo.service.backend._threading.loopingcall [None req-873b3b86-9fad-469a-a4a5-11118f02fac4 None None] Dynamic interval looping call 'nova.service.Service.periodic_tasks' sleeping for 60.00 seconds {{(pid=93193) _run_loop /opt/stack/data/venv/lib/python3.12/site-packages/oslo_service/backend/_threading/loopingcall.py:125}}
Jun 25 15:39:08.144418 np0000003614 nova-scheduler[93239]: DEBUG oslo.service.backend._threading.loopingcall [None req-ef486123-3032-4993-98e4-471119179472 None None] Dynamic interval looping call 'nova.service.Service.periodic_tasks' sleeping for 60.00 seconds {{(pid=93239) _run_loop /opt/stack/data/venv/lib/python3.12/site-packages/oslo_service/backend/_threading/loopingcall.py:125}}
Jun 25 15:39:19.137221 np0000003614 nova-scheduler[93227]: DEBUG oslo.service.backend._threading.loopingcall [None req-e1291a0e-96c8-4ec7-acc3-ca7399982ba1 None None] Dynamic interval looping call 'nova.service.Service.periodic_tasks' sleeping for 60.00 seconds {{(pid=93227) _run_loop /opt/stack/data/venv/lib/python3.12/site-packages/oslo_service/backend/_threading/loopingcall.py:125}}
Jun 25 15:39:27.132271 np0000003614 nova-scheduler[93193]: DEBUG oslo.service.backend._threading.loopingcall [-] Fixed interval looping call 'nova.servicegroup.drivers.db.DbDriver._report_state' sleeping for 119.99 seconds {{(pid=93193) _run_loop /opt/stack/data/venv/lib/python3.12/site-packages/oslo_service/backend/_threading/loopingcall.py:125}}
Jun 25 15:39:27.137176 np0000003614 nova-scheduler[93227]: DEBUG oslo.service.backend._threading.loopingcall [-] Fixed interval looping call 'nova.servicegroup.drivers.db.DbDriver._report_state' sleeping for 120.00 seconds {{(pid=93227) _run_loop /opt/stack/data/venv/lib/python3.12/site-packages/oslo_service/backend/_threading/loopingcall.py:125}}
Jun 25 15:39:27.145600 np0000003614 nova-scheduler[93239]: DEBUG oslo.service.backend._threading.loopingcall [-] Fixed interval looping call 'nova.servicegroup.drivers.db.DbDriver._report_state' sleeping for 120.00 seconds {{(pid=93239) _run_loop /opt/stack/data/venv/lib/python3.12/site-packages/oslo_service/backend/_threading/loopingcall.py:125}}
Jun 25 15:39:37.126649 np0000003614 nova-scheduler[93193]: DEBUG dbcounter [-] [93193] Writing DB stats nova_cell0:SELECT=1,nova_cell0:UPDATE=1 {{(pid=93193) stat_writer /opt/stack/data/venv/lib/python3.12/site-packages/dbcounter.py:115}}
Jun 25 15:39:37.135244 np0000003614 nova-scheduler[93227]: DEBUG dbcounter [-] [93227] Writing DB stats nova_cell0:SELECT=1 {{(pid=93227) stat_writer /opt/stack/data/venv/lib/python3.12/site-packages/dbcounter.py:115}}
Jun 25 15:39:37.143499 np0000003614 nova-scheduler[93239]: DEBUG dbcounter [-] [93239] Writing DB stats nova_cell0:SELECT=1 {{(pid=93239) stat_writer /opt/stack/data/venv/lib/python3.12/site-packages/dbcounter.py:115}}
Jun 25 15:39:58.124725 np0000003614 nova-scheduler[93193]: DEBUG oslo.service.backend._threading.loopingcall [None req-873b3b86-9fad-469a-a4a5-11118f02fac4 None None] Dynamic interval looping call 'nova.service.Service.periodic_tasks' sleeping for 60.00 seconds {{(pid=93193) _run_loop /opt/stack/data/venv/lib/python3.12/site-packages/oslo_service/backend/_threading/loopingcall.py:125}}
Jun 25 15:39:58.263729 np0000003614 nova-scheduler[93193]: DEBUG nova.scheduler.manager [None req-3e56d11a-fb87-45ce-81b1-3101ebd3081d tempest-ImageDependencyTests-216024584 tempest-ImageDependencyTests-216024584-project-member] Starting to schedule for instances: ['880b17d5-9cf6-4dd6-9e3b-d2911ed49437'] {{(pid=93193) select_destinations /opt/stack/nova/nova/scheduler/manager.py:210}}
Jun 25 15:39:58.264095 np0000003614 nova-scheduler[93193]: DEBUG nova.scheduler.request_filter [None req-3e56d11a-fb87-45ce-81b1-3101ebd3081d tempest-ImageDependencyTests-216024584 tempest-ImageDependencyTests-216024584-project-member] compute_status_filter request filter added forbidden trait COMPUTE_STATUS_DISABLED {{(pid=93193) compute_status_filter /opt/stack/nova/nova/scheduler/request_filter.py:253}}
Jun 25 15:39:58.264270 np0000003614 nova-scheduler[93193]: DEBUG nova.scheduler.request_filter [None req-3e56d11a-fb87-45ce-81b1-3101ebd3081d tempest-ImageDependencyTests-216024584 tempest-ImageDependencyTests-216024584-project-member] Request filter 'compute_status_filter' took 0.0 seconds {{(pid=93193) wrapper /opt/stack/nova/nova/scheduler/request_filter.py:46}}
Jun 25 15:39:58.264541 np0000003614 nova-scheduler[93193]: DEBUG nova.scheduler.request_filter [None req-3e56d11a-fb87-45ce-81b1-3101ebd3081d tempest-ImageDependencyTests-216024584 tempest-ImageDependencyTests-216024584-project-member] Request filter 'accelerators_filter' took 0.0 seconds {{(pid=93193) wrapper /opt/stack/nova/nova/scheduler/request_filter.py:46}}
Jun 25 15:39:58.265052 np0000003614 nova-scheduler[93193]: DEBUG nova.scheduler.request_filter [None req-3e56d11a-fb87-45ce-81b1-3101ebd3081d tempest-ImageDependencyTests-216024584 tempest-ImageDependencyTests-216024584-project-member] Request filter 'packed_virtqueue_filter' took 0.0 seconds {{(pid=93193) wrapper /opt/stack/nova/nova/scheduler/request_filter.py:46}}
Jun 25 15:39:58.265052 np0000003614 nova-scheduler[93193]: DEBUG nova.scheduler.request_filter [None req-3e56d11a-fb87-45ce-81b1-3101ebd3081d tempest-ImageDependencyTests-216024584 tempest-ImageDependencyTests-216024584-project-member] Request filter 'remote_managed_ports_filter' took 0.0 seconds {{(pid=93193) wrapper /opt/stack/nova/nova/scheduler/request_filter.py:46}}
Jun 25 15:39:58.266765 np0000003614 nova-scheduler[93193]: DEBUG nova.scheduler.request_filter [None req-3e56d11a-fb87-45ce-81b1-3101ebd3081d tempest-ImageDependencyTests-216024584 tempest-ImageDependencyTests-216024584-project-member] ephemeral_encryption_filter skipped {{(pid=93193) ephemeral_encryption_filter /opt/stack/nova/nova/scheduler/request_filter.py:426}}
Jun 25 15:39:58.266765 np0000003614 nova-scheduler[93193]: DEBUG nova.scheduler.request_filter [None req-3e56d11a-fb87-45ce-81b1-3101ebd3081d tempest-ImageDependencyTests-216024584 tempest-ImageDependencyTests-216024584-project-member] virtio_sound_filter skipped {{(pid=93193) virtio_sound_filter /opt/stack/nova/nova/scheduler/request_filter.py:460}}
Jun 25 15:39:58.266765 np0000003614 nova-scheduler[93193]: DEBUG nova.scheduler.request_filter [None req-3e56d11a-fb87-45ce-81b1-3101ebd3081d tempest-ImageDependencyTests-216024584 tempest-ImageDependencyTests-216024584-project-member] tpm_secret_security_filter skipped {{(pid=93193) tpm_secret_security_filter /opt/stack/nova/nova/scheduler/request_filter.py:477}}
Jun 25 15:39:58.768687 np0000003614 nova-scheduler[93193]: INFO nova.utils [None req-3e56d11a-fb87-45ce-81b1-3101ebd3081d tempest-ImageDependencyTests-216024584 tempest-ImageDependencyTests-216024584-project-member] The cell worker thread pool ForkProcess-1.cell_worker is initialized
Jun 25 15:39:58.768997 np0000003614 nova-scheduler[93193]: DEBUG oslo_concurrency.lockutils [None req-3e56d11a-fb87-45ce-81b1-3101ebd3081d tempest-ImageDependencyTests-216024584 tempest-ImageDependencyTests-216024584-project-member] Acquiring lock "9c1d9751-e535-4308-9535-fd98d03eb818" by "nova.context.set_target_cell..get_or_set_cached_cell_and_set_connections" {{(pid=93193) inner /opt/stack/data/venv/lib/python3.12/site-packages/oslo_concurrency/lockutils.py:511}}
Jun 25 15:39:58.769190 np0000003614 nova-scheduler[93193]: DEBUG oslo_concurrency.lockutils [None req-3e56d11a-fb87-45ce-81b1-3101ebd3081d tempest-ImageDependencyTests-216024584 tempest-ImageDependencyTests-216024584-project-member] Lock "9c1d9751-e535-4308-9535-fd98d03eb818" acquired by "nova.context.set_target_cell..get_or_set_cached_cell_and_set_connections" :: waited 0.000s {{(pid=93193) inner /opt/stack/data/venv/lib/python3.12/site-packages/oslo_concurrency/lockutils.py:524}}
Jun 25 15:39:58.770331 np0000003614 nova-scheduler[93193]: DEBUG oslo_concurrency.lockutils [None req-3e56d11a-fb87-45ce-81b1-3101ebd3081d tempest-ImageDependencyTests-216024584 tempest-ImageDependencyTests-216024584-project-member] Lock "9c1d9751-e535-4308-9535-fd98d03eb818" "released" by "nova.context.set_target_cell..get_or_set_cached_cell_and_set_connections" :: held 0.001s {{(pid=93193) inner /opt/stack/data/venv/lib/python3.12/site-packages/oslo_concurrency/lockutils.py:543}}
Jun 25 15:39:58.771874 np0000003614 nova-scheduler[93193]: INFO dbcounter [None req-3e56d11a-fb87-45ce-81b1-3101ebd3081d tempest-ImageDependencyTests-216024584 tempest-ImageDependencyTests-216024584-project-member] Registered counter for database nova_cell1
Jun 25 15:39:58.798922 np0000003614 nova-scheduler[93193]: DEBUG oslo_db.sqlalchemy.engines [None req-3e56d11a-fb87-45ce-81b1-3101ebd3081d tempest-ImageDependencyTests-216024584 tempest-ImageDependencyTests-216024584-project-member] MySQL server mode set to STRICT_TRANS_TABLES,STRICT_ALL_TABLES,NO_ZERO_IN_DATE,NO_ZERO_DATE,ERROR_FOR_DIVISION_BY_ZERO,TRADITIONAL,NO_ENGINE_SUBSTITUTION {{(pid=93193) _check_effective_sql_mode /opt/stack/data/venv/lib/python3.12/site-packages/oslo_db/sqlalchemy/engines.py:325}}
Jun 25 15:39:58.803616 np0000003614 nova-scheduler[93193]: DEBUG dbcounter [-] [93193] Writer thread running {{(pid=93193) stat_writer /opt/stack/data/venv/lib/python3.12/site-packages/dbcounter.py:102}}
Jun 25 15:39:58.814412 np0000003614 nova-scheduler[93193]: DEBUG oslo_db.sqlalchemy.engines [None req-3e56d11a-fb87-45ce-81b1-3101ebd3081d tempest-ImageDependencyTests-216024584 tempest-ImageDependencyTests-216024584-project-member] Parent process 91984 forked (93193) with an open database connection, which is being discarded and recreated. {{(pid=93193) checkout /opt/stack/data/venv/lib/python3.12/site-packages/oslo_db/sqlalchemy/engines.py:402}}
Jun 25 15:39:58.844655 np0000003614 nova-scheduler[93193]: DEBUG dbcounter [-] [93193] Writer thread running {{(pid=93193) stat_writer /opt/stack/data/venv/lib/python3.12/site-packages/dbcounter.py:102}}
Jun 25 15:39:58.847718 np0000003614 nova-scheduler[93193]: DEBUG oslo_concurrency.lockutils [None req-3e56d11a-fb87-45ce-81b1-3101ebd3081d tempest-ImageDependencyTests-216024584 tempest-ImageDependencyTests-216024584-project-member] Acquiring lock "9c1d9751-e535-4308-9535-fd98d03eb818" by "nova.context.set_target_cell..get_or_set_cached_cell_and_set_connections" {{(pid=93193) inner /opt/stack/data/venv/lib/python3.12/site-packages/oslo_concurrency/lockutils.py:511}}
Jun 25 15:39:58.847844 np0000003614 nova-scheduler[93193]: DEBUG oslo_concurrency.lockutils [None req-3e56d11a-fb87-45ce-81b1-3101ebd3081d tempest-ImageDependencyTests-216024584 tempest-ImageDependencyTests-216024584-project-member] Lock "9c1d9751-e535-4308-9535-fd98d03eb818" acquired by "nova.context.set_target_cell..get_or_set_cached_cell_and_set_connections" :: waited 0.000s {{(pid=93193) inner /opt/stack/data/venv/lib/python3.12/site-packages/oslo_concurrency/lockutils.py:524}}
Jun 25 15:39:58.847938 np0000003614 nova-scheduler[93193]: DEBUG oslo_concurrency.lockutils [None req-3e56d11a-fb87-45ce-81b1-3101ebd3081d tempest-ImageDependencyTests-216024584 tempest-ImageDependencyTests-216024584-project-member] Lock "9c1d9751-e535-4308-9535-fd98d03eb818" "released" by "nova.context.set_target_cell..get_or_set_cached_cell_and_set_connections" :: held 0.000s {{(pid=93193) inner /opt/stack/data/venv/lib/python3.12/site-packages/oslo_concurrency/lockutils.py:543}}
Jun 25 15:39:58.851019 np0000003614 nova-scheduler[93193]: DEBUG oslo_concurrency.lockutils [None req-3e56d11a-fb87-45ce-81b1-3101ebd3081d tempest-ImageDependencyTests-216024584 tempest-ImageDependencyTests-216024584-project-member] Acquiring lock "('np0000003614', 'np0000003614')" by "nova.scheduler.host_manager.HostState.update.._locked_update" {{(pid=93193) inner /opt/stack/data/venv/lib/python3.12/site-packages/oslo_concurrency/lockutils.py:511}}
Jun 25 15:39:58.851169 np0000003614 nova-scheduler[93193]: DEBUG oslo_concurrency.lockutils [None req-3e56d11a-fb87-45ce-81b1-3101ebd3081d tempest-ImageDependencyTests-216024584 tempest-ImageDependencyTests-216024584-project-member] Lock "('np0000003614', 'np0000003614')" acquired by "nova.scheduler.host_manager.HostState.update.._locked_update" :: waited 0.000s {{(pid=93193) inner /opt/stack/data/venv/lib/python3.12/site-packages/oslo_concurrency/lockutils.py:524}}
Jun 25 15:39:58.852045 np0000003614 nova-scheduler[93193]: DEBUG nova.scheduler.host_manager [None req-3e56d11a-fb87-45ce-81b1-3101ebd3081d tempest-ImageDependencyTests-216024584 tempest-ImageDependencyTests-216024584-project-member] Update host state from compute node: ComputeNode(cpu_allocation_ratio=4.0,cpu_info='{"arch": "x86_64", "model": "EPYC-Milan", "vendor": "AMD", "topology": {"cells": 1, "sockets": 16, "cores": 1, "threads": 1}, "maxphysaddr": {"mode": "emulate", "bits": 40}, "features": ["vpclmulqdq", "null-sel-clr-base", "xgetbv1", "vaes", "rdctl-no", "rdpid", "vgif", "fsgsbase", "gds-no", "no-nested-data-bp", "clwb", "perfctr_core", "tsc_adjust", "avx2", "topoext", "cx8", "amd-stibp", "movbe", "ibpb", "misalignsse", "tsc", "v-vmsave-vmload", "mds-no", "smep", "lahf_lm", "stibp-always-on", "mca", "rdrand", "cx16", "svme-addr-chk", "xsaveopt", "ssse3", "erms", "rdtscp", "sse4a", "umip", "spec-ctrl", "f16c", "xsaveerptr", "aes", "lfence-always-serializing", "skip-l1dfl-vmentry", "avx", "bmi2", "arat", "sse2", "clflushopt", "de", "adx", "pcid", "popcnt", "tsc-scale", "fsrm", "cr8legacy", "wbnoinvd", "pse", "stibp", "fpu", "sse4.2", "pae", "sse4.1", "pni", "hypervisor", "ibrs", "cmp_legacy", "flushbyasid", "pku", "fxsr_opt", "amd-psfd", "nrip-save", "rdseed", "pclmuldq", "mtrr", "smap", "pschange-mc-no", "clzero", "x2apic", "nx", "vme", "sse", "sep", "xsave", "ssbd", "pdpe1gb", "lbrv", "xsaves", "virt-ssbd", "osvw", "amd-ssbd", "arch-capabilities", "cmov", "mce", "vmcb-clean", "pause-filter", "invpcid", "pse36", "clflush", "pat", "mmx", "fma", "pge", "mmxext", "svm", "lm", "tsc-deadline", "syscall", "pfthreshold", "abm", "apic", "npt", "fxsr", "3dnowprefetch", "bmi1", "xsavec", "sha-ni", "msr"]}',created_at=2026-06-25T15:37:48Z,current_workload=0,deleted=False,deleted_at=None,disk_allocation_ratio=1.0,disk_available_least=73,free_disk_gb=95,free_ram_mb=62765,host='np0000003614',host_ip=10.4.3.215,hypervisor_hostname='np0000003614',hypervisor_type='QEMU',hypervisor_version=8002002,id=1,local_gb=95,local_gb_used=0,mapped=1,memory_mb=63277,memory_mb_used=512,metrics='[]',numa_topology='{"nova_object.name": "NUMATopology", "nova_object.namespace": "nova", "nova_object.version": "1.2", "nova_object.data": {"cells": [{"nova_object.name": "NUMACell", "nova_object.namespace": "nova", "nova_object.version": "1.5", "nova_object.data": {"id": 0, "cpuset": [0, 1, 2, 3, 4, 5, 6, 7, 8, 9, 10, 11, 12, 13, 14, 15], "pcpuset": [0, 1, 2, 3, 4, 5, 6, 7, 8, 9, 10, 11, 12, 13, 14, 15], "memory": 63277, "cpu_usage": 0, "memory_usage": 0, "pinned_cpus": [], "siblings": [[6], [12], [2], [15], [5], [11], [8], [14], [4], [1], [7], [10], [0], [13], [3], [9]], "mempages": [{"nova_object.name": "NUMAPagesTopology", "nova_object.namespace": "nova", "nova_object.version": "1.1", "nova_object.data": {"size_kb": 4, "total": 16177931, "used": 0, "reserved": 0}, "nova_object.changes": ["size_kb", "used", "total", "reserved"]}, {"nova_object.name": "NUMAPagesTopology", "nova_object.namespace": "nova", "nova_object.version": "1.1", "nova_object.data": {"size_kb": 2048, "total": 41, "used": 0, "reserved": 0}, "nova_object.changes": ["size_kb", "used", "total", "reserved"]}, {"nova_object.name": "NUMAPagesTopology", "nova_object.namespace": "nova", "nova_object.version": "1.1", "nova_object.data": {"size_kb": 1048576, "total": 0, "used": 0, "reserved": 0}, "nova_object.changes": ["size_kb", "used", "total", "reserved"]}], "network_metadata": {"nova_object.name": "NetworkMetadata", "nova_object.namespace": "nova", "nova_object.version": "1.0", "nova_object.data": {"physnets": [], "tunneled": false}, "nova_object.changes": ["physnets", "tunneled"]}, "socket": null}, "nova_object.changes": ["siblings", "mempages", "memory", "memory_usage", "pinned_cpus", "network_metadata", "socket", "pcpuset", "id", "cpu_usage", "cpuset"]}]}, "nova_object.changes": ["cells"]}',pci_device_pools=PciDevicePoolList,ram_allocation_ratio=1.0,running_vms=0,service_id=4,stats={failed_builds='0',uptime=' 15:39:33 up 13 min, 2 users, load average: 1.42, 1.59, 0.92
Jun 25 15:39:58.852045 np0000003614 nova-scheduler[93193]: '},supported_hv_specs=[HVSpec,HVSpec,HVSpec,HVSpec,HVSpec,HVSpec,HVSpec,HVSpec,HVSpec,HVSpec,HVSpec,HVSpec,HVSpec,HVSpec,HVSpec,HVSpec,HVSpec,HVSpec,HVSpec,HVSpec,HVSpec,HVSpec,HVSpec,HVSpec,HVSpec],updated_at=2026-06-25T15:39:35Z,uuid=3543a51d-122d-4b20-8abe-b15cff7cf5a5,vcpus=16,vcpus_used=0) {{(pid=93193) _locked_update /opt/stack/nova/nova/scheduler/host_manager.py:168}}
Jun 25 15:39:58.852933 np0000003614 nova-scheduler[93193]: DEBUG nova.scheduler.host_manager [None req-3e56d11a-fb87-45ce-81b1-3101ebd3081d tempest-ImageDependencyTests-216024584 tempest-ImageDependencyTests-216024584-project-member] Update host state with aggregates: [] {{(pid=93193) _locked_update /opt/stack/nova/nova/scheduler/host_manager.py:171}}
Jun 25 15:39:58.853038 np0000003614 nova-scheduler[93193]: DEBUG nova.scheduler.host_manager [None req-3e56d11a-fb87-45ce-81b1-3101ebd3081d tempest-ImageDependencyTests-216024584 tempest-ImageDependencyTests-216024584-project-member] Update host state with service dict: {'id': 4, 'uuid': 'a08cd65d-92fe-4de5-b534-81d0a3c6263a', 'host': 'np0000003614', 'binary': 'nova-compute', 'topic': 'compute', 'report_count': 2, 'disabled': False, 'disabled_reason': None, 'last_seen_up': datetime.datetime(2026, 6, 25, 15, 39, 56, tzinfo=datetime.timezone.utc), 'forced_down': False, 'version': 72, 'created_at': datetime.datetime(2026, 6, 25, 15, 37, 46, tzinfo=datetime.timezone.utc), 'updated_at': datetime.datetime(2026, 6, 25, 15, 39, 56, tzinfo=datetime.timezone.utc), 'deleted_at': None, 'deleted': False} {{(pid=93193) _locked_update /opt/stack/nova/nova/scheduler/host_manager.py:174}}
Jun 25 15:39:58.853175 np0000003614 nova-scheduler[93193]: DEBUG nova.scheduler.host_manager [None req-3e56d11a-fb87-45ce-81b1-3101ebd3081d tempest-ImageDependencyTests-216024584 tempest-ImageDependencyTests-216024584-project-member] Update host state with instances: [] {{(pid=93193) _locked_update /opt/stack/nova/nova/scheduler/host_manager.py:177}}
Jun 25 15:39:58.853292 np0000003614 nova-scheduler[93193]: DEBUG oslo_concurrency.lockutils [None req-3e56d11a-fb87-45ce-81b1-3101ebd3081d tempest-ImageDependencyTests-216024584 tempest-ImageDependencyTests-216024584-project-member] Lock "('np0000003614', 'np0000003614')" "released" by "nova.scheduler.host_manager.HostState.update.._locked_update" :: held 0.002s {{(pid=93193) inner /opt/stack/data/venv/lib/python3.12/site-packages/oslo_concurrency/lockutils.py:543}}
Jun 25 15:39:58.853647 np0000003614 nova-scheduler[93193]: DEBUG nova.filters [None req-3e56d11a-fb87-45ce-81b1-3101ebd3081d tempest-ImageDependencyTests-216024584 tempest-ImageDependencyTests-216024584-project-member] Starting with 1 host(s) {{(pid=93193) get_filtered_objects /opt/stack/nova/nova/filters.py:70}}
Jun 25 15:39:58.853837 np0000003614 nova-scheduler[93193]: DEBUG nova.filters [None req-3e56d11a-fb87-45ce-81b1-3101ebd3081d tempest-ImageDependencyTests-216024584 tempest-ImageDependencyTests-216024584-project-member] Filter ComputeFilter returned 1 host(s) {{(pid=93193) get_filtered_objects /opt/stack/nova/nova/filters.py:102}}
Jun 25 15:39:58.853968 np0000003614 nova-scheduler[93193]: DEBUG nova.filters [None req-3e56d11a-fb87-45ce-81b1-3101ebd3081d tempest-ImageDependencyTests-216024584 tempest-ImageDependencyTests-216024584-project-member] Filter ComputeCapabilitiesFilter returned 1 host(s) {{(pid=93193) get_filtered_objects /opt/stack/nova/nova/filters.py:102}}
Jun 25 15:39:58.854149 np0000003614 nova-scheduler[93193]: DEBUG nova.filters [None req-3e56d11a-fb87-45ce-81b1-3101ebd3081d tempest-ImageDependencyTests-216024584 tempest-ImageDependencyTests-216024584-project-member] Filter ImagePropertiesFilter returned 1 host(s) {{(pid=93193) get_filtered_objects /opt/stack/nova/nova/filters.py:102}}
Jun 25 15:39:58.854291 np0000003614 nova-scheduler[93193]: DEBUG nova.filters [None req-3e56d11a-fb87-45ce-81b1-3101ebd3081d tempest-ImageDependencyTests-216024584 tempest-ImageDependencyTests-216024584-project-member] Filter ServerGroupAntiAffinityFilter returned 1 host(s) {{(pid=93193) get_filtered_objects /opt/stack/nova/nova/filters.py:102}}
Jun 25 15:39:58.854398 np0000003614 nova-scheduler[93193]: DEBUG nova.filters [None req-3e56d11a-fb87-45ce-81b1-3101ebd3081d tempest-ImageDependencyTests-216024584 tempest-ImageDependencyTests-216024584-project-member] Filter ServerGroupAffinityFilter returned 1 host(s) {{(pid=93193) get_filtered_objects /opt/stack/nova/nova/filters.py:102}}
Jun 25 15:39:58.854514 np0000003614 nova-scheduler[93193]: DEBUG nova.filters [None req-3e56d11a-fb87-45ce-81b1-3101ebd3081d tempest-ImageDependencyTests-216024584 tempest-ImageDependencyTests-216024584-project-member] Filter SameHostFilter returned 1 host(s) {{(pid=93193) get_filtered_objects /opt/stack/nova/nova/filters.py:102}}
Jun 25 15:39:58.854610 np0000003614 nova-scheduler[93193]: DEBUG nova.filters [None req-3e56d11a-fb87-45ce-81b1-3101ebd3081d tempest-ImageDependencyTests-216024584 tempest-ImageDependencyTests-216024584-project-member] Filter DifferentHostFilter returned 1 host(s) {{(pid=93193) get_filtered_objects /opt/stack/nova/nova/filters.py:102}}
Jun 25 15:39:58.854728 np0000003614 nova-scheduler[93193]: DEBUG nova.scheduler.manager [None req-3e56d11a-fb87-45ce-81b1-3101ebd3081d tempest-ImageDependencyTests-216024584 tempest-ImageDependencyTests-216024584-project-member] Filtered [(np0000003614, np0000003614) ram: 62765MB disk: 74752MB io_ops: 0 instances: 0, allocation_candidates: 1] {{(pid=93193) _get_sorted_hosts /opt/stack/nova/nova/scheduler/manager.py:743}}
Jun 25 15:39:58.854918 np0000003614 nova-scheduler[93193]: DEBUG nova.scheduler.manager [None req-3e56d11a-fb87-45ce-81b1-3101ebd3081d tempest-ImageDependencyTests-216024584 tempest-ImageDependencyTests-216024584-project-member] Weighed [WeighedHost [host: (np0000003614, np0000003614) ram: 62765MB disk: 74752MB io_ops: 0 instances: 0, allocation_candidates: 1, weight: 0.0]] {{(pid=93193) _get_sorted_hosts /opt/stack/nova/nova/scheduler/manager.py:765}}
Jun 25 15:39:58.855080 np0000003614 nova-scheduler[93193]: DEBUG nova.scheduler.utils [None req-3e56d11a-fb87-45ce-81b1-3101ebd3081d tempest-ImageDependencyTests-216024584 tempest-ImageDependencyTests-216024584-project-member] Attempting to claim resources in the placement API for instance 880b17d5-9cf6-4dd6-9e3b-d2911ed49437 {{(pid=93193) claim_resources /opt/stack/nova/nova/scheduler/utils.py:1345}}
Jun 25 15:39:59.091952 np0000003614 nova-scheduler[93193]: DEBUG nova.scheduler.manager [None req-3e56d11a-fb87-45ce-81b1-3101ebd3081d tempest-ImageDependencyTests-216024584 tempest-ImageDependencyTests-216024584-project-member] [instance: 880b17d5-9cf6-4dd6-9e3b-d2911ed49437] Selected host: (np0000003614, np0000003614) ram: 62765MB disk: 74752MB io_ops: 0 instances: 0, allocation_candidates: 1 {{(pid=93193) _consume_selected_host /opt/stack/nova/nova/scheduler/manager.py:625}}
Jun 25 15:39:59.091952 np0000003614 nova-scheduler[93193]: DEBUG oslo_concurrency.lockutils [None req-3e56d11a-fb87-45ce-81b1-3101ebd3081d tempest-ImageDependencyTests-216024584 tempest-ImageDependencyTests-216024584-project-member] Acquiring lock "('np0000003614', 'np0000003614')" by "nova.scheduler.host_manager.HostState.consume_from_request.._locked" {{(pid=93193) inner /opt/stack/data/venv/lib/python3.12/site-packages/oslo_concurrency/lockutils.py:511}}
Jun 25 15:39:59.091952 np0000003614 nova-scheduler[93193]: DEBUG oslo_concurrency.lockutils [None req-3e56d11a-fb87-45ce-81b1-3101ebd3081d tempest-ImageDependencyTests-216024584 tempest-ImageDependencyTests-216024584-project-member] Lock "('np0000003614', 'np0000003614')" acquired by "nova.scheduler.host_manager.HostState.consume_from_request.._locked" :: waited 0.000s {{(pid=93193) inner /opt/stack/data/venv/lib/python3.12/site-packages/oslo_concurrency/lockutils.py:524}}
Jun 25 15:39:59.091952 np0000003614 nova-scheduler[93193]: DEBUG oslo_concurrency.lockutils [None req-3e56d11a-fb87-45ce-81b1-3101ebd3081d tempest-ImageDependencyTests-216024584 tempest-ImageDependencyTests-216024584-project-member] Lock "('np0000003614', 'np0000003614')" "released" by "nova.scheduler.host_manager.HostState.consume_from_request.._locked" :: held 0.000s {{(pid=93193) inner /opt/stack/data/venv/lib/python3.12/site-packages/oslo_concurrency/lockutils.py:543}}
Jun 25 15:40:02.309213 np0000003614 nova-scheduler[93227]: DEBUG nova.scheduler.manager [None req-206509d7-a426-4d92-acb1-f3281c4c9004 tempest-ServerBootFromVolumeStableRescueTest-1406064710 tempest-ServerBootFromVolumeStableRescueTest-1406064710-project-member] Starting to schedule for instances: ['7f73e211-e6c5-434b-bcdd-68c89154c679'] {{(pid=93227) select_destinations /opt/stack/nova/nova/scheduler/manager.py:210}}
Jun 25 15:40:02.309717 np0000003614 nova-scheduler[93227]: DEBUG nova.scheduler.request_filter [None req-206509d7-a426-4d92-acb1-f3281c4c9004 tempest-ServerBootFromVolumeStableRescueTest-1406064710 tempest-ServerBootFromVolumeStableRescueTest-1406064710-project-member] compute_status_filter request filter added forbidden trait COMPUTE_STATUS_DISABLED {{(pid=93227) compute_status_filter /opt/stack/nova/nova/scheduler/request_filter.py:253}}
Jun 25 15:40:02.309779 np0000003614 nova-scheduler[93227]: DEBUG nova.scheduler.request_filter [None req-206509d7-a426-4d92-acb1-f3281c4c9004 tempest-ServerBootFromVolumeStableRescueTest-1406064710 tempest-ServerBootFromVolumeStableRescueTest-1406064710-project-member] Request filter 'compute_status_filter' took 0.0 seconds {{(pid=93227) wrapper /opt/stack/nova/nova/scheduler/request_filter.py:46}}
Jun 25 15:40:02.310280 np0000003614 nova-scheduler[93227]: DEBUG nova.scheduler.request_filter [None req-206509d7-a426-4d92-acb1-f3281c4c9004 tempest-ServerBootFromVolumeStableRescueTest-1406064710 tempest-ServerBootFromVolumeStableRescueTest-1406064710-project-member] Request filter 'accelerators_filter' took 0.0 seconds {{(pid=93227) wrapper /opt/stack/nova/nova/scheduler/request_filter.py:46}}
Jun 25 15:40:02.310280 np0000003614 nova-scheduler[93227]: DEBUG nova.scheduler.request_filter [None req-206509d7-a426-4d92-acb1-f3281c4c9004 tempest-ServerBootFromVolumeStableRescueTest-1406064710 tempest-ServerBootFromVolumeStableRescueTest-1406064710-project-member] Request filter 'packed_virtqueue_filter' took 0.0 seconds {{(pid=93227) wrapper /opt/stack/nova/nova/scheduler/request_filter.py:46}}
Jun 25 15:40:02.310693 np0000003614 nova-scheduler[93227]: DEBUG nova.scheduler.request_filter [None req-206509d7-a426-4d92-acb1-f3281c4c9004 tempest-ServerBootFromVolumeStableRescueTest-1406064710 tempest-ServerBootFromVolumeStableRescueTest-1406064710-project-member] Request filter 'remote_managed_ports_filter' took 0.0 seconds {{(pid=93227) wrapper /opt/stack/nova/nova/scheduler/request_filter.py:46}}
Jun 25 15:40:02.310869 np0000003614 nova-scheduler[93227]: DEBUG nova.scheduler.request_filter [None req-206509d7-a426-4d92-acb1-f3281c4c9004 tempest-ServerBootFromVolumeStableRescueTest-1406064710 tempest-ServerBootFromVolumeStableRescueTest-1406064710-project-member] ephemeral_encryption_filter skipped {{(pid=93227) ephemeral_encryption_filter /opt/stack/nova/nova/scheduler/request_filter.py:426}}
Jun 25 15:40:02.311042 np0000003614 nova-scheduler[93227]: DEBUG nova.scheduler.request_filter [None req-206509d7-a426-4d92-acb1-f3281c4c9004 tempest-ServerBootFromVolumeStableRescueTest-1406064710 tempest-ServerBootFromVolumeStableRescueTest-1406064710-project-member] virtio_sound_filter skipped {{(pid=93227) virtio_sound_filter /opt/stack/nova/nova/scheduler/request_filter.py:460}}
Jun 25 15:40:02.311232 np0000003614 nova-scheduler[93227]: DEBUG nova.scheduler.request_filter [None req-206509d7-a426-4d92-acb1-f3281c4c9004 tempest-ServerBootFromVolumeStableRescueTest-1406064710 tempest-ServerBootFromVolumeStableRescueTest-1406064710-project-member] tpm_secret_security_filter skipped {{(pid=93227) tpm_secret_security_filter /opt/stack/nova/nova/scheduler/request_filter.py:477}}
Jun 25 15:40:02.403943 np0000003614 nova-scheduler[93227]: INFO nova.utils [None req-206509d7-a426-4d92-acb1-f3281c4c9004 tempest-ServerBootFromVolumeStableRescueTest-1406064710 tempest-ServerBootFromVolumeStableRescueTest-1406064710-project-member] The cell worker thread pool ForkProcess-2.cell_worker is initialized
Jun 25 15:40:02.404389 np0000003614 nova-scheduler[93227]: DEBUG oslo_concurrency.lockutils [None req-206509d7-a426-4d92-acb1-f3281c4c9004 tempest-ServerBootFromVolumeStableRescueTest-1406064710 tempest-ServerBootFromVolumeStableRescueTest-1406064710-project-member] Acquiring lock "9c1d9751-e535-4308-9535-fd98d03eb818" by "nova.context.set_target_cell..get_or_set_cached_cell_and_set_connections" {{(pid=93227) inner /opt/stack/data/venv/lib/python3.12/site-packages/oslo_concurrency/lockutils.py:511}}
Jun 25 15:40:02.404613 np0000003614 nova-scheduler[93227]: DEBUG oslo_concurrency.lockutils [None req-206509d7-a426-4d92-acb1-f3281c4c9004 tempest-ServerBootFromVolumeStableRescueTest-1406064710 tempest-ServerBootFromVolumeStableRescueTest-1406064710-project-member] Lock "9c1d9751-e535-4308-9535-fd98d03eb818" acquired by "nova.context.set_target_cell..get_or_set_cached_cell_and_set_connections" :: waited 0.000s {{(pid=93227) inner /opt/stack/data/venv/lib/python3.12/site-packages/oslo_concurrency/lockutils.py:524}}
Jun 25 15:40:02.406946 np0000003614 nova-scheduler[93227]: DEBUG oslo_concurrency.lockutils [None req-206509d7-a426-4d92-acb1-f3281c4c9004 tempest-ServerBootFromVolumeStableRescueTest-1406064710 tempest-ServerBootFromVolumeStableRescueTest-1406064710-project-member] Lock "9c1d9751-e535-4308-9535-fd98d03eb818" "released" by "nova.context.set_target_cell..get_or_set_cached_cell_and_set_connections" :: held 0.002s {{(pid=93227) inner /opt/stack/data/venv/lib/python3.12/site-packages/oslo_concurrency/lockutils.py:543}}
Jun 25 15:40:02.409489 np0000003614 nova-scheduler[93227]: INFO dbcounter [None req-206509d7-a426-4d92-acb1-f3281c4c9004 tempest-ServerBootFromVolumeStableRescueTest-1406064710 tempest-ServerBootFromVolumeStableRescueTest-1406064710-project-member] Registered counter for database nova_cell1
Jun 25 15:40:02.444916 np0000003614 nova-scheduler[93227]: DEBUG oslo_db.sqlalchemy.engines [None req-206509d7-a426-4d92-acb1-f3281c4c9004 tempest-ServerBootFromVolumeStableRescueTest-1406064710 tempest-ServerBootFromVolumeStableRescueTest-1406064710-project-member] MySQL server mode set to STRICT_TRANS_TABLES,STRICT_ALL_TABLES,NO_ZERO_IN_DATE,NO_ZERO_DATE,ERROR_FOR_DIVISION_BY_ZERO,TRADITIONAL,NO_ENGINE_SUBSTITUTION {{(pid=93227) _check_effective_sql_mode /opt/stack/data/venv/lib/python3.12/site-packages/oslo_db/sqlalchemy/engines.py:325}}
Jun 25 15:40:02.450746 np0000003614 nova-scheduler[93227]: DEBUG dbcounter [-] [93227] Writer thread running {{(pid=93227) stat_writer /opt/stack/data/venv/lib/python3.12/site-packages/dbcounter.py:102}}
Jun 25 15:40:02.501327 np0000003614 nova-scheduler[93227]: DEBUG dbcounter [-] [93227] Writer thread running {{(pid=93227) stat_writer /opt/stack/data/venv/lib/python3.12/site-packages/dbcounter.py:102}}
Jun 25 15:40:02.505047 np0000003614 nova-scheduler[93227]: DEBUG oslo_concurrency.lockutils [None req-206509d7-a426-4d92-acb1-f3281c4c9004 tempest-ServerBootFromVolumeStableRescueTest-1406064710 tempest-ServerBootFromVolumeStableRescueTest-1406064710-project-member] Acquiring lock "9c1d9751-e535-4308-9535-fd98d03eb818" by "nova.context.set_target_cell..get_or_set_cached_cell_and_set_connections" {{(pid=93227) inner /opt/stack/data/venv/lib/python3.12/site-packages/oslo_concurrency/lockutils.py:511}}
Jun 25 15:40:02.505435 np0000003614 nova-scheduler[93227]: DEBUG oslo_concurrency.lockutils [None req-206509d7-a426-4d92-acb1-f3281c4c9004 tempest-ServerBootFromVolumeStableRescueTest-1406064710 tempest-ServerBootFromVolumeStableRescueTest-1406064710-project-member] Lock "9c1d9751-e535-4308-9535-fd98d03eb818" acquired by "nova.context.set_target_cell..get_or_set_cached_cell_and_set_connections" :: waited 0.000s {{(pid=93227) inner /opt/stack/data/venv/lib/python3.12/site-packages/oslo_concurrency/lockutils.py:524}}
Jun 25 15:40:02.505586 np0000003614 nova-scheduler[93227]: DEBUG oslo_concurrency.lockutils [None req-206509d7-a426-4d92-acb1-f3281c4c9004 tempest-ServerBootFromVolumeStableRescueTest-1406064710 tempest-ServerBootFromVolumeStableRescueTest-1406064710-project-member] Lock "9c1d9751-e535-4308-9535-fd98d03eb818" "released" by "nova.context.set_target_cell..get_or_set_cached_cell_and_set_connections" :: held 0.000s {{(pid=93227) inner /opt/stack/data/venv/lib/python3.12/site-packages/oslo_concurrency/lockutils.py:543}}
Jun 25 15:40:02.510278 np0000003614 nova-scheduler[93227]: DEBUG oslo_concurrency.lockutils [None req-206509d7-a426-4d92-acb1-f3281c4c9004 tempest-ServerBootFromVolumeStableRescueTest-1406064710 tempest-ServerBootFromVolumeStableRescueTest-1406064710-project-member] Acquiring lock "('np0000003614', 'np0000003614')" by "nova.scheduler.host_manager.HostState.update.._locked_update" {{(pid=93227) inner /opt/stack/data/venv/lib/python3.12/site-packages/oslo_concurrency/lockutils.py:511}}
Jun 25 15:40:02.510988 np0000003614 nova-scheduler[93227]: DEBUG oslo_concurrency.lockutils [None req-206509d7-a426-4d92-acb1-f3281c4c9004 tempest-ServerBootFromVolumeStableRescueTest-1406064710 tempest-ServerBootFromVolumeStableRescueTest-1406064710-project-member] Lock "('np0000003614', 'np0000003614')" acquired by "nova.scheduler.host_manager.HostState.update.._locked_update" :: waited 0.000s {{(pid=93227) inner /opt/stack/data/venv/lib/python3.12/site-packages/oslo_concurrency/lockutils.py:524}}
