May 27 14:03:44.626365 np0000001511 nova-scheduler[95733]: DEBUG cotyledon.oslo_config_glue [-] oslo_limit.certfile = None {{(pid=95733) log_opt_values /opt/stack/data/venv/lib/python3.12/site-packages/oslo_config/cfg.py:3256}}
May 27 14:03:44.626365 np0000001511 nova-scheduler[95733]: DEBUG cotyledon.oslo_config_glue [-] oslo_limit.collect_timing = False {{(pid=95733) log_opt_values /opt/stack/data/venv/lib/python3.12/site-packages/oslo_config/cfg.py:3256}}
May 27 14:03:44.626365 np0000001511 nova-scheduler[95733]: DEBUG cotyledon.oslo_config_glue [-] oslo_limit.connect_retries = None {{(pid=95733) log_opt_values /opt/stack/data/venv/lib/python3.12/site-packages/oslo_config/cfg.py:3256}}
May 27 14:03:44.626365 np0000001511 nova-scheduler[95733]: DEBUG cotyledon.oslo_config_glue [-] oslo_limit.connect_retry_delay = None {{(pid=95733) log_opt_values /opt/stack/data/venv/lib/python3.12/site-packages/oslo_config/cfg.py:3256}}
May 27 14:03:44.626365 np0000001511 nova-scheduler[95733]: DEBUG cotyledon.oslo_config_glue [-] oslo_limit.endpoint_id = None {{(pid=95733) log_opt_values /opt/stack/data/venv/lib/python3.12/site-packages/oslo_config/cfg.py:3256}}
May 27 14:03:44.626365 np0000001511 nova-scheduler[95733]: DEBUG cotyledon.oslo_config_glue [-] oslo_limit.endpoint_interface = public {{(pid=95733) log_opt_values /opt/stack/data/venv/lib/python3.12/site-packages/oslo_config/cfg.py:3256}}
May 27 14:03:44.626365 np0000001511 nova-scheduler[95733]: DEBUG cotyledon.oslo_config_glue [-] oslo_limit.endpoint_override = None {{(pid=95733) log_opt_values /opt/stack/data/venv/lib/python3.12/site-packages/oslo_config/cfg.py:3256}}
May 27 14:03:44.626365 np0000001511 nova-scheduler[95733]: DEBUG cotyledon.oslo_config_glue [-] oslo_limit.endpoint_region_name = None {{(pid=95733) log_opt_values /opt/stack/data/venv/lib/python3.12/site-packages/oslo_config/cfg.py:3256}}
May 27 14:03:44.626365 np0000001511 nova-scheduler[95733]: DEBUG cotyledon.oslo_config_glue [-] oslo_limit.endpoint_service_name = None {{(pid=95733) log_opt_values /opt/stack/data/venv/lib/python3.12/site-packages/oslo_config/cfg.py:3256}}
May 27 14:03:44.626558 np0000001511 nova-scheduler[95733]: DEBUG cotyledon.oslo_config_glue [-] oslo_limit.endpoint_service_type = None {{(pid=95733) log_opt_values /opt/stack/data/venv/lib/python3.12/site-packages/oslo_config/cfg.py:3256}}
May 27 14:03:44.626558 np0000001511 nova-scheduler[95733]: DEBUG cotyledon.oslo_config_glue [-] oslo_limit.insecure = False {{(pid=95733) log_opt_values /opt/stack/data/venv/lib/python3.12/site-packages/oslo_config/cfg.py:3256}}
May 27 14:03:44.626558 np0000001511 nova-scheduler[95733]: DEBUG cotyledon.oslo_config_glue [-] oslo_limit.keyfile = None {{(pid=95733) log_opt_values /opt/stack/data/venv/lib/python3.12/site-packages/oslo_config/cfg.py:3256}}
May 27 14:03:44.626558 np0000001511 nova-scheduler[95733]: DEBUG cotyledon.oslo_config_glue [-] oslo_limit.max_version = None {{(pid=95733) log_opt_values /opt/stack/data/venv/lib/python3.12/site-packages/oslo_config/cfg.py:3256}}
May 27 14:03:44.626558 np0000001511 nova-scheduler[95733]: DEBUG cotyledon.oslo_config_glue [-] oslo_limit.min_version = None {{(pid=95733) log_opt_values /opt/stack/data/venv/lib/python3.12/site-packages/oslo_config/cfg.py:3256}}
May 27 14:03:44.626558 np0000001511 nova-scheduler[95733]: DEBUG cotyledon.oslo_config_glue [-] oslo_limit.region_name = None {{(pid=95733) log_opt_values /opt/stack/data/venv/lib/python3.12/site-packages/oslo_config/cfg.py:3256}}
May 27 14:03:44.626558 np0000001511 nova-scheduler[95733]: DEBUG cotyledon.oslo_config_glue [-] oslo_limit.retriable_status_codes = None {{(pid=95733) log_opt_values /opt/stack/data/venv/lib/python3.12/site-packages/oslo_config/cfg.py:3256}}
May 27 14:03:44.626558 np0000001511 nova-scheduler[95733]: DEBUG cotyledon.oslo_config_glue [-] oslo_limit.service_name = None {{(pid=95733) log_opt_values /opt/stack/data/venv/lib/python3.12/site-packages/oslo_config/cfg.py:3256}}
May 27 14:03:44.626558 np0000001511 nova-scheduler[95733]: DEBUG cotyledon.oslo_config_glue [-] oslo_limit.service_type = None {{(pid=95733) log_opt_values /opt/stack/data/venv/lib/python3.12/site-packages/oslo_config/cfg.py:3256}}
May 27 14:03:44.626739 np0000001511 nova-scheduler[95733]: DEBUG cotyledon.oslo_config_glue [-] oslo_limit.split_loggers = False {{(pid=95733) log_opt_values /opt/stack/data/venv/lib/python3.12/site-packages/oslo_config/cfg.py:3256}}
May 27 14:03:44.626739 np0000001511 nova-scheduler[95733]: DEBUG cotyledon.oslo_config_glue [-] oslo_limit.status_code_retries = None {{(pid=95733) log_opt_values /opt/stack/data/venv/lib/python3.12/site-packages/oslo_config/cfg.py:3256}}
May 27 14:03:44.626739 np0000001511 nova-scheduler[95733]: DEBUG cotyledon.oslo_config_glue [-] oslo_limit.status_code_retry_delay = None {{(pid=95733) log_opt_values /opt/stack/data/venv/lib/python3.12/site-packages/oslo_config/cfg.py:3256}}
May 27 14:03:44.626739 np0000001511 nova-scheduler[95733]: DEBUG cotyledon.oslo_config_glue [-] oslo_limit.timeout = None {{(pid=95733) log_opt_values /opt/stack/data/venv/lib/python3.12/site-packages/oslo_config/cfg.py:3256}}
May 27 14:03:44.626739 np0000001511 nova-scheduler[95733]: DEBUG cotyledon.oslo_config_glue [-] oslo_limit.valid_interfaces = None {{(pid=95733) log_opt_values /opt/stack/data/venv/lib/python3.12/site-packages/oslo_config/cfg.py:3256}}
May 27 14:03:44.626739 np0000001511 nova-scheduler[95733]: DEBUG cotyledon.oslo_config_glue [-] oslo_limit.version = None {{(pid=95733) log_opt_values /opt/stack/data/venv/lib/python3.12/site-packages/oslo_config/cfg.py:3256}}
May 27 14:03:44.626739 np0000001511 nova-scheduler[95733]: DEBUG cotyledon.oslo_config_glue [-] oslo_reports.file_event_handler = None {{(pid=95733) log_opt_values /opt/stack/data/venv/lib/python3.12/site-packages/oslo_config/cfg.py:3256}}
May 27 14:03:44.626739 np0000001511 nova-scheduler[95733]: DEBUG cotyledon.oslo_config_glue [-] oslo_reports.file_event_handler_interval = 1 {{(pid=95733) log_opt_values /opt/stack/data/venv/lib/python3.12/site-packages/oslo_config/cfg.py:3256}}
May 27 14:03:44.626739 np0000001511 nova-scheduler[95733]: DEBUG cotyledon.oslo_config_glue [-] oslo_reports.log_dir = None {{(pid=95733) log_opt_values /opt/stack/data/venv/lib/python3.12/site-packages/oslo_config/cfg.py:3256}}
May 27 14:03:44.626928 np0000001511 nova-scheduler[95733]: DEBUG cotyledon.oslo_config_glue [-] ******************************************************************************** {{(pid=95733) log_opt_values /opt/stack/data/venv/lib/python3.12/site-packages/oslo_config/cfg.py:3263}}
May 27 14:03:44.626928 np0000001511 nova-scheduler[95733]: DEBUG cotyledon._service_worker [-] Run service ServiceWrapper(2) [95733] {{(pid=95733) wait_forever /opt/stack/data/venv/lib/python3.12/site-packages/cotyledon/_service_worker.py:218}}
May 27 14:03:44.626928 np0000001511 nova-scheduler[95733]: INFO nova.service [-] Starting scheduler node (version 33.1.0)
May 27 14:03:44.630341 np0000001511 nova-scheduler[95733]: INFO dbcounter [None req-5e0ede1f-0a0e-4059-abbf-aa07573ae5bb None None] Registered counter for database nova_cell0
May 27 14:03:44.635772 np0000001511 nova-scheduler[95729]: DEBUG nova.service [None req-edf689f1-452a-412c-a7d3-65a88d81a1f6 None None] Creating RPC server for service: nova-scheduler on topic: scheduler {{(pid=95729) start /opt/stack/nova/nova/service.py:195}}
May 27 14:03:44.654851 np0000001511 nova-scheduler[95731]: DEBUG oslo_db.sqlalchemy.engines [None req-a1100055-b9c8-4823-84dd-3f0a3ba3e305 None None] MySQL server mode set to STRICT_TRANS_TABLES,STRICT_ALL_TABLES,NO_ZERO_IN_DATE,NO_ZERO_DATE,ERROR_FOR_DIVISION_BY_ZERO,TRADITIONAL,NO_ENGINE_SUBSTITUTION {{(pid=95731) _check_effective_sql_mode /opt/stack/data/venv/lib/python3.12/site-packages/oslo_db/sqlalchemy/engines.py:325}}
May 27 14:03:44.665463 np0000001511 nova-scheduler[95731]: DEBUG dbcounter [-] [95731] Writer thread running {{(pid=95731) stat_writer /opt/stack/data/venv/lib/python3.12/site-packages/dbcounter.py:102}}
May 27 14:03:44.668534 np0000001511 nova-scheduler[95731]: DEBUG nova.service [None req-a1100055-b9c8-4823-84dd-3f0a3ba3e305 None None] Creating RPC server for service: nova-scheduler on topic: scheduler {{(pid=95731) start /opt/stack/nova/nova/service.py:195}}
May 27 14:03:44.669485 np0000001511 nova-scheduler[95729]: DEBUG nova.service [None req-edf689f1-452a-412c-a7d3-65a88d81a1f6 None None] Join ServiceGroup membership for this service scheduler {{(pid=95729) start /opt/stack/nova/nova/service.py:221}}
May 27 14:03:44.669926 np0000001511 nova-scheduler[95729]: DEBUG nova.servicegroup.drivers.db [None req-edf689f1-452a-412c-a7d3-65a88d81a1f6 None None] DB_Driver: join new ServiceGroup member np0000001511 to the scheduler group, service = {{(pid=95729) join /opt/stack/nova/nova/servicegroup/drivers/db.py:44}}
May 27 14:03:44.681584 np0000001511 nova-scheduler[95733]: DEBUG oslo_db.sqlalchemy.engines [None req-5e0ede1f-0a0e-4059-abbf-aa07573ae5bb None None] MySQL server mode set to STRICT_TRANS_TABLES,STRICT_ALL_TABLES,NO_ZERO_IN_DATE,NO_ZERO_DATE,ERROR_FOR_DIVISION_BY_ZERO,TRADITIONAL,NO_ENGINE_SUBSTITUTION {{(pid=95733) _check_effective_sql_mode /opt/stack/data/venv/lib/python3.12/site-packages/oslo_db/sqlalchemy/engines.py:325}}
May 27 14:03:44.688581 np0000001511 nova-scheduler[95731]: DEBUG nova.service [None req-a1100055-b9c8-4823-84dd-3f0a3ba3e305 None None] Join ServiceGroup membership for this service scheduler {{(pid=95731) start /opt/stack/nova/nova/service.py:221}}
May 27 14:03:44.688581 np0000001511 nova-scheduler[95731]: DEBUG nova.servicegroup.drivers.db [None req-a1100055-b9c8-4823-84dd-3f0a3ba3e305 None None] DB_Driver: join new ServiceGroup member np0000001511 to the scheduler group, service = {{(pid=95731) join /opt/stack/nova/nova/servicegroup/drivers/db.py:44}}
May 27 14:03:44.692154 np0000001511 nova-scheduler[95733]: DEBUG dbcounter [-] [95733] Writer thread running {{(pid=95733) stat_writer /opt/stack/data/venv/lib/python3.12/site-packages/dbcounter.py:102}}
May 27 14:03:44.695872 np0000001511 nova-scheduler[95733]: DEBUG nova.service [None req-5e0ede1f-0a0e-4059-abbf-aa07573ae5bb None None] Creating RPC server for service: nova-scheduler on topic: scheduler {{(pid=95733) start /opt/stack/nova/nova/service.py:195}}
May 27 14:03:44.714364 np0000001511 nova-scheduler[95733]: DEBUG nova.service [None req-5e0ede1f-0a0e-4059-abbf-aa07573ae5bb None None] Join ServiceGroup membership for this service scheduler {{(pid=95733) start /opt/stack/nova/nova/service.py:221}}
May 27 14:03:44.714587 np0000001511 nova-scheduler[95733]: DEBUG nova.servicegroup.drivers.db [None req-5e0ede1f-0a0e-4059-abbf-aa07573ae5bb None None] DB_Driver: join new ServiceGroup member np0000001511 to the scheduler group, service = {{(pid=95733) join /opt/stack/nova/nova/servicegroup/drivers/db.py:44}}
May 27 14:03:49.687966 np0000001511 nova-scheduler[95729]: DEBUG oslo.service.backend._threading.loopingcall [-] Fixed interval looping call 'nova.servicegroup.drivers.db.DbDriver._report_state' sleeping for 119.98 seconds {{(pid=95729) _run_loop /opt/stack/data/venv/lib/python3.12/site-packages/oslo_service/backend/_threading/loopingcall.py:125}}
May 27 14:03:49.702166 np0000001511 nova-scheduler[95731]: DEBUG oslo.service.backend._threading.loopingcall [-] Fixed interval looping call 'nova.servicegroup.drivers.db.DbDriver._report_state' sleeping for 119.99 seconds {{(pid=95731) _run_loop /opt/stack/data/venv/lib/python3.12/site-packages/oslo_service/backend/_threading/loopingcall.py:125}}
May 27 14:03:49.726531 np0000001511 nova-scheduler[95733]: DEBUG oslo.service.backend._threading.loopingcall [-] Fixed interval looping call 'nova.servicegroup.drivers.db.DbDriver._report_state' sleeping for 119.99 seconds {{(pid=95733) _run_loop /opt/stack/data/venv/lib/python3.12/site-packages/oslo_service/backend/_threading/loopingcall.py:125}}
May 27 14:03:53.241297 np0000001511 nova-scheduler[94448]: DEBUG dbcounter [-] [94448] Writing DB stats nova_api:SELECT=3 {{(pid=94448) stat_writer /opt/stack/data/venv/lib/python3.12/site-packages/dbcounter.py:115}}
May 27 14:03:53.372913 np0000001511 nova-scheduler[94448]: DEBUG dbcounter [-] [94448] Writing DB stats nova_cell0:SELECT=1 {{(pid=94448) stat_writer /opt/stack/data/venv/lib/python3.12/site-packages/dbcounter.py:115}}
May 27 14:03:53.384325 np0000001511 nova-scheduler[94448]: DEBUG dbcounter [-] [94448] Writing DB stats nova_cell1:SELECT=1 {{(pid=94448) stat_writer /opt/stack/data/venv/lib/python3.12/site-packages/dbcounter.py:115}}
May 27 14:03:59.682925 np0000001511 nova-scheduler[95729]: DEBUG dbcounter [-] [95729] Writing DB stats nova_cell0:SELECT=4,nova_cell0:INSERT=1,nova_cell0:UPDATE=1 {{(pid=95729) stat_writer /opt/stack/data/venv/lib/python3.12/site-packages/dbcounter.py:115}}
May 27 14:03:59.691011 np0000001511 nova-scheduler[95731]: DEBUG oslo.service.backend._threading.loopingcall [None req-2947dff1-c3be-4b6f-b634-5f9942659475 None None] Dynamic interval looping call 'nova.service.Service.periodic_tasks' sleeping for 60.00 seconds {{(pid=95731) _run_loop /opt/stack/data/venv/lib/python3.12/site-packages/oslo_service/backend/_threading/loopingcall.py:125}}
May 27 14:03:59.697829 np0000001511 nova-scheduler[95731]: DEBUG dbcounter [-] [95731] Writing DB stats nova_cell0:SELECT=3 {{(pid=95731) stat_writer /opt/stack/data/venv/lib/python3.12/site-packages/dbcounter.py:115}}
May 27 14:03:59.723245 np0000001511 nova-scheduler[95733]: DEBUG dbcounter [-] [95733] Writing DB stats nova_cell0:SELECT=3 {{(pid=95733) stat_writer /opt/stack/data/venv/lib/python3.12/site-packages/dbcounter.py:115}}
May 27 14:04:08.716858 np0000001511 nova-scheduler[95733]: DEBUG oslo.service.backend._threading.loopingcall [None req-099d8112-9986-4450-9807-7adc771177ac None None] Dynamic interval looping call 'nova.service.Service.periodic_tasks' sleeping for 60.00 seconds {{(pid=95733) _run_loop /opt/stack/data/venv/lib/python3.12/site-packages/oslo_service/backend/_threading/loopingcall.py:125}}
May 27 14:04:38.671786 np0000001511 nova-scheduler[95729]: DEBUG oslo.service.backend._threading.loopingcall [None req-6e03c2ed-a7a0-4aa5-9b2a-8a0c660c1067 None None] Dynamic interval looping call 'nova.service.Service.periodic_tasks' sleeping for 60.00 seconds {{(pid=95729) _run_loop /opt/stack/data/venv/lib/python3.12/site-packages/oslo_service/backend/_threading/loopingcall.py:125}}
May 27 14:04:59.691606 np0000001511 nova-scheduler[95731]: DEBUG oslo.service.backend._threading.loopingcall [None req-2947dff1-c3be-4b6f-b634-5f9942659475 None None] Dynamic interval looping call 'nova.service.Service.periodic_tasks' sleeping for 60.00 seconds {{(pid=95731) _run_loop /opt/stack/data/venv/lib/python3.12/site-packages/oslo_service/backend/_threading/loopingcall.py:125}}
May 27 14:05:08.717306 np0000001511 nova-scheduler[95733]: DEBUG oslo.service.backend._threading.loopingcall [None req-099d8112-9986-4450-9807-7adc771177ac None None] Dynamic interval looping call 'nova.service.Service.periodic_tasks' sleeping for 60.00 seconds {{(pid=95733) _run_loop /opt/stack/data/venv/lib/python3.12/site-packages/oslo_service/backend/_threading/loopingcall.py:125}}
May 27 14:05:38.672403 np0000001511 nova-scheduler[95729]: DEBUG oslo.service.backend._threading.loopingcall [None req-6e03c2ed-a7a0-4aa5-9b2a-8a0c660c1067 None None] Dynamic interval looping call 'nova.service.Service.periodic_tasks' sleeping for 60.00 seconds {{(pid=95729) _run_loop /opt/stack/data/venv/lib/python3.12/site-packages/oslo_service/backend/_threading/loopingcall.py:125}}
May 27 14:05:49.675017 np0000001511 nova-scheduler[95729]: DEBUG oslo.service.backend._threading.loopingcall [-] Fixed interval looping call 'nova.servicegroup.drivers.db.DbDriver._report_state' sleeping for 119.99 seconds {{(pid=95729) _run_loop /opt/stack/data/venv/lib/python3.12/site-packages/oslo_service/backend/_threading/loopingcall.py:125}}
May 27 14:05:49.695921 np0000001511 nova-scheduler[95731]: DEBUG oslo.service.backend._threading.loopingcall [-] Fixed interval looping call 'nova.servicegroup.drivers.db.DbDriver._report_state' sleeping for 120.00 seconds {{(pid=95731) _run_loop /opt/stack/data/venv/lib/python3.12/site-packages/oslo_service/backend/_threading/loopingcall.py:125}}
May 27 14:05:49.720469 np0000001511 nova-scheduler[95733]: DEBUG oslo.service.backend._threading.loopingcall [-] Fixed interval looping call 'nova.servicegroup.drivers.db.DbDriver._report_state' sleeping for 120.00 seconds {{(pid=95733) _run_loop /opt/stack/data/venv/lib/python3.12/site-packages/oslo_service/backend/_threading/loopingcall.py:125}}
May 27 14:05:59.671532 np0000001511 nova-scheduler[95729]: DEBUG dbcounter [-] [95729] Writing DB stats nova_cell0:SELECT=1,nova_cell0:UPDATE=1 {{(pid=95729) stat_writer /opt/stack/data/venv/lib/python3.12/site-packages/dbcounter.py:115}}
May 27 14:05:59.692058 np0000001511 nova-scheduler[95731]: DEBUG oslo.service.backend._threading.loopingcall [None req-2947dff1-c3be-4b6f-b634-5f9942659475 None None] Dynamic interval looping call 'nova.service.Service.periodic_tasks' sleeping for 60.00 seconds {{(pid=95731) _run_loop /opt/stack/data/venv/lib/python3.12/site-packages/oslo_service/backend/_threading/loopingcall.py:125}}
May 27 14:05:59.693720 np0000001511 nova-scheduler[95731]: DEBUG dbcounter [-] [95731] Writing DB stats nova_cell0:SELECT=1 {{(pid=95731) stat_writer /opt/stack/data/venv/lib/python3.12/site-packages/dbcounter.py:115}}
May 27 14:05:59.718629 np0000001511 nova-scheduler[95733]: DEBUG dbcounter [-] [95733] Writing DB stats nova_cell0:SELECT=1 {{(pid=95733) stat_writer /opt/stack/data/venv/lib/python3.12/site-packages/dbcounter.py:115}}
May 27 14:06:08.717809 np0000001511 nova-scheduler[95733]: DEBUG oslo.service.backend._threading.loopingcall [None req-099d8112-9986-4450-9807-7adc771177ac None None] Dynamic interval looping call 'nova.service.Service.periodic_tasks' sleeping for 60.00 seconds {{(pid=95733) _run_loop /opt/stack/data/venv/lib/python3.12/site-packages/oslo_service/backend/_threading/loopingcall.py:125}}
May 27 14:06:23.423923 np0000001511 nova-scheduler[95729]: DEBUG nova.scheduler.manager [None req-7c82e603-313a-4220-b23c-45f1f7cb8b37 tempest-DeleteServersTestJSON-1340932849 tempest-DeleteServersTestJSON-1340932849-project-member] Starting to schedule for instances: ['a011850f-6a52-480d-9f9f-522aadf39e73'] {{(pid=95729) select_destinations /opt/stack/nova/nova/scheduler/manager.py:210}}
May 27 14:06:23.424788 np0000001511 nova-scheduler[95729]: DEBUG nova.scheduler.request_filter [None req-7c82e603-313a-4220-b23c-45f1f7cb8b37 tempest-DeleteServersTestJSON-1340932849 tempest-DeleteServersTestJSON-1340932849-project-member] compute_status_filter request filter added forbidden trait COMPUTE_STATUS_DISABLED {{(pid=95729) compute_status_filter /opt/stack/nova/nova/scheduler/request_filter.py:253}}
May 27 14:06:23.425093 np0000001511 nova-scheduler[95729]: DEBUG nova.scheduler.request_filter [None req-7c82e603-313a-4220-b23c-45f1f7cb8b37 tempest-DeleteServersTestJSON-1340932849 tempest-DeleteServersTestJSON-1340932849-project-member] Request filter 'compute_status_filter' took 0.0 seconds {{(pid=95729) wrapper /opt/stack/nova/nova/scheduler/request_filter.py:46}}
May 27 14:06:23.425436 np0000001511 nova-scheduler[95729]: DEBUG nova.scheduler.request_filter [None req-7c82e603-313a-4220-b23c-45f1f7cb8b37 tempest-DeleteServersTestJSON-1340932849 tempest-DeleteServersTestJSON-1340932849-project-member] Request filter 'accelerators_filter' took 0.0 seconds {{(pid=95729) wrapper /opt/stack/nova/nova/scheduler/request_filter.py:46}}
May 27 14:06:23.425689 np0000001511 nova-scheduler[95729]: DEBUG nova.scheduler.request_filter [None req-7c82e603-313a-4220-b23c-45f1f7cb8b37 tempest-DeleteServersTestJSON-1340932849 tempest-DeleteServersTestJSON-1340932849-project-member] Request filter 'packed_virtqueue_filter' took 0.0 seconds {{(pid=95729) wrapper /opt/stack/nova/nova/scheduler/request_filter.py:46}}
May 27 14:06:23.426108 np0000001511 nova-scheduler[95729]: DEBUG nova.scheduler.request_filter [None req-7c82e603-313a-4220-b23c-45f1f7cb8b37 tempest-DeleteServersTestJSON-1340932849 tempest-DeleteServersTestJSON-1340932849-project-member] Request filter 'remote_managed_ports_filter' took 0.0 seconds {{(pid=95729) wrapper /opt/stack/nova/nova/scheduler/request_filter.py:46}}
May 27 14:06:23.426341 np0000001511 nova-scheduler[95729]: DEBUG nova.scheduler.request_filter [None req-7c82e603-313a-4220-b23c-45f1f7cb8b37 tempest-DeleteServersTestJSON-1340932849 tempest-DeleteServersTestJSON-1340932849-project-member] ephemeral_encryption_filter skipped {{(pid=95729) ephemeral_encryption_filter /opt/stack/nova/nova/scheduler/request_filter.py:426}}
May 27 14:06:23.426537 np0000001511 nova-scheduler[95729]: DEBUG nova.scheduler.request_filter [None req-7c82e603-313a-4220-b23c-45f1f7cb8b37 tempest-DeleteServersTestJSON-1340932849 tempest-DeleteServersTestJSON-1340932849-project-member] virtio_sound_filter skipped {{(pid=95729) virtio_sound_filter /opt/stack/nova/nova/scheduler/request_filter.py:460}}
May 27 14:06:23.426741 np0000001511 nova-scheduler[95729]: DEBUG nova.scheduler.request_filter [None req-7c82e603-313a-4220-b23c-45f1f7cb8b37 tempest-DeleteServersTestJSON-1340932849 tempest-DeleteServersTestJSON-1340932849-project-member] tpm_secret_security_filter skipped {{(pid=95729) tpm_secret_security_filter /opt/stack/nova/nova/scheduler/request_filter.py:477}}
May 27 14:06:24.110869 np0000001511 nova-scheduler[95729]: INFO nova.utils [None req-7c82e603-313a-4220-b23c-45f1f7cb8b37 tempest-DeleteServersTestJSON-1340932849 tempest-DeleteServersTestJSON-1340932849-project-member] The cell worker thread pool ForkProcess-1.cell_worker is initialized
May 27 14:06:24.111211 np0000001511 nova-scheduler[95729]: DEBUG oslo_concurrency.lockutils [None req-7c82e603-313a-4220-b23c-45f1f7cb8b37 tempest-DeleteServersTestJSON-1340932849 tempest-DeleteServersTestJSON-1340932849-project-member] Acquiring lock "177eda83-99e9-4194-b37a-ae1046ddef85" by "nova.context.set_target_cell..get_or_set_cached_cell_and_set_connections" {{(pid=95729) inner /opt/stack/data/venv/lib/python3.12/site-packages/oslo_concurrency/lockutils.py:511}}
May 27 14:06:24.111452 np0000001511 nova-scheduler[95729]: DEBUG oslo_concurrency.lockutils [None req-7c82e603-313a-4220-b23c-45f1f7cb8b37 tempest-DeleteServersTestJSON-1340932849 tempest-DeleteServersTestJSON-1340932849-project-member] Lock "177eda83-99e9-4194-b37a-ae1046ddef85" acquired by "nova.context.set_target_cell..get_or_set_cached_cell_and_set_connections" :: waited 0.000s {{(pid=95729) inner /opt/stack/data/venv/lib/python3.12/site-packages/oslo_concurrency/lockutils.py:524}}
May 27 14:06:24.112810 np0000001511 nova-scheduler[95729]: DEBUG oslo_concurrency.lockutils [None req-7c82e603-313a-4220-b23c-45f1f7cb8b37 tempest-DeleteServersTestJSON-1340932849 tempest-DeleteServersTestJSON-1340932849-project-member] Lock "177eda83-99e9-4194-b37a-ae1046ddef85" "released" by "nova.context.set_target_cell..get_or_set_cached_cell_and_set_connections" :: held 0.001s {{(pid=95729) inner /opt/stack/data/venv/lib/python3.12/site-packages/oslo_concurrency/lockutils.py:543}}
May 27 14:06:24.115659 np0000001511 nova-scheduler[95729]: INFO dbcounter [None req-7c82e603-313a-4220-b23c-45f1f7cb8b37 tempest-DeleteServersTestJSON-1340932849 tempest-DeleteServersTestJSON-1340932849-project-member] Registered counter for database nova_cell1
May 27 14:06:24.172148 np0000001511 nova-scheduler[95729]: DEBUG oslo_db.sqlalchemy.engines [None req-7c82e603-313a-4220-b23c-45f1f7cb8b37 tempest-DeleteServersTestJSON-1340932849 tempest-DeleteServersTestJSON-1340932849-project-member] MySQL server mode set to STRICT_TRANS_TABLES,STRICT_ALL_TABLES,NO_ZERO_IN_DATE,NO_ZERO_DATE,ERROR_FOR_DIVISION_BY_ZERO,TRADITIONAL,NO_ENGINE_SUBSTITUTION {{(pid=95729) _check_effective_sql_mode /opt/stack/data/venv/lib/python3.12/site-packages/oslo_db/sqlalchemy/engines.py:325}}
May 27 14:06:24.177414 np0000001511 nova-scheduler[95729]: DEBUG dbcounter [-] [95729] Writer thread running {{(pid=95729) stat_writer /opt/stack/data/venv/lib/python3.12/site-packages/dbcounter.py:102}}
May 27 14:06:24.188508 np0000001511 nova-scheduler[95729]: DEBUG oslo_db.sqlalchemy.engines [None req-7c82e603-313a-4220-b23c-45f1f7cb8b37 tempest-DeleteServersTestJSON-1340932849 tempest-DeleteServersTestJSON-1340932849-project-member] Parent process 94448 forked (95729) with an open database connection, which is being discarded and recreated. {{(pid=95729) checkout /opt/stack/data/venv/lib/python3.12/site-packages/oslo_db/sqlalchemy/engines.py:402}}
May 27 14:06:24.238154 np0000001511 nova-scheduler[95729]: DEBUG dbcounter [-] [95729] Writer thread running {{(pid=95729) stat_writer /opt/stack/data/venv/lib/python3.12/site-packages/dbcounter.py:102}}
May 27 14:06:24.241385 np0000001511 nova-scheduler[95729]: DEBUG oslo_concurrency.lockutils [None req-7c82e603-313a-4220-b23c-45f1f7cb8b37 tempest-DeleteServersTestJSON-1340932849 tempest-DeleteServersTestJSON-1340932849-project-member] Acquiring lock "177eda83-99e9-4194-b37a-ae1046ddef85" by "nova.context.set_target_cell..get_or_set_cached_cell_and_set_connections" {{(pid=95729) inner /opt/stack/data/venv/lib/python3.12/site-packages/oslo_concurrency/lockutils.py:511}}
May 27 14:06:24.241538 np0000001511 nova-scheduler[95729]: DEBUG oslo_concurrency.lockutils [None req-7c82e603-313a-4220-b23c-45f1f7cb8b37 tempest-DeleteServersTestJSON-1340932849 tempest-DeleteServersTestJSON-1340932849-project-member] Lock "177eda83-99e9-4194-b37a-ae1046ddef85" acquired by "nova.context.set_target_cell..get_or_set_cached_cell_and_set_connections" :: waited 0.000s {{(pid=95729) inner /opt/stack/data/venv/lib/python3.12/site-packages/oslo_concurrency/lockutils.py:524}}
May 27 14:06:24.241710 np0000001511 nova-scheduler[95729]: DEBUG oslo_concurrency.lockutils [None req-7c82e603-313a-4220-b23c-45f1f7cb8b37 tempest-DeleteServersTestJSON-1340932849 tempest-DeleteServersTestJSON-1340932849-project-member] Lock "177eda83-99e9-4194-b37a-ae1046ddef85" "released" by "nova.context.set_target_cell..get_or_set_cached_cell_and_set_connections" :: held 0.000s {{(pid=95729) inner /opt/stack/data/venv/lib/python3.12/site-packages/oslo_concurrency/lockutils.py:543}}
May 27 14:06:24.245594 np0000001511 nova-scheduler[95729]: DEBUG oslo_concurrency.lockutils [None req-7c82e603-313a-4220-b23c-45f1f7cb8b37 tempest-DeleteServersTestJSON-1340932849 tempest-DeleteServersTestJSON-1340932849-project-member] Acquiring lock "('np0000001511', 'np0000001511')" by "nova.scheduler.host_manager.HostState.update.._locked_update" {{(pid=95729) inner /opt/stack/data/venv/lib/python3.12/site-packages/oslo_concurrency/lockutils.py:511}}
May 27 14:06:24.245793 np0000001511 nova-scheduler[95729]: DEBUG oslo_concurrency.lockutils [None req-7c82e603-313a-4220-b23c-45f1f7cb8b37 tempest-DeleteServersTestJSON-1340932849 tempest-DeleteServersTestJSON-1340932849-project-member] Lock "('np0000001511', 'np0000001511')" acquired by "nova.scheduler.host_manager.HostState.update.._locked_update" :: waited 0.000s {{(pid=95729) inner /opt/stack/data/venv/lib/python3.12/site-packages/oslo_concurrency/lockutils.py:524}}
May 27 14:06:24.247367 np0000001511 nova-scheduler[95729]: DEBUG nova.scheduler.host_manager [None req-7c82e603-313a-4220-b23c-45f1f7cb8b37 tempest-DeleteServersTestJSON-1340932849 tempest-DeleteServersTestJSON-1340932849-project-member] Update host state from compute node: ComputeNode(cpu_allocation_ratio=4.0,cpu_info='{"arch": "x86_64", "model": "EPYC-Milan", "vendor": "AMD", "topology": {"cells": 1, "sockets": 12, "cores": 1, "threads": 1}, "maxphysaddr": {"mode": "emulate", "bits": 40}, "features": ["pdpe1gb", "topoext", "pfthreshold", "lm", "tsc-scale", "clflushopt", "xgetbv1", "amd-psfd", "svm", "spec-ctrl", "clwb", "fma", "sse4.2", "tsc-deadline", "pause-filter", "sha-ni", "misalignsse", "invpcid", "xsave", "v-vmsave-vmload", "vme", "bmi2", "avx", "f16c", "amd-stibp", "cx16", "sse2", "ssse3", "flushbyasid", "movbe", "pcid", "lbrv", "wbnoinvd", "cr8legacy", "nrip-save", "stibp-always-on", "apic", "mmxext", "xsavec", "sse4.1", "sse4a", "pschange-mc-no", "smap", "gds-no", "smep", "pclmuldq", "rdtscp", "pse36", "xsaveopt", "mmx", "cmov", "mtrr", "3dnowprefetch", "clzero", "hypervisor", "clflush", "nx", "mca", "pge", "ibrs", "vgif", "arat", "aes", "no-nested-data-bp", "umip", "pse", "skip-l1dfl-vmentry", "rdctl-no", "avx2", "xsaves", "ibpb", "lfence-always-serializing", "vmcb-clean", "ssbd", "msr", "rdseed", "mce", "virt-ssbd", "npt", "sep", "erms", "sse", "syscall", "rdpid", "amd-ssbd", "bmi1", "svme-addr-chk", "null-sel-clr-base", "cmp_legacy", "rdrand", "fpu", "fxsr_opt", "fxsr", "fsgsbase", "xsaveerptr", "arch-capabilities", "de", "adx", "pat", "mds-no", "cx8", "pae", "perfctr_core", "tsc_adjust", "fsrm", "x2apic", "vpclmulqdq", "popcnt", "abm", "tsc", "osvw", "stibp", "lahf_lm", "pku", "pni", "vaes"]}',created_at=2026-05-27T14:04:10Z,current_workload=0,deleted=False,deleted_at=None,disk_allocation_ratio=1.0,disk_available_least=74,free_disk_gb=95,free_ram_mb=23518,host='np0000001511',host_ip=10.4.3.156,hypervisor_hostname='np0000001511',hypervisor_type='QEMU',hypervisor_version=8002002,id=1,local_gb=95,local_gb_used=0,mapped=1,memory_mb=24030,memory_mb_used=512,metrics='[]',numa_topology='{"nova_object.name": "NUMATopology", "nova_object.namespace": "nova", "nova_object.version": "1.2", "nova_object.data": {"cells": [{"nova_object.name": "NUMACell", "nova_object.namespace": "nova", "nova_object.version": "1.5", "nova_object.data": {"id": 0, "cpuset": [0, 1, 2, 3, 4, 5, 6, 7, 8, 9, 10, 11], "pcpuset": [0, 1, 2, 3, 4, 5, 6, 7, 8, 9, 10, 11], "memory": 24030, "cpu_usage": 0, "memory_usage": 0, "pinned_cpus": [], "siblings": [[6], [2], [5], [11], [8], [4], [1], [7], [10], [0], [3], [9]], "mempages": [{"nova_object.name": "NUMAPagesTopology", "nova_object.namespace": "nova", "nova_object.version": "1.1", "nova_object.data": {"size_kb": 4, "total": 6151798, "used": 0, "reserved": 0}, "nova_object.changes": ["size_kb", "used", "total", "reserved"]}, {"nova_object.name": "NUMAPagesTopology", "nova_object.namespace": "nova", "nova_object.version": "1.1", "nova_object.data": {"size_kb": 2048, "total": 0, "used": 0, "reserved": 0}, "nova_object.changes": ["size_kb", "used", "total", "reserved"]}, {"nova_object.name": "NUMAPagesTopology", "nova_object.namespace": "nova", "nova_object.version": "1.1", "nova_object.data": {"size_kb": 1048576, "total": 0, "used": 0, "reserved": 0}, "nova_object.changes": ["size_kb", "used", "total", "reserved"]}], "network_metadata": {"nova_object.name": "NetworkMetadata", "nova_object.namespace": "nova", "nova_object.version": "1.0", "nova_object.data": {"physnets": [], "tunneled": false}, "nova_object.changes": ["physnets", "tunneled"]}, "socket": null}, "nova_object.changes": ["pcpuset", "memory_usage", "cpu_usage", "memory", "siblings", "id", "network_metadata", "cpuset", "pinned_cpus", "mempages", "socket"]}]}, "nova_object.changes": ["cells"]}',pci_device_pools=PciDevicePoolList,ram_allocation_ratio=1.0,running_vms=0,service_id=3,stats={failed_builds='0',uptime=' 14:05:56 up 26 min, 2 users, load average: 1.30, 1.36, 0.82
May 27 14:06:24.247367 np0000001511 nova-scheduler[95729]: '},supported_hv_specs=[HVSpec,HVSpec,HVSpec,HVSpec,HVSpec,HVSpec,HVSpec,HVSpec,HVSpec,HVSpec,HVSpec,HVSpec,HVSpec,HVSpec,HVSpec,HVSpec,HVSpec,HVSpec,HVSpec,HVSpec,HVSpec,HVSpec,HVSpec,HVSpec,HVSpec],updated_at=2026-05-27T14:05:58Z,uuid=f3628662-f044-4d4c-ae08-74d74b2d2b89,vcpus=12,vcpus_used=0) {{(pid=95729) _locked_update /opt/stack/nova/nova/scheduler/host_manager.py:168}}
May 27 14:06:24.249996 np0000001511 nova-scheduler[95729]: DEBUG nova.scheduler.host_manager [None req-7c82e603-313a-4220-b23c-45f1f7cb8b37 tempest-DeleteServersTestJSON-1340932849 tempest-DeleteServersTestJSON-1340932849-project-member] Update host state with aggregates: [] {{(pid=95729) _locked_update /opt/stack/nova/nova/scheduler/host_manager.py:171}}
May 27 14:06:24.249996 np0000001511 nova-scheduler[95729]: DEBUG nova.scheduler.host_manager [None req-7c82e603-313a-4220-b23c-45f1f7cb8b37 tempest-DeleteServersTestJSON-1340932849 tempest-DeleteServersTestJSON-1340932849-project-member] Update host state with service dict: {'id': 3, 'uuid': '4c1e5229-0680-4f9d-a1e7-5e69546b43fd', 'host': 'np0000001511', 'binary': 'nova-compute', 'topic': 'compute', 'report_count': 2, 'disabled': False, 'disabled_reason': None, 'last_seen_up': datetime.datetime(2026, 5, 27, 14, 6, 19, tzinfo=datetime.timezone.utc), 'forced_down': False, 'version': 72, 'created_at': datetime.datetime(2026, 5, 27, 14, 4, 8, tzinfo=datetime.timezone.utc), 'updated_at': datetime.datetime(2026, 5, 27, 14, 6, 19, tzinfo=datetime.timezone.utc), 'deleted_at': None, 'deleted': False} {{(pid=95729) _locked_update /opt/stack/nova/nova/scheduler/host_manager.py:174}}
May 27 14:06:24.249996 np0000001511 nova-scheduler[95729]: DEBUG nova.scheduler.host_manager [None req-7c82e603-313a-4220-b23c-45f1f7cb8b37 tempest-DeleteServersTestJSON-1340932849 tempest-DeleteServersTestJSON-1340932849-project-member] Update host state with instances: [] {{(pid=95729) _locked_update /opt/stack/nova/nova/scheduler/host_manager.py:177}}
May 27 14:06:24.249996 np0000001511 nova-scheduler[95729]: DEBUG oslo_concurrency.lockutils [None req-7c82e603-313a-4220-b23c-45f1f7cb8b37 tempest-DeleteServersTestJSON-1340932849 tempest-DeleteServersTestJSON-1340932849-project-member] Lock "('np0000001511', 'np0000001511')" "released" by "nova.scheduler.host_manager.HostState.update.._locked_update" :: held 0.003s {{(pid=95729) inner /opt/stack/data/venv/lib/python3.12/site-packages/oslo_concurrency/lockutils.py:543}}
May 27 14:06:24.249996 np0000001511 nova-scheduler[95729]: DEBUG nova.filters [None req-7c82e603-313a-4220-b23c-45f1f7cb8b37 tempest-DeleteServersTestJSON-1340932849 tempest-DeleteServersTestJSON-1340932849-project-member] Starting with 1 host(s) {{(pid=95729) get_filtered_objects /opt/stack/nova/nova/filters.py:70}}
May 27 14:06:24.249996 np0000001511 nova-scheduler[95729]: DEBUG nova.filters [None req-7c82e603-313a-4220-b23c-45f1f7cb8b37 tempest-DeleteServersTestJSON-1340932849 tempest-DeleteServersTestJSON-1340932849-project-member] Filter ComputeFilter returned 1 host(s) {{(pid=95729) get_filtered_objects /opt/stack/nova/nova/filters.py:102}}
May 27 14:06:24.249996 np0000001511 nova-scheduler[95729]: DEBUG nova.filters [None req-7c82e603-313a-4220-b23c-45f1f7cb8b37 tempest-DeleteServersTestJSON-1340932849 tempest-DeleteServersTestJSON-1340932849-project-member] Filter ComputeCapabilitiesFilter returned 1 host(s) {{(pid=95729) get_filtered_objects /opt/stack/nova/nova/filters.py:102}}
May 27 14:06:24.249996 np0000001511 nova-scheduler[95729]: DEBUG nova.filters [None req-7c82e603-313a-4220-b23c-45f1f7cb8b37 tempest-DeleteServersTestJSON-1340932849 tempest-DeleteServersTestJSON-1340932849-project-member] Filter ImagePropertiesFilter returned 1 host(s) {{(pid=95729) get_filtered_objects /opt/stack/nova/nova/filters.py:102}}
May 27 14:06:24.250435 np0000001511 nova-scheduler[95729]: DEBUG nova.filters [None req-7c82e603-313a-4220-b23c-45f1f7cb8b37 tempest-DeleteServersTestJSON-1340932849 tempest-DeleteServersTestJSON-1340932849-project-member] Filter ServerGroupAntiAffinityFilter returned 1 host(s) {{(pid=95729) get_filtered_objects /opt/stack/nova/nova/filters.py:102}}
May 27 14:06:24.250435 np0000001511 nova-scheduler[95729]: DEBUG nova.filters [None req-7c82e603-313a-4220-b23c-45f1f7cb8b37 tempest-DeleteServersTestJSON-1340932849 tempest-DeleteServersTestJSON-1340932849-project-member] Filter ServerGroupAffinityFilter returned 1 host(s) {{(pid=95729) get_filtered_objects /opt/stack/nova/nova/filters.py:102}}
May 27 14:06:24.250498 np0000001511 nova-scheduler[95729]: DEBUG nova.filters [None req-7c82e603-313a-4220-b23c-45f1f7cb8b37 tempest-DeleteServersTestJSON-1340932849 tempest-DeleteServersTestJSON-1340932849-project-member] Filter SameHostFilter returned 1 host(s) {{(pid=95729) get_filtered_objects /opt/stack/nova/nova/filters.py:102}}
May 27 14:06:24.250635 np0000001511 nova-scheduler[95729]: DEBUG nova.filters [None req-7c82e603-313a-4220-b23c-45f1f7cb8b37 tempest-DeleteServersTestJSON-1340932849 tempest-DeleteServersTestJSON-1340932849-project-member] Filter DifferentHostFilter returned 1 host(s) {{(pid=95729) get_filtered_objects /opt/stack/nova/nova/filters.py:102}}
May 27 14:06:24.250816 np0000001511 nova-scheduler[95729]: DEBUG nova.scheduler.manager [None req-7c82e603-313a-4220-b23c-45f1f7cb8b37 tempest-DeleteServersTestJSON-1340932849 tempest-DeleteServersTestJSON-1340932849-project-member] Filtered [(np0000001511, np0000001511) ram: 23518MB disk: 75776MB io_ops: 0 instances: 0, allocation_candidates: 1] {{(pid=95729) _get_sorted_hosts /opt/stack/nova/nova/scheduler/manager.py:743}}
May 27 14:06:24.251075 np0000001511 nova-scheduler[95729]: DEBUG nova.scheduler.manager [None req-7c82e603-313a-4220-b23c-45f1f7cb8b37 tempest-DeleteServersTestJSON-1340932849 tempest-DeleteServersTestJSON-1340932849-project-member] Weighed [WeighedHost [host: (np0000001511, np0000001511) ram: 23518MB disk: 75776MB io_ops: 0 instances: 0, allocation_candidates: 1, weight: 0.0]] {{(pid=95729) _get_sorted_hosts /opt/stack/nova/nova/scheduler/manager.py:765}}
May 27 14:06:24.251428 np0000001511 nova-scheduler[95729]: DEBUG nova.scheduler.utils [None req-7c82e603-313a-4220-b23c-45f1f7cb8b37 tempest-DeleteServersTestJSON-1340932849 tempest-DeleteServersTestJSON-1340932849-project-member] Attempting to claim resources in the placement API for instance a011850f-6a52-480d-9f9f-522aadf39e73 {{(pid=95729) claim_resources /opt/stack/nova/nova/scheduler/utils.py:1304}}
May 27 14:06:24.390521 np0000001511 nova-scheduler[95731]: DEBUG nova.scheduler.manager [None req-ea985903-4d3a-4428-95aa-aac2d6057239 tempest-ServerActionsTestOtherA-1533973284 tempest-ServerActionsTestOtherA-1533973284-project-member] Starting to schedule for instances: ['ce9d2560-7755-4bdb-a8ff-c62dfb65a4dd'] {{(pid=95731) select_destinations /opt/stack/nova/nova/scheduler/manager.py:210}}
May 27 14:06:24.391051 np0000001511 nova-scheduler[95731]: DEBUG nova.scheduler.request_filter [None req-ea985903-4d3a-4428-95aa-aac2d6057239 tempest-ServerActionsTestOtherA-1533973284 tempest-ServerActionsTestOtherA-1533973284-project-member] compute_status_filter request filter added forbidden trait COMPUTE_STATUS_DISABLED {{(pid=95731) compute_status_filter /opt/stack/nova/nova/scheduler/request_filter.py:253}}
May 27 14:06:24.391146 np0000001511 nova-scheduler[95731]: DEBUG nova.scheduler.request_filter [None req-ea985903-4d3a-4428-95aa-aac2d6057239 tempest-ServerActionsTestOtherA-1533973284 tempest-ServerActionsTestOtherA-1533973284-project-member] Request filter 'compute_status_filter' took 0.0 seconds {{(pid=95731) wrapper /opt/stack/nova/nova/scheduler/request_filter.py:46}}
May 27 14:06:24.391453 np0000001511 nova-scheduler[95731]: DEBUG nova.scheduler.request_filter [None req-ea985903-4d3a-4428-95aa-aac2d6057239 tempest-ServerActionsTestOtherA-1533973284 tempest-ServerActionsTestOtherA-1533973284-project-member] Request filter 'accelerators_filter' took 0.0 seconds {{(pid=95731) wrapper /opt/stack/nova/nova/scheduler/request_filter.py:46}}
May 27 14:06:24.391673 np0000001511 nova-scheduler[95731]: DEBUG nova.scheduler.request_filter [None req-ea985903-4d3a-4428-95aa-aac2d6057239 tempest-ServerActionsTestOtherA-1533973284 tempest-ServerActionsTestOtherA-1533973284-project-member] Request filter 'packed_virtqueue_filter' took 0.0 seconds {{(pid=95731) wrapper /opt/stack/nova/nova/scheduler/request_filter.py:46}}
May 27 14:06:24.392117 np0000001511 nova-scheduler[95731]: DEBUG nova.scheduler.request_filter [None req-ea985903-4d3a-4428-95aa-aac2d6057239 tempest-ServerActionsTestOtherA-1533973284 tempest-ServerActionsTestOtherA-1533973284-project-member] Request filter 'remote_managed_ports_filter' took 0.0 seconds {{(pid=95731) wrapper /opt/stack/nova/nova/scheduler/request_filter.py:46}}
May 27 14:06:24.392217 np0000001511 nova-scheduler[95731]: DEBUG nova.scheduler.request_filter [None req-ea985903-4d3a-4428-95aa-aac2d6057239 tempest-ServerActionsTestOtherA-1533973284 tempest-ServerActionsTestOtherA-1533973284-project-member] ephemeral_encryption_filter skipped {{(pid=95731) ephemeral_encryption_filter /opt/stack/nova/nova/scheduler/request_filter.py:426}}
May 27 14:06:24.392492 np0000001511 nova-scheduler[95731]: DEBUG nova.scheduler.request_filter [None req-ea985903-4d3a-4428-95aa-aac2d6057239 tempest-ServerActionsTestOtherA-1533973284 tempest-ServerActionsTestOtherA-1533973284-project-member] virtio_sound_filter skipped {{(pid=95731) virtio_sound_filter /opt/stack/nova/nova/scheduler/request_filter.py:460}}
May 27 14:06:24.392592 np0000001511 nova-scheduler[95731]: DEBUG nova.scheduler.request_filter [None req-ea985903-4d3a-4428-95aa-aac2d6057239 tempest-ServerActionsTestOtherA-1533973284 tempest-ServerActionsTestOtherA-1533973284-project-member] tpm_secret_security_filter skipped {{(pid=95731) tpm_secret_security_filter /opt/stack/nova/nova/scheduler/request_filter.py:477}}
May 27 14:06:24.433861 np0000001511 nova-scheduler[95729]: DEBUG nova.scheduler.manager [None req-7c82e603-313a-4220-b23c-45f1f7cb8b37 tempest-DeleteServersTestJSON-1340932849 tempest-DeleteServersTestJSON-1340932849-project-member] [instance: a011850f-6a52-480d-9f9f-522aadf39e73] Selected host: (np0000001511, np0000001511) ram: 23518MB disk: 75776MB io_ops: 0 instances: 0, allocation_candidates: 1 {{(pid=95729) _consume_selected_host /opt/stack/nova/nova/scheduler/manager.py:625}}
May 27 14:06:24.434284 np0000001511 nova-scheduler[95729]: DEBUG oslo_concurrency.lockutils [None req-7c82e603-313a-4220-b23c-45f1f7cb8b37 tempest-DeleteServersTestJSON-1340932849 tempest-DeleteServersTestJSON-1340932849-project-member] Acquiring lock "('np0000001511', 'np0000001511')" by "nova.scheduler.host_manager.HostState.consume_from_request.._locked" {{(pid=95729) inner /opt/stack/data/venv/lib/python3.12/site-packages/oslo_concurrency/lockutils.py:511}}
May 27 14:06:24.434284 np0000001511 nova-scheduler[95729]: DEBUG oslo_concurrency.lockutils [None req-7c82e603-313a-4220-b23c-45f1f7cb8b37 tempest-DeleteServersTestJSON-1340932849 tempest-DeleteServersTestJSON-1340932849-project-member] Lock "('np0000001511', 'np0000001511')" acquired by "nova.scheduler.host_manager.HostState.consume_from_request.._locked" :: waited 0.000s {{(pid=95729) inner /opt/stack/data/venv/lib/python3.12/site-packages/oslo_concurrency/lockutils.py:524}}
May 27 14:06:24.434597 np0000001511 nova-scheduler[95729]: DEBUG oslo_concurrency.lockutils [None req-7c82e603-313a-4220-b23c-45f1f7cb8b37 tempest-DeleteServersTestJSON-1340932849 tempest-DeleteServersTestJSON-1340932849-project-member] Lock "('np0000001511', 'np0000001511')" "released" by "nova.scheduler.host_manager.HostState.consume_from_request.._locked" :: held 0.000s {{(pid=95729) inner /opt/stack/data/venv/lib/python3.12/site-packages/oslo_concurrency/lockutils.py:543}}
May 27 14:06:24.505110 np0000001511 nova-scheduler[95731]: INFO nova.utils [None req-ea985903-4d3a-4428-95aa-aac2d6057239 tempest-ServerActionsTestOtherA-1533973284 tempest-ServerActionsTestOtherA-1533973284-project-member] The cell worker thread pool ForkProcess-2.cell_worker is initialized
May 27 14:06:24.505526 np0000001511 nova-scheduler[95731]: DEBUG oslo_concurrency.lockutils [None req-ea985903-4d3a-4428-95aa-aac2d6057239 tempest-ServerActionsTestOtherA-1533973284 tempest-ServerActionsTestOtherA-1533973284-project-member] Acquiring lock "177eda83-99e9-4194-b37a-ae1046ddef85" by "nova.context.set_target_cell..get_or_set_cached_cell_and_set_connections" {{(pid=95731) inner /opt/stack/data/venv/lib/python3.12/site-packages/oslo_concurrency/lockutils.py:511}}
May 27 14:06:24.505794 np0000001511 nova-scheduler[95731]: DEBUG oslo_concurrency.lockutils [None req-ea985903-4d3a-4428-95aa-aac2d6057239 tempest-ServerActionsTestOtherA-1533973284 tempest-ServerActionsTestOtherA-1533973284-project-member] Lock "177eda83-99e9-4194-b37a-ae1046ddef85" acquired by "nova.context.set_target_cell..get_or_set_cached_cell_and_set_connections" :: waited 0.000s {{(pid=95731) inner /opt/stack/data/venv/lib/python3.12/site-packages/oslo_concurrency/lockutils.py:524}}
May 27 14:06:24.507464 np0000001511 nova-scheduler[95731]: DEBUG oslo_concurrency.lockutils [None req-ea985903-4d3a-4428-95aa-aac2d6057239 tempest-ServerActionsTestOtherA-1533973284 tempest-ServerActionsTestOtherA-1533973284-project-member] Lock "177eda83-99e9-4194-b37a-ae1046ddef85" "released" by "nova.context.set_target_cell..get_or_set_cached_cell_and_set_connections" :: held 0.002s {{(pid=95731) inner /opt/stack/data/venv/lib/python3.12/site-packages/oslo_concurrency/lockutils.py:543}}
May 27 14:06:24.509685 np0000001511 nova-scheduler[95731]: INFO dbcounter [None req-ea985903-4d3a-4428-95aa-aac2d6057239 tempest-ServerActionsTestOtherA-1533973284 tempest-ServerActionsTestOtherA-1533973284-project-member] Registered counter for database nova_cell1
May 27 14:06:24.568908 np0000001511 nova-scheduler[95731]: DEBUG oslo_db.sqlalchemy.engines [None req-ea985903-4d3a-4428-95aa-aac2d6057239 tempest-ServerActionsTestOtherA-1533973284 tempest-ServerActionsTestOtherA-1533973284-project-member] MySQL server mode set to STRICT_TRANS_TABLES,STRICT_ALL_TABLES,NO_ZERO_IN_DATE,NO_ZERO_DATE,ERROR_FOR_DIVISION_BY_ZERO,TRADITIONAL,NO_ENGINE_SUBSTITUTION {{(pid=95731) _check_effective_sql_mode /opt/stack/data/venv/lib/python3.12/site-packages/oslo_db/sqlalchemy/engines.py:325}}
May 27 14:06:24.577093 np0000001511 nova-scheduler[95731]: DEBUG dbcounter [-] [95731] Writer thread running {{(pid=95731) stat_writer /opt/stack/data/venv/lib/python3.12/site-packages/dbcounter.py:102}}
May 27 14:06:24.638231 np0000001511 nova-scheduler[95731]: DEBUG dbcounter [-] [95731] Writer thread running {{(pid=95731) stat_writer /opt/stack/data/venv/lib/python3.12/site-packages/dbcounter.py:102}}
May 27 14:06:24.640914 np0000001511 nova-scheduler[95731]: DEBUG oslo_concurrency.lockutils [None req-ea985903-4d3a-4428-95aa-aac2d6057239 tempest-ServerActionsTestOtherA-1533973284 tempest-ServerActionsTestOtherA-1533973284-project-member] Acquiring lock "177eda83-99e9-4194-b37a-ae1046ddef85" by "nova.context.set_target_cell..get_or_set_cached_cell_and_set_connections" {{(pid=95731) inner /opt/stack/data/venv/lib/python3.12/site-packages/oslo_concurrency/lockutils.py:511}}
May 27 14:06:24.641066 np0000001511 nova-scheduler[95731]: DEBUG oslo_concurrency.lockutils [None req-ea985903-4d3a-4428-95aa-aac2d6057239 tempest-ServerActionsTestOtherA-1533973284 tempest-ServerActionsTestOtherA-1533973284-project-member] Lock "177eda83-99e9-4194-b37a-ae1046ddef85" acquired by "nova.context.set_target_cell..get_or_set_cached_cell_and_set_connections" :: waited 0.000s {{(pid=95731) inner /opt/stack/data/venv/lib/python3.12/site-packages/oslo_concurrency/lockutils.py:524}}
May 27 14:06:24.641919 np0000001511 nova-scheduler[95731]: DEBUG oslo_concurrency.lockutils [None req-ea985903-4d3a-4428-95aa-aac2d6057239 tempest-ServerActionsTestOtherA-1533973284 tempest-ServerActionsTestOtherA-1533973284-project-member] Lock "177eda83-99e9-4194-b37a-ae1046ddef85" "released" by "nova.context.set_target_cell..get_or_set_cached_cell_and_set_connections" :: held 0.000s {{(pid=95731) inner /opt/stack/data/venv/lib/python3.12/site-packages/oslo_concurrency/lockutils.py:543}}
May 27 14:06:24.645871 np0000001511 nova-scheduler[95731]: DEBUG oslo_concurrency.lockutils [None req-ea985903-4d3a-4428-95aa-aac2d6057239 tempest-ServerActionsTestOtherA-1533973284 tempest-ServerActionsTestOtherA-1533973284-project-member] Acquiring lock "('np0000001511', 'np0000001511')" by "nova.scheduler.host_manager.HostState.update.._locked_update" {{(pid=95731) inner /opt/stack/data/venv/lib/python3.12/site-packages/oslo_concurrency/lockutils.py:511}}
May 27 14:06:24.646064 np0000001511 nova-scheduler[95731]: DEBUG oslo_concurrency.lockutils [None req-ea985903-4d3a-4428-95aa-aac2d6057239 tempest-ServerActionsTestOtherA-1533973284 tempest-ServerActionsTestOtherA-1533973284-project-member] Lock "('np0000001511', 'np0000001511')" acquired by "nova.scheduler.host_manager.HostState.update.._locked_update" :: waited 0.000s {{(pid=95731) inner /opt/stack/data/venv/lib/python3.12/site-packages/oslo_concurrency/lockutils.py:524}}
