May 27 14:03:16.540185 np0000001511 neutron-periodic-workers[91752]: DEBUG cotyledon.oslo_config_glue [-] database.pool_timeout = None {{(pid=91752) log_opt_values /opt/stack/data/venv/lib/python3.12/site-packages/oslo_config/cfg.py:3256}}
May 27 14:03:16.540239 np0000001511 neutron-periodic-workers[91752]: DEBUG cotyledon.oslo_config_glue [-] database.retry_interval = 10 {{(pid=91752) log_opt_values /opt/stack/data/venv/lib/python3.12/site-packages/oslo_config/cfg.py:3256}}
May 27 14:03:16.540314 np0000001511 neutron-periodic-workers[91752]: DEBUG cotyledon.oslo_config_glue [-] database.slave_connection = **** {{(pid=91752) log_opt_values /opt/stack/data/venv/lib/python3.12/site-packages/oslo_config/cfg.py:3256}}
May 27 14:03:16.540378 np0000001511 neutron-periodic-workers[91752]: DEBUG cotyledon.oslo_config_glue [-] database.sqlite_synchronous = True {{(pid=91752) log_opt_values /opt/stack/data/venv/lib/python3.12/site-packages/oslo_config/cfg.py:3256}}
May 27 14:03:16.540443 np0000001511 neutron-periodic-workers[91752]: DEBUG cotyledon.oslo_config_glue [-] database.synchronous_reader = True {{(pid=91752) log_opt_values /opt/stack/data/venv/lib/python3.12/site-packages/oslo_config/cfg.py:3256}}
May 27 14:03:16.540496 np0000001511 neutron-periodic-workers[91752]: DEBUG cotyledon.oslo_config_glue [-] database.use_db_reconnect = False {{(pid=91752) log_opt_values /opt/stack/data/venv/lib/python3.12/site-packages/oslo_config/cfg.py:3256}}
May 27 14:03:16.540584 np0000001511 neutron-periodic-workers[91752]: DEBUG cotyledon.oslo_config_glue [-] ovn.bfd_min_rx = 1000 {{(pid=91752) log_opt_values /opt/stack/data/venv/lib/python3.12/site-packages/oslo_config/cfg.py:3256}}
May 27 14:03:16.540643 np0000001511 neutron-periodic-workers[91752]: DEBUG cotyledon.oslo_config_glue [-] ovn.bfd_min_tx = 100 {{(pid=91752) log_opt_values /opt/stack/data/venv/lib/python3.12/site-packages/oslo_config/cfg.py:3256}}
May 27 14:03:16.540704 np0000001511 neutron-periodic-workers[91752]: DEBUG cotyledon.oslo_config_glue [-] ovn.bfd_mult = 3 {{(pid=91752) log_opt_values /opt/stack/data/venv/lib/python3.12/site-packages/oslo_config/cfg.py:3256}}
May 27 14:03:16.540760 np0000001511 neutron-periodic-workers[91752]: DEBUG cotyledon.oslo_config_glue [-] ovn.broadcast_arps_to_all_routers = True {{(pid=91752) log_opt_values /opt/stack/data/venv/lib/python3.12/site-packages/oslo_config/cfg.py:3256}}
May 27 14:03:16.540821 np0000001511 neutron-periodic-workers[91752]: DEBUG cotyledon.oslo_config_glue [-] ovn.dhcp_default_lease_time = 43200 {{(pid=91752) log_opt_values /opt/stack/data/venv/lib/python3.12/site-packages/oslo_config/cfg.py:3256}}
May 27 14:03:16.540882 np0000001511 neutron-periodic-workers[91752]: DEBUG cotyledon.oslo_config_glue [-] ovn.disable_ovn_dhcp_for_baremetal_ports = False {{(pid=91752) log_opt_values /opt/stack/data/venv/lib/python3.12/site-packages/oslo_config/cfg.py:3256}}
May 27 14:03:16.540939 np0000001511 neutron-periodic-workers[91752]: DEBUG cotyledon.oslo_config_glue [-] ovn.dns_records_ovn_owned = False {{(pid=91752) log_opt_values /opt/stack/data/venv/lib/python3.12/site-packages/oslo_config/cfg.py:3256}}
May 27 14:03:16.540994 np0000001511 neutron-periodic-workers[91752]: DEBUG cotyledon.oslo_config_glue [-] ovn.dns_servers = [] {{(pid=91752) log_opt_values /opt/stack/data/venv/lib/python3.12/site-packages/oslo_config/cfg.py:3256}}
May 27 14:03:16.541048 np0000001511 neutron-periodic-workers[91752]: DEBUG cotyledon.oslo_config_glue [-] ovn.enable_distributed_floating_ip = False {{(pid=91752) log_opt_values /opt/stack/data/venv/lib/python3.12/site-packages/oslo_config/cfg.py:3256}}
May 27 14:03:16.541103 np0000001511 neutron-periodic-workers[91752]: DEBUG cotyledon.oslo_config_glue [-] ovn.fdb_age_threshold = 300 {{(pid=91752) log_opt_values /opt/stack/data/venv/lib/python3.12/site-packages/oslo_config/cfg.py:3256}}
May 27 14:03:16.541157 np0000001511 neutron-periodic-workers[91752]: DEBUG cotyledon.oslo_config_glue [-] ovn.ha_failover_strategy = normal {{(pid=91752) log_opt_values /opt/stack/data/venv/lib/python3.12/site-packages/oslo_config/cfg.py:3256}}
May 27 14:03:16.541212 np0000001511 neutron-periodic-workers[91752]: DEBUG cotyledon.oslo_config_glue [-] ovn.live_migration_activation_strategy = rarp {{(pid=91752) log_opt_values /opt/stack/data/venv/lib/python3.12/site-packages/oslo_config/cfg.py:3256}}
May 27 14:03:16.541283 np0000001511 neutron-periodic-workers[91752]: DEBUG cotyledon.oslo_config_glue [-] ovn.localnet_learn_fdb = False {{(pid=91752) log_opt_values /opt/stack/data/venv/lib/python3.12/site-packages/oslo_config/cfg.py:3256}}
May 27 14:03:16.541343 np0000001511 neutron-periodic-workers[91752]: DEBUG cotyledon.oslo_config_glue [-] ovn.mac_binding_age_threshold = 300 {{(pid=91752) log_opt_values /opt/stack/data/venv/lib/python3.12/site-packages/oslo_config/cfg.py:3256}}
May 27 14:03:16.541409 np0000001511 neutron-periodic-workers[91752]: DEBUG cotyledon.oslo_config_glue [-] ovn.neutron_sync_mode = log {{(pid=91752) log_opt_values /opt/stack/data/venv/lib/python3.12/site-packages/oslo_config/cfg.py:3256}}
May 27 14:03:16.541466 np0000001511 neutron-periodic-workers[91752]: DEBUG cotyledon.oslo_config_glue [-] ovn.ovn_dhcp4_global_options = {} {{(pid=91752) log_opt_values /opt/stack/data/venv/lib/python3.12/site-packages/oslo_config/cfg.py:3256}}
May 27 14:03:16.541522 np0000001511 neutron-periodic-workers[91752]: DEBUG cotyledon.oslo_config_glue [-] ovn.ovn_dhcp6_global_options = {} {{(pid=91752) log_opt_values /opt/stack/data/venv/lib/python3.12/site-packages/oslo_config/cfg.py:3256}}
May 27 14:03:16.541584 np0000001511 neutron-periodic-workers[91752]: DEBUG cotyledon.oslo_config_glue [-] ovn.ovn_l3_scheduler = leastloaded {{(pid=91752) log_opt_values /opt/stack/data/venv/lib/python3.12/site-packages/oslo_config/cfg.py:3256}}
May 27 14:03:16.541643 np0000001511 neutron-periodic-workers[91752]: DEBUG cotyledon.oslo_config_glue [-] ovn.ovn_metadata_enabled = True {{(pid=91752) log_opt_values /opt/stack/data/venv/lib/python3.12/site-packages/oslo_config/cfg.py:3256}}
May 27 14:03:16.541724 np0000001511 neutron-periodic-workers[91752]: DEBUG cotyledon.oslo_config_glue [-] ovn.ovn_nb_ca_cert = /opt/stack/data/CA/int-ca/ca-chain.pem {{(pid=91752) log_opt_values /opt/stack/data/venv/lib/python3.12/site-packages/oslo_config/cfg.py:3256}}
May 27 14:03:16.541832 np0000001511 neutron-periodic-workers[91752]: DEBUG cotyledon.oslo_config_glue [-] ovn.ovn_nb_certificate = /opt/stack/data/CA/int-ca/devstack-cert.crt {{(pid=91752) log_opt_values /opt/stack/data/venv/lib/python3.12/site-packages/oslo_config/cfg.py:3256}}
May 27 14:03:16.541864 np0000001511 neutron-periodic-workers[91752]: DEBUG cotyledon.oslo_config_glue [-] ovn.ovn_nb_connection = ['ssl:10.4.3.156:6641'] {{(pid=91752) log_opt_values /opt/stack/data/venv/lib/python3.12/site-packages/oslo_config/cfg.py:3256}}
May 27 14:03:16.541910 np0000001511 neutron-periodic-workers[91752]: DEBUG cotyledon.oslo_config_glue [-] ovn.ovn_nb_private_key = /opt/stack/data/CA/int-ca/private/devstack-cert.key {{(pid=91752) log_opt_values /opt/stack/data/venv/lib/python3.12/site-packages/oslo_config/cfg.py:3256}}
May 27 14:03:16.541965 np0000001511 neutron-periodic-workers[91752]: DEBUG cotyledon.oslo_config_glue [-] ovn.ovn_router_indirect_snat = False {{(pid=91752) log_opt_values /opt/stack/data/venv/lib/python3.12/site-packages/oslo_config/cfg.py:3256}}
May 27 14:03:16.542020 np0000001511 neutron-periodic-workers[91752]: DEBUG cotyledon.oslo_config_glue [-] ovn.ovn_sb_ca_cert = /opt/stack/data/CA/int-ca/ca-chain.pem {{(pid=91752) log_opt_values /opt/stack/data/venv/lib/python3.12/site-packages/oslo_config/cfg.py:3256}}
May 27 14:03:16.542075 np0000001511 neutron-periodic-workers[91752]: DEBUG cotyledon.oslo_config_glue [-] ovn.ovn_sb_certificate = /opt/stack/data/CA/int-ca/devstack-cert.crt {{(pid=91752) log_opt_values /opt/stack/data/venv/lib/python3.12/site-packages/oslo_config/cfg.py:3256}}
May 27 14:03:16.542141 np0000001511 neutron-periodic-workers[91752]: DEBUG cotyledon.oslo_config_glue [-] ovn.ovn_sb_connection = ['ssl:10.4.3.156:6642'] {{(pid=91752) log_opt_values /opt/stack/data/venv/lib/python3.12/site-packages/oslo_config/cfg.py:3256}}
May 27 14:03:16.542198 np0000001511 neutron-periodic-workers[91752]: DEBUG cotyledon.oslo_config_glue [-] ovn.ovn_sb_private_key = /opt/stack/data/CA/int-ca/private/devstack-cert.key {{(pid=91752) log_opt_values /opt/stack/data/venv/lib/python3.12/site-packages/oslo_config/cfg.py:3256}}
May 27 14:03:16.542265 np0000001511 neutron-periodic-workers[91752]: DEBUG cotyledon.oslo_config_glue [-] ovn.ovs_create_tap = False {{(pid=91752) log_opt_values /opt/stack/data/venv/lib/python3.12/site-packages/oslo_config/cfg.py:3256}}
May 27 14:03:16.542354 np0000001511 neutron-periodic-workers[91752]: DEBUG cotyledon.oslo_config_glue [-] ovn.ovsdb_connection_timeout = 180 {{(pid=91752) log_opt_values /opt/stack/data/venv/lib/python3.12/site-packages/oslo_config/cfg.py:3256}}
May 27 14:03:16.542387 np0000001511 neutron-periodic-workers[91752]: DEBUG cotyledon.oslo_config_glue [-] ovn.ovsdb_log_level = INFO {{(pid=91752) log_opt_values /opt/stack/data/venv/lib/python3.12/site-packages/oslo_config/cfg.py:3256}}
May 27 14:03:16.542434 np0000001511 neutron-periodic-workers[91752]: DEBUG cotyledon.oslo_config_glue [-] ovn.ovsdb_probe_interval = 60000 {{(pid=91752) log_opt_values /opt/stack/data/venv/lib/python3.12/site-packages/oslo_config/cfg.py:3256}}
May 27 14:03:16.542508 np0000001511 neutron-periodic-workers[91752]: DEBUG cotyledon.oslo_config_glue [-] ovn.ovsdb_retry_max_interval = 180 {{(pid=91752) log_opt_values /opt/stack/data/venv/lib/python3.12/site-packages/oslo_config/cfg.py:3256}}
May 27 14:03:16.542533 np0000001511 neutron-periodic-workers[91752]: DEBUG cotyledon.oslo_config_glue [-] ovn.stateless_nat_enabled = False {{(pid=91752) log_opt_values /opt/stack/data/venv/lib/python3.12/site-packages/oslo_config/cfg.py:3256}}
May 27 14:03:16.542592 np0000001511 neutron-periodic-workers[91752]: DEBUG cotyledon.oslo_config_glue [-] ovn.vhost_sock_dir = /var/run/openvswitch {{(pid=91752) log_opt_values /opt/stack/data/venv/lib/python3.12/site-packages/oslo_config/cfg.py:3256}}
May 27 14:03:16.542668 np0000001511 neutron-periodic-workers[91752]: DEBUG cotyledon.oslo_config_glue [-] OVS.bridge_mac_table_size = 50000 {{(pid=91752) log_opt_values /opt/stack/data/venv/lib/python3.12/site-packages/oslo_config/cfg.py:3256}}
May 27 14:03:16.542746 np0000001511 neutron-periodic-workers[91752]: DEBUG cotyledon.oslo_config_glue [-] OVS.igmp_flood = False {{(pid=91752) log_opt_values /opt/stack/data/venv/lib/python3.12/site-packages/oslo_config/cfg.py:3256}}
May 27 14:03:16.542822 np0000001511 neutron-periodic-workers[91752]: DEBUG cotyledon.oslo_config_glue [-] OVS.igmp_flood_reports = True {{(pid=91752) log_opt_values /opt/stack/data/venv/lib/python3.12/site-packages/oslo_config/cfg.py:3256}}
May 27 14:03:16.542896 np0000001511 neutron-periodic-workers[91752]: DEBUG cotyledon.oslo_config_glue [-] OVS.igmp_flood_unregistered = False {{(pid=91752) log_opt_values /opt/stack/data/venv/lib/python3.12/site-packages/oslo_config/cfg.py:3256}}
May 27 14:03:16.542967 np0000001511 neutron-periodic-workers[91752]: DEBUG cotyledon.oslo_config_glue [-] OVS.igmp_snooping_enable = False {{(pid=91752) log_opt_values /opt/stack/data/venv/lib/python3.12/site-packages/oslo_config/cfg.py:3256}}
May 27 14:03:16.543032 np0000001511 neutron-periodic-workers[91752]: DEBUG cotyledon.oslo_config_glue [-] OVS.ovsdb_timeout = 10 {{(pid=91752) log_opt_values /opt/stack/data/venv/lib/python3.12/site-packages/oslo_config/cfg.py:3256}}
May 27 14:03:16.543111 np0000001511 neutron-periodic-workers[91752]: DEBUG cotyledon.oslo_config_glue [-] ovn_nb_global.fdb_removal_limit = 0 {{(pid=91752) log_opt_values /opt/stack/data/venv/lib/python3.12/site-packages/oslo_config/cfg.py:3256}}
May 27 14:03:16.543173 np0000001511 neutron-periodic-workers[91752]: DEBUG cotyledon.oslo_config_glue [-] ovn_nb_global.ignore_lsp_down = False {{(pid=91752) log_opt_values /opt/stack/data/venv/lib/python3.12/site-packages/oslo_config/cfg.py:3256}}
May 27 14:03:16.543235 np0000001511 neutron-periodic-workers[91752]: DEBUG cotyledon.oslo_config_glue [-] ovn_nb_global.mac_binding_removal_limit = 0 {{(pid=91752) log_opt_values /opt/stack/data/venv/lib/python3.12/site-packages/oslo_config/cfg.py:3256}}
May 27 14:03:16.543314 np0000001511 neutron-periodic-workers[91752]: DEBUG cotyledon.oslo_config_glue [-] ******************************************************************************** {{(pid=91752) log_opt_values /opt/stack/data/venv/lib/python3.12/site-packages/oslo_config/cfg.py:3263}}
May 27 14:03:16.543534 np0000001511 neutron-periodic-workers[91752]: DEBUG cotyledon._service_worker [-] Run service ServiceWrapper(0) [91752] {{(pid=91752) wait_forever /opt/stack/data/venv/lib/python3.12/site-packages/cotyledon/_service_worker.py:218}}
May 27 14:03:26.175669 np0000001511 neutron-periodic-workers[90914]: DEBUG dbcounter [-] [90914] Writing DB stats neutron:SELECT=4 {{(pid=90914) stat_writer /opt/stack/data/venv/lib/python3.12/site-packages/dbcounter.py:115}}
May 27 14:04:18.506118 np0000001511 neutron-periodic-workers[91737]: DEBUG oslo_db.sqlalchemy.engines [None req-7501b998-d1b2-421f-9407-368e7e64879e None None] Parent process 90914 forked (91737) with an open database connection, which is being discarded and recreated. {{(pid=91737) checkout /opt/stack/data/venv/lib/python3.12/site-packages/oslo_db/sqlalchemy/engines.py:402}}
May 27 14:04:18.559052 np0000001511 neutron-periodic-workers[91737]: DEBUG dbcounter [-] [91737] Writer thread running {{(pid=91737) stat_writer /opt/stack/data/venv/lib/python3.12/site-packages/dbcounter.py:102}}
May 27 14:04:18.562901 np0000001511 neutron-periodic-workers[91737]: DEBUG neutron.db.agents_db [None req-7501b998-d1b2-421f-9407-368e7e64879e None None] Agent healthcheck: found 0 active agents {{(pid=91737) agent_health_check /opt/stack/neutron/neutron/db/agents_db.py:322}}
May 27 14:04:18.563169 np0000001511 neutron-periodic-workers[91737]: DEBUG oslo.service.backend._threading.loopingcall [None req-7501b998-d1b2-421f-9407-368e7e64879e None None] Fixed interval looping call 'neutron.plugins.ml2.plugin.AgentDbMixin.agent_health_check' sleeping for 36.94 seconds {{(pid=91737) _run_loop /opt/stack/data/venv/lib/python3.12/site-packages/oslo_service/backend/_threading/loopingcall.py:125}}
May 27 14:04:20.526210 np0000001511 neutron-periodic-workers[91727]: DEBUG dbcounter [-] [91727] Writer thread running {{(pid=91727) stat_writer /opt/stack/data/venv/lib/python3.12/site-packages/dbcounter.py:102}}
May 27 14:04:20.542198 np0000001511 neutron-periodic-workers[91727]: DEBUG oslo.service.backend._threading.loopingcall [None req-38bfa07a-db21-4ff8-86b2-720524d010a6 None None] Fixed interval looping call 'neutron.plugins.ml2.plugin.DhcpAgentSchedulerDbMixin.remove_networks_from_down_agents' sleeping for 36.94 seconds {{(pid=91727) _run_loop /opt/stack/data/venv/lib/python3.12/site-packages/oslo_service/backend/_threading/loopingcall.py:125}}
May 27 14:04:28.559567 np0000001511 neutron-periodic-workers[91737]: DEBUG dbcounter [-] [91737] Writing DB stats neutron:SELECT=1 {{(pid=91737) stat_writer /opt/stack/data/venv/lib/python3.12/site-packages/dbcounter.py:115}}
May 27 14:04:30.541322 np0000001511 neutron-periodic-workers[91727]: DEBUG dbcounter [-] [91727] Writing DB stats neutron:SELECT=3 {{(pid=91727) stat_writer /opt/stack/data/venv/lib/python3.12/site-packages/dbcounter.py:115}}
May 27 14:04:55.507543 np0000001511 neutron-periodic-workers[91737]: DEBUG neutron.db.agents_db [None req-7501b998-d1b2-421f-9407-368e7e64879e None None] Agent healthcheck: found 0 active agents {{(pid=91737) agent_health_check /opt/stack/neutron/neutron/db/agents_db.py:322}}
May 27 14:04:55.507543 np0000001511 neutron-periodic-workers[91737]: DEBUG oslo.service.backend._threading.loopingcall [None req-7501b998-d1b2-421f-9407-368e7e64879e None None] Fixed interval looping call 'neutron.plugins.ml2.plugin.AgentDbMixin.agent_health_check' sleeping for 37.00 seconds {{(pid=91737) _run_loop /opt/stack/data/venv/lib/python3.12/site-packages/oslo_service/backend/_threading/loopingcall.py:125}}
May 27 14:04:57.489438 np0000001511 neutron-periodic-workers[91727]: DEBUG oslo.service.backend._threading.loopingcall [None req-38bfa07a-db21-4ff8-86b2-720524d010a6 None None] Fixed interval looping call 'neutron.plugins.ml2.plugin.DhcpAgentSchedulerDbMixin.remove_networks_from_down_agents' sleeping for 36.99 seconds {{(pid=91727) _run_loop /opt/stack/data/venv/lib/python3.12/site-packages/oslo_service/backend/_threading/loopingcall.py:125}}
May 27 14:05:02.617462 np0000001511 neutron-periodic-workers[91752]: DEBUG dbcounter [-] [91752] Writer thread running {{(pid=91752) stat_writer /opt/stack/data/venv/lib/python3.12/site-packages/dbcounter.py:102}}
May 27 14:05:02.626867 np0000001511 neutron-periodic-workers[91752]: DEBUG oslo.service.backend._threading.loopingcall [None req-b722ebd9-acec-42ac-aef5-2376121e9590 None None] Fixed interval looping call 'neutron.services.ovn_l3.plugin.L3_NAT_dbonly_mixin._clean_garbage' sleeping for 299.92 seconds {{(pid=91752) _run_loop /opt/stack/data/venv/lib/python3.12/site-packages/oslo_service/backend/_threading/loopingcall.py:125}}
May 27 14:05:05.505964 np0000001511 neutron-periodic-workers[91737]: DEBUG dbcounter [-] [91737] Writing DB stats neutron:SELECT=1 {{(pid=91737) stat_writer /opt/stack/data/venv/lib/python3.12/site-packages/dbcounter.py:115}}
May 27 14:05:07.488436 np0000001511 neutron-periodic-workers[91727]: DEBUG dbcounter [-] [91727] Writing DB stats neutron:SELECT=3 {{(pid=91727) stat_writer /opt/stack/data/venv/lib/python3.12/site-packages/dbcounter.py:115}}
May 27 14:05:12.618007 np0000001511 neutron-periodic-workers[91752]: DEBUG dbcounter [-] [91752] Writing DB stats neutron:SELECT=1 {{(pid=91752) stat_writer /opt/stack/data/venv/lib/python3.12/site-packages/dbcounter.py:115}}
May 27 14:05:16.577829 np0000001511 neutron-periodic-workers[91746]: DEBUG dbcounter [-] [91746] Writer thread running {{(pid=91746) stat_writer /opt/stack/data/venv/lib/python3.12/site-packages/dbcounter.py:102}}
May 27 14:05:16.579730 np0000001511 neutron-periodic-workers[91746]: DEBUG oslo.service.backend._threading.loopingcall [None req-d6ebff12-debb-4012-a021-41bf29910b21 None None] Fixed interval looping call 'neutron.db.quota.driver_nolock.DbQuotaNoLockDriver._remove_expired_reservations' sleeping for 119.94 seconds {{(pid=91746) _run_loop /opt/stack/data/venv/lib/python3.12/site-packages/oslo_service/backend/_threading/loopingcall.py:125}}
May 27 14:05:26.578287 np0000001511 neutron-periodic-workers[91746]: DEBUG dbcounter [-] [91746] Writing DB stats neutron:DELETE=1 {{(pid=91746) stat_writer /opt/stack/data/venv/lib/python3.12/site-packages/dbcounter.py:115}}
May 27 14:05:32.511694 np0000001511 neutron-periodic-workers[91737]: DEBUG neutron.db.agents_db [None req-7501b998-d1b2-421f-9407-368e7e64879e None None] Agent healthcheck: found 0 active agents {{(pid=91737) agent_health_check /opt/stack/neutron/neutron/db/agents_db.py:322}}
May 27 14:05:32.512301 np0000001511 neutron-periodic-workers[91737]: DEBUG oslo.service.backend._threading.loopingcall [None req-7501b998-d1b2-421f-9407-368e7e64879e None None] Fixed interval looping call 'neutron.plugins.ml2.plugin.AgentDbMixin.agent_health_check' sleeping for 37.00 seconds {{(pid=91737) _run_loop /opt/stack/data/venv/lib/python3.12/site-packages/oslo_service/backend/_threading/loopingcall.py:125}}
May 27 14:05:34.489844 np0000001511 neutron-periodic-workers[91727]: DEBUG oslo.service.backend._threading.loopingcall [None req-38bfa07a-db21-4ff8-86b2-720524d010a6 None None] Fixed interval looping call 'neutron.plugins.ml2.plugin.DhcpAgentSchedulerDbMixin.remove_networks_from_down_agents' sleeping for 36.99 seconds {{(pid=91727) _run_loop /opt/stack/data/venv/lib/python3.12/site-packages/oslo_service/backend/_threading/loopingcall.py:125}}
May 27 14:05:42.510326 np0000001511 neutron-periodic-workers[91737]: DEBUG dbcounter [-] [91737] Writing DB stats neutron:SELECT=1 {{(pid=91737) stat_writer /opt/stack/data/venv/lib/python3.12/site-packages/dbcounter.py:115}}
May 27 14:05:44.488790 np0000001511 neutron-periodic-workers[91727]: DEBUG dbcounter [-] [91727] Writing DB stats neutron:SELECT=3 {{(pid=91727) stat_writer /opt/stack/data/venv/lib/python3.12/site-packages/dbcounter.py:115}}
May 27 14:06:09.519016 np0000001511 neutron-periodic-workers[91737]: DEBUG neutron.db.agents_db [None req-7501b998-d1b2-421f-9407-368e7e64879e None None] Agent healthcheck: found 0 active agents {{(pid=91737) agent_health_check /opt/stack/neutron/neutron/db/agents_db.py:322}}
May 27 14:06:09.519016 np0000001511 neutron-periodic-workers[91737]: DEBUG oslo.service.backend._threading.loopingcall [None req-7501b998-d1b2-421f-9407-368e7e64879e None None] Fixed interval looping call 'neutron.plugins.ml2.plugin.AgentDbMixin.agent_health_check' sleeping for 36.99 seconds {{(pid=91737) _run_loop /opt/stack/data/venv/lib/python3.12/site-packages/oslo_service/backend/_threading/loopingcall.py:125}}
May 27 14:06:11.486344 np0000001511 neutron-periodic-workers[91727]: DEBUG oslo.service.backend._threading.loopingcall [None req-38bfa07a-db21-4ff8-86b2-720524d010a6 None None] Fixed interval looping call 'neutron.plugins.ml2.plugin.DhcpAgentSchedulerDbMixin.remove_networks_from_down_agents' sleeping for 36.99 seconds {{(pid=91727) _run_loop /opt/stack/data/venv/lib/python3.12/site-packages/oslo_service/backend/_threading/loopingcall.py:125}}
May 27 14:06:19.514388 np0000001511 neutron-periodic-workers[91737]: DEBUG dbcounter [-] [91737] Writing DB stats neutron:SELECT=1 {{(pid=91737) stat_writer /opt/stack/data/venv/lib/python3.12/site-packages/dbcounter.py:115}}
May 27 14:06:21.485878 np0000001511 neutron-periodic-workers[91727]: DEBUG dbcounter [-] [91727] Writing DB stats neutron:SELECT=3 {{(pid=91727) stat_writer /opt/stack/data/venv/lib/python3.12/site-packages/dbcounter.py:115}}
May 27 14:06:46.521279 np0000001511 neutron-periodic-workers[91737]: DEBUG neutron.db.agents_db [None req-7501b998-d1b2-421f-9407-368e7e64879e None None] Agent healthcheck: found 0 active agents {{(pid=91737) agent_health_check /opt/stack/neutron/neutron/db/agents_db.py:322}}
May 27 14:06:46.521279 np0000001511 neutron-periodic-workers[91737]: DEBUG oslo.service.backend._threading.loopingcall [None req-7501b998-d1b2-421f-9407-368e7e64879e None None] Fixed interval looping call 'neutron.plugins.ml2.plugin.AgentDbMixin.agent_health_check' sleeping for 36.99 seconds {{(pid=91737) _run_loop /opt/stack/data/venv/lib/python3.12/site-packages/oslo_service/backend/_threading/loopingcall.py:125}}
May 27 14:06:48.488559 np0000001511 neutron-periodic-workers[91727]: DEBUG oslo.service.backend._threading.loopingcall [None req-38bfa07a-db21-4ff8-86b2-720524d010a6 None None] Fixed interval looping call 'neutron.plugins.ml2.plugin.DhcpAgentSchedulerDbMixin.remove_networks_from_down_agents' sleeping for 36.99 seconds {{(pid=91727) _run_loop /opt/stack/data/venv/lib/python3.12/site-packages/oslo_service/backend/_threading/loopingcall.py:125}}
May 27 14:06:56.513830 np0000001511 neutron-periodic-workers[91737]: DEBUG dbcounter [-] [91737] Writing DB stats neutron:SELECT=1 {{(pid=91737) stat_writer /opt/stack/data/venv/lib/python3.12/site-packages/dbcounter.py:115}}
May 27 14:06:58.487897 np0000001511 neutron-periodic-workers[91727]: DEBUG dbcounter [-] [91727] Writing DB stats neutron:SELECT=3 {{(pid=91727) stat_writer /opt/stack/data/venv/lib/python3.12/site-packages/dbcounter.py:115}}
May 27 14:07:16.538835 np0000001511 neutron-periodic-workers[91746]: DEBUG oslo.service.backend._threading.loopingcall [None req-d6ebff12-debb-4012-a021-41bf29910b21 None None] Fixed interval looping call 'neutron.db.quota.driver_nolock.DbQuotaNoLockDriver._remove_expired_reservations' sleeping for 119.98 seconds {{(pid=91746) _run_loop /opt/stack/data/venv/lib/python3.12/site-packages/oslo_service/backend/_threading/loopingcall.py:125}}
May 27 14:07:23.519693 np0000001511 neutron-periodic-workers[91737]: DEBUG neutron.db.agents_db [None req-7501b998-d1b2-421f-9407-368e7e64879e None None] Agent healthcheck: found 0 active agents {{(pid=91737) agent_health_check /opt/stack/neutron/neutron/db/agents_db.py:322}}
May 27 14:07:23.519693 np0000001511 neutron-periodic-workers[91737]: DEBUG oslo.service.backend._threading.loopingcall [None req-7501b998-d1b2-421f-9407-368e7e64879e None None] Fixed interval looping call 'neutron.plugins.ml2.plugin.AgentDbMixin.agent_health_check' sleeping for 36.99 seconds {{(pid=91737) _run_loop /opt/stack/data/venv/lib/python3.12/site-packages/oslo_service/backend/_threading/loopingcall.py:125}}
May 27 14:07:25.491480 np0000001511 neutron-periodic-workers[91727]: DEBUG oslo.service.backend._threading.loopingcall [None req-38bfa07a-db21-4ff8-86b2-720524d010a6 None None] Fixed interval looping call 'neutron.plugins.ml2.plugin.DhcpAgentSchedulerDbMixin.remove_networks_from_down_agents' sleeping for 36.99 seconds {{(pid=91727) _run_loop /opt/stack/data/venv/lib/python3.12/site-packages/oslo_service/backend/_threading/loopingcall.py:125}}
May 27 14:07:26.535173 np0000001511 neutron-periodic-workers[91746]: DEBUG dbcounter [-] [91746] Writing DB stats neutron:DELETE=1 {{(pid=91746) stat_writer /opt/stack/data/venv/lib/python3.12/site-packages/dbcounter.py:115}}
May 27 14:07:33.518247 np0000001511 neutron-periodic-workers[91737]: DEBUG dbcounter [-] [91737] Writing DB stats neutron:SELECT=1 {{(pid=91737) stat_writer /opt/stack/data/venv/lib/python3.12/site-packages/dbcounter.py:115}}
May 27 14:07:35.490136 np0000001511 neutron-periodic-workers[91727]: DEBUG dbcounter [-] [91727] Writing DB stats neutron:SELECT=3 {{(pid=91727) stat_writer /opt/stack/data/venv/lib/python3.12/site-packages/dbcounter.py:115}}
May 27 14:08:00.515669 np0000001511 neutron-periodic-workers[91737]: DEBUG neutron.db.agents_db [None req-7501b998-d1b2-421f-9407-368e7e64879e None None] Agent healthcheck: found 0 active agents {{(pid=91737) agent_health_check /opt/stack/neutron/neutron/db/agents_db.py:322}}
May 27 14:08:00.516139 np0000001511 neutron-periodic-workers[91737]: DEBUG oslo.service.backend._threading.loopingcall [None req-7501b998-d1b2-421f-9407-368e7e64879e None None] Fixed interval looping call 'neutron.plugins.ml2.plugin.AgentDbMixin.agent_health_check' sleeping for 36.99 seconds {{(pid=91737) _run_loop /opt/stack/data/venv/lib/python3.12/site-packages/oslo_service/backend/_threading/loopingcall.py:125}}
May 27 14:08:02.503153 np0000001511 neutron-periodic-workers[91727]: DEBUG oslo.service.backend._threading.loopingcall [None req-38bfa07a-db21-4ff8-86b2-720524d010a6 None None] Fixed interval looping call 'neutron.plugins.ml2.plugin.DhcpAgentSchedulerDbMixin.remove_networks_from_down_agents' sleeping for 36.98 seconds {{(pid=91727) _run_loop /opt/stack/data/venv/lib/python3.12/site-packages/oslo_service/backend/_threading/loopingcall.py:125}}
May 27 14:08:10.512960 np0000001511 neutron-periodic-workers[91737]: DEBUG dbcounter [-] [91737] Writing DB stats neutron:SELECT=1 {{(pid=91737) stat_writer /opt/stack/data/venv/lib/python3.12/site-packages/dbcounter.py:115}}
May 27 14:08:12.496990 np0000001511 neutron-periodic-workers[91727]: DEBUG dbcounter [-] [91727] Writing DB stats neutron:SELECT=3 {{(pid=91727) stat_writer /opt/stack/data/venv/lib/python3.12/site-packages/dbcounter.py:115}}
May 27 14:08:37.521892 np0000001511 neutron-periodic-workers[91737]: DEBUG neutron.db.agents_db [None req-7501b998-d1b2-421f-9407-368e7e64879e None None] Agent healthcheck: found 0 active agents {{(pid=91737) agent_health_check /opt/stack/neutron/neutron/db/agents_db.py:322}}
May 27 14:08:37.522362 np0000001511 neutron-periodic-workers[91737]: DEBUG oslo.service.backend._threading.loopingcall [None req-7501b998-d1b2-421f-9407-368e7e64879e None None] Fixed interval looping call 'neutron.plugins.ml2.plugin.AgentDbMixin.agent_health_check' sleeping for 36.99 seconds {{(pid=91737) _run_loop /opt/stack/data/venv/lib/python3.12/site-packages/oslo_service/backend/_threading/loopingcall.py:125}}
May 27 14:08:39.501960 np0000001511 neutron-periodic-workers[91727]: DEBUG oslo.service.backend._threading.loopingcall [None req-38bfa07a-db21-4ff8-86b2-720524d010a6 None None] Fixed interval looping call 'neutron.plugins.ml2.plugin.DhcpAgentSchedulerDbMixin.remove_networks_from_down_agents' sleeping for 36.98 seconds {{(pid=91727) _run_loop /opt/stack/data/venv/lib/python3.12/site-packages/oslo_service/backend/_threading/loopingcall.py:125}}
May 27 14:08:47.519391 np0000001511 neutron-periodic-workers[91737]: DEBUG dbcounter [-] [91737] Writing DB stats neutron:SELECT=1 {{(pid=91737) stat_writer /opt/stack/data/venv/lib/python3.12/site-packages/dbcounter.py:115}}
May 27 14:08:49.498981 np0000001511 neutron-periodic-workers[91727]: DEBUG dbcounter [-] [91727] Writing DB stats neutron:SELECT=3 {{(pid=91727) stat_writer /opt/stack/data/venv/lib/python3.12/site-packages/dbcounter.py:115}}
May 27 14:09:14.521126 np0000001511 neutron-periodic-workers[91737]: DEBUG neutron.db.agents_db [None req-7501b998-d1b2-421f-9407-368e7e64879e None None] Agent healthcheck: found 0 active agents {{(pid=91737) agent_health_check /opt/stack/neutron/neutron/db/agents_db.py:322}}
May 27 14:09:14.521560 np0000001511 neutron-periodic-workers[91737]: DEBUG oslo.service.backend._threading.loopingcall [None req-7501b998-d1b2-421f-9407-368e7e64879e None None] Fixed interval looping call 'neutron.plugins.ml2.plugin.AgentDbMixin.agent_health_check' sleeping for 36.99 seconds {{(pid=91737) _run_loop /opt/stack/data/venv/lib/python3.12/site-packages/oslo_service/backend/_threading/loopingcall.py:125}}
May 27 14:09:16.491998 np0000001511 neutron-periodic-workers[91727]: DEBUG oslo.service.backend._threading.loopingcall [None req-38bfa07a-db21-4ff8-86b2-720524d010a6 None None] Fixed interval looping call 'neutron.plugins.ml2.plugin.DhcpAgentSchedulerDbMixin.remove_networks_from_down_agents' sleeping for 36.99 seconds {{(pid=91727) _run_loop /opt/stack/data/venv/lib/python3.12/site-packages/oslo_service/backend/_threading/loopingcall.py:125}}
May 27 14:09:16.534355 np0000001511 neutron-periodic-workers[91746]: DEBUG oslo.service.backend._threading.loopingcall [None req-d6ebff12-debb-4012-a021-41bf29910b21 None None] Fixed interval looping call 'neutron.db.quota.driver_nolock.DbQuotaNoLockDriver._remove_expired_reservations' sleeping for 119.99 seconds {{(pid=91746) _run_loop /opt/stack/data/venv/lib/python3.12/site-packages/oslo_service/backend/_threading/loopingcall.py:125}}
May 27 14:09:24.516434 np0000001511 neutron-periodic-workers[91737]: DEBUG dbcounter [-] [91737] Writing DB stats neutron:SELECT=1 {{(pid=91737) stat_writer /opt/stack/data/venv/lib/python3.12/site-packages/dbcounter.py:115}}
May 27 14:09:26.491265 np0000001511 neutron-periodic-workers[91727]: DEBUG dbcounter [-] [91727] Writing DB stats neutron:SELECT=3 {{(pid=91727) stat_writer /opt/stack/data/venv/lib/python3.12/site-packages/dbcounter.py:115}}
May 27 14:09:26.524605 np0000001511 neutron-periodic-workers[91746]: DEBUG dbcounter [-] [91746] Writing DB stats neutron:DELETE=1 {{(pid=91746) stat_writer /opt/stack/data/venv/lib/python3.12/site-packages/dbcounter.py:115}}
May 27 14:09:51.517122 np0000001511 neutron-periodic-workers[91737]: DEBUG neutron.db.agents_db [None req-7501b998-d1b2-421f-9407-368e7e64879e None None] Agent healthcheck: found 0 active agents {{(pid=91737) agent_health_check /opt/stack/neutron/neutron/db/agents_db.py:322}}
May 27 14:09:51.517752 np0000001511 neutron-periodic-workers[91737]: DEBUG oslo.service.backend._threading.loopingcall [None req-7501b998-d1b2-421f-9407-368e7e64879e None None] Fixed interval looping call 'neutron.plugins.ml2.plugin.AgentDbMixin.agent_health_check' sleeping for 36.99 seconds {{(pid=91737) _run_loop /opt/stack/data/venv/lib/python3.12/site-packages/oslo_service/backend/_threading/loopingcall.py:125}}
May 27 14:09:53.491226 np0000001511 neutron-periodic-workers[91727]: DEBUG oslo.service.backend._threading.loopingcall [None req-38bfa07a-db21-4ff8-86b2-720524d010a6 None None] Fixed interval looping call 'neutron.plugins.ml2.plugin.DhcpAgentSchedulerDbMixin.remove_networks_from_down_agents' sleeping for 36.99 seconds {{(pid=91727) _run_loop /opt/stack/data/venv/lib/python3.12/site-packages/oslo_service/backend/_threading/loopingcall.py:125}}
May 27 14:10:01.515817 np0000001511 neutron-periodic-workers[91737]: DEBUG dbcounter [-] [91737] Writing DB stats neutron:SELECT=1 {{(pid=91737) stat_writer /opt/stack/data/venv/lib/python3.12/site-packages/dbcounter.py:115}}
May 27 14:10:02.558436 np0000001511 neutron-periodic-workers[91752]: DEBUG oslo.service.backend._threading.loopingcall [None req-b722ebd9-acec-42ac-aef5-2376121e9590 None None] Fixed interval looping call 'neutron.services.ovn_l3.plugin.L3_NAT_dbonly_mixin._clean_garbage' sleeping for 299.99 seconds {{(pid=91752) _run_loop /opt/stack/data/venv/lib/python3.12/site-packages/oslo_service/backend/_threading/loopingcall.py:125}}
May 27 14:10:03.491602 np0000001511 neutron-periodic-workers[91727]: DEBUG dbcounter [-] [91727] Writing DB stats neutron:SELECT=3 {{(pid=91727) stat_writer /opt/stack/data/venv/lib/python3.12/site-packages/dbcounter.py:115}}
May 27 14:10:12.551478 np0000001511 neutron-periodic-workers[91752]: DEBUG dbcounter [-] [91752] Writing DB stats neutron:SELECT=1 {{(pid=91752) stat_writer /opt/stack/data/venv/lib/python3.12/site-packages/dbcounter.py:115}}
May 27 14:10:28.512389 np0000001511 neutron-periodic-workers[91737]: DEBUG neutron.db.agents_db [None req-7501b998-d1b2-421f-9407-368e7e64879e None None] Agent healthcheck: found 0 active agents {{(pid=91737) agent_health_check /opt/stack/neutron/neutron/db/agents_db.py:322}}
May 27 14:10:28.512389 np0000001511 neutron-periodic-workers[91737]: DEBUG oslo.service.backend._threading.loopingcall [None req-7501b998-d1b2-421f-9407-368e7e64879e None None] Fixed interval looping call 'neutron.plugins.ml2.plugin.AgentDbMixin.agent_health_check' sleeping for 37.00 seconds {{(pid=91737) _run_loop /opt/stack/data/venv/lib/python3.12/site-packages/oslo_service/backend/_threading/loopingcall.py:125}}
May 27 14:10:30.492841 np0000001511 neutron-periodic-workers[91727]: DEBUG oslo.service.backend._threading.loopingcall [None req-38bfa07a-db21-4ff8-86b2-720524d010a6 None None] Fixed interval looping call 'neutron.plugins.ml2.plugin.DhcpAgentSchedulerDbMixin.remove_networks_from_down_agents' sleeping for 36.99 seconds {{(pid=91727) _run_loop /opt/stack/data/venv/lib/python3.12/site-packages/oslo_service/backend/_threading/loopingcall.py:125}}
May 27 14:10:38.512136 np0000001511 neutron-periodic-workers[91737]: DEBUG dbcounter [-] [91737] Writing DB stats neutron:SELECT=1 {{(pid=91737) stat_writer /opt/stack/data/venv/lib/python3.12/site-packages/dbcounter.py:115}}
May 27 14:10:40.487927 np0000001511 neutron-periodic-workers[91727]: DEBUG dbcounter [-] [91727] Writing DB stats neutron:SELECT=3 {{(pid=91727) stat_writer /opt/stack/data/venv/lib/python3.12/site-packages/dbcounter.py:115}}
May 27 14:11:05.519550 np0000001511 neutron-periodic-workers[91737]: DEBUG neutron.db.agents_db [None req-7501b998-d1b2-421f-9407-368e7e64879e None None] Agent healthcheck: found 0 active agents {{(pid=91737) agent_health_check /opt/stack/neutron/neutron/db/agents_db.py:322}}
May 27 14:11:05.520051 np0000001511 neutron-periodic-workers[91737]: DEBUG oslo.service.backend._threading.loopingcall [None req-7501b998-d1b2-421f-9407-368e7e64879e None None] Fixed interval looping call 'neutron.plugins.ml2.plugin.AgentDbMixin.agent_health_check' sleeping for 36.99 seconds {{(pid=91737) _run_loop /opt/stack/data/venv/lib/python3.12/site-packages/oslo_service/backend/_threading/loopingcall.py:125}}
May 27 14:11:07.489143 np0000001511 neutron-periodic-workers[91727]: DEBUG oslo.service.backend._threading.loopingcall [None req-38bfa07a-db21-4ff8-86b2-720524d010a6 None None] Fixed interval looping call 'neutron.plugins.ml2.plugin.DhcpAgentSchedulerDbMixin.remove_networks_from_down_agents' sleeping for 36.99 seconds {{(pid=91727) _run_loop /opt/stack/data/venv/lib/python3.12/site-packages/oslo_service/backend/_threading/loopingcall.py:125}}
May 27 14:11:15.518162 np0000001511 neutron-periodic-workers[91737]: DEBUG dbcounter [-] [91737] Writing DB stats neutron:SELECT=1 {{(pid=91737) stat_writer /opt/stack/data/venv/lib/python3.12/site-packages/dbcounter.py:115}}
May 27 14:11:16.523539 np0000001511 neutron-periodic-workers[91746]: DEBUG oslo.service.backend._threading.loopingcall [None req-d6ebff12-debb-4012-a021-41bf29910b21 None None] Fixed interval looping call 'neutron.db.quota.driver_nolock.DbQuotaNoLockDriver._remove_expired_reservations' sleeping for 120.00 seconds {{(pid=91746) _run_loop /opt/stack/data/venv/lib/python3.12/site-packages/oslo_service/backend/_threading/loopingcall.py:125}}
May 27 14:11:17.488225 np0000001511 neutron-periodic-workers[91727]: DEBUG dbcounter [-] [91727] Writing DB stats neutron:SELECT=3 {{(pid=91727) stat_writer /opt/stack/data/venv/lib/python3.12/site-packages/dbcounter.py:115}}
May 27 14:11:26.524184 np0000001511 neutron-periodic-workers[91746]: DEBUG dbcounter [-] [91746] Writing DB stats neutron:DELETE=1 {{(pid=91746) stat_writer /opt/stack/data/venv/lib/python3.12/site-packages/dbcounter.py:115}}
May 27 14:11:42.512706 np0000001511 neutron-periodic-workers[91737]: DEBUG neutron.db.agents_db [None req-7501b998-d1b2-421f-9407-368e7e64879e None None] Agent healthcheck: found 0 active agents {{(pid=91737) agent_health_check /opt/stack/neutron/neutron/db/agents_db.py:322}}
May 27 14:11:42.513163 np0000001511 neutron-periodic-workers[91737]: DEBUG oslo.service.backend._threading.loopingcall [None req-7501b998-d1b2-421f-9407-368e7e64879e None None] Fixed interval looping call 'neutron.plugins.ml2.plugin.AgentDbMixin.agent_health_check' sleeping for 37.00 seconds {{(pid=91737) _run_loop /opt/stack/data/venv/lib/python3.12/site-packages/oslo_service/backend/_threading/loopingcall.py:125}}
May 27 14:11:44.485822 np0000001511 neutron-periodic-workers[91727]: DEBUG oslo.service.backend._threading.loopingcall [None req-38bfa07a-db21-4ff8-86b2-720524d010a6 None None] Fixed interval looping call 'neutron.plugins.ml2.plugin.DhcpAgentSchedulerDbMixin.remove_networks_from_down_agents' sleeping for 36.99 seconds {{(pid=91727) _run_loop /opt/stack/data/venv/lib/python3.12/site-packages/oslo_service/backend/_threading/loopingcall.py:125}}
May 27 14:11:52.512067 np0000001511 neutron-periodic-workers[91737]: DEBUG dbcounter [-] [91737] Writing DB stats neutron:SELECT=1 {{(pid=91737) stat_writer /opt/stack/data/venv/lib/python3.12/site-packages/dbcounter.py:115}}
May 27 14:11:54.484659 np0000001511 neutron-periodic-workers[91727]: DEBUG dbcounter [-] [91727] Writing DB stats neutron:SELECT=3 {{(pid=91727) stat_writer /opt/stack/data/venv/lib/python3.12/site-packages/dbcounter.py:115}}
May 27 14:12:19.516291 np0000001511 neutron-periodic-workers[91737]: DEBUG neutron.db.agents_db [None req-7501b998-d1b2-421f-9407-368e7e64879e None None] Agent healthcheck: found 0 active agents {{(pid=91737) agent_health_check /opt/stack/neutron/neutron/db/agents_db.py:322}}
May 27 14:12:19.516764 np0000001511 neutron-periodic-workers[91737]: DEBUG oslo.service.backend._threading.loopingcall [None req-7501b998-d1b2-421f-9407-368e7e64879e None None] Fixed interval looping call 'neutron.plugins.ml2.plugin.AgentDbMixin.agent_health_check' sleeping for 37.00 seconds {{(pid=91737) _run_loop /opt/stack/data/venv/lib/python3.12/site-packages/oslo_service/backend/_threading/loopingcall.py:125}}
May 27 14:12:21.482947 np0000001511 neutron-periodic-workers[91727]: DEBUG oslo.service.backend._threading.loopingcall [None req-38bfa07a-db21-4ff8-86b2-720524d010a6 None None] Fixed interval looping call 'neutron.plugins.ml2.plugin.DhcpAgentSchedulerDbMixin.remove_networks_from_down_agents' sleeping for 36.99 seconds {{(pid=91727) _run_loop /opt/stack/data/venv/lib/python3.12/site-packages/oslo_service/backend/_threading/loopingcall.py:125}}
May 27 14:12:29.515423 np0000001511 neutron-periodic-workers[91737]: DEBUG dbcounter [-] [91737] Writing DB stats neutron:SELECT=1 {{(pid=91737) stat_writer /opt/stack/data/venv/lib/python3.12/site-packages/dbcounter.py:115}}
May 27 14:12:31.482695 np0000001511 neutron-periodic-workers[91727]: DEBUG dbcounter [-] [91727] Writing DB stats neutron:SELECT=3 {{(pid=91727) stat_writer /opt/stack/data/venv/lib/python3.12/site-packages/dbcounter.py:115}}
May 27 14:12:56.525494 np0000001511 neutron-periodic-workers[91737]: DEBUG neutron.db.agents_db [None req-7501b998-d1b2-421f-9407-368e7e64879e None None] Agent healthcheck: found 0 active agents {{(pid=91737) agent_health_check /opt/stack/neutron/neutron/db/agents_db.py:322}}
May 27 14:12:56.525494 np0000001511 neutron-periodic-workers[91737]: DEBUG oslo.service.backend._threading.loopingcall [None req-7501b998-d1b2-421f-9407-368e7e64879e None None] Fixed interval looping call 'neutron.plugins.ml2.plugin.AgentDbMixin.agent_health_check' sleeping for 36.99 seconds {{(pid=91737) _run_loop /opt/stack/data/venv/lib/python3.12/site-packages/oslo_service/backend/_threading/loopingcall.py:125}}
May 27 14:12:58.492229 np0000001511 neutron-periodic-workers[91727]: DEBUG oslo.service.backend._threading.loopingcall [None req-38bfa07a-db21-4ff8-86b2-720524d010a6 None None] Fixed interval looping call 'neutron.plugins.ml2.plugin.DhcpAgentSchedulerDbMixin.remove_networks_from_down_agents' sleeping for 36.98 seconds {{(pid=91727) _run_loop /opt/stack/data/venv/lib/python3.12/site-packages/oslo_service/backend/_threading/loopingcall.py:125}}
May 27 14:13:06.519551 np0000001511 neutron-periodic-workers[91737]: DEBUG dbcounter [-] [91737] Writing DB stats neutron:SELECT=1 {{(pid=91737) stat_writer /opt/stack/data/venv/lib/python3.12/site-packages/dbcounter.py:115}}
May 27 14:13:08.490458 np0000001511 neutron-periodic-workers[91727]: DEBUG dbcounter [-] [91727] Writing DB stats neutron:SELECT=3 {{(pid=91727) stat_writer /opt/stack/data/venv/lib/python3.12/site-packages/dbcounter.py:115}}
May 27 14:13:16.526859 np0000001511 neutron-periodic-workers[91746]: DEBUG oslo.service.backend._threading.loopingcall [None req-d6ebff12-debb-4012-a021-41bf29910b21 None None] Fixed interval looping call 'neutron.db.quota.driver_nolock.DbQuotaNoLockDriver._remove_expired_reservations' sleeping for 120.00 seconds {{(pid=91746) _run_loop /opt/stack/data/venv/lib/python3.12/site-packages/oslo_service/backend/_threading/loopingcall.py:125}}
May 27 14:13:26.526287 np0000001511 neutron-periodic-workers[91746]: DEBUG dbcounter [-] [91746] Writing DB stats neutron:DELETE=1 {{(pid=91746) stat_writer /opt/stack/data/venv/lib/python3.12/site-packages/dbcounter.py:115}}
May 27 14:13:33.519678 np0000001511 neutron-periodic-workers[91737]: DEBUG neutron.db.agents_db [None req-7501b998-d1b2-421f-9407-368e7e64879e None None] Agent healthcheck: found 0 active agents {{(pid=91737) agent_health_check /opt/stack/neutron/neutron/db/agents_db.py:322}}
May 27 14:13:33.520092 np0000001511 neutron-periodic-workers[91737]: DEBUG oslo.service.backend._threading.loopingcall [None req-7501b998-d1b2-421f-9407-368e7e64879e None None] Fixed interval looping call 'neutron.plugins.ml2.plugin.AgentDbMixin.agent_health_check' sleeping for 36.99 seconds {{(pid=91737) _run_loop /opt/stack/data/venv/lib/python3.12/site-packages/oslo_service/backend/_threading/loopingcall.py:125}}
May 27 14:13:35.479141 np0000001511 neutron-periodic-workers[91727]: DEBUG oslo.service.backend._threading.loopingcall [None req-38bfa07a-db21-4ff8-86b2-720524d010a6 None None] Fixed interval looping call 'neutron.plugins.ml2.plugin.DhcpAgentSchedulerDbMixin.remove_networks_from_down_agents' sleeping for 36.99 seconds {{(pid=91727) _run_loop /opt/stack/data/venv/lib/python3.12/site-packages/oslo_service/backend/_threading/loopingcall.py:125}}
May 27 14:13:43.515622 np0000001511 neutron-periodic-workers[91737]: DEBUG dbcounter [-] [91737] Writing DB stats neutron:SELECT=1 {{(pid=91737) stat_writer /opt/stack/data/venv/lib/python3.12/site-packages/dbcounter.py:115}}
May 27 14:13:45.478670 np0000001511 neutron-periodic-workers[91727]: DEBUG dbcounter [-] [91727] Writing DB stats neutron:SELECT=3 {{(pid=91727) stat_writer /opt/stack/data/venv/lib/python3.12/site-packages/dbcounter.py:115}}
May 27 14:14:10.513147 np0000001511 neutron-periodic-workers[91737]: DEBUG neutron.db.agents_db [None req-7501b998-d1b2-421f-9407-368e7e64879e None None] Agent healthcheck: found 0 active agents {{(pid=91737) agent_health_check /opt/stack/neutron/neutron/db/agents_db.py:322}}
May 27 14:14:10.513517 np0000001511 neutron-periodic-workers[91737]: DEBUG oslo.service.backend._threading.loopingcall [None req-7501b998-d1b2-421f-9407-368e7e64879e None None] Fixed interval looping call 'neutron.plugins.ml2.plugin.AgentDbMixin.agent_health_check' sleeping for 37.00 seconds {{(pid=91737) _run_loop /opt/stack/data/venv/lib/python3.12/site-packages/oslo_service/backend/_threading/loopingcall.py:125}}
May 27 14:14:12.586954 np0000001511 neutron-periodic-workers[91727]: DEBUG oslo.service.backend._threading.loopingcall [None req-38bfa07a-db21-4ff8-86b2-720524d010a6 None None] Fixed interval looping call 'neutron.plugins.ml2.plugin.DhcpAgentSchedulerDbMixin.remove_networks_from_down_agents' sleeping for 36.99 seconds {{(pid=91727) _run_loop /opt/stack/data/venv/lib/python3.12/site-packages/oslo_service/backend/_threading/loopingcall.py:125}}
May 27 14:14:20.514749 np0000001511 neutron-periodic-workers[91737]: DEBUG dbcounter [-] [91737] Writing DB stats neutron:SELECT=1 {{(pid=91737) stat_writer /opt/stack/data/venv/lib/python3.12/site-packages/dbcounter.py:115}}
May 27 14:14:22.475117 np0000001511 neutron-periodic-workers[91727]: DEBUG dbcounter [-] [91727] Writing DB stats neutron:SELECT=3 {{(pid=91727) stat_writer /opt/stack/data/venv/lib/python3.12/site-packages/dbcounter.py:115}}
May 27 14:14:47.516755 np0000001511 neutron-periodic-workers[91737]: DEBUG neutron.db.agents_db [None req-7501b998-d1b2-421f-9407-368e7e64879e None None] Agent healthcheck: found 0 active agents {{(pid=91737) agent_health_check /opt/stack/neutron/neutron/db/agents_db.py:322}}
May 27 14:14:47.517312 np0000001511 neutron-periodic-workers[91737]: DEBUG oslo.service.backend._threading.loopingcall [None req-7501b998-d1b2-421f-9407-368e7e64879e None None] Fixed interval looping call 'neutron.plugins.ml2.plugin.AgentDbMixin.agent_health_check' sleeping for 37.00 seconds {{(pid=91737) _run_loop /opt/stack/data/venv/lib/python3.12/site-packages/oslo_service/backend/_threading/loopingcall.py:125}}
May 27 14:14:49.472520 np0000001511 neutron-periodic-workers[91727]: DEBUG oslo.service.backend._threading.loopingcall [None req-38bfa07a-db21-4ff8-86b2-720524d010a6 None None] Fixed interval looping call 'neutron.plugins.ml2.plugin.DhcpAgentSchedulerDbMixin.remove_networks_from_down_agents' sleeping for 36.99 seconds {{(pid=91727) _run_loop /opt/stack/data/venv/lib/python3.12/site-packages/oslo_service/backend/_threading/loopingcall.py:125}}
May 27 14:14:57.517127 np0000001511 neutron-periodic-workers[91737]: DEBUG dbcounter [-] [91737] Writing DB stats neutron:SELECT=1 {{(pid=91737) stat_writer /opt/stack/data/venv/lib/python3.12/site-packages/dbcounter.py:115}}
May 27 14:14:59.472125 np0000001511 neutron-periodic-workers[91727]: DEBUG dbcounter [-] [91727] Writing DB stats neutron:SELECT=3 {{(pid=91727) stat_writer /opt/stack/data/venv/lib/python3.12/site-packages/dbcounter.py:115}}
May 27 14:15:02.555389 np0000001511 neutron-periodic-workers[91752]: DEBUG oslo.service.backend._threading.loopingcall [None req-b722ebd9-acec-42ac-aef5-2376121e9590 None None] Fixed interval looping call 'neutron.services.ovn_l3.plugin.L3_NAT_dbonly_mixin._clean_garbage' sleeping for 299.99 seconds {{(pid=91752) _run_loop /opt/stack/data/venv/lib/python3.12/site-packages/oslo_service/backend/_threading/loopingcall.py:125}}
May 27 14:15:12.550152 np0000001511 neutron-periodic-workers[91752]: DEBUG dbcounter [-] [91752] Writing DB stats neutron:SELECT=1 {{(pid=91752) stat_writer /opt/stack/data/venv/lib/python3.12/site-packages/dbcounter.py:115}}
May 27 14:15:16.530347 np0000001511 neutron-periodic-workers[91746]: DEBUG oslo.service.backend._threading.loopingcall [None req-d6ebff12-debb-4012-a021-41bf29910b21 None None] Fixed interval looping call 'neutron.db.quota.driver_nolock.DbQuotaNoLockDriver._remove_expired_reservations' sleeping for 120.00 seconds {{(pid=91746) _run_loop /opt/stack/data/venv/lib/python3.12/site-packages/oslo_service/backend/_threading/loopingcall.py:125}}
May 27 14:15:24.524132 np0000001511 neutron-periodic-workers[91737]: DEBUG neutron.db.agents_db [None req-7501b998-d1b2-421f-9407-368e7e64879e None None] Agent healthcheck: found 0 active agents {{(pid=91737) agent_health_check /opt/stack/neutron/neutron/db/agents_db.py:322}}
May 27 14:15:24.524132 np0000001511 neutron-periodic-workers[91737]: DEBUG oslo.service.backend._threading.loopingcall [None req-7501b998-d1b2-421f-9407-368e7e64879e None None] Fixed interval looping call 'neutron.plugins.ml2.plugin.AgentDbMixin.agent_health_check' sleeping for 36.99 seconds {{(pid=91737) _run_loop /opt/stack/data/venv/lib/python3.12/site-packages/oslo_service/backend/_threading/loopingcall.py:125}}
