Jun 17 21:53:58.576343 np0000003104 nova-scheduler[95683]: DEBUG cotyledon.oslo_config_glue [-] oslo_limit.cafile = None {{(pid=95683) log_opt_values /opt/stack/data/venv/lib/python3.12/site-packages/oslo_config/cfg.py:3253}}
Jun 17 21:53:58.576523 np0000003104 nova-scheduler[95683]: DEBUG cotyledon.oslo_config_glue [-] oslo_limit.certfile = None {{(pid=95683) log_opt_values /opt/stack/data/venv/lib/python3.12/site-packages/oslo_config/cfg.py:3253}}
Jun 17 21:53:58.576523 np0000003104 nova-scheduler[95683]: DEBUG cotyledon.oslo_config_glue [-] oslo_limit.collect_timing = False {{(pid=95683) log_opt_values /opt/stack/data/venv/lib/python3.12/site-packages/oslo_config/cfg.py:3253}}
Jun 17 21:53:58.576523 np0000003104 nova-scheduler[95683]: DEBUG cotyledon.oslo_config_glue [-] oslo_limit.connect_retries = None {{(pid=95683) log_opt_values /opt/stack/data/venv/lib/python3.12/site-packages/oslo_config/cfg.py:3253}}
Jun 17 21:53:58.576523 np0000003104 nova-scheduler[95683]: DEBUG cotyledon.oslo_config_glue [-] oslo_limit.connect_retry_delay = None {{(pid=95683) log_opt_values /opt/stack/data/venv/lib/python3.12/site-packages/oslo_config/cfg.py:3253}}
Jun 17 21:53:58.576523 np0000003104 nova-scheduler[95683]: DEBUG cotyledon.oslo_config_glue [-] oslo_limit.endpoint_id = None {{(pid=95683) log_opt_values /opt/stack/data/venv/lib/python3.12/site-packages/oslo_config/cfg.py:3253}}
Jun 17 21:53:58.576523 np0000003104 nova-scheduler[95683]: DEBUG cotyledon.oslo_config_glue [-] oslo_limit.endpoint_interface = public {{(pid=95683) log_opt_values /opt/stack/data/venv/lib/python3.12/site-packages/oslo_config/cfg.py:3253}}
Jun 17 21:53:58.576523 np0000003104 nova-scheduler[95683]: DEBUG cotyledon.oslo_config_glue [-] oslo_limit.endpoint_override = None {{(pid=95683) log_opt_values /opt/stack/data/venv/lib/python3.12/site-packages/oslo_config/cfg.py:3253}}
Jun 17 21:53:58.576523 np0000003104 nova-scheduler[95683]: DEBUG cotyledon.oslo_config_glue [-] oslo_limit.endpoint_region_name = None {{(pid=95683) log_opt_values /opt/stack/data/venv/lib/python3.12/site-packages/oslo_config/cfg.py:3253}}
Jun 17 21:53:58.576523 np0000003104 nova-scheduler[95683]: DEBUG cotyledon.oslo_config_glue [-] oslo_limit.endpoint_service_name = None {{(pid=95683) log_opt_values /opt/stack/data/venv/lib/python3.12/site-packages/oslo_config/cfg.py:3253}}
Jun 17 21:53:58.576683 np0000003104 nova-scheduler[95683]: DEBUG cotyledon.oslo_config_glue [-] oslo_limit.endpoint_service_type = None {{(pid=95683) log_opt_values /opt/stack/data/venv/lib/python3.12/site-packages/oslo_config/cfg.py:3253}}
Jun 17 21:53:58.576683 np0000003104 nova-scheduler[95683]: DEBUG cotyledon.oslo_config_glue [-] oslo_limit.insecure = False {{(pid=95683) log_opt_values /opt/stack/data/venv/lib/python3.12/site-packages/oslo_config/cfg.py:3253}}
Jun 17 21:53:58.576683 np0000003104 nova-scheduler[95683]: DEBUG cotyledon.oslo_config_glue [-] oslo_limit.keyfile = None {{(pid=95683) log_opt_values /opt/stack/data/venv/lib/python3.12/site-packages/oslo_config/cfg.py:3253}}
Jun 17 21:53:58.576683 np0000003104 nova-scheduler[95683]: DEBUG cotyledon.oslo_config_glue [-] oslo_limit.max_version = None {{(pid=95683) log_opt_values /opt/stack/data/venv/lib/python3.12/site-packages/oslo_config/cfg.py:3253}}
Jun 17 21:53:58.576683 np0000003104 nova-scheduler[95683]: DEBUG cotyledon.oslo_config_glue [-] oslo_limit.min_version = None {{(pid=95683) log_opt_values /opt/stack/data/venv/lib/python3.12/site-packages/oslo_config/cfg.py:3253}}
Jun 17 21:53:58.576683 np0000003104 nova-scheduler[95683]: DEBUG cotyledon.oslo_config_glue [-] oslo_limit.region_name = None {{(pid=95683) log_opt_values /opt/stack/data/venv/lib/python3.12/site-packages/oslo_config/cfg.py:3253}}
Jun 17 21:53:58.576683 np0000003104 nova-scheduler[95683]: DEBUG cotyledon.oslo_config_glue [-] oslo_limit.retriable_status_codes = None {{(pid=95683) log_opt_values /opt/stack/data/venv/lib/python3.12/site-packages/oslo_config/cfg.py:3253}}
Jun 17 21:53:58.576683 np0000003104 nova-scheduler[95683]: DEBUG cotyledon.oslo_config_glue [-] oslo_limit.service_name = None {{(pid=95683) log_opt_values /opt/stack/data/venv/lib/python3.12/site-packages/oslo_config/cfg.py:3253}}
Jun 17 21:53:58.576683 np0000003104 nova-scheduler[95683]: DEBUG cotyledon.oslo_config_glue [-] oslo_limit.service_type = None {{(pid=95683) log_opt_values /opt/stack/data/venv/lib/python3.12/site-packages/oslo_config/cfg.py:3253}}
Jun 17 21:53:58.576849 np0000003104 nova-scheduler[95683]: DEBUG cotyledon.oslo_config_glue [-] oslo_limit.split_loggers = False {{(pid=95683) log_opt_values /opt/stack/data/venv/lib/python3.12/site-packages/oslo_config/cfg.py:3253}}
Jun 17 21:53:58.576849 np0000003104 nova-scheduler[95683]: DEBUG cotyledon.oslo_config_glue [-] oslo_limit.status_code_retries = None {{(pid=95683) log_opt_values /opt/stack/data/venv/lib/python3.12/site-packages/oslo_config/cfg.py:3253}}
Jun 17 21:53:58.576849 np0000003104 nova-scheduler[95683]: DEBUG cotyledon.oslo_config_glue [-] oslo_limit.status_code_retry_delay = None {{(pid=95683) log_opt_values /opt/stack/data/venv/lib/python3.12/site-packages/oslo_config/cfg.py:3253}}
Jun 17 21:53:58.576849 np0000003104 nova-scheduler[95683]: DEBUG cotyledon.oslo_config_glue [-] oslo_limit.timeout = None {{(pid=95683) log_opt_values /opt/stack/data/venv/lib/python3.12/site-packages/oslo_config/cfg.py:3253}}
Jun 17 21:53:58.576849 np0000003104 nova-scheduler[95683]: DEBUG cotyledon.oslo_config_glue [-] oslo_limit.valid_interfaces = None {{(pid=95683) log_opt_values /opt/stack/data/venv/lib/python3.12/site-packages/oslo_config/cfg.py:3253}}
Jun 17 21:53:58.576849 np0000003104 nova-scheduler[95683]: DEBUG cotyledon.oslo_config_glue [-] oslo_limit.version = None {{(pid=95683) log_opt_values /opt/stack/data/venv/lib/python3.12/site-packages/oslo_config/cfg.py:3253}}
Jun 17 21:53:58.576849 np0000003104 nova-scheduler[95683]: DEBUG cotyledon.oslo_config_glue [-] oslo_reports.file_event_handler = None {{(pid=95683) log_opt_values /opt/stack/data/venv/lib/python3.12/site-packages/oslo_config/cfg.py:3253}}
Jun 17 21:53:58.576849 np0000003104 nova-scheduler[95683]: DEBUG cotyledon.oslo_config_glue [-] oslo_reports.file_event_handler_interval = 1 {{(pid=95683) log_opt_values /opt/stack/data/venv/lib/python3.12/site-packages/oslo_config/cfg.py:3253}}
Jun 17 21:53:58.576849 np0000003104 nova-scheduler[95683]: DEBUG cotyledon.oslo_config_glue [-] oslo_reports.log_dir = None {{(pid=95683) log_opt_values /opt/stack/data/venv/lib/python3.12/site-packages/oslo_config/cfg.py:3253}}
Jun 17 21:53:58.577011 np0000003104 nova-scheduler[95683]: DEBUG cotyledon.oslo_config_glue [-] ******************************************************************************** {{(pid=95683) log_opt_values /opt/stack/data/venv/lib/python3.12/site-packages/oslo_config/cfg.py:3260}}
Jun 17 21:53:58.577011 np0000003104 nova-scheduler[95683]: DEBUG cotyledon._service_worker [-] Run service ServiceWrapper(2) [95683] {{(pid=95683) wait_forever /opt/stack/data/venv/lib/python3.12/site-packages/cotyledon/_service_worker.py:218}}
Jun 17 21:53:58.577011 np0000003104 nova-scheduler[95683]: INFO nova.service [-] Starting scheduler node (version 33.1.0)
Jun 17 21:53:58.579159 np0000003104 nova-scheduler[95679]: DEBUG oslo_db.sqlalchemy.engines [None req-492a1710-d6f4-402c-80ff-9fcae17ea20e None None] MySQL server mode set to STRICT_TRANS_TABLES,STRICT_ALL_TABLES,NO_ZERO_IN_DATE,NO_ZERO_DATE,ERROR_FOR_DIVISION_BY_ZERO,TRADITIONAL,NO_ENGINE_SUBSTITUTION {{(pid=95679) _check_effective_sql_mode /opt/stack/data/venv/lib/python3.12/site-packages/oslo_db/sqlalchemy/engines.py:325}}
Jun 17 21:53:58.579810 np0000003104 nova-scheduler[95683]: INFO dbcounter [None req-457fd485-471f-40ab-a3f6-5a5e5ce49f11 None None] Registered counter for database nova_cell0
Jun 17 21:53:58.589212 np0000003104 nova-scheduler[95679]: DEBUG dbcounter [-] [95679] Writer thread running {{(pid=95679) stat_writer /opt/stack/data/venv/lib/python3.12/site-packages/dbcounter.py:102}}
Jun 17 21:53:58.599912 np0000003104 nova-scheduler[95681]: DEBUG oslo_db.sqlalchemy.engines [None req-2e0b87d7-0491-4484-9e6b-c2f609f0f1f1 None None] MySQL server mode set to STRICT_TRANS_TABLES,STRICT_ALL_TABLES,NO_ZERO_IN_DATE,NO_ZERO_DATE,ERROR_FOR_DIVISION_BY_ZERO,TRADITIONAL,NO_ENGINE_SUBSTITUTION {{(pid=95681) _check_effective_sql_mode /opt/stack/data/venv/lib/python3.12/site-packages/oslo_db/sqlalchemy/engines.py:325}}
Jun 17 21:53:58.607492 np0000003104 nova-scheduler[95679]: DEBUG nova.service [None req-492a1710-d6f4-402c-80ff-9fcae17ea20e None None] Creating RPC server for service: nova-scheduler on topic: scheduler {{(pid=95679) start /opt/stack/nova/nova/service.py:196}}
Jun 17 21:53:58.609346 np0000003104 nova-scheduler[95681]: DEBUG dbcounter [-] [95681] Writer thread running {{(pid=95681) stat_writer /opt/stack/data/venv/lib/python3.12/site-packages/dbcounter.py:102}}
Jun 17 21:53:58.614423 np0000003104 nova-scheduler[95681]: DEBUG nova.service [None req-2e0b87d7-0491-4484-9e6b-c2f609f0f1f1 None None] Creating RPC server for service: nova-scheduler on topic: scheduler {{(pid=95681) start /opt/stack/nova/nova/service.py:196}}
Jun 17 21:53:58.627480 np0000003104 nova-scheduler[95683]: DEBUG oslo_db.sqlalchemy.engines [None req-457fd485-471f-40ab-a3f6-5a5e5ce49f11 None None] MySQL server mode set to STRICT_TRANS_TABLES,STRICT_ALL_TABLES,NO_ZERO_IN_DATE,NO_ZERO_DATE,ERROR_FOR_DIVISION_BY_ZERO,TRADITIONAL,NO_ENGINE_SUBSTITUTION {{(pid=95683) _check_effective_sql_mode /opt/stack/data/venv/lib/python3.12/site-packages/oslo_db/sqlalchemy/engines.py:325}}
Jun 17 21:53:58.645413 np0000003104 nova-scheduler[95683]: DEBUG dbcounter [-] [95683] Writer thread running {{(pid=95683) stat_writer /opt/stack/data/venv/lib/python3.12/site-packages/dbcounter.py:102}}
Jun 17 21:53:58.647919 np0000003104 nova-scheduler[95681]: DEBUG nova.service [None req-2e0b87d7-0491-4484-9e6b-c2f609f0f1f1 None None] Join ServiceGroup membership for this service scheduler {{(pid=95681) start /opt/stack/nova/nova/service.py:222}}
Jun 17 21:53:58.648138 np0000003104 nova-scheduler[95681]: DEBUG nova.servicegroup.drivers.db [None req-2e0b87d7-0491-4484-9e6b-c2f609f0f1f1 None None] DB_Driver: join new ServiceGroup member np0000003104 to the scheduler group, service = {{(pid=95681) join /opt/stack/nova/nova/servicegroup/drivers/db.py:44}}
Jun 17 21:53:58.650541 np0000003104 nova-scheduler[95679]: DEBUG nova.service [None req-492a1710-d6f4-402c-80ff-9fcae17ea20e None None] Join ServiceGroup membership for this service scheduler {{(pid=95679) start /opt/stack/nova/nova/service.py:222}}
Jun 17 21:53:58.650754 np0000003104 nova-scheduler[95679]: DEBUG nova.servicegroup.drivers.db [None req-492a1710-d6f4-402c-80ff-9fcae17ea20e None None] DB_Driver: join new ServiceGroup member np0000003104 to the scheduler group, service = {{(pid=95679) join /opt/stack/nova/nova/servicegroup/drivers/db.py:44}}
Jun 17 21:53:58.650851 np0000003104 nova-scheduler[95683]: DEBUG nova.service [None req-457fd485-471f-40ab-a3f6-5a5e5ce49f11 None None] Creating RPC server for service: nova-scheduler on topic: scheduler {{(pid=95683) start /opt/stack/nova/nova/service.py:196}}
Jun 17 21:53:58.673145 np0000003104 nova-scheduler[95683]: DEBUG nova.service [None req-457fd485-471f-40ab-a3f6-5a5e5ce49f11 None None] Join ServiceGroup membership for this service scheduler {{(pid=95683) start /opt/stack/nova/nova/service.py:222}}
Jun 17 21:53:58.673410 np0000003104 nova-scheduler[95683]: DEBUG nova.servicegroup.drivers.db [None req-457fd485-471f-40ab-a3f6-5a5e5ce49f11 None None] DB_Driver: join new ServiceGroup member np0000003104 to the scheduler group, service = {{(pid=95683) join /opt/stack/nova/nova/servicegroup/drivers/db.py:44}}
Jun 17 21:54:00.664942 np0000003104 nova-scheduler[95681]: DEBUG oslo.service.backend._threading.loopingcall [None req-830b4e07-56da-4302-ac5a-1638e03f4060 None None] Dynamic interval looping call 'nova.service.Service.periodic_tasks' sleeping for 60.00 seconds {{(pid=95681) _run_loop /opt/stack/data/venv/lib/python3.12/site-packages/oslo_service/backend/_threading/loopingcall.py:125}}
Jun 17 21:54:03.664675 np0000003104 nova-scheduler[95679]: DEBUG oslo.service.backend._threading.loopingcall [-] Fixed interval looping call 'nova.servicegroup.drivers.db.DbDriver._report_state' sleeping for 119.99 seconds {{(pid=95679) _run_loop /opt/stack/data/venv/lib/python3.12/site-packages/oslo_service/backend/_threading/loopingcall.py:125}}
Jun 17 21:54:03.665686 np0000003104 nova-scheduler[95681]: DEBUG oslo.service.backend._threading.loopingcall [-] Fixed interval looping call 'nova.servicegroup.drivers.db.DbDriver._report_state' sleeping for 119.99 seconds {{(pid=95681) _run_loop /opt/stack/data/venv/lib/python3.12/site-packages/oslo_service/backend/_threading/loopingcall.py:125}}
Jun 17 21:54:03.691834 np0000003104 nova-scheduler[95683]: DEBUG oslo.service.backend._threading.loopingcall [-] Fixed interval looping call 'nova.servicegroup.drivers.db.DbDriver._report_state' sleeping for 119.98 seconds {{(pid=95683) _run_loop /opt/stack/data/venv/lib/python3.12/site-packages/oslo_service/backend/_threading/loopingcall.py:125}}
Jun 17 21:54:07.216710 np0000003104 nova-scheduler[94479]: DEBUG dbcounter [-] [94479] Writing DB stats nova_api:SELECT=3 {{(pid=94479) stat_writer /opt/stack/data/venv/lib/python3.12/site-packages/dbcounter.py:115}}
Jun 17 21:54:07.343062 np0000003104 nova-scheduler[94479]: DEBUG dbcounter [-] [94479] Writing DB stats nova_cell1:SELECT=1 {{(pid=94479) stat_writer /opt/stack/data/venv/lib/python3.12/site-packages/dbcounter.py:115}}
Jun 17 21:54:07.349962 np0000003104 nova-scheduler[94479]: DEBUG dbcounter [-] [94479] Writing DB stats nova_cell0:SELECT=1 {{(pid=94479) stat_writer /opt/stack/data/venv/lib/python3.12/site-packages/dbcounter.py:115}}
Jun 17 21:54:13.660623 np0000003104 nova-scheduler[95679]: DEBUG dbcounter [-] [95679] Writing DB stats nova_cell0:SELECT=4,nova_cell0:INSERT=1,nova_cell0:UPDATE=1 {{(pid=95679) stat_writer /opt/stack/data/venv/lib/python3.12/site-packages/dbcounter.py:115}}
Jun 17 21:54:13.666629 np0000003104 nova-scheduler[95681]: DEBUG dbcounter [-] [95681] Writing DB stats nova_cell0:SELECT=3,nova_cell0:UPDATE=1 {{(pid=95681) stat_writer /opt/stack/data/venv/lib/python3.12/site-packages/dbcounter.py:115}}
Jun 17 21:54:13.690705 np0000003104 nova-scheduler[95683]: DEBUG dbcounter [-] [95683] Writing DB stats nova_cell0:SELECT=3 {{(pid=95683) stat_writer /opt/stack/data/venv/lib/python3.12/site-packages/dbcounter.py:115}}
Jun 17 21:54:33.653080 np0000003104 nova-scheduler[95679]: DEBUG oslo.service.backend._threading.loopingcall [None req-2e1c5719-a56b-4fe4-bac3-75cddf6b7d05 None None] Dynamic interval looping call 'nova.service.Service.periodic_tasks' sleeping for 60.00 seconds {{(pid=95679) _run_loop /opt/stack/data/venv/lib/python3.12/site-packages/oslo_service/backend/_threading/loopingcall.py:125}}
Jun 17 21:54:49.675778 np0000003104 nova-scheduler[95683]: DEBUG oslo.service.backend._threading.loopingcall [None req-bdf95e7a-07c7-4c4b-8e2e-ac7191c95b5c None None] Dynamic interval looping call 'nova.service.Service.periodic_tasks' sleeping for 60.00 seconds {{(pid=95683) _run_loop /opt/stack/data/venv/lib/python3.12/site-packages/oslo_service/backend/_threading/loopingcall.py:125}}
Jun 17 21:55:00.651919 np0000003104 nova-scheduler[95681]: DEBUG oslo.service.backend._threading.loopingcall [None req-830b4e07-56da-4302-ac5a-1638e03f4060 None None] Dynamic interval looping call 'nova.service.Service.periodic_tasks' sleeping for 60.00 seconds {{(pid=95681) _run_loop /opt/stack/data/venv/lib/python3.12/site-packages/oslo_service/backend/_threading/loopingcall.py:125}}
Jun 17 21:55:33.653566 np0000003104 nova-scheduler[95679]: DEBUG oslo.service.backend._threading.loopingcall [None req-2e1c5719-a56b-4fe4-bac3-75cddf6b7d05 None None] Dynamic interval looping call 'nova.service.Service.periodic_tasks' sleeping for 60.00 seconds {{(pid=95679) _run_loop /opt/stack/data/venv/lib/python3.12/site-packages/oslo_service/backend/_threading/loopingcall.py:125}}
Jun 17 21:55:49.676577 np0000003104 nova-scheduler[95683]: DEBUG oslo.service.backend._threading.loopingcall [None req-bdf95e7a-07c7-4c4b-8e2e-ac7191c95b5c None None] Dynamic interval looping call 'nova.service.Service.periodic_tasks' sleeping for 60.00 seconds {{(pid=95683) _run_loop /opt/stack/data/venv/lib/python3.12/site-packages/oslo_service/backend/_threading/loopingcall.py:125}}
Jun 17 21:56:00.652479 np0000003104 nova-scheduler[95681]: DEBUG oslo.service.backend._threading.loopingcall [None req-830b4e07-56da-4302-ac5a-1638e03f4060 None None] Dynamic interval looping call 'nova.service.Service.periodic_tasks' sleeping for 60.00 seconds {{(pid=95681) _run_loop /opt/stack/data/venv/lib/python3.12/site-packages/oslo_service/backend/_threading/loopingcall.py:125}}
Jun 17 21:56:03.661088 np0000003104 nova-scheduler[95679]: DEBUG oslo.service.backend._threading.loopingcall [-] Fixed interval looping call 'nova.servicegroup.drivers.db.DbDriver._report_state' sleeping for 119.99 seconds {{(pid=95679) _run_loop /opt/stack/data/venv/lib/python3.12/site-packages/oslo_service/backend/_threading/loopingcall.py:125}}
Jun 17 21:56:03.661546 np0000003104 nova-scheduler[95681]: DEBUG oslo.service.backend._threading.loopingcall [-] Fixed interval looping call 'nova.servicegroup.drivers.db.DbDriver._report_state' sleeping for 119.99 seconds {{(pid=95681) _run_loop /opt/stack/data/venv/lib/python3.12/site-packages/oslo_service/backend/_threading/loopingcall.py:125}}
Jun 17 21:56:03.675698 np0000003104 nova-scheduler[95683]: DEBUG oslo.service.backend._threading.loopingcall [-] Fixed interval looping call 'nova.servicegroup.drivers.db.DbDriver._report_state' sleeping for 120.00 seconds {{(pid=95683) _run_loop /opt/stack/data/venv/lib/python3.12/site-packages/oslo_service/backend/_threading/loopingcall.py:125}}
Jun 17 21:56:13.658217 np0000003104 nova-scheduler[95679]: DEBUG dbcounter [-] [95679] Writing DB stats nova_cell0:SELECT=1,nova_cell0:UPDATE=1 {{(pid=95679) stat_writer /opt/stack/data/venv/lib/python3.12/site-packages/dbcounter.py:115}}
Jun 17 21:56:13.659264 np0000003104 nova-scheduler[95681]: DEBUG dbcounter [-] [95681] Writing DB stats nova_cell0:SELECT=1,nova_cell0:UPDATE=1 {{(pid=95681) stat_writer /opt/stack/data/venv/lib/python3.12/site-packages/dbcounter.py:115}}
Jun 17 21:56:13.673694 np0000003104 nova-scheduler[95683]: DEBUG dbcounter [-] [95683] Writing DB stats nova_cell0:SELECT=1 {{(pid=95683) stat_writer /opt/stack/data/venv/lib/python3.12/site-packages/dbcounter.py:115}}
Jun 17 21:56:33.660049 np0000003104 nova-scheduler[95679]: DEBUG oslo.service.backend._threading.loopingcall [None req-2e1c5719-a56b-4fe4-bac3-75cddf6b7d05 None None] Dynamic interval looping call 'nova.service.Service.periodic_tasks' sleeping for 60.00 seconds {{(pid=95679) _run_loop /opt/stack/data/venv/lib/python3.12/site-packages/oslo_service/backend/_threading/loopingcall.py:125}}
Jun 17 21:56:34.814424 np0000003104 nova-scheduler[95681]: DEBUG nova.scheduler.manager [None req-307f4881-f9dd-43a8-9b63-12eb0624fdfe tempest-ServerStableDeviceRescueTest-379821861 tempest-ServerStableDeviceRescueTest-379821861-project-member] Starting to schedule for instances: ['fb54aef5-2ba2-4b76-b134-0e1919c791a2'] {{(pid=95681) select_destinations /opt/stack/nova/nova/scheduler/manager.py:210}}
Jun 17 21:56:34.814424 np0000003104 nova-scheduler[95681]: DEBUG nova.scheduler.request_filter [None req-307f4881-f9dd-43a8-9b63-12eb0624fdfe tempest-ServerStableDeviceRescueTest-379821861 tempest-ServerStableDeviceRescueTest-379821861-project-member] compute_status_filter request filter added forbidden trait COMPUTE_STATUS_DISABLED {{(pid=95681) compute_status_filter /opt/stack/nova/nova/scheduler/request_filter.py:253}}
Jun 17 21:56:34.814424 np0000003104 nova-scheduler[95681]: DEBUG nova.scheduler.request_filter [None req-307f4881-f9dd-43a8-9b63-12eb0624fdfe tempest-ServerStableDeviceRescueTest-379821861 tempest-ServerStableDeviceRescueTest-379821861-project-member] Request filter 'compute_status_filter' took 0.0 seconds {{(pid=95681) wrapper /opt/stack/nova/nova/scheduler/request_filter.py:46}}
Jun 17 21:56:34.815342 np0000003104 nova-scheduler[95681]: DEBUG nova.scheduler.request_filter [None req-307f4881-f9dd-43a8-9b63-12eb0624fdfe tempest-ServerStableDeviceRescueTest-379821861 tempest-ServerStableDeviceRescueTest-379821861-project-member] Request filter 'accelerators_filter' took 0.0 seconds {{(pid=95681) wrapper /opt/stack/nova/nova/scheduler/request_filter.py:46}}
Jun 17 21:56:34.815584 np0000003104 nova-scheduler[95681]: DEBUG nova.scheduler.request_filter [None req-307f4881-f9dd-43a8-9b63-12eb0624fdfe tempest-ServerStableDeviceRescueTest-379821861 tempest-ServerStableDeviceRescueTest-379821861-project-member] Request filter 'packed_virtqueue_filter' took 0.0 seconds {{(pid=95681) wrapper /opt/stack/nova/nova/scheduler/request_filter.py:46}}
Jun 17 21:56:34.815935 np0000003104 nova-scheduler[95681]: DEBUG nova.scheduler.request_filter [None req-307f4881-f9dd-43a8-9b63-12eb0624fdfe tempest-ServerStableDeviceRescueTest-379821861 tempest-ServerStableDeviceRescueTest-379821861-project-member] Request filter 'remote_managed_ports_filter' took 0.0 seconds {{(pid=95681) wrapper /opt/stack/nova/nova/scheduler/request_filter.py:46}}
Jun 17 21:56:34.816127 np0000003104 nova-scheduler[95681]: DEBUG nova.scheduler.request_filter [None req-307f4881-f9dd-43a8-9b63-12eb0624fdfe tempest-ServerStableDeviceRescueTest-379821861 tempest-ServerStableDeviceRescueTest-379821861-project-member] ephemeral_encryption_filter skipped {{(pid=95681) ephemeral_encryption_filter /opt/stack/nova/nova/scheduler/request_filter.py:426}}
Jun 17 21:56:34.816315 np0000003104 nova-scheduler[95681]: DEBUG nova.scheduler.request_filter [None req-307f4881-f9dd-43a8-9b63-12eb0624fdfe tempest-ServerStableDeviceRescueTest-379821861 tempest-ServerStableDeviceRescueTest-379821861-project-member] virtio_sound_filter skipped {{(pid=95681) virtio_sound_filter /opt/stack/nova/nova/scheduler/request_filter.py:460}}
Jun 17 21:56:34.816494 np0000003104 nova-scheduler[95681]: DEBUG nova.scheduler.request_filter [None req-307f4881-f9dd-43a8-9b63-12eb0624fdfe tempest-ServerStableDeviceRescueTest-379821861 tempest-ServerStableDeviceRescueTest-379821861-project-member] tpm_secret_security_filter skipped {{(pid=95681) tpm_secret_security_filter /opt/stack/nova/nova/scheduler/request_filter.py:477}}
Jun 17 21:56:35.289951 np0000003104 nova-scheduler[95681]: INFO nova.utils [None req-307f4881-f9dd-43a8-9b63-12eb0624fdfe tempest-ServerStableDeviceRescueTest-379821861 tempest-ServerStableDeviceRescueTest-379821861-project-member] The cell worker thread pool ForkProcess-2.cell_worker is initialized
Jun 17 21:56:35.290382 np0000003104 nova-scheduler[95681]: DEBUG oslo_concurrency.lockutils [None req-307f4881-f9dd-43a8-9b63-12eb0624fdfe tempest-ServerStableDeviceRescueTest-379821861 tempest-ServerStableDeviceRescueTest-379821861-project-member] Acquiring lock "58ae23fe-2e2d-403a-a785-b488fbaa2b29" by "nova.context.set_target_cell..get_or_set_cached_cell_and_set_connections" {{(pid=95681) inner /opt/stack/data/venv/lib/python3.12/site-packages/oslo_concurrency/lockutils.py:511}}
Jun 17 21:56:35.290621 np0000003104 nova-scheduler[95681]: DEBUG oslo_concurrency.lockutils [None req-307f4881-f9dd-43a8-9b63-12eb0624fdfe tempest-ServerStableDeviceRescueTest-379821861 tempest-ServerStableDeviceRescueTest-379821861-project-member] Lock "58ae23fe-2e2d-403a-a785-b488fbaa2b29" acquired by "nova.context.set_target_cell..get_or_set_cached_cell_and_set_connections" :: waited 0.000s {{(pid=95681) inner /opt/stack/data/venv/lib/python3.12/site-packages/oslo_concurrency/lockutils.py:524}}
Jun 17 21:56:35.292343 np0000003104 nova-scheduler[95681]: DEBUG oslo_concurrency.lockutils [None req-307f4881-f9dd-43a8-9b63-12eb0624fdfe tempest-ServerStableDeviceRescueTest-379821861 tempest-ServerStableDeviceRescueTest-379821861-project-member] Lock "58ae23fe-2e2d-403a-a785-b488fbaa2b29" "released" by "nova.context.set_target_cell..get_or_set_cached_cell_and_set_connections" :: held 0.002s {{(pid=95681) inner /opt/stack/data/venv/lib/python3.12/site-packages/oslo_concurrency/lockutils.py:543}}
Jun 17 21:56:35.296016 np0000003104 nova-scheduler[95681]: INFO dbcounter [None req-307f4881-f9dd-43a8-9b63-12eb0624fdfe tempest-ServerStableDeviceRescueTest-379821861 tempest-ServerStableDeviceRescueTest-379821861-project-member] Registered counter for database nova_cell1
Jun 17 21:56:35.333635 np0000003104 nova-scheduler[95681]: DEBUG oslo_db.sqlalchemy.engines [None req-307f4881-f9dd-43a8-9b63-12eb0624fdfe tempest-ServerStableDeviceRescueTest-379821861 tempest-ServerStableDeviceRescueTest-379821861-project-member] MySQL server mode set to STRICT_TRANS_TABLES,STRICT_ALL_TABLES,NO_ZERO_IN_DATE,NO_ZERO_DATE,ERROR_FOR_DIVISION_BY_ZERO,TRADITIONAL,NO_ENGINE_SUBSTITUTION {{(pid=95681) _check_effective_sql_mode /opt/stack/data/venv/lib/python3.12/site-packages/oslo_db/sqlalchemy/engines.py:325}}
Jun 17 21:56:35.339299 np0000003104 nova-scheduler[95681]: DEBUG dbcounter [-] [95681] Writer thread running {{(pid=95681) stat_writer /opt/stack/data/venv/lib/python3.12/site-packages/dbcounter.py:102}}
Jun 17 21:56:35.353622 np0000003104 nova-scheduler[95681]: DEBUG oslo_db.sqlalchemy.engines [None req-307f4881-f9dd-43a8-9b63-12eb0624fdfe tempest-ServerStableDeviceRescueTest-379821861 tempest-ServerStableDeviceRescueTest-379821861-project-member] Parent process 94479 forked (95681) with an open database connection, which is being discarded and recreated. {{(pid=95681) checkout /opt/stack/data/venv/lib/python3.12/site-packages/oslo_db/sqlalchemy/engines.py:402}}
Jun 17 21:56:35.391230 np0000003104 nova-scheduler[95681]: DEBUG dbcounter [-] [95681] Writer thread running {{(pid=95681) stat_writer /opt/stack/data/venv/lib/python3.12/site-packages/dbcounter.py:102}}
Jun 17 21:56:35.393548 np0000003104 nova-scheduler[95681]: DEBUG oslo_concurrency.lockutils [None req-307f4881-f9dd-43a8-9b63-12eb0624fdfe tempest-ServerStableDeviceRescueTest-379821861 tempest-ServerStableDeviceRescueTest-379821861-project-member] Acquiring lock "58ae23fe-2e2d-403a-a785-b488fbaa2b29" by "nova.context.set_target_cell..get_or_set_cached_cell_and_set_connections" {{(pid=95681) inner /opt/stack/data/venv/lib/python3.12/site-packages/oslo_concurrency/lockutils.py:511}}
Jun 17 21:56:35.393623 np0000003104 nova-scheduler[95681]: DEBUG oslo_concurrency.lockutils [None req-307f4881-f9dd-43a8-9b63-12eb0624fdfe tempest-ServerStableDeviceRescueTest-379821861 tempest-ServerStableDeviceRescueTest-379821861-project-member] Lock "58ae23fe-2e2d-403a-a785-b488fbaa2b29" acquired by "nova.context.set_target_cell..get_or_set_cached_cell_and_set_connections" :: waited 0.000s {{(pid=95681) inner /opt/stack/data/venv/lib/python3.12/site-packages/oslo_concurrency/lockutils.py:524}}
Jun 17 21:56:35.393724 np0000003104 nova-scheduler[95681]: DEBUG oslo_concurrency.lockutils [None req-307f4881-f9dd-43a8-9b63-12eb0624fdfe tempest-ServerStableDeviceRescueTest-379821861 tempest-ServerStableDeviceRescueTest-379821861-project-member] Lock "58ae23fe-2e2d-403a-a785-b488fbaa2b29" "released" by "nova.context.set_target_cell..get_or_set_cached_cell_and_set_connections" :: held 0.000s {{(pid=95681) inner /opt/stack/data/venv/lib/python3.12/site-packages/oslo_concurrency/lockutils.py:543}}
Jun 17 21:56:35.396077 np0000003104 nova-scheduler[95681]: DEBUG oslo_concurrency.lockutils [None req-307f4881-f9dd-43a8-9b63-12eb0624fdfe tempest-ServerStableDeviceRescueTest-379821861 tempest-ServerStableDeviceRescueTest-379821861-project-member] Acquiring lock "('np0000003104', 'np0000003104')" by "nova.scheduler.host_manager.HostState.update.._locked_update" {{(pid=95681) inner /opt/stack/data/venv/lib/python3.12/site-packages/oslo_concurrency/lockutils.py:511}}
Jun 17 21:56:35.396191 np0000003104 nova-scheduler[95681]: DEBUG oslo_concurrency.lockutils [None req-307f4881-f9dd-43a8-9b63-12eb0624fdfe tempest-ServerStableDeviceRescueTest-379821861 tempest-ServerStableDeviceRescueTest-379821861-project-member] Lock "('np0000003104', 'np0000003104')" acquired by "nova.scheduler.host_manager.HostState.update.._locked_update" :: waited 0.000s {{(pid=95681) inner /opt/stack/data/venv/lib/python3.12/site-packages/oslo_concurrency/lockutils.py:524}}
Jun 17 21:56:35.397026 np0000003104 nova-scheduler[95681]: DEBUG nova.scheduler.host_manager [None req-307f4881-f9dd-43a8-9b63-12eb0624fdfe tempest-ServerStableDeviceRescueTest-379821861 tempest-ServerStableDeviceRescueTest-379821861-project-member] Update host state from compute node: ComputeNode(cpu_allocation_ratio=4.0,cpu_info='{"arch": "x86_64", "model": "EPYC-Milan", "vendor": "AMD", "topology": {"cells": 1, "sockets": 12, "cores": 1, "threads": 1}, "maxphysaddr": {"mode": "emulate", "bits": 40}, "features": ["arat", "arch-capabilities", "lm", "3dnowprefetch", "popcnt", "flushbyasid", "cx8", "svme-addr-chk", "clzero", "vme", "avx", "clflushopt", "sha-ni", "pause-filter", "cx16", "xsaves", "rdctl-no", "pae", "stibp", "pse36", "perfctr_core", "f16c", "mmxext", "ibpb", "umip", "spec-ctrl", "hypervisor", "tsc", "pdpe1gb", "fpu", "erms", "x2apic", "mca", "sse4.1", "pcid", "mds-no", "osvw", "tsc-scale", "lbrv", "ssse3", "nx", "sse", "vmcb-clean", "fxsr_opt", "sse4.2", "xgetbv1", "apic", "bmi1", "amd-stibp", "adx", "fsrm", "sse4a", "svm", "gds-no", "null-sel-clr-base", "clflush", "vgif", "virt-ssbd", "bmi2", "msr", "mce", "pfthreshold", "tsc-deadline", "npt", "vpclmulqdq", "misalignsse", "smap", "sse2", "mtrr", "nrip-save", "pat", "pku", "topoext", "fxsr", "xsaveerptr", "avx2", "rdpid", "no-nested-data-bp", "abm", "vaes", "wbnoinvd", "de", "smep", "clwb", "sep", "syscall", "pge", "fma", "rdrand", "invpcid", "cmp_legacy", "tsc_adjust", "movbe", "aes", "rdseed", "skip-l1dfl-vmentry", "xsavec", "ssbd", "pse", "rdtscp", "ibrs", "cr8legacy", "fsgsbase", "v-vmsave-vmload", "xsave", "lahf_lm", "pni", "stibp-always-on", "amd-ssbd", "cmov", "pschange-mc-no", "xsaveopt", "amd-psfd", "pclmuldq", "mmx", "lfence-always-serializing"]}',created_at=2026-06-17T21:54:23Z,current_workload=0,deleted=False,deleted_at=None,disk_allocation_ratio=1.0,disk_available_least=74,free_disk_gb=95,free_ram_mb=23518,host='np0000003104',host_ip=10.4.3.120,hypervisor_hostname='np0000003104',hypervisor_type='QEMU',hypervisor_version=8002002,id=1,local_gb=95,local_gb_used=0,mapped=1,memory_mb=24030,memory_mb_used=512,metrics='[]',numa_topology='{"nova_object.name": "NUMATopology", "nova_object.namespace": "nova", "nova_object.version": "1.2", "nova_object.data": {"cells": [{"nova_object.name": "NUMACell", "nova_object.namespace": "nova", "nova_object.version": "1.5", "nova_object.data": {"id": 0, "cpuset": [0, 1, 2, 3, 4, 5, 6, 7, 8, 9, 10, 11], "pcpuset": [0, 1, 2, 3, 4, 5, 6, 7, 8, 9, 10, 11], "memory": 24030, "cpu_usage": 0, "memory_usage": 0, "pinned_cpus": [], "siblings": [[6], [2], [5], [11], [8], [4], [1], [7], [10], [0], [3], [9]], "mempages": [{"nova_object.name": "NUMAPagesTopology", "nova_object.namespace": "nova", "nova_object.version": "1.1", "nova_object.data": {"size_kb": 4, "total": 6151797, "used": 0, "reserved": 0}, "nova_object.changes": ["total", "size_kb", "used", "reserved"]}, {"nova_object.name": "NUMAPagesTopology", "nova_object.namespace": "nova", "nova_object.version": "1.1", "nova_object.data": {"size_kb": 2048, "total": 0, "used": 0, "reserved": 0}, "nova_object.changes": ["total", "size_kb", "used", "reserved"]}, {"nova_object.name": "NUMAPagesTopology", "nova_object.namespace": "nova", "nova_object.version": "1.1", "nova_object.data": {"size_kb": 1048576, "total": 0, "used": 0, "reserved": 0}, "nova_object.changes": ["total", "size_kb", "used", "reserved"]}], "network_metadata": {"nova_object.name": "NetworkMetadata", "nova_object.namespace": "nova", "nova_object.version": "1.0", "nova_object.data": {"physnets": [], "tunneled": false}, "nova_object.changes": ["physnets", "tunneled"]}, "socket": null}, "nova_object.changes": ["pinned_cpus", "network_metadata", "cpu_usage", "memory", "id", "siblings", "mempages", "pcpuset", "socket", "memory_usage", "cpuset"]}]}, "nova_object.changes": ["cells"]}',pci_device_pools=PciDevicePoolList,ram_allocation_ratio=1.0,running_vms=0,service_id=2,stats={failed_builds='0',uptime=' 21:56:09 up 24 min, 2 users, load average: 1.23, 1.29, 0.77
Jun 17 21:56:35.397026 np0000003104 nova-scheduler[95681]: '},supported_hv_specs=[HVSpec,HVSpec,HVSpec,HVSpec,HVSpec,HVSpec,HVSpec,HVSpec,HVSpec,HVSpec,HVSpec,HVSpec,HVSpec,HVSpec,HVSpec,HVSpec,HVSpec,HVSpec,HVSpec,HVSpec,HVSpec,HVSpec,HVSpec,HVSpec,HVSpec],updated_at=2026-06-17T21:56:11Z,uuid=23b901e0-02b3-4047-a995-09438e143bae,vcpus=12,vcpus_used=0) {{(pid=95681) _locked_update /opt/stack/nova/nova/scheduler/host_manager.py:168}}
Jun 17 21:56:35.397667 np0000003104 nova-scheduler[95681]: DEBUG nova.scheduler.host_manager [None req-307f4881-f9dd-43a8-9b63-12eb0624fdfe tempest-ServerStableDeviceRescueTest-379821861 tempest-ServerStableDeviceRescueTest-379821861-project-member] Update host state with aggregates: [] {{(pid=95681) _locked_update /opt/stack/nova/nova/scheduler/host_manager.py:171}}
Jun 17 21:56:35.397822 np0000003104 nova-scheduler[95681]: DEBUG nova.scheduler.host_manager [None req-307f4881-f9dd-43a8-9b63-12eb0624fdfe tempest-ServerStableDeviceRescueTest-379821861 tempest-ServerStableDeviceRescueTest-379821861-project-member] Update host state with service dict: {'id': 2, 'uuid': 'a4744592-a0d6-4fce-bbc0-cc35a58164ee', 'host': 'np0000003104', 'binary': 'nova-compute', 'topic': 'compute', 'report_count': 2, 'disabled': False, 'disabled_reason': None, 'last_seen_up': datetime.datetime(2026, 6, 17, 21, 56, 32, tzinfo=datetime.timezone.utc), 'forced_down': False, 'version': 72, 'created_at': datetime.datetime(2026, 6, 17, 21, 54, 21, tzinfo=datetime.timezone.utc), 'updated_at': datetime.datetime(2026, 6, 17, 21, 56, 32, tzinfo=datetime.timezone.utc), 'deleted_at': None, 'deleted': False} {{(pid=95681) _locked_update /opt/stack/nova/nova/scheduler/host_manager.py:174}}
Jun 17 21:56:35.397986 np0000003104 nova-scheduler[95681]: DEBUG nova.scheduler.host_manager [None req-307f4881-f9dd-43a8-9b63-12eb0624fdfe tempest-ServerStableDeviceRescueTest-379821861 tempest-ServerStableDeviceRescueTest-379821861-project-member] Update host state with instances: [] {{(pid=95681) _locked_update /opt/stack/nova/nova/scheduler/host_manager.py:177}}
Jun 17 21:56:35.398064 np0000003104 nova-scheduler[95681]: DEBUG oslo_concurrency.lockutils [None req-307f4881-f9dd-43a8-9b63-12eb0624fdfe tempest-ServerStableDeviceRescueTest-379821861 tempest-ServerStableDeviceRescueTest-379821861-project-member] Lock "('np0000003104', 'np0000003104')" "released" by "nova.scheduler.host_manager.HostState.update.._locked_update" :: held 0.002s {{(pid=95681) inner /opt/stack/data/venv/lib/python3.12/site-packages/oslo_concurrency/lockutils.py:543}}
Jun 17 21:56:35.398554 np0000003104 nova-scheduler[95681]: DEBUG nova.filters [None req-307f4881-f9dd-43a8-9b63-12eb0624fdfe tempest-ServerStableDeviceRescueTest-379821861 tempest-ServerStableDeviceRescueTest-379821861-project-member] Starting with 1 host(s) {{(pid=95681) get_filtered_objects /opt/stack/nova/nova/filters.py:70}}
Jun 17 21:56:35.398729 np0000003104 nova-scheduler[95681]: DEBUG nova.filters [None req-307f4881-f9dd-43a8-9b63-12eb0624fdfe tempest-ServerStableDeviceRescueTest-379821861 tempest-ServerStableDeviceRescueTest-379821861-project-member] Filter ComputeFilter returned 1 host(s) {{(pid=95681) get_filtered_objects /opt/stack/nova/nova/filters.py:102}}
Jun 17 21:56:35.398843 np0000003104 nova-scheduler[95681]: DEBUG nova.filters [None req-307f4881-f9dd-43a8-9b63-12eb0624fdfe tempest-ServerStableDeviceRescueTest-379821861 tempest-ServerStableDeviceRescueTest-379821861-project-member] Filter ComputeCapabilitiesFilter returned 1 host(s) {{(pid=95681) get_filtered_objects /opt/stack/nova/nova/filters.py:102}}
Jun 17 21:56:35.399016 np0000003104 nova-scheduler[95681]: DEBUG nova.filters [None req-307f4881-f9dd-43a8-9b63-12eb0624fdfe tempest-ServerStableDeviceRescueTest-379821861 tempest-ServerStableDeviceRescueTest-379821861-project-member] Filter ImagePropertiesFilter returned 1 host(s) {{(pid=95681) get_filtered_objects /opt/stack/nova/nova/filters.py:102}}
Jun 17 21:56:35.399143 np0000003104 nova-scheduler[95681]: DEBUG nova.filters [None req-307f4881-f9dd-43a8-9b63-12eb0624fdfe tempest-ServerStableDeviceRescueTest-379821861 tempest-ServerStableDeviceRescueTest-379821861-project-member] Filter ServerGroupAntiAffinityFilter returned 1 host(s) {{(pid=95681) get_filtered_objects /opt/stack/nova/nova/filters.py:102}}
Jun 17 21:56:35.399253 np0000003104 nova-scheduler[95681]: DEBUG nova.filters [None req-307f4881-f9dd-43a8-9b63-12eb0624fdfe tempest-ServerStableDeviceRescueTest-379821861 tempest-ServerStableDeviceRescueTest-379821861-project-member] Filter ServerGroupAffinityFilter returned 1 host(s) {{(pid=95681) get_filtered_objects /opt/stack/nova/nova/filters.py:102}}
Jun 17 21:56:35.399371 np0000003104 nova-scheduler[95681]: DEBUG nova.filters [None req-307f4881-f9dd-43a8-9b63-12eb0624fdfe tempest-ServerStableDeviceRescueTest-379821861 tempest-ServerStableDeviceRescueTest-379821861-project-member] Filter SameHostFilter returned 1 host(s) {{(pid=95681) get_filtered_objects /opt/stack/nova/nova/filters.py:102}}
Jun 17 21:56:35.399496 np0000003104 nova-scheduler[95681]: DEBUG nova.filters [None req-307f4881-f9dd-43a8-9b63-12eb0624fdfe tempest-ServerStableDeviceRescueTest-379821861 tempest-ServerStableDeviceRescueTest-379821861-project-member] Filter DifferentHostFilter returned 1 host(s) {{(pid=95681) get_filtered_objects /opt/stack/nova/nova/filters.py:102}}
Jun 17 21:56:35.399605 np0000003104 nova-scheduler[95681]: DEBUG nova.scheduler.manager [None req-307f4881-f9dd-43a8-9b63-12eb0624fdfe tempest-ServerStableDeviceRescueTest-379821861 tempest-ServerStableDeviceRescueTest-379821861-project-member] Filtered [(np0000003104, np0000003104) ram: 23518MB disk: 75776MB io_ops: 0 instances: 0, allocation_candidates: 1] {{(pid=95681) _get_sorted_hosts /opt/stack/nova/nova/scheduler/manager.py:743}}
Jun 17 21:56:35.399773 np0000003104 nova-scheduler[95681]: DEBUG nova.scheduler.manager [None req-307f4881-f9dd-43a8-9b63-12eb0624fdfe tempest-ServerStableDeviceRescueTest-379821861 tempest-ServerStableDeviceRescueTest-379821861-project-member] Weighed [WeighedHost [host: (np0000003104, np0000003104) ram: 23518MB disk: 75776MB io_ops: 0 instances: 0, allocation_candidates: 1, weight: 0.0]] {{(pid=95681) _get_sorted_hosts /opt/stack/nova/nova/scheduler/manager.py:765}}
Jun 17 21:56:35.399927 np0000003104 nova-scheduler[95681]: DEBUG nova.scheduler.utils [None req-307f4881-f9dd-43a8-9b63-12eb0624fdfe tempest-ServerStableDeviceRescueTest-379821861 tempest-ServerStableDeviceRescueTest-379821861-project-member] Attempting to claim resources in the placement API for instance fb54aef5-2ba2-4b76-b134-0e1919c791a2 {{(pid=95681) claim_resources /opt/stack/nova/nova/scheduler/utils.py:1345}}
Jun 17 21:56:35.584458 np0000003104 nova-scheduler[95681]: DEBUG nova.scheduler.manager [None req-307f4881-f9dd-43a8-9b63-12eb0624fdfe tempest-ServerStableDeviceRescueTest-379821861 tempest-ServerStableDeviceRescueTest-379821861-project-member] [instance: fb54aef5-2ba2-4b76-b134-0e1919c791a2] Selected host: (np0000003104, np0000003104) ram: 23518MB disk: 75776MB io_ops: 0 instances: 0, allocation_candidates: 1 {{(pid=95681) _consume_selected_host /opt/stack/nova/nova/scheduler/manager.py:625}}
Jun 17 21:56:35.584640 np0000003104 nova-scheduler[95681]: DEBUG oslo_concurrency.lockutils [None req-307f4881-f9dd-43a8-9b63-12eb0624fdfe tempest-ServerStableDeviceRescueTest-379821861 tempest-ServerStableDeviceRescueTest-379821861-project-member] Acquiring lock "('np0000003104', 'np0000003104')" by "nova.scheduler.host_manager.HostState.consume_from_request.._locked" {{(pid=95681) inner /opt/stack/data/venv/lib/python3.12/site-packages/oslo_concurrency/lockutils.py:511}}
Jun 17 21:56:35.584640 np0000003104 nova-scheduler[95681]: DEBUG oslo_concurrency.lockutils [None req-307f4881-f9dd-43a8-9b63-12eb0624fdfe tempest-ServerStableDeviceRescueTest-379821861 tempest-ServerStableDeviceRescueTest-379821861-project-member] Lock "('np0000003104', 'np0000003104')" acquired by "nova.scheduler.host_manager.HostState.consume_from_request.._locked" :: waited 0.000s {{(pid=95681) inner /opt/stack/data/venv/lib/python3.12/site-packages/oslo_concurrency/lockutils.py:524}}
Jun 17 21:56:35.585040 np0000003104 nova-scheduler[95681]: DEBUG oslo_concurrency.lockutils [None req-307f4881-f9dd-43a8-9b63-12eb0624fdfe tempest-ServerStableDeviceRescueTest-379821861 tempest-ServerStableDeviceRescueTest-379821861-project-member] Lock "('np0000003104', 'np0000003104')" "released" by "nova.scheduler.host_manager.HostState.consume_from_request.._locked" :: held 0.000s {{(pid=95681) inner /opt/stack/data/venv/lib/python3.12/site-packages/oslo_concurrency/lockutils.py:543}}
Jun 17 21:56:40.573054 np0000003104 nova-scheduler[95679]: DEBUG nova.scheduler.manager [None req-965226a3-b3ff-4025-80a8-1c04c4b121e3 tempest-ServerActionsV293TestJSON-1207887281 tempest-ServerActionsV293TestJSON-1207887281-project-member] Starting to schedule for instances: ['1c7370e2-4865-4e57-8f0c-158bf06f4266'] {{(pid=95679) select_destinations /opt/stack/nova/nova/scheduler/manager.py:210}}
Jun 17 21:56:40.574270 np0000003104 nova-scheduler[95679]: DEBUG nova.scheduler.request_filter [None req-965226a3-b3ff-4025-80a8-1c04c4b121e3 tempest-ServerActionsV293TestJSON-1207887281 tempest-ServerActionsV293TestJSON-1207887281-project-member] compute_status_filter request filter added forbidden trait COMPUTE_STATUS_DISABLED {{(pid=95679) compute_status_filter /opt/stack/nova/nova/scheduler/request_filter.py:253}}
Jun 17 21:56:40.574445 np0000003104 nova-scheduler[95679]: DEBUG nova.scheduler.request_filter [None req-965226a3-b3ff-4025-80a8-1c04c4b121e3 tempest-ServerActionsV293TestJSON-1207887281 tempest-ServerActionsV293TestJSON-1207887281-project-member] Request filter 'compute_status_filter' took 0.0 seconds {{(pid=95679) wrapper /opt/stack/nova/nova/scheduler/request_filter.py:46}}
Jun 17 21:56:40.574679 np0000003104 nova-scheduler[95679]: DEBUG nova.scheduler.request_filter [None req-965226a3-b3ff-4025-80a8-1c04c4b121e3 tempest-ServerActionsV293TestJSON-1207887281 tempest-ServerActionsV293TestJSON-1207887281-project-member] Request filter 'accelerators_filter' took 0.0 seconds {{(pid=95679) wrapper /opt/stack/nova/nova/scheduler/request_filter.py:46}}
Jun 17 21:56:40.574905 np0000003104 nova-scheduler[95679]: DEBUG nova.scheduler.request_filter [None req-965226a3-b3ff-4025-80a8-1c04c4b121e3 tempest-ServerActionsV293TestJSON-1207887281 tempest-ServerActionsV293TestJSON-1207887281-project-member] Request filter 'packed_virtqueue_filter' took 0.0 seconds {{(pid=95679) wrapper /opt/stack/nova/nova/scheduler/request_filter.py:46}}
Jun 17 21:56:40.575191 np0000003104 nova-scheduler[95679]: DEBUG nova.scheduler.request_filter [None req-965226a3-b3ff-4025-80a8-1c04c4b121e3 tempest-ServerActionsV293TestJSON-1207887281 tempest-ServerActionsV293TestJSON-1207887281-project-member] Request filter 'remote_managed_ports_filter' took 0.0 seconds {{(pid=95679) wrapper /opt/stack/nova/nova/scheduler/request_filter.py:46}}
Jun 17 21:56:40.575496 np0000003104 nova-scheduler[95679]: DEBUG nova.scheduler.request_filter [None req-965226a3-b3ff-4025-80a8-1c04c4b121e3 tempest-ServerActionsV293TestJSON-1207887281 tempest-ServerActionsV293TestJSON-1207887281-project-member] ephemeral_encryption_filter skipped {{(pid=95679) ephemeral_encryption_filter /opt/stack/nova/nova/scheduler/request_filter.py:426}}
Jun 17 21:56:40.575643 np0000003104 nova-scheduler[95679]: DEBUG nova.scheduler.request_filter [None req-965226a3-b3ff-4025-80a8-1c04c4b121e3 tempest-ServerActionsV293TestJSON-1207887281 tempest-ServerActionsV293TestJSON-1207887281-project-member] virtio_sound_filter skipped {{(pid=95679) virtio_sound_filter /opt/stack/nova/nova/scheduler/request_filter.py:460}}
Jun 17 21:56:40.575774 np0000003104 nova-scheduler[95679]: DEBUG nova.scheduler.request_filter [None req-965226a3-b3ff-4025-80a8-1c04c4b121e3 tempest-ServerActionsV293TestJSON-1207887281 tempest-ServerActionsV293TestJSON-1207887281-project-member] tpm_secret_security_filter skipped {{(pid=95679) tpm_secret_security_filter /opt/stack/nova/nova/scheduler/request_filter.py:477}}
Jun 17 21:56:40.673568 np0000003104 nova-scheduler[95679]: INFO nova.utils [None req-965226a3-b3ff-4025-80a8-1c04c4b121e3 tempest-ServerActionsV293TestJSON-1207887281 tempest-ServerActionsV293TestJSON-1207887281-project-member] The cell worker thread pool ForkProcess-1.cell_worker is initialized
Jun 17 21:56:40.673950 np0000003104 nova-scheduler[95679]: DEBUG oslo_concurrency.lockutils [None req-965226a3-b3ff-4025-80a8-1c04c4b121e3 tempest-ServerActionsV293TestJSON-1207887281 tempest-ServerActionsV293TestJSON-1207887281-project-member] Acquiring lock "58ae23fe-2e2d-403a-a785-b488fbaa2b29" by "nova.context.set_target_cell..get_or_set_cached_cell_and_set_connections" {{(pid=95679) inner /opt/stack/data/venv/lib/python3.12/site-packages/oslo_concurrency/lockutils.py:511}}
Jun 17 21:56:40.674193 np0000003104 nova-scheduler[95679]: DEBUG oslo_concurrency.lockutils [None req-965226a3-b3ff-4025-80a8-1c04c4b121e3 tempest-ServerActionsV293TestJSON-1207887281 tempest-ServerActionsV293TestJSON-1207887281-project-member] Lock "58ae23fe-2e2d-403a-a785-b488fbaa2b29" acquired by "nova.context.set_target_cell..get_or_set_cached_cell_and_set_connections" :: waited 0.000s {{(pid=95679) inner /opt/stack/data/venv/lib/python3.12/site-packages/oslo_concurrency/lockutils.py:524}}
Jun 17 21:56:40.675775 np0000003104 nova-scheduler[95679]: DEBUG oslo_concurrency.lockutils [None req-965226a3-b3ff-4025-80a8-1c04c4b121e3 tempest-ServerActionsV293TestJSON-1207887281 tempest-ServerActionsV293TestJSON-1207887281-project-member] Lock "58ae23fe-2e2d-403a-a785-b488fbaa2b29" "released" by "nova.context.set_target_cell..get_or_set_cached_cell_and_set_connections" :: held 0.002s {{(pid=95679) inner /opt/stack/data/venv/lib/python3.12/site-packages/oslo_concurrency/lockutils.py:543}}
Jun 17 21:56:40.677982 np0000003104 nova-scheduler[95679]: INFO dbcounter [None req-965226a3-b3ff-4025-80a8-1c04c4b121e3 tempest-ServerActionsV293TestJSON-1207887281 tempest-ServerActionsV293TestJSON-1207887281-project-member] Registered counter for database nova_cell1
Jun 17 21:56:40.737595 np0000003104 nova-scheduler[95679]: DEBUG oslo_db.sqlalchemy.engines [None req-965226a3-b3ff-4025-80a8-1c04c4b121e3 tempest-ServerActionsV293TestJSON-1207887281 tempest-ServerActionsV293TestJSON-1207887281-project-member] MySQL server mode set to STRICT_TRANS_TABLES,STRICT_ALL_TABLES,NO_ZERO_IN_DATE,NO_ZERO_DATE,ERROR_FOR_DIVISION_BY_ZERO,TRADITIONAL,NO_ENGINE_SUBSTITUTION {{(pid=95679) _check_effective_sql_mode /opt/stack/data/venv/lib/python3.12/site-packages/oslo_db/sqlalchemy/engines.py:325}}
Jun 17 21:56:40.744271 np0000003104 nova-scheduler[95679]: DEBUG dbcounter [-] [95679] Writer thread running {{(pid=95679) stat_writer /opt/stack/data/venv/lib/python3.12/site-packages/dbcounter.py:102}}
Jun 17 21:56:40.801758 np0000003104 nova-scheduler[95679]: DEBUG dbcounter [-] [95679] Writer thread running {{(pid=95679) stat_writer /opt/stack/data/venv/lib/python3.12/site-packages/dbcounter.py:102}}
Jun 17 21:56:40.805885 np0000003104 nova-scheduler[95679]: DEBUG oslo_concurrency.lockutils [None req-965226a3-b3ff-4025-80a8-1c04c4b121e3 tempest-ServerActionsV293TestJSON-1207887281 tempest-ServerActionsV293TestJSON-1207887281-project-member] Acquiring lock "58ae23fe-2e2d-403a-a785-b488fbaa2b29" by "nova.context.set_target_cell..get_or_set_cached_cell_and_set_connections" {{(pid=95679) inner /opt/stack/data/venv/lib/python3.12/site-packages/oslo_concurrency/lockutils.py:511}}
Jun 17 21:56:40.806031 np0000003104 nova-scheduler[95679]: DEBUG oslo_concurrency.lockutils [None req-965226a3-b3ff-4025-80a8-1c04c4b121e3 tempest-ServerActionsV293TestJSON-1207887281 tempest-ServerActionsV293TestJSON-1207887281-project-member] Lock "58ae23fe-2e2d-403a-a785-b488fbaa2b29" acquired by "nova.context.set_target_cell..get_or_set_cached_cell_and_set_connections" :: waited 0.000s {{(pid=95679) inner /opt/stack/data/venv/lib/python3.12/site-packages/oslo_concurrency/lockutils.py:524}}
Jun 17 21:56:40.806178 np0000003104 nova-scheduler[95679]: DEBUG oslo_concurrency.lockutils [None req-965226a3-b3ff-4025-80a8-1c04c4b121e3 tempest-ServerActionsV293TestJSON-1207887281 tempest-ServerActionsV293TestJSON-1207887281-project-member] Lock "58ae23fe-2e2d-403a-a785-b488fbaa2b29" "released" by "nova.context.set_target_cell..get_or_set_cached_cell_and_set_connections" :: held 0.000s {{(pid=95679) inner /opt/stack/data/venv/lib/python3.12/site-packages/oslo_concurrency/lockutils.py:543}}
Jun 17 21:56:40.811553 np0000003104 nova-scheduler[95679]: DEBUG oslo_concurrency.lockutils [None req-965226a3-b3ff-4025-80a8-1c04c4b121e3 tempest-ServerActionsV293TestJSON-1207887281 tempest-ServerActionsV293TestJSON-1207887281-project-member] Acquiring lock "('np0000003104', 'np0000003104')" by "nova.scheduler.host_manager.HostState.update.._locked_update" {{(pid=95679) inner /opt/stack/data/venv/lib/python3.12/site-packages/oslo_concurrency/lockutils.py:511}}
