May 22 08:06:32.099747 np0000001232 devstack@c-api.service[99126]: DEBUG cinder.api.openstack.wsgi [None req-289c6d23-d26b-4e94-b5fb-c1cef9122bf5 tempest-ServersNegativeTestJSON-1711754983 tempest-ServersNegativeTestJSON-1711754983-project-member] Calling method 'show' {{(pid=99126) _process_stack /opt/stack/cinder/cinder/api/openstack/wsgi.py:878}}
May 22 08:06:32.107690 np0000001232 devstack@c-api.service[99126]: INFO cinder.api.openstack.wsgi [None req-289c6d23-d26b-4e94-b5fb-c1cef9122bf5 tempest-ServersNegativeTestJSON-1711754983 tempest-ServersNegativeTestJSON-1711754983-project-member] https://10.4.3.105/volume/v3/volumes/308c6182-8afd-4612-a3a5-422ad64e29cf returned with HTTP 404
May 22 08:06:32.108285 np0000001232 devstack@c-api.service[99126]: [pid: 99126|app: 0|req: 40/121] 10.4.3.105 () {66 vars in 1348 bytes} [Fri May 22 08:06:32 2026] GET /volume/v3/volumes/308c6182-8afd-4612-a3a5-422ad64e29cf => generated 109 bytes in 12 msecs (HTTP/1.1 404) 7 headers in 292 bytes (1 switches on core 0)
May 22 08:06:32.895857 np0000001232 devstack@c-api.service[99127]: DEBUG cinder.api.middleware.request_id [None req-b325a3f7-57c7-401e-991b-a890cb97c854 None None] RequestId filter calling following filter/app {{(pid=99127) _context_setter /opt/stack/cinder/cinder/api/middleware/request_id.py:62}}
May 22 08:06:32.901358 np0000001232 devstack@c-api.service[99127]: INFO cinder.api.openstack.wsgi [None req-b325a3f7-57c7-401e-991b-a890cb97c854 tempest-VolumesAssistedSnapshotsTest-1639148909 tempest-VolumesAssistedSnapshotsTest-1639148909-project-admin] GET https://10.4.3.105/volume/v3/volumes/8f1b6a47-0614-41d1-b667-9631166e10f8
May 22 08:06:32.902979 np0000001232 devstack@c-api.service[99127]: DEBUG cinder.api.openstack.wsgi [None req-b325a3f7-57c7-401e-991b-a890cb97c854 tempest-VolumesAssistedSnapshotsTest-1639148909 tempest-VolumesAssistedSnapshotsTest-1639148909-project-admin] Empty body provided in request {{(pid=99127) get_body /opt/stack/cinder/cinder/api/openstack/wsgi.py:725}}
May 22 08:06:32.903437 np0000001232 devstack@c-api.service[99127]: DEBUG cinder.api.openstack.wsgi [None req-b325a3f7-57c7-401e-991b-a890cb97c854 tempest-VolumesAssistedSnapshotsTest-1639148909 tempest-VolumesAssistedSnapshotsTest-1639148909-project-admin] Calling method 'show' {{(pid=99127) _process_stack /opt/stack/cinder/cinder/api/openstack/wsgi.py:878}}
May 22 08:06:32.925570 np0000001232 devstack@c-api.service[99127]: /opt/stack/data/venv/lib/python3.12/site-packages/oslo_context/context.py:102: DeprecationWarning: Policy enforcement is depending on the value of is_admin. This key is deprecated. Please update your policy file to use the standard policy values.
May 22 08:06:32.925570 np0000001232 devstack@c-api.service[99127]: warnings.warn(
May 22 08:06:32.932934 np0000001232 devstack@c-api.service[99127]: INFO cinder.volume.api [None req-b325a3f7-57c7-401e-991b-a890cb97c854 tempest-VolumesAssistedSnapshotsTest-1639148909 tempest-VolumesAssistedSnapshotsTest-1639148909-project-admin] Volume info retrieved successfully.
May 22 08:06:32.939513 np0000001232 devstack@c-api.service[99127]: INFO cinder.api.openstack.wsgi [None req-b325a3f7-57c7-401e-991b-a890cb97c854 tempest-VolumesAssistedSnapshotsTest-1639148909 tempest-VolumesAssistedSnapshotsTest-1639148909-project-admin] https://10.4.3.105/volume/v3/volumes/8f1b6a47-0614-41d1-b667-9631166e10f8 returned with HTTP 200
May 22 08:06:32.939513 np0000001232 devstack@c-api.service[99127]: [pid: 99127|app: 0|req: 41/122] 10.4.3.105 () {66 vars in 1348 bytes} [Fri May 22 08:06:32 2026] GET /volume/v3/volumes/8f1b6a47-0614-41d1-b667-9631166e10f8 => generated 1023 bytes in 43 msecs (HTTP/1.1 200) 7 headers in 286 bytes (1 switches on core 0)
May 22 08:06:32.992361 np0000001232 devstack@c-api.service[99125]: DEBUG cinder.api.middleware.request_id [None req-23fd1c47-4670-4a68-92cb-7de1b926fc75 None None] RequestId filter calling following filter/app {{(pid=99125) _context_setter /opt/stack/cinder/cinder/api/middleware/request_id.py:62}}
May 22 08:06:32.999067 np0000001232 devstack@c-api.service[99125]: INFO cinder.api.openstack.wsgi [None req-23fd1c47-4670-4a68-92cb-7de1b926fc75 tempest-TestMultiAttachVolumeSwap-953330023 tempest-TestMultiAttachVolumeSwap-953330023-project-member] GET https://10.4.3.105/volume/v3/volumes/907c16c9-effd-49bf-b13e-1c2fdf7784a4
May 22 08:06:32.999067 np0000001232 devstack@c-api.service[99125]: DEBUG cinder.api.openstack.wsgi [None req-23fd1c47-4670-4a68-92cb-7de1b926fc75 tempest-TestMultiAttachVolumeSwap-953330023 tempest-TestMultiAttachVolumeSwap-953330023-project-member] Empty body provided in request {{(pid=99125) get_body /opt/stack/cinder/cinder/api/openstack/wsgi.py:725}}
May 22 08:06:32.999067 np0000001232 devstack@c-api.service[99125]: DEBUG cinder.api.openstack.wsgi [None req-23fd1c47-4670-4a68-92cb-7de1b926fc75 tempest-TestMultiAttachVolumeSwap-953330023 tempest-TestMultiAttachVolumeSwap-953330023-project-member] Calling method 'show' {{(pid=99125) _process_stack /opt/stack/cinder/cinder/api/openstack/wsgi.py:878}}
May 22 08:06:33.009606 np0000001232 devstack@c-api.service[99125]: /opt/stack/data/venv/lib/python3.12/site-packages/oslo_context/context.py:102: DeprecationWarning: Policy enforcement is depending on the value of is_admin. This key is deprecated. Please update your policy file to use the standard policy values.
May 22 08:06:33.009606 np0000001232 devstack@c-api.service[99125]: warnings.warn(
May 22 08:06:33.013935 np0000001232 devstack@c-api.service[99125]: INFO cinder.volume.api [None req-23fd1c47-4670-4a68-92cb-7de1b926fc75 tempest-TestMultiAttachVolumeSwap-953330023 tempest-TestMultiAttachVolumeSwap-953330023-project-member] Volume info retrieved successfully.
May 22 08:06:33.028554 np0000001232 devstack@c-api.service[99125]: INFO cinder.api.openstack.wsgi [None req-23fd1c47-4670-4a68-92cb-7de1b926fc75 tempest-TestMultiAttachVolumeSwap-953330023 tempest-TestMultiAttachVolumeSwap-953330023-project-member] https://10.4.3.105/volume/v3/volumes/907c16c9-effd-49bf-b13e-1c2fdf7784a4 returned with HTTP 200
May 22 08:06:33.029146 np0000001232 devstack@c-api.service[99125]: [pid: 99125|app: 0|req: 42/123] 10.4.3.105 () {66 vars in 1348 bytes} [Fri May 22 08:06:32 2026] GET /volume/v3/volumes/907c16c9-effd-49bf-b13e-1c2fdf7784a4 => generated 868 bytes in 37 msecs (HTTP/1.1 200) 7 headers in 285 bytes (1 switches on core 0)
May 22 08:06:33.422411 np0000001232 devstack@c-api.service[99126]: DEBUG cinder.api.middleware.request_id [None req-4d5c5892-df69-4cd4-af1c-3422da88bb53 None None] RequestId filter calling following filter/app {{(pid=99126) _context_setter /opt/stack/cinder/cinder/api/middleware/request_id.py:62}}
May 22 08:06:33.422870 np0000001232 devstack@c-api.service[99126]: INFO cinder.api.openstack.wsgi [None req-4d5c5892-df69-4cd4-af1c-3422da88bb53 None None] GET https://10.4.3.105/volume//
May 22 08:06:33.423114 np0000001232 devstack@c-api.service[99126]: DEBUG cinder.api.openstack.wsgi [None req-4d5c5892-df69-4cd4-af1c-3422da88bb53 None None] Empty body provided in request {{(pid=99126) get_body /opt/stack/cinder/cinder/api/openstack/wsgi.py:725}}
May 22 08:06:33.423480 np0000001232 devstack@c-api.service[99126]: DEBUG cinder.api.openstack.wsgi [None req-4d5c5892-df69-4cd4-af1c-3422da88bb53 None None] Calling method 'all' {{(pid=99126) _process_stack /opt/stack/cinder/cinder/api/openstack/wsgi.py:878}}
May 22 08:06:33.423976 np0000001232 devstack@c-api.service[99126]: INFO cinder.api.openstack.wsgi [None req-4d5c5892-df69-4cd4-af1c-3422da88bb53 None None] https://10.4.3.105/volume// returned with HTTP 300
May 22 08:06:33.424619 np0000001232 devstack@c-api.service[99126]: [pid: 99126|app: 0|req: 41/124] 10.4.3.105 () {66 vars in 1428 bytes} [Fri May 22 08:06:33 2026] GET /volume/ => generated 386 bytes in 3 msecs (HTTP/1.1 300) 7 headers in 299 bytes (1 switches on core 0)
May 22 08:06:33.460753 np0000001232 devstack@c-api.service[99127]: DEBUG cinder.api.middleware.request_id [req-66b9cba6-4ed9-4286-933d-3dcb78b95fe5 req-42afe3d5-5516-4ad8-9689-dd83d080a643 None None] RequestId filter calling following filter/app {{(pid=99127) _context_setter /opt/stack/cinder/cinder/api/middleware/request_id.py:62}}
May 22 08:06:33.750023 np0000001232 devstack@c-api.service[99127]: INFO cinder.api.openstack.wsgi [req-66b9cba6-4ed9-4286-933d-3dcb78b95fe5 req-42afe3d5-5516-4ad8-9689-dd83d080a643 tempest-AttachVolumeMultiAttachTest-1342924698 tempest-AttachVolumeMultiAttachTest-1342924698-project-member] POST https://10.4.3.105/volume/v3/attachments
May 22 08:06:33.753332 np0000001232 devstack@c-api.service[99127]: DEBUG cinder.api.openstack.wsgi [req-66b9cba6-4ed9-4286-933d-3dcb78b95fe5 req-42afe3d5-5516-4ad8-9689-dd83d080a643 tempest-AttachVolumeMultiAttachTest-1342924698 tempest-AttachVolumeMultiAttachTest-1342924698-project-member] Action: 'create', calling method: version_select, body: {"attachment": {"volume_uuid": "c76d126a-bf02-484d-8844-891052ff58b3", "connector": null, "instance_uuid": "ab7bdc7c-37b9-46d4-85ee-91bd4a76af26"}} {{(pid=99127) _process_stack /opt/stack/cinder/cinder/api/openstack/wsgi.py:876}}
May 22 08:06:33.779785 np0000001232 devstack@c-api.service[99127]: /opt/stack/data/venv/lib/python3.12/site-packages/oslo_context/context.py:102: DeprecationWarning: Policy enforcement is depending on the value of is_admin. This key is deprecated. Please update your policy file to use the standard policy values.
May 22 08:06:33.779785 np0000001232 devstack@c-api.service[99127]: warnings.warn(
May 22 08:06:33.817996 np0000001232 devstack@c-api.service[99127]: INFO cinder.api.openstack.wsgi [req-66b9cba6-4ed9-4286-933d-3dcb78b95fe5 req-42afe3d5-5516-4ad8-9689-dd83d080a643 tempest-AttachVolumeMultiAttachTest-1342924698 tempest-AttachVolumeMultiAttachTest-1342924698-project-member] https://10.4.3.105/volume/v3/attachments returned with HTTP 200
May 22 08:06:33.818486 np0000001232 devstack@c-api.service[99127]: [pid: 99127|app: 0|req: 42/125] 10.4.3.105 () {74 vars in 1594 bytes} [Fri May 22 08:06:33 2026] POST /volume/v3/attachments => generated 273 bytes in 358 msecs (HTTP/1.1 200) 7 headers in 286 bytes (1 switches on core 0)
May 22 08:06:33.952720 np0000001232 devstack@c-api.service[99125]: DEBUG cinder.api.middleware.request_id [None req-5ed57f1f-e89b-44a8-847f-02c00d618026 None None] RequestId filter calling following filter/app {{(pid=99125) _context_setter /opt/stack/cinder/cinder/api/middleware/request_id.py:62}}
May 22 08:06:33.954960 np0000001232 devstack@c-api.service[99125]: INFO cinder.api.openstack.wsgi [None req-5ed57f1f-e89b-44a8-847f-02c00d618026 tempest-VolumesAssistedSnapshotsTest-1639148909 tempest-VolumesAssistedSnapshotsTest-1639148909-project-admin] GET https://10.4.3.105/volume/v3/volumes/8f1b6a47-0614-41d1-b667-9631166e10f8
May 22 08:06:33.955283 np0000001232 devstack@c-api.service[99125]: DEBUG cinder.api.openstack.wsgi [None req-5ed57f1f-e89b-44a8-847f-02c00d618026 tempest-VolumesAssistedSnapshotsTest-1639148909 tempest-VolumesAssistedSnapshotsTest-1639148909-project-admin] Empty body provided in request {{(pid=99125) get_body /opt/stack/cinder/cinder/api/openstack/wsgi.py:725}}
May 22 08:06:33.955565 np0000001232 devstack@c-api.service[99125]: DEBUG cinder.api.openstack.wsgi [None req-5ed57f1f-e89b-44a8-847f-02c00d618026 tempest-VolumesAssistedSnapshotsTest-1639148909 tempest-VolumesAssistedSnapshotsTest-1639148909-project-admin] Calling method 'show' {{(pid=99125) _process_stack /opt/stack/cinder/cinder/api/openstack/wsgi.py:878}}
May 22 08:06:33.966957 np0000001232 devstack@c-api.service[99125]: /opt/stack/data/venv/lib/python3.12/site-packages/oslo_context/context.py:102: DeprecationWarning: Policy enforcement is depending on the value of is_admin. This key is deprecated. Please update your policy file to use the standard policy values.
May 22 08:06:33.966957 np0000001232 devstack@c-api.service[99125]: warnings.warn(
May 22 08:06:33.970580 np0000001232 devstack@c-api.service[99125]: INFO cinder.volume.api [None req-5ed57f1f-e89b-44a8-847f-02c00d618026 tempest-VolumesAssistedSnapshotsTest-1639148909 tempest-VolumesAssistedSnapshotsTest-1639148909-project-admin] Volume info retrieved successfully.
May 22 08:06:33.975939 np0000001232 devstack@c-api.service[99125]: INFO cinder.api.openstack.wsgi [None req-5ed57f1f-e89b-44a8-847f-02c00d618026 tempest-VolumesAssistedSnapshotsTest-1639148909 tempest-VolumesAssistedSnapshotsTest-1639148909-project-admin] https://10.4.3.105/volume/v3/volumes/8f1b6a47-0614-41d1-b667-9631166e10f8 returned with HTTP 200
May 22 08:06:33.976494 np0000001232 devstack@c-api.service[99125]: [pid: 99125|app: 0|req: 43/126] 10.4.3.105 () {66 vars in 1348 bytes} [Fri May 22 08:06:33 2026] GET /volume/v3/volumes/8f1b6a47-0614-41d1-b667-9631166e10f8 => generated 1023 bytes in 24 msecs (HTTP/1.1 200) 7 headers in 286 bytes (1 switches on core 0)
May 22 08:06:34.051648 np0000001232 devstack@c-api.service[99126]: DEBUG cinder.api.middleware.request_id [None req-3b19f540-4749-4e9b-a8e5-938d945f1f84 None None] RequestId filter calling following filter/app {{(pid=99126) _context_setter /opt/stack/cinder/cinder/api/middleware/request_id.py:62}}
May 22 08:06:34.053427 np0000001232 devstack@c-api.service[99126]: INFO cinder.api.openstack.wsgi [None req-3b19f540-4749-4e9b-a8e5-938d945f1f84 tempest-TestMultiAttachVolumeSwap-953330023 tempest-TestMultiAttachVolumeSwap-953330023-project-member] GET https://10.4.3.105/volume/v3/volumes/907c16c9-effd-49bf-b13e-1c2fdf7784a4
May 22 08:06:34.053721 np0000001232 devstack@c-api.service[99126]: DEBUG cinder.api.openstack.wsgi [None req-3b19f540-4749-4e9b-a8e5-938d945f1f84 tempest-TestMultiAttachVolumeSwap-953330023 tempest-TestMultiAttachVolumeSwap-953330023-project-member] Empty body provided in request {{(pid=99126) get_body /opt/stack/cinder/cinder/api/openstack/wsgi.py:725}}
May 22 08:06:34.053927 np0000001232 devstack@c-api.service[99126]: DEBUG cinder.api.openstack.wsgi [None req-3b19f540-4749-4e9b-a8e5-938d945f1f84 tempest-TestMultiAttachVolumeSwap-953330023 tempest-TestMultiAttachVolumeSwap-953330023-project-member] Calling method 'show' {{(pid=99126) _process_stack /opt/stack/cinder/cinder/api/openstack/wsgi.py:878}}
May 22 08:06:34.068231 np0000001232 devstack@c-api.service[99126]: /opt/stack/data/venv/lib/python3.12/site-packages/oslo_context/context.py:102: DeprecationWarning: Policy enforcement is depending on the value of is_admin. This key is deprecated. Please update your policy file to use the standard policy values.
May 22 08:06:34.068231 np0000001232 devstack@c-api.service[99126]: warnings.warn(
May 22 08:06:34.075459 np0000001232 devstack@c-api.service[99126]: INFO cinder.volume.api [None req-3b19f540-4749-4e9b-a8e5-938d945f1f84 tempest-TestMultiAttachVolumeSwap-953330023 tempest-TestMultiAttachVolumeSwap-953330023-project-member] Volume info retrieved successfully.
May 22 08:06:34.084025 np0000001232 devstack@c-api.service[99126]: INFO cinder.api.openstack.wsgi [None req-3b19f540-4749-4e9b-a8e5-938d945f1f84 tempest-TestMultiAttachVolumeSwap-953330023 tempest-TestMultiAttachVolumeSwap-953330023-project-member] https://10.4.3.105/volume/v3/volumes/907c16c9-effd-49bf-b13e-1c2fdf7784a4 returned with HTTP 200
May 22 08:06:34.084424 np0000001232 devstack@c-api.service[99126]: [pid: 99126|app: 0|req: 42/127] 10.4.3.105 () {66 vars in 1348 bytes} [Fri May 22 08:06:34 2026] GET /volume/v3/volumes/907c16c9-effd-49bf-b13e-1c2fdf7784a4 => generated 868 bytes in 33 msecs (HTTP/1.1 200) 7 headers in 285 bytes (1 switches on core 0)
May 22 08:06:34.125149 np0000001232 devstack@c-api.service[99127]: DEBUG cinder.api.middleware.request_id [None req-eec2858f-ec60-4781-98a3-8ac253778367 None None] RequestId filter calling following filter/app {{(pid=99127) _context_setter /opt/stack/cinder/cinder/api/middleware/request_id.py:62}}
May 22 08:06:34.126900 np0000001232 devstack@c-api.service[99127]: INFO cinder.api.openstack.wsgi [None req-eec2858f-ec60-4781-98a3-8ac253778367 tempest-AttachVolumeMultiAttachTest-1342924698 tempest-AttachVolumeMultiAttachTest-1342924698-project-member] GET https://10.4.3.105/volume/v3/volumes/c76d126a-bf02-484d-8844-891052ff58b3
May 22 08:06:34.127099 np0000001232 devstack@c-api.service[99127]: DEBUG cinder.api.openstack.wsgi [None req-eec2858f-ec60-4781-98a3-8ac253778367 tempest-AttachVolumeMultiAttachTest-1342924698 tempest-AttachVolumeMultiAttachTest-1342924698-project-member] Empty body provided in request {{(pid=99127) get_body /opt/stack/cinder/cinder/api/openstack/wsgi.py:725}}
May 22 08:06:34.127339 np0000001232 devstack@c-api.service[99127]: DEBUG cinder.api.openstack.wsgi [None req-eec2858f-ec60-4781-98a3-8ac253778367 tempest-AttachVolumeMultiAttachTest-1342924698 tempest-AttachVolumeMultiAttachTest-1342924698-project-member] Calling method 'show' {{(pid=99127) _process_stack /opt/stack/cinder/cinder/api/openstack/wsgi.py:878}}
May 22 08:06:34.139137 np0000001232 devstack@c-api.service[99127]: /opt/stack/data/venv/lib/python3.12/site-packages/oslo_context/context.py:102: DeprecationWarning: Policy enforcement is depending on the value of is_admin. This key is deprecated. Please update your policy file to use the standard policy values.
May 22 08:06:34.139137 np0000001232 devstack@c-api.service[99127]: warnings.warn(
May 22 08:06:34.143847 np0000001232 devstack@c-api.service[99127]: INFO cinder.volume.api [None req-eec2858f-ec60-4781-98a3-8ac253778367 tempest-AttachVolumeMultiAttachTest-1342924698 tempest-AttachVolumeMultiAttachTest-1342924698-project-member] Volume info retrieved successfully.
May 22 08:06:34.149956 np0000001232 devstack@c-api.service[99127]: INFO cinder.api.openstack.wsgi [None req-eec2858f-ec60-4781-98a3-8ac253778367 tempest-AttachVolumeMultiAttachTest-1342924698 tempest-AttachVolumeMultiAttachTest-1342924698-project-member] https://10.4.3.105/volume/v3/volumes/c76d126a-bf02-484d-8844-891052ff58b3 returned with HTTP 200
May 22 08:06:34.150548 np0000001232 devstack@c-api.service[99127]: [pid: 99127|app: 0|req: 43/128] 10.4.3.105 () {66 vars in 1348 bytes} [Fri May 22 08:06:34 2026] GET /volume/v3/volumes/c76d126a-bf02-484d-8844-891052ff58b3 => generated 850 bytes in 26 msecs (HTTP/1.1 200) 7 headers in 285 bytes (1 switches on core 0)
May 22 08:06:34.354446 np0000001232 devstack@c-api.service[99125]: DEBUG cinder.api.middleware.request_id [None req-83e286da-a511-4f70-9cf2-90af2e9fefe4 None None] RequestId filter calling following filter/app {{(pid=99125) _context_setter /opt/stack/cinder/cinder/api/middleware/request_id.py:62}}
May 22 08:06:34.354833 np0000001232 devstack@c-api.service[99125]: INFO cinder.api.openstack.wsgi [None req-83e286da-a511-4f70-9cf2-90af2e9fefe4 None None] GET https://10.4.3.105/volume//
May 22 08:06:34.354968 np0000001232 devstack@c-api.service[99125]: DEBUG cinder.api.openstack.wsgi [None req-83e286da-a511-4f70-9cf2-90af2e9fefe4 None None] Empty body provided in request {{(pid=99125) get_body /opt/stack/cinder/cinder/api/openstack/wsgi.py:725}}
May 22 08:06:34.355197 np0000001232 devstack@c-api.service[99125]: DEBUG cinder.api.openstack.wsgi [None req-83e286da-a511-4f70-9cf2-90af2e9fefe4 None None] Calling method 'all' {{(pid=99125) _process_stack /opt/stack/cinder/cinder/api/openstack/wsgi.py:878}}
May 22 08:06:34.355587 np0000001232 devstack@c-api.service[99125]: INFO cinder.api.openstack.wsgi [None req-83e286da-a511-4f70-9cf2-90af2e9fefe4 None None] https://10.4.3.105/volume// returned with HTTP 300
May 22 08:06:34.355953 np0000001232 devstack@c-api.service[99125]: [pid: 99125|app: 0|req: 44/129] 10.4.3.105 () {66 vars in 1426 bytes} [Fri May 22 08:06:34 2026] GET /volume/ => generated 386 bytes in 2 msecs (HTTP/1.1 300) 7 headers in 299 bytes (1 switches on core 0)
May 22 08:06:34.364428 np0000001232 devstack@c-api.service[99126]: DEBUG cinder.api.middleware.request_id [req-66b9cba6-4ed9-4286-933d-3dcb78b95fe5 req-d2537e92-c19b-431e-9d50-0568b7a72a05 None None] RequestId filter calling following filter/app {{(pid=99126) _context_setter /opt/stack/cinder/cinder/api/middleware/request_id.py:62}}
May 22 08:06:34.366488 np0000001232 devstack@c-api.service[99126]: INFO cinder.api.openstack.wsgi [req-66b9cba6-4ed9-4286-933d-3dcb78b95fe5 req-d2537e92-c19b-431e-9d50-0568b7a72a05 tempest-AttachVolumeMultiAttachTest-1342924698 tempest-AttachVolumeMultiAttachTest-1342924698-project-member] GET https://10.4.3.105/volume/v3/volumes/c76d126a-bf02-484d-8844-891052ff58b3
May 22 08:06:34.366727 np0000001232 devstack@c-api.service[99126]: DEBUG cinder.api.openstack.wsgi [req-66b9cba6-4ed9-4286-933d-3dcb78b95fe5 req-d2537e92-c19b-431e-9d50-0568b7a72a05 tempest-AttachVolumeMultiAttachTest-1342924698 tempest-AttachVolumeMultiAttachTest-1342924698-project-member] Empty body provided in request {{(pid=99126) get_body /opt/stack/cinder/cinder/api/openstack/wsgi.py:725}}
May 22 08:06:34.366911 np0000001232 devstack@c-api.service[99126]: DEBUG cinder.api.openstack.wsgi [req-66b9cba6-4ed9-4286-933d-3dcb78b95fe5 req-d2537e92-c19b-431e-9d50-0568b7a72a05 tempest-AttachVolumeMultiAttachTest-1342924698 tempest-AttachVolumeMultiAttachTest-1342924698-project-member] Calling method 'show' {{(pid=99126) _process_stack /opt/stack/cinder/cinder/api/openstack/wsgi.py:878}}
May 22 08:06:34.376421 np0000001232 devstack@c-api.service[99126]: /opt/stack/data/venv/lib/python3.12/site-packages/oslo_context/context.py:102: DeprecationWarning: Policy enforcement is depending on the value of is_admin. This key is deprecated. Please update your policy file to use the standard policy values.
May 22 08:06:34.376421 np0000001232 devstack@c-api.service[99126]: warnings.warn(
May 22 08:06:34.380359 np0000001232 devstack@c-api.service[99126]: INFO cinder.volume.api [req-66b9cba6-4ed9-4286-933d-3dcb78b95fe5 req-d2537e92-c19b-431e-9d50-0568b7a72a05 tempest-AttachVolumeMultiAttachTest-1342924698 tempest-AttachVolumeMultiAttachTest-1342924698-project-member] Volume info retrieved successfully.
May 22 08:06:34.384887 np0000001232 devstack@c-api.service[99126]: INFO cinder.api.openstack.wsgi [req-66b9cba6-4ed9-4286-933d-3dcb78b95fe5 req-d2537e92-c19b-431e-9d50-0568b7a72a05 tempest-AttachVolumeMultiAttachTest-1342924698 tempest-AttachVolumeMultiAttachTest-1342924698-project-member] https://10.4.3.105/volume/v3/volumes/c76d126a-bf02-484d-8844-891052ff58b3 returned with HTTP 200
May 22 08:06:34.385315 np0000001232 devstack@c-api.service[99126]: [pid: 99126|app: 0|req: 43/130] 10.4.3.105 () {70 vars in 1639 bytes} [Fri May 22 08:06:34 2026] GET /volume/v3/volumes/c76d126a-bf02-484d-8844-891052ff58b3 => generated 1030 bytes in 21 msecs (HTTP/1.1 200) 7 headers in 287 bytes (1 switches on core 0)
May 22 08:06:34.486642 np0000001232 devstack@c-api.service[99127]: DEBUG cinder.api.middleware.request_id [req-66b9cba6-4ed9-4286-933d-3dcb78b95fe5 req-5c14c742-9962-420e-bf0a-0931e43f4667 None None] RequestId filter calling following filter/app {{(pid=99127) _context_setter /opt/stack/cinder/cinder/api/middleware/request_id.py:62}}
May 22 08:06:34.489694 np0000001232 devstack@c-api.service[99127]: INFO cinder.api.openstack.wsgi [req-66b9cba6-4ed9-4286-933d-3dcb78b95fe5 req-5c14c742-9962-420e-bf0a-0931e43f4667 tempest-AttachVolumeMultiAttachTest-1342924698 tempest-AttachVolumeMultiAttachTest-1342924698-project-member] PUT https://10.4.3.105/volume/v3/attachments/67bc2db3-dd71-4f41-8d28-a8dd089f497a
May 22 08:06:34.490163 np0000001232 devstack@c-api.service[99127]: DEBUG cinder.api.openstack.wsgi [req-66b9cba6-4ed9-4286-933d-3dcb78b95fe5 req-5c14c742-9962-420e-bf0a-0931e43f4667 tempest-AttachVolumeMultiAttachTest-1342924698 tempest-AttachVolumeMultiAttachTest-1342924698-project-member] Action: 'update', calling method: version_select, body: {"attachment": {"connector": {"platform": "x86_64", "os_type": "linux", "ip": "10.4.3.105", "host": "np0000001232", "multipath": true, "enforce_multipath": true, "initiator": "iqn.2016-04.com.open-iscsi:ad351720cace", "do_local_attach": false, "uuid": "8515de1c-ba7e-467b-adde-6d9f8a8dbc1f", "system uuid": "392a14ac-7f64-4ebf-a63c-29d9f4f4f574", "nvme_native_multipath": false, "mountpoint": "/dev/vdb"}}} {{(pid=99127) _process_stack /opt/stack/cinder/cinder/api/openstack/wsgi.py:876}}
May 22 08:06:34.499591 np0000001232 devstack@c-api.service[99127]: DEBUG cinder.coordination [req-66b9cba6-4ed9-4286-933d-3dcb78b95fe5 req-5c14c742-9962-420e-bf0a-0931e43f4667 tempest-AttachVolumeMultiAttachTest-1342924698 tempest-AttachVolumeMultiAttachTest-1342924698-project-member] Acquiring lock "cinder-attachment_update-c76d126a-bf02-484d-8844-891052ff58b3-np0000001232" by "attachment_update" {{(pid=99127) __acquire /opt/stack/cinder/cinder/coordination.py:138}}
May 22 08:06:34.504659 np0000001232 devstack@c-api.service[99127]: DEBUG cinder.coordination [req-66b9cba6-4ed9-4286-933d-3dcb78b95fe5 req-5c14c742-9962-420e-bf0a-0931e43f4667 tempest-AttachVolumeMultiAttachTest-1342924698 tempest-AttachVolumeMultiAttachTest-1342924698-project-member] Lock "cinder-attachment_update-c76d126a-bf02-484d-8844-891052ff58b3-np0000001232" acquired by "attachment_update" :: waited 0.005s {{(pid=99127) __acquire /opt/stack/cinder/cinder/coordination.py:141}}
May 22 08:06:34.506233 np0000001232 devstack@c-api.service[99127]: /opt/stack/data/venv/lib/python3.12/site-packages/oslo_context/context.py:102: DeprecationWarning: Policy enforcement is depending on the value of is_admin. This key is deprecated. Please update your policy file to use the standard policy values.
May 22 08:06:34.506233 np0000001232 devstack@c-api.service[99127]: warnings.warn(
May 22 08:06:34.902602 np0000001232 devstack@c-api.service[99125]: DEBUG cinder.api.middleware.request_id [None req-a4c11cf9-6366-4a3c-bc15-fc44fe31e596 None None] RequestId filter calling following filter/app {{(pid=99125) _context_setter /opt/stack/cinder/cinder/api/middleware/request_id.py:62}}
May 22 08:06:34.910024 np0000001232 devstack@c-api.service[99125]: INFO cinder.api.openstack.wsgi [None req-a4c11cf9-6366-4a3c-bc15-fc44fe31e596 tempest-AttachSCSIVolumeTestJSON-1530981245 tempest-AttachSCSIVolumeTestJSON-1530981245-project-member] POST https://10.4.3.105/volume/v3/volumes
May 22 08:06:34.910450 np0000001232 devstack@c-api.service[99125]: DEBUG cinder.api.openstack.wsgi [None req-a4c11cf9-6366-4a3c-bc15-fc44fe31e596 tempest-AttachSCSIVolumeTestJSON-1530981245 tempest-AttachSCSIVolumeTestJSON-1530981245-project-member] Action: 'create', calling method: create, body: {"volume": {"size": 1, "display_name": "tempest-AttachSCSIVolumeTestJSON-volume-519250516"}} {{(pid=99125) _process_stack /opt/stack/cinder/cinder/api/openstack/wsgi.py:876}}
May 22 08:06:34.912563 np0000001232 devstack@c-api.service[99125]: DEBUG cinder.api.v3.volumes [None req-a4c11cf9-6366-4a3c-bc15-fc44fe31e596 tempest-AttachSCSIVolumeTestJSON-1530981245 tempest-AttachSCSIVolumeTestJSON-1530981245-project-member] Create volume request body: {'volume': {'size': 1, 'display_name': 'tempest-AttachSCSIVolumeTestJSON-volume-519250516'}} {{(pid=99125) create /opt/stack/cinder/cinder/api/v3/volumes.py:368}}
May 22 08:06:34.912563 np0000001232 devstack@c-api.service[99125]: INFO cinder.api.v3.volumes [None req-a4c11cf9-6366-4a3c-bc15-fc44fe31e596 tempest-AttachSCSIVolumeTestJSON-1530981245 tempest-AttachSCSIVolumeTestJSON-1530981245-project-member] Create volume of 1 GB
May 22 08:06:34.922172 np0000001232 devstack@c-api.service[99125]: INFO cinder.volume.api [None req-a4c11cf9-6366-4a3c-bc15-fc44fe31e596 tempest-AttachSCSIVolumeTestJSON-1530981245 tempest-AttachSCSIVolumeTestJSON-1530981245-project-member] Availability Zones retrieved successfully.
May 22 08:06:34.930273 np0000001232 devstack@c-api.service[99125]: DEBUG cinder.volume.api [None req-a4c11cf9-6366-4a3c-bc15-fc44fe31e596 tempest-AttachSCSIVolumeTestJSON-1530981245 tempest-AttachSCSIVolumeTestJSON-1530981245-project-member] Flow 'volume_create_api' (ccd21455-f868-4738-aca5-c31efe682906) transitioned into state 'RUNNING' from state 'PENDING' {{(pid=99125) _flow_receiver /opt/stack/data/venv/lib/python3.12/site-packages/taskflow/listeners/logging.py:160}}
May 22 08:06:34.930273 np0000001232 devstack@c-api.service[99125]: DEBUG cinder.volume.api [None req-a4c11cf9-6366-4a3c-bc15-fc44fe31e596 tempest-AttachSCSIVolumeTestJSON-1530981245 tempest-AttachSCSIVolumeTestJSON-1530981245-project-member] Task 'cinder.volume.flows.api.create_volume.ExtractVolumeRequestTask;volume:create' (bd82fdaa-4206-44e6-9137-e129c78df9aa) transitioned into state 'RUNNING' from state 'PENDING' {{(pid=99125) _task_receiver /opt/stack/data/venv/lib/python3.12/site-packages/taskflow/listeners/logging.py:242}}
May 22 08:06:34.931075 np0000001232 devstack@c-api.service[99125]: DEBUG cinder.volume.flows.api.create_volume [None req-a4c11cf9-6366-4a3c-bc15-fc44fe31e596 tempest-AttachSCSIVolumeTestJSON-1530981245 tempest-AttachSCSIVolumeTestJSON-1530981245-project-member] Validating volume size '1' using validate_int {{(pid=99125) _extract_size /opt/stack/cinder/cinder/volume/flows/api/create_volume.py:226}}
May 22 08:06:34.971133 np0000001232 devstack@c-api.service[99125]: DEBUG cinder.volume.api [None req-a4c11cf9-6366-4a3c-bc15-fc44fe31e596 tempest-AttachSCSIVolumeTestJSON-1530981245 tempest-AttachSCSIVolumeTestJSON-1530981245-project-member] Task 'cinder.volume.flows.api.create_volume.ExtractVolumeRequestTask;volume:create' (bd82fdaa-4206-44e6-9137-e129c78df9aa) transitioned into state 'SUCCESS' from state 'RUNNING' with result '{'size': 1, 'snapshot_id': None, 'source_volid': None, 'volume_type': VolumeType(created_at=2026-05-22T08:02:24Z,deleted=False,deleted_at=None,description=None,extra_specs={volume_backend_name='storpool'},id=e1fee5d0-440f-43eb-94b4-aca08b5fca2b,is_public=True,name='storpool',projects=[],qos_specs=,qos_specs_id=None,updated_at=None), 'volume_type_id': 'e1fee5d0-440f-43eb-94b4-aca08b5fca2b', 'encryption_key_id': None, 'qos_specs': None, 'consistencygroup_id': None, 'cgsnapshot_id': None, 'group_id': None, 'replication_status': 'disabled', 'refresh_az': False, 'backup_id': None, 'multiattach': False, 'availability_zones': ['nova']}' {{(pid=99125) _task_receiver /opt/stack/data/venv/lib/python3.12/site-packages/taskflow/listeners/logging.py:218}}
May 22 08:06:34.972104 np0000001232 devstack@c-api.service[99125]: DEBUG cinder.volume.api [None req-a4c11cf9-6366-4a3c-bc15-fc44fe31e596 tempest-AttachSCSIVolumeTestJSON-1530981245 tempest-AttachSCSIVolumeTestJSON-1530981245-project-member] Task 'cinder.volume.flows.api.create_volume.QuotaReserveTask;volume:create' (12b68d8d-df72-48b4-ab61-c533ee2f259b) transitioned into state 'RUNNING' from state 'PENDING' {{(pid=99125) _task_receiver /opt/stack/data/venv/lib/python3.12/site-packages/taskflow/listeners/logging.py:242}}
May 22 08:06:34.995769 np0000001232 devstack@c-api.service[99126]: DEBUG cinder.api.middleware.request_id [None req-49664097-bece-4c41-9a27-0a9f492c3dbe None None] RequestId filter calling following filter/app {{(pid=99126) _context_setter /opt/stack/cinder/cinder/api/middleware/request_id.py:62}}
May 22 08:06:34.997967 np0000001232 devstack@c-api.service[99126]: INFO cinder.api.openstack.wsgi [None req-49664097-bece-4c41-9a27-0a9f492c3dbe tempest-VolumesAssistedSnapshotsTest-1639148909 tempest-VolumesAssistedSnapshotsTest-1639148909-project-admin] GET https://10.4.3.105/volume/v3/volumes/8f1b6a47-0614-41d1-b667-9631166e10f8
May 22 08:06:34.998687 np0000001232 devstack@c-api.service[99126]: DEBUG cinder.api.openstack.wsgi [None req-49664097-bece-4c41-9a27-0a9f492c3dbe tempest-VolumesAssistedSnapshotsTest-1639148909 tempest-VolumesAssistedSnapshotsTest-1639148909-project-admin] Empty body provided in request {{(pid=99126) get_body /opt/stack/cinder/cinder/api/openstack/wsgi.py:725}}
May 22 08:06:34.998918 np0000001232 devstack@c-api.service[99126]: DEBUG cinder.api.openstack.wsgi [None req-49664097-bece-4c41-9a27-0a9f492c3dbe tempest-VolumesAssistedSnapshotsTest-1639148909 tempest-VolumesAssistedSnapshotsTest-1639148909-project-admin] Calling method 'show' {{(pid=99126) _process_stack /opt/stack/cinder/cinder/api/openstack/wsgi.py:878}}
May 22 08:06:35.017481 np0000001232 devstack@c-api.service[99126]: /opt/stack/data/venv/lib/python3.12/site-packages/oslo_context/context.py:102: DeprecationWarning: Policy enforcement is depending on the value of is_admin. This key is deprecated. Please update your policy file to use the standard policy values.
May 22 08:06:35.017481 np0000001232 devstack@c-api.service[99126]: warnings.warn(
May 22 08:06:35.025054 np0000001232 devstack@c-api.service[99126]: INFO cinder.volume.api [None req-49664097-bece-4c41-9a27-0a9f492c3dbe tempest-VolumesAssistedSnapshotsTest-1639148909 tempest-VolumesAssistedSnapshotsTest-1639148909-project-admin] Volume info retrieved successfully.
May 22 08:06:35.033316 np0000001232 devstack@c-api.service[99126]: INFO cinder.api.openstack.wsgi [None req-49664097-bece-4c41-9a27-0a9f492c3dbe tempest-VolumesAssistedSnapshotsTest-1639148909 tempest-VolumesAssistedSnapshotsTest-1639148909-project-admin] https://10.4.3.105/volume/v3/volumes/8f1b6a47-0614-41d1-b667-9631166e10f8 returned with HTTP 200
May 22 08:06:35.033316 np0000001232 devstack@c-api.service[99126]: [pid: 99126|app: 0|req: 44/131] 10.4.3.105 () {66 vars in 1348 bytes} [Fri May 22 08:06:34 2026] GET /volume/v3/volumes/8f1b6a47-0614-41d1-b667-9631166e10f8 => generated 1023 bytes in 38 msecs (HTTP/1.1 200) 7 headers in 286 bytes (1 switches on core 0)
May 22 08:06:35.035087 np0000001232 devstack@c-api.service[99127]: DEBUG cinder.coordination [req-66b9cba6-4ed9-4286-933d-3dcb78b95fe5 req-5c14c742-9962-420e-bf0a-0931e43f4667 tempest-AttachVolumeMultiAttachTest-1342924698 tempest-AttachVolumeMultiAttachTest-1342924698-project-member] Lock "cinder-attachment_update-c76d126a-bf02-484d-8844-891052ff58b3-np0000001232" released by "attachment_update" :: held 0.530s {{(pid=99127) __release /opt/stack/cinder/cinder/coordination.py:152}}
May 22 08:06:35.035645 np0000001232 devstack@c-api.service[99127]: INFO cinder.api.openstack.wsgi [req-66b9cba6-4ed9-4286-933d-3dcb78b95fe5 req-5c14c742-9962-420e-bf0a-0931e43f4667 tempest-AttachVolumeMultiAttachTest-1342924698 tempest-AttachVolumeMultiAttachTest-1342924698-project-member] https://10.4.3.105/volume/v3/attachments/67bc2db3-dd71-4f41-8d28-a8dd089f497a returned with HTTP 200
May 22 08:06:35.036229 np0000001232 devstack@c-api.service[99127]: [pid: 99127|app: 0|req: 44/132] 10.4.3.105 () {74 vars in 1704 bytes} [Fri May 22 08:06:34 2026] PUT /volume/v3/attachments/67bc2db3-dd71-4f41-8d28-a8dd089f497a => generated 969 bytes in 550 msecs (HTTP/1.1 200) 7 headers in 286 bytes (1 switches on core 0)
May 22 08:06:35.046960 np0000001232 devstack@c-api.service[99125]: DEBUG cinder.quota [None req-a4c11cf9-6366-4a3c-bc15-fc44fe31e596 tempest-AttachSCSIVolumeTestJSON-1530981245 tempest-AttachSCSIVolumeTestJSON-1530981245-project-member] Created reservations ['9d735991-3e2a-4a04-a488-b1bf2b015b0f', '43af63dd-012b-4939-b4c6-4c118814b8c5', 'a46d7d1a-b032-4bf8-9d45-254c2d739f56', '36f6d17d-8d44-4292-a457-97629be8283b'] {{(pid=99125) reserve /opt/stack/cinder/cinder/quota.py:752}}
May 22 08:06:35.047890 np0000001232 devstack@c-api.service[99125]: DEBUG cinder.volume.api [None req-a4c11cf9-6366-4a3c-bc15-fc44fe31e596 tempest-AttachSCSIVolumeTestJSON-1530981245 tempest-AttachSCSIVolumeTestJSON-1530981245-project-member] Task 'cinder.volume.flows.api.create_volume.QuotaReserveTask;volume:create' (12b68d8d-df72-48b4-ab61-c533ee2f259b) transitioned into state 'SUCCESS' from state 'RUNNING' with result '{'reservations': ['9d735991-3e2a-4a04-a488-b1bf2b015b0f', '43af63dd-012b-4939-b4c6-4c118814b8c5', 'a46d7d1a-b032-4bf8-9d45-254c2d739f56', '36f6d17d-8d44-4292-a457-97629be8283b']}' {{(pid=99125) _task_receiver /opt/stack/data/venv/lib/python3.12/site-packages/taskflow/listeners/logging.py:218}}
May 22 08:06:35.048933 np0000001232 devstack@c-api.service[99125]: DEBUG cinder.volume.api [None req-a4c11cf9-6366-4a3c-bc15-fc44fe31e596 tempest-AttachSCSIVolumeTestJSON-1530981245 tempest-AttachSCSIVolumeTestJSON-1530981245-project-member] Task 'cinder.volume.flows.api.create_volume.EntryCreateTask;volume:create' (7f9bba55-df83-46ff-b4ff-767dc1d15b5b) transitioned into state 'RUNNING' from state 'PENDING' {{(pid=99125) _task_receiver /opt/stack/data/venv/lib/python3.12/site-packages/taskflow/listeners/logging.py:242}}
May 22 08:06:35.074806 np0000001232 devstack@c-api.service[99125]: DEBUG cinder.volume.api [None req-a4c11cf9-6366-4a3c-bc15-fc44fe31e596 tempest-AttachSCSIVolumeTestJSON-1530981245 tempest-AttachSCSIVolumeTestJSON-1530981245-project-member] Task 'cinder.volume.flows.api.create_volume.EntryCreateTask;volume:create' (7f9bba55-df83-46ff-b4ff-767dc1d15b5b) transitioned into state 'SUCCESS' from state 'RUNNING' with result '{'volume_id': '518a4bd2-b8a9-4d54-8802-048eca780da6', 'volume_properties': VolumeProperties(attach_status='detached',availability_zone='nova',cgsnapshot_id=None,consistencygroup_id=None,display_description=None,display_name='tempest-AttachSCSIVolumeTestJSON-volume-519250516',encryption_key_id=None,group_id=None,group_type_id=,metadata={},multiattach=False,project_id='51dc6e21f533453faec33f78ddccf238',qos_specs=None,replication_status=,reservations=['9d735991-3e2a-4a04-a488-b1bf2b015b0f','43af63dd-012b-4939-b4c6-4c118814b8c5','a46d7d1a-b032-4bf8-9d45-254c2d739f56','36f6d17d-8d44-4292-a457-97629be8283b'],size=1,snapshot_id=None,source_replicaid=,source_volid=None,status='creating',user_id='ee1f205c62d54719a41c8699be340243',volume_type_id=e1fee5d0-440f-43eb-94b4-aca08b5fca2b), 'volume': Volume(_name_id=None,admin_metadata=,attach_status='detached',availability_zone='nova',bootable=False,cluster=,cluster_name=None,consistencygroup=,consistencygroup_id=None,created_at=2026-05-22T08:06:35Z,deleted=False,deleted_at=None,display_description=None,display_name='tempest-AttachSCSIVolumeTestJSON-volume-519250516',ec2_id=None,encryption_key_id=None,glance_metadata=,group=,group_id=None,host=None,id=518a4bd2-b8a9-4d54-8802-048eca780da6,launched_at=None,metadata={},migration_status=None,multiattach=False,previous_status=None,project_id='51dc6e21f533453faec33f78ddccf238',provider_auth=None,provider_geometry=None,provider_id=None,provider_location=None,replication_driver_data=None,replication_extended_status=None,replication_status=None,scheduled_at=None,service_uuid=None,shared_targets=True,size=1,snapshot_id=None,snapshots=,source_volid=None,status='creating',terminated_at=None,updated_at=None,use_quota=True,user_id='ee1f205c62d54719a41c8699be340243',volume_attachment=VolumeAttachmentList,volume_type=VolumeType(e1fee5d0-440f-43eb-94b4-aca08b5fca2b),volume_type_id=e1fee5d0-440f-43eb-94b4-aca08b5fca2b)}' {{(pid=99125) _task_receiver /opt/stack/data/venv/lib/python3.12/site-packages/taskflow/listeners/logging.py:218}}
May 22 08:06:35.075708 np0000001232 devstack@c-api.service[99125]: DEBUG cinder.volume.api [None req-a4c11cf9-6366-4a3c-bc15-fc44fe31e596 tempest-AttachSCSIVolumeTestJSON-1530981245 tempest-AttachSCSIVolumeTestJSON-1530981245-project-member] Task 'cinder.volume.flows.api.create_volume.QuotaCommitTask;volume:create' (44bcecc9-e83e-4653-a185-740b9b76dec3) transitioned into state 'RUNNING' from state 'PENDING' {{(pid=99125) _task_receiver /opt/stack/data/venv/lib/python3.12/site-packages/taskflow/listeners/logging.py:242}}
May 22 08:06:35.099055 np0000001232 devstack@c-api.service[99126]: DEBUG cinder.api.middleware.request_id [None req-e2a58a94-8c2b-4003-a96e-5bfe7d9b41ef None None] RequestId filter calling following filter/app {{(pid=99126) _context_setter /opt/stack/cinder/cinder/api/middleware/request_id.py:62}}
May 22 08:06:35.099824 np0000001232 devstack@c-api.service[99125]: DEBUG cinder.volume.api [None req-a4c11cf9-6366-4a3c-bc15-fc44fe31e596 tempest-AttachSCSIVolumeTestJSON-1530981245 tempest-AttachSCSIVolumeTestJSON-1530981245-project-member] Task 'cinder.volume.flows.api.create_volume.QuotaCommitTask;volume:create' (44bcecc9-e83e-4653-a185-740b9b76dec3) transitioned into state 'SUCCESS' from state 'RUNNING' with result '{'volume_properties': VolumeProperties(attach_status='detached',availability_zone='nova',cgsnapshot_id=None,consistencygroup_id=None,display_description=None,display_name='tempest-AttachSCSIVolumeTestJSON-volume-519250516',encryption_key_id=None,group_id=None,group_type_id=,metadata={},multiattach=False,project_id='51dc6e21f533453faec33f78ddccf238',qos_specs=None,replication_status=,reservations=['9d735991-3e2a-4a04-a488-b1bf2b015b0f','43af63dd-012b-4939-b4c6-4c118814b8c5','a46d7d1a-b032-4bf8-9d45-254c2d739f56','36f6d17d-8d44-4292-a457-97629be8283b'],size=1,snapshot_id=None,source_replicaid=,source_volid=None,status='creating',user_id='ee1f205c62d54719a41c8699be340243',volume_type_id=e1fee5d0-440f-43eb-94b4-aca08b5fca2b)}' {{(pid=99125) _task_receiver /opt/stack/data/venv/lib/python3.12/site-packages/taskflow/listeners/logging.py:218}}
May 22 08:06:35.101065 np0000001232 devstack@c-api.service[99125]: DEBUG cinder.volume.api [None req-a4c11cf9-6366-4a3c-bc15-fc44fe31e596 tempest-AttachSCSIVolumeTestJSON-1530981245 tempest-AttachSCSIVolumeTestJSON-1530981245-project-member] Task 'cinder.volume.flows.api.create_volume.VolumeCastTask;volume:create' (0621d9c5-be17-4ebb-9c38-d5143e44e2c4) transitioned into state 'RUNNING' from state 'PENDING' {{(pid=99125) _task_receiver /opt/stack/data/venv/lib/python3.12/site-packages/taskflow/listeners/logging.py:242}}
May 22 08:06:35.101183 np0000001232 devstack@c-api.service[99126]: INFO cinder.api.openstack.wsgi [None req-e2a58a94-8c2b-4003-a96e-5bfe7d9b41ef tempest-TestMultiAttachVolumeSwap-953330023 tempest-TestMultiAttachVolumeSwap-953330023-project-member] GET https://10.4.3.105/volume/v3/volumes/907c16c9-effd-49bf-b13e-1c2fdf7784a4
May 22 08:06:35.101183 np0000001232 devstack@c-api.service[99126]: DEBUG cinder.api.openstack.wsgi [None req-e2a58a94-8c2b-4003-a96e-5bfe7d9b41ef tempest-TestMultiAttachVolumeSwap-953330023 tempest-TestMultiAttachVolumeSwap-953330023-project-member] Empty body provided in request {{(pid=99126) get_body /opt/stack/cinder/cinder/api/openstack/wsgi.py:725}}
May 22 08:06:35.101183 np0000001232 devstack@c-api.service[99126]: DEBUG cinder.api.openstack.wsgi [None req-e2a58a94-8c2b-4003-a96e-5bfe7d9b41ef tempest-TestMultiAttachVolumeSwap-953330023 tempest-TestMultiAttachVolumeSwap-953330023-project-member] Calling method 'show' {{(pid=99126) _process_stack /opt/stack/cinder/cinder/api/openstack/wsgi.py:878}}
May 22 08:06:35.114085 np0000001232 devstack@c-api.service[99125]: DEBUG cinder.volume.api [None req-a4c11cf9-6366-4a3c-bc15-fc44fe31e596 tempest-AttachSCSIVolumeTestJSON-1530981245 tempest-AttachSCSIVolumeTestJSON-1530981245-project-member] Task 'cinder.volume.flows.api.create_volume.VolumeCastTask;volume:create' (0621d9c5-be17-4ebb-9c38-d5143e44e2c4) transitioned into state 'SUCCESS' from state 'RUNNING' with result 'None' {{(pid=99125) _task_receiver /opt/stack/data/venv/lib/python3.12/site-packages/taskflow/listeners/logging.py:218}}
May 22 08:06:35.115964 np0000001232 devstack@c-api.service[99125]: DEBUG cinder.volume.api [None req-a4c11cf9-6366-4a3c-bc15-fc44fe31e596 tempest-AttachSCSIVolumeTestJSON-1530981245 tempest-AttachSCSIVolumeTestJSON-1530981245-project-member] Flow 'volume_create_api' (ccd21455-f868-4738-aca5-c31efe682906) transitioned into state 'SUCCESS' from state 'RUNNING' {{(pid=99125) _flow_receiver /opt/stack/data/venv/lib/python3.12/site-packages/taskflow/listeners/logging.py:160}}
May 22 08:06:35.115964 np0000001232 devstack@c-api.service[99125]: INFO cinder.volume.api [None req-a4c11cf9-6366-4a3c-bc15-fc44fe31e596 tempest-AttachSCSIVolumeTestJSON-1530981245 tempest-AttachSCSIVolumeTestJSON-1530981245-project-member] Create volume request issued successfully.
May 22 08:06:35.116918 np0000001232 devstack@c-api.service[99125]: INFO cinder.api.openstack.wsgi [None req-a4c11cf9-6366-4a3c-bc15-fc44fe31e596 tempest-AttachSCSIVolumeTestJSON-1530981245 tempest-AttachSCSIVolumeTestJSON-1530981245-project-member] https://10.4.3.105/volume/v3/volumes returned with HTTP 202
May 22 08:06:35.117192 np0000001232 devstack@c-api.service[99125]: [pid: 99125|app: 0|req: 45/133] 10.4.3.105 () {68 vars in 1258 bytes} [Fri May 22 08:06:34 2026] POST /volume/v3/volumes => generated 754 bytes in 215 msecs (HTTP/1.1 202) 7 headers in 291 bytes (1 switches on core 0)
May 22 08:06:35.121688 np0000001232 devstack@c-api.service[99126]: /opt/stack/data/venv/lib/python3.12/site-packages/oslo_context/context.py:102: DeprecationWarning: Policy enforcement is depending on the value of is_admin. This key is deprecated. Please update your policy file to use the standard policy values.
May 22 08:06:35.121688 np0000001232 devstack@c-api.service[99126]: warnings.warn(
May 22 08:06:35.129516 np0000001232 devstack@c-api.service[99126]: INFO cinder.volume.api [None req-e2a58a94-8c2b-4003-a96e-5bfe7d9b41ef tempest-TestMultiAttachVolumeSwap-953330023 tempest-TestMultiAttachVolumeSwap-953330023-project-member] Volume info retrieved successfully.
May 22 08:06:35.134317 np0000001232 devstack@c-api.service[99127]: DEBUG cinder.api.middleware.request_id [None req-a8244fc7-a6c4-4b44-bb97-2fa9d5c8aff8 None None] RequestId filter calling following filter/app {{(pid=99127) _context_setter /opt/stack/cinder/cinder/api/middleware/request_id.py:62}}
May 22 08:06:35.138679 np0000001232 devstack@c-api.service[99127]: INFO cinder.api.openstack.wsgi [None req-a8244fc7-a6c4-4b44-bb97-2fa9d5c8aff8 tempest-AttachSCSIVolumeTestJSON-1530981245 tempest-AttachSCSIVolumeTestJSON-1530981245-project-member] GET https://10.4.3.105/volume/v3/volumes/518a4bd2-b8a9-4d54-8802-048eca780da6
May 22 08:06:35.138992 np0000001232 devstack@c-api.service[99127]: DEBUG cinder.api.openstack.wsgi [None req-a8244fc7-a6c4-4b44-bb97-2fa9d5c8aff8 tempest-AttachSCSIVolumeTestJSON-1530981245 tempest-AttachSCSIVolumeTestJSON-1530981245-project-member] Empty body provided in request {{(pid=99127) get_body /opt/stack/cinder/cinder/api/openstack/wsgi.py:725}}
May 22 08:06:35.139336 np0000001232 devstack@c-api.service[99127]: DEBUG cinder.api.openstack.wsgi [None req-a8244fc7-a6c4-4b44-bb97-2fa9d5c8aff8 tempest-AttachSCSIVolumeTestJSON-1530981245 tempest-AttachSCSIVolumeTestJSON-1530981245-project-member] Calling method 'show' {{(pid=99127) _process_stack /opt/stack/cinder/cinder/api/openstack/wsgi.py:878}}
May 22 08:06:35.140039 np0000001232 devstack@c-api.service[99126]: INFO cinder.api.openstack.wsgi [None req-e2a58a94-8c2b-4003-a96e-5bfe7d9b41ef tempest-TestMultiAttachVolumeSwap-953330023 tempest-TestMultiAttachVolumeSwap-953330023-project-member] https://10.4.3.105/volume/v3/volumes/907c16c9-effd-49bf-b13e-1c2fdf7784a4 returned with HTTP 200
May 22 08:06:35.140722 np0000001232 devstack@c-api.service[99126]: [pid: 99126|app: 0|req: 45/134] 10.4.3.105 () {66 vars in 1348 bytes} [Fri May 22 08:06:35 2026] GET /volume/v3/volumes/907c16c9-effd-49bf-b13e-1c2fdf7784a4 => generated 868 bytes in 42 msecs (HTTP/1.1 200) 7 headers in 285 bytes (1 switches on core 0)
May 22 08:06:35.154562 np0000001232 devstack@c-api.service[99127]: /opt/stack/data/venv/lib/python3.12/site-packages/oslo_context/context.py:102: DeprecationWarning: Policy enforcement is depending on the value of is_admin. This key is deprecated. Please update your policy file to use the standard policy values.
May 22 08:06:35.154562 np0000001232 devstack@c-api.service[99127]: warnings.warn(
May 22 08:06:35.163193 np0000001232 devstack@c-api.service[99127]: INFO cinder.volume.api [None req-a8244fc7-a6c4-4b44-bb97-2fa9d5c8aff8 tempest-AttachSCSIVolumeTestJSON-1530981245 tempest-AttachSCSIVolumeTestJSON-1530981245-project-member] Volume info retrieved successfully.
May 22 08:06:35.168045 np0000001232 devstack@c-api.service[99125]: DEBUG cinder.api.middleware.request_id [None req-d6486d3d-1798-4e2f-9ffb-1145beea96d0 None None] RequestId filter calling following filter/app {{(pid=99125) _context_setter /opt/stack/cinder/cinder/api/middleware/request_id.py:62}}
May 22 08:06:35.168540 np0000001232 devstack@c-api.service[99127]: INFO cinder.api.openstack.wsgi [None req-a8244fc7-a6c4-4b44-bb97-2fa9d5c8aff8 tempest-AttachSCSIVolumeTestJSON-1530981245 tempest-AttachSCSIVolumeTestJSON-1530981245-project-member] https://10.4.3.105/volume/v3/volumes/518a4bd2-b8a9-4d54-8802-048eca780da6 returned with HTTP 200
May 22 08:06:35.169064 np0000001232 devstack@c-api.service[99127]: [pid: 99127|app: 0|req: 45/135] 10.4.3.105 () {66 vars in 1348 bytes} [Fri May 22 08:06:35 2026] GET /volume/v3/volumes/518a4bd2-b8a9-4d54-8802-048eca780da6 => generated 822 bytes in 35 msecs (HTTP/1.1 200) 7 headers in 285 bytes (1 switches on core 0)
May 22 08:06:35.175902 np0000001232 devstack@c-api.service[99125]: INFO cinder.api.openstack.wsgi [None req-d6486d3d-1798-4e2f-9ffb-1145beea96d0 tempest-AttachVolumeMultiAttachTest-1342924698 tempest-AttachVolumeMultiAttachTest-1342924698-project-member] GET https://10.4.3.105/volume/v3/volumes/c76d126a-bf02-484d-8844-891052ff58b3
May 22 08:06:35.175902 np0000001232 devstack@c-api.service[99125]: DEBUG cinder.api.openstack.wsgi [None req-d6486d3d-1798-4e2f-9ffb-1145beea96d0 tempest-AttachVolumeMultiAttachTest-1342924698 tempest-AttachVolumeMultiAttachTest-1342924698-project-member] Empty body provided in request {{(pid=99125) get_body /opt/stack/cinder/cinder/api/openstack/wsgi.py:725}}
May 22 08:06:35.176334 np0000001232 devstack@c-api.service[99125]: DEBUG cinder.api.openstack.wsgi [None req-d6486d3d-1798-4e2f-9ffb-1145beea96d0 tempest-AttachVolumeMultiAttachTest-1342924698 tempest-AttachVolumeMultiAttachTest-1342924698-project-member] Calling method 'show' {{(pid=99125) _process_stack /opt/stack/cinder/cinder/api/openstack/wsgi.py:878}}
