Jun 15 10:09:42.103635 np0000002843 nova-scheduler[95783]: DEBUG cotyledon.oslo_config_glue [-] oslo_limit.cafile = None {{(pid=95783) log_opt_values /opt/stack/data/venv/lib/python3.12/site-packages/oslo_config/cfg.py:3253}}
Jun 15 10:09:42.103635 np0000002843 nova-scheduler[95783]: DEBUG cotyledon.oslo_config_glue [-] oslo_limit.certfile = None {{(pid=95783) log_opt_values /opt/stack/data/venv/lib/python3.12/site-packages/oslo_config/cfg.py:3253}}
Jun 15 10:09:42.103844 np0000002843 nova-scheduler[95783]: DEBUG cotyledon.oslo_config_glue [-] oslo_limit.collect_timing = False {{(pid=95783) log_opt_values /opt/stack/data/venv/lib/python3.12/site-packages/oslo_config/cfg.py:3253}}
Jun 15 10:09:42.103844 np0000002843 nova-scheduler[95783]: DEBUG cotyledon.oslo_config_glue [-] oslo_limit.connect_retries = None {{(pid=95783) log_opt_values /opt/stack/data/venv/lib/python3.12/site-packages/oslo_config/cfg.py:3253}}
Jun 15 10:09:42.103888 np0000002843 nova-scheduler[95793]: INFO nova.service [-] Starting scheduler node (version 33.1.0)
Jun 15 10:09:42.103913 np0000002843 nova-scheduler[95783]: DEBUG cotyledon.oslo_config_glue [-] oslo_limit.connect_retry_delay = None {{(pid=95783) log_opt_values /opt/stack/data/venv/lib/python3.12/site-packages/oslo_config/cfg.py:3253}}
Jun 15 10:09:42.103913 np0000002843 nova-scheduler[95783]: DEBUG cotyledon.oslo_config_glue [-] oslo_limit.endpoint_id = None {{(pid=95783) log_opt_values /opt/stack/data/venv/lib/python3.12/site-packages/oslo_config/cfg.py:3253}}
Jun 15 10:09:42.103913 np0000002843 nova-scheduler[95783]: DEBUG cotyledon.oslo_config_glue [-] oslo_limit.endpoint_interface = public {{(pid=95783) log_opt_values /opt/stack/data/venv/lib/python3.12/site-packages/oslo_config/cfg.py:3253}}
Jun 15 10:09:42.103913 np0000002843 nova-scheduler[95783]: DEBUG cotyledon.oslo_config_glue [-] oslo_limit.endpoint_override = None {{(pid=95783) log_opt_values /opt/stack/data/venv/lib/python3.12/site-packages/oslo_config/cfg.py:3253}}
Jun 15 10:09:42.103913 np0000002843 nova-scheduler[95783]: DEBUG cotyledon.oslo_config_glue [-] oslo_limit.endpoint_region_name = None {{(pid=95783) log_opt_values /opt/stack/data/venv/lib/python3.12/site-packages/oslo_config/cfg.py:3253}}
Jun 15 10:09:42.103913 np0000002843 nova-scheduler[95783]: DEBUG cotyledon.oslo_config_glue [-] oslo_limit.endpoint_service_name = None {{(pid=95783) log_opt_values /opt/stack/data/venv/lib/python3.12/site-packages/oslo_config/cfg.py:3253}}
Jun 15 10:09:42.103913 np0000002843 nova-scheduler[95783]: DEBUG cotyledon.oslo_config_glue [-] oslo_limit.endpoint_service_type = None {{(pid=95783) log_opt_values /opt/stack/data/venv/lib/python3.12/site-packages/oslo_config/cfg.py:3253}}
Jun 15 10:09:42.103913 np0000002843 nova-scheduler[95783]: DEBUG cotyledon.oslo_config_glue [-] oslo_limit.insecure = False {{(pid=95783) log_opt_values /opt/stack/data/venv/lib/python3.12/site-packages/oslo_config/cfg.py:3253}}
Jun 15 10:09:42.103913 np0000002843 nova-scheduler[95783]: DEBUG cotyledon.oslo_config_glue [-] oslo_limit.keyfile = None {{(pid=95783) log_opt_values /opt/stack/data/venv/lib/python3.12/site-packages/oslo_config/cfg.py:3253}}
Jun 15 10:09:42.104099 np0000002843 nova-scheduler[95783]: DEBUG cotyledon.oslo_config_glue [-] oslo_limit.max_version = None {{(pid=95783) log_opt_values /opt/stack/data/venv/lib/python3.12/site-packages/oslo_config/cfg.py:3253}}
Jun 15 10:09:42.104099 np0000002843 nova-scheduler[95783]: DEBUG cotyledon.oslo_config_glue [-] oslo_limit.min_version = None {{(pid=95783) log_opt_values /opt/stack/data/venv/lib/python3.12/site-packages/oslo_config/cfg.py:3253}}
Jun 15 10:09:42.104099 np0000002843 nova-scheduler[95783]: DEBUG cotyledon.oslo_config_glue [-] oslo_limit.region_name = None {{(pid=95783) log_opt_values /opt/stack/data/venv/lib/python3.12/site-packages/oslo_config/cfg.py:3253}}
Jun 15 10:09:42.104099 np0000002843 nova-scheduler[95783]: DEBUG cotyledon.oslo_config_glue [-] oslo_limit.retriable_status_codes = None {{(pid=95783) log_opt_values /opt/stack/data/venv/lib/python3.12/site-packages/oslo_config/cfg.py:3253}}
Jun 15 10:09:42.104099 np0000002843 nova-scheduler[95783]: DEBUG cotyledon.oslo_config_glue [-] oslo_limit.service_name = None {{(pid=95783) log_opt_values /opt/stack/data/venv/lib/python3.12/site-packages/oslo_config/cfg.py:3253}}
Jun 15 10:09:42.104099 np0000002843 nova-scheduler[95783]: DEBUG cotyledon.oslo_config_glue [-] oslo_limit.service_type = None {{(pid=95783) log_opt_values /opt/stack/data/venv/lib/python3.12/site-packages/oslo_config/cfg.py:3253}}
Jun 15 10:09:42.104099 np0000002843 nova-scheduler[95783]: DEBUG cotyledon.oslo_config_glue [-] oslo_limit.split_loggers = False {{(pid=95783) log_opt_values /opt/stack/data/venv/lib/python3.12/site-packages/oslo_config/cfg.py:3253}}
Jun 15 10:09:42.104099 np0000002843 nova-scheduler[95783]: DEBUG cotyledon.oslo_config_glue [-] oslo_limit.status_code_retries = None {{(pid=95783) log_opt_values /opt/stack/data/venv/lib/python3.12/site-packages/oslo_config/cfg.py:3253}}
Jun 15 10:09:42.104099 np0000002843 nova-scheduler[95783]: DEBUG cotyledon.oslo_config_glue [-] oslo_limit.status_code_retry_delay = None {{(pid=95783) log_opt_values /opt/stack/data/venv/lib/python3.12/site-packages/oslo_config/cfg.py:3253}}
Jun 15 10:09:42.104276 np0000002843 nova-scheduler[95783]: DEBUG cotyledon.oslo_config_glue [-] oslo_limit.timeout = None {{(pid=95783) log_opt_values /opt/stack/data/venv/lib/python3.12/site-packages/oslo_config/cfg.py:3253}}
Jun 15 10:09:42.104276 np0000002843 nova-scheduler[95783]: DEBUG cotyledon.oslo_config_glue [-] oslo_limit.valid_interfaces = None {{(pid=95783) log_opt_values /opt/stack/data/venv/lib/python3.12/site-packages/oslo_config/cfg.py:3253}}
Jun 15 10:09:42.104276 np0000002843 nova-scheduler[95783]: DEBUG cotyledon.oslo_config_glue [-] oslo_limit.version = None {{(pid=95783) log_opt_values /opt/stack/data/venv/lib/python3.12/site-packages/oslo_config/cfg.py:3253}}
Jun 15 10:09:42.104276 np0000002843 nova-scheduler[95783]: DEBUG cotyledon.oslo_config_glue [-] oslo_reports.file_event_handler = None {{(pid=95783) log_opt_values /opt/stack/data/venv/lib/python3.12/site-packages/oslo_config/cfg.py:3253}}
Jun 15 10:09:42.104276 np0000002843 nova-scheduler[95783]: DEBUG cotyledon.oslo_config_glue [-] oslo_reports.file_event_handler_interval = 1 {{(pid=95783) log_opt_values /opt/stack/data/venv/lib/python3.12/site-packages/oslo_config/cfg.py:3253}}
Jun 15 10:09:42.104276 np0000002843 nova-scheduler[95783]: DEBUG cotyledon.oslo_config_glue [-] oslo_reports.log_dir = None {{(pid=95783) log_opt_values /opt/stack/data/venv/lib/python3.12/site-packages/oslo_config/cfg.py:3253}}
Jun 15 10:09:42.104276 np0000002843 nova-scheduler[95783]: DEBUG cotyledon.oslo_config_glue [-] ******************************************************************************** {{(pid=95783) log_opt_values /opt/stack/data/venv/lib/python3.12/site-packages/oslo_config/cfg.py:3260}}
Jun 15 10:09:42.104276 np0000002843 nova-scheduler[95783]: DEBUG cotyledon._service_worker [-] Run service ServiceWrapper(0) [95783] {{(pid=95783) wait_forever /opt/stack/data/venv/lib/python3.12/site-packages/cotyledon/_service_worker.py:218}}
Jun 15 10:09:42.104276 np0000002843 nova-scheduler[95783]: INFO nova.service [-] Starting scheduler node (version 33.1.0)
Jun 15 10:09:42.104526 np0000002843 nova-scheduler[95793]: INFO dbcounter [None req-971fced6-ab47-4451-9c33-14a5caffc3e4 None None] Registered counter for database nova_cell0
Jun 15 10:09:42.104562 np0000002843 nova-scheduler[95783]: INFO dbcounter [None req-36b4f879-1d3e-4f8d-9f24-55de24fe78a9 None None] Registered counter for database nova_cell0
Jun 15 10:09:42.106500 np0000002843 nova-scheduler[95793]: DEBUG oslo_db.sqlalchemy.engines [None req-971fced6-ab47-4451-9c33-14a5caffc3e4 None None] MySQL server mode set to STRICT_TRANS_TABLES,STRICT_ALL_TABLES,NO_ZERO_IN_DATE,NO_ZERO_DATE,ERROR_FOR_DIVISION_BY_ZERO,TRADITIONAL,NO_ENGINE_SUBSTITUTION {{(pid=95793) _check_effective_sql_mode /opt/stack/data/venv/lib/python3.12/site-packages/oslo_db/sqlalchemy/engines.py:325}}
Jun 15 10:09:42.111972 np0000002843 nova-scheduler[95791]: DEBUG oslo_db.sqlalchemy.engines [None req-75f8ca34-f572-47ed-9f64-96d0fb5e4b43 None None] MySQL server mode set to STRICT_TRANS_TABLES,STRICT_ALL_TABLES,NO_ZERO_IN_DATE,NO_ZERO_DATE,ERROR_FOR_DIVISION_BY_ZERO,TRADITIONAL,NO_ENGINE_SUBSTITUTION {{(pid=95791) _check_effective_sql_mode /opt/stack/data/venv/lib/python3.12/site-packages/oslo_db/sqlalchemy/engines.py:325}}
Jun 15 10:09:42.117044 np0000002843 nova-scheduler[95793]: DEBUG dbcounter [-] [95793] Writer thread running {{(pid=95793) stat_writer /opt/stack/data/venv/lib/python3.12/site-packages/dbcounter.py:102}}
Jun 15 10:09:42.120872 np0000002843 nova-scheduler[95783]: DEBUG oslo_db.sqlalchemy.engines [None req-36b4f879-1d3e-4f8d-9f24-55de24fe78a9 None None] MySQL server mode set to STRICT_TRANS_TABLES,STRICT_ALL_TABLES,NO_ZERO_IN_DATE,NO_ZERO_DATE,ERROR_FOR_DIVISION_BY_ZERO,TRADITIONAL,NO_ENGINE_SUBSTITUTION {{(pid=95783) _check_effective_sql_mode /opt/stack/data/venv/lib/python3.12/site-packages/oslo_db/sqlalchemy/engines.py:325}}
Jun 15 10:09:42.122235 np0000002843 nova-scheduler[95791]: DEBUG dbcounter [-] [95791] Writer thread running {{(pid=95791) stat_writer /opt/stack/data/venv/lib/python3.12/site-packages/dbcounter.py:102}}
Jun 15 10:09:42.130453 np0000002843 nova-scheduler[95783]: DEBUG dbcounter [-] [95783] Writer thread running {{(pid=95783) stat_writer /opt/stack/data/venv/lib/python3.12/site-packages/dbcounter.py:102}}
Jun 15 10:09:42.131467 np0000002843 nova-scheduler[95793]: DEBUG nova.service [None req-971fced6-ab47-4451-9c33-14a5caffc3e4 None None] Creating RPC server for service: nova-scheduler on topic: scheduler {{(pid=95793) start /opt/stack/nova/nova/service.py:196}}
Jun 15 10:09:42.133305 np0000002843 nova-scheduler[95783]: DEBUG nova.service [None req-36b4f879-1d3e-4f8d-9f24-55de24fe78a9 None None] Creating RPC server for service: nova-scheduler on topic: scheduler {{(pid=95783) start /opt/stack/nova/nova/service.py:196}}
Jun 15 10:09:42.136847 np0000002843 nova-scheduler[95791]: DEBUG nova.service [None req-75f8ca34-f572-47ed-9f64-96d0fb5e4b43 None None] Creating RPC server for service: nova-scheduler on topic: scheduler {{(pid=95791) start /opt/stack/nova/nova/service.py:196}}
Jun 15 10:09:42.158459 np0000002843 nova-scheduler[95791]: DEBUG nova.service [None req-75f8ca34-f572-47ed-9f64-96d0fb5e4b43 None None] Join ServiceGroup membership for this service scheduler {{(pid=95791) start /opt/stack/nova/nova/service.py:222}}
Jun 15 10:09:42.158700 np0000002843 nova-scheduler[95791]: DEBUG nova.servicegroup.drivers.db [None req-75f8ca34-f572-47ed-9f64-96d0fb5e4b43 None None] DB_Driver: join new ServiceGroup member np0000002843 to the scheduler group, service = {{(pid=95791) join /opt/stack/nova/nova/servicegroup/drivers/db.py:44}}
Jun 15 10:09:42.162841 np0000002843 nova-scheduler[95793]: DEBUG nova.service [None req-971fced6-ab47-4451-9c33-14a5caffc3e4 None None] Join ServiceGroup membership for this service scheduler {{(pid=95793) start /opt/stack/nova/nova/service.py:222}}
Jun 15 10:09:42.163058 np0000002843 nova-scheduler[95793]: DEBUG nova.servicegroup.drivers.db [None req-971fced6-ab47-4451-9c33-14a5caffc3e4 None None] DB_Driver: join new ServiceGroup member np0000002843 to the scheduler group, service = {{(pid=95793) join /opt/stack/nova/nova/servicegroup/drivers/db.py:44}}
Jun 15 10:09:42.167538 np0000002843 nova-scheduler[95783]: DEBUG nova.service [None req-36b4f879-1d3e-4f8d-9f24-55de24fe78a9 None None] Join ServiceGroup membership for this service scheduler {{(pid=95783) start /opt/stack/nova/nova/service.py:222}}
Jun 15 10:09:42.167769 np0000002843 nova-scheduler[95783]: DEBUG nova.servicegroup.drivers.db [None req-36b4f879-1d3e-4f8d-9f24-55de24fe78a9 None None] DB_Driver: join new ServiceGroup member np0000002843 to the scheduler group, service = {{(pid=95783) join /opt/stack/nova/nova/servicegroup/drivers/db.py:44}}
Jun 15 10:09:43.170216 np0000002843 nova-scheduler[95783]: DEBUG oslo.service.backend._threading.loopingcall [None req-96cf3824-b36e-4f1d-9d58-6fa68e2cdedc None None] Dynamic interval looping call 'nova.service.Service.periodic_tasks' sleeping for 60.00 seconds {{(pid=95783) _run_loop /opt/stack/data/venv/lib/python3.12/site-packages/oslo_service/backend/_threading/loopingcall.py:125}}
Jun 15 10:09:47.175877 np0000002843 nova-scheduler[95791]: DEBUG oslo.service.backend._threading.loopingcall [-] Fixed interval looping call 'nova.servicegroup.drivers.db.DbDriver._report_state' sleeping for 119.99 seconds {{(pid=95791) _run_loop /opt/stack/data/venv/lib/python3.12/site-packages/oslo_service/backend/_threading/loopingcall.py:125}}
Jun 15 10:09:47.176308 np0000002843 nova-scheduler[95793]: DEBUG oslo.service.backend._threading.loopingcall [-] Fixed interval looping call 'nova.servicegroup.drivers.db.DbDriver._report_state' sleeping for 119.99 seconds {{(pid=95793) _run_loop /opt/stack/data/venv/lib/python3.12/site-packages/oslo_service/backend/_threading/loopingcall.py:125}}
Jun 15 10:09:47.178941 np0000002843 nova-scheduler[95783]: DEBUG oslo.service.backend._threading.loopingcall [-] Fixed interval looping call 'nova.servicegroup.drivers.db.DbDriver._report_state' sleeping for 119.99 seconds {{(pid=95783) _run_loop /opt/stack/data/venv/lib/python3.12/site-packages/oslo_service/backend/_threading/loopingcall.py:125}}
Jun 15 10:09:50.721682 np0000002843 nova-scheduler[94523]: DEBUG dbcounter [-] [94523] Writing DB stats nova_api:SELECT=3 {{(pid=94523) stat_writer /opt/stack/data/venv/lib/python3.12/site-packages/dbcounter.py:115}}
Jun 15 10:09:50.849076 np0000002843 nova-scheduler[94523]: DEBUG dbcounter [-] [94523] Writing DB stats nova_cell0:SELECT=1 {{(pid=94523) stat_writer /opt/stack/data/venv/lib/python3.12/site-packages/dbcounter.py:115}}
Jun 15 10:09:50.856026 np0000002843 nova-scheduler[94523]: DEBUG dbcounter [-] [94523] Writing DB stats nova_cell1:SELECT=1 {{(pid=94523) stat_writer /opt/stack/data/venv/lib/python3.12/site-packages/dbcounter.py:115}}
Jun 15 10:09:52.161368 np0000002843 nova-scheduler[95791]: DEBUG oslo.service.backend._threading.loopingcall [None req-6745ffef-928f-42a8-b147-6ba9c746fec5 None None] Dynamic interval looping call 'nova.service.Service.periodic_tasks' sleeping for 60.00 seconds {{(pid=95791) _run_loop /opt/stack/data/venv/lib/python3.12/site-packages/oslo_service/backend/_threading/loopingcall.py:125}}
Jun 15 10:09:57.169068 np0000002843 nova-scheduler[95791]: DEBUG dbcounter [-] [95791] Writing DB stats nova_cell0:SELECT=5,nova_cell0:INSERT=1,nova_cell0:UPDATE=1 {{(pid=95791) stat_writer /opt/stack/data/venv/lib/python3.12/site-packages/dbcounter.py:115}}
Jun 15 10:09:57.172724 np0000002843 nova-scheduler[95793]: DEBUG dbcounter [-] [95793] Writing DB stats nova_cell0:SELECT=4,nova_cell0:INSERT=1,nova_cell0:UPDATE=1 {{(pid=95793) stat_writer /opt/stack/data/venv/lib/python3.12/site-packages/dbcounter.py:115}}
Jun 15 10:09:57.175927 np0000002843 nova-scheduler[95783]: DEBUG dbcounter [-] [95783] Writing DB stats nova_cell0:SELECT=3 {{(pid=95783) stat_writer /opt/stack/data/venv/lib/python3.12/site-packages/dbcounter.py:115}}
Jun 15 10:10:06.165234 np0000002843 nova-scheduler[95793]: DEBUG oslo.service.backend._threading.loopingcall [None req-824087f0-9add-480e-ad97-2bcbeecb75ee None None] Dynamic interval looping call 'nova.service.Service.periodic_tasks' sleeping for 60.00 seconds {{(pid=95793) _run_loop /opt/stack/data/venv/lib/python3.12/site-packages/oslo_service/backend/_threading/loopingcall.py:125}}
Jun 15 10:10:43.170770 np0000002843 nova-scheduler[95783]: DEBUG oslo.service.backend._threading.loopingcall [None req-96cf3824-b36e-4f1d-9d58-6fa68e2cdedc None None] Dynamic interval looping call 'nova.service.Service.periodic_tasks' sleeping for 60.00 seconds {{(pid=95783) _run_loop /opt/stack/data/venv/lib/python3.12/site-packages/oslo_service/backend/_threading/loopingcall.py:125}}
Jun 15 10:10:52.161861 np0000002843 nova-scheduler[95791]: DEBUG oslo.service.backend._threading.loopingcall [None req-6745ffef-928f-42a8-b147-6ba9c746fec5 None None] Dynamic interval looping call 'nova.service.Service.periodic_tasks' sleeping for 60.00 seconds {{(pid=95791) _run_loop /opt/stack/data/venv/lib/python3.12/site-packages/oslo_service/backend/_threading/loopingcall.py:125}}
Jun 15 10:11:06.165807 np0000002843 nova-scheduler[95793]: DEBUG oslo.service.backend._threading.loopingcall [None req-824087f0-9add-480e-ad97-2bcbeecb75ee None None] Dynamic interval looping call 'nova.service.Service.periodic_tasks' sleeping for 60.00 seconds {{(pid=95793) _run_loop /opt/stack/data/venv/lib/python3.12/site-packages/oslo_service/backend/_threading/loopingcall.py:125}}
Jun 15 10:11:43.171343 np0000002843 nova-scheduler[95783]: DEBUG oslo.service.backend._threading.loopingcall [None req-96cf3824-b36e-4f1d-9d58-6fa68e2cdedc None None] Dynamic interval looping call 'nova.service.Service.periodic_tasks' sleeping for 60.00 seconds {{(pid=95783) _run_loop /opt/stack/data/venv/lib/python3.12/site-packages/oslo_service/backend/_threading/loopingcall.py:125}}
Jun 15 10:11:47.177077 np0000002843 nova-scheduler[95793]: DEBUG oslo.service.backend._threading.loopingcall [-] Fixed interval looping call 'nova.servicegroup.drivers.db.DbDriver._report_state' sleeping for 119.99 seconds {{(pid=95793) _run_loop /opt/stack/data/venv/lib/python3.12/site-packages/oslo_service/backend/_threading/loopingcall.py:125}}
Jun 15 10:11:47.177518 np0000002843 nova-scheduler[95791]: DEBUG oslo.service.backend._threading.loopingcall [-] Fixed interval looping call 'nova.servicegroup.drivers.db.DbDriver._report_state' sleeping for 119.99 seconds {{(pid=95791) _run_loop /opt/stack/data/venv/lib/python3.12/site-packages/oslo_service/backend/_threading/loopingcall.py:125}}
Jun 15 10:11:47.178936 np0000002843 nova-scheduler[95783]: DEBUG oslo.service.backend._threading.loopingcall [-] Fixed interval looping call 'nova.servicegroup.drivers.db.DbDriver._report_state' sleeping for 119.99 seconds {{(pid=95783) _run_loop /opt/stack/data/venv/lib/python3.12/site-packages/oslo_service/backend/_threading/loopingcall.py:125}}
Jun 15 10:11:52.162298 np0000002843 nova-scheduler[95791]: DEBUG oslo.service.backend._threading.loopingcall [None req-6745ffef-928f-42a8-b147-6ba9c746fec5 None None] Dynamic interval looping call 'nova.service.Service.periodic_tasks' sleeping for 60.00 seconds {{(pid=95791) _run_loop /opt/stack/data/venv/lib/python3.12/site-packages/oslo_service/backend/_threading/loopingcall.py:125}}
Jun 15 10:11:57.169450 np0000002843 nova-scheduler[95791]: DEBUG dbcounter [-] [95791] Writing DB stats nova_cell0:SELECT=1,nova_cell0:UPDATE=1 {{(pid=95791) stat_writer /opt/stack/data/venv/lib/python3.12/site-packages/dbcounter.py:115}}
Jun 15 10:11:57.170059 np0000002843 nova-scheduler[95793]: DEBUG dbcounter [-] [95793] Writing DB stats nova_cell0:SELECT=1,nova_cell0:UPDATE=1 {{(pid=95793) stat_writer /opt/stack/data/venv/lib/python3.12/site-packages/dbcounter.py:115}}
Jun 15 10:11:57.174928 np0000002843 nova-scheduler[95783]: DEBUG dbcounter [-] [95783] Writing DB stats nova_cell0:SELECT=1,nova_cell0:UPDATE=1 {{(pid=95783) stat_writer /opt/stack/data/venv/lib/python3.12/site-packages/dbcounter.py:115}}
Jun 15 10:12:06.166299 np0000002843 nova-scheduler[95793]: DEBUG oslo.service.backend._threading.loopingcall [None req-824087f0-9add-480e-ad97-2bcbeecb75ee None None] Dynamic interval looping call 'nova.service.Service.periodic_tasks' sleeping for 60.00 seconds {{(pid=95793) _run_loop /opt/stack/data/venv/lib/python3.12/site-packages/oslo_service/backend/_threading/loopingcall.py:125}}
Jun 15 10:12:32.369330 np0000002843 nova-scheduler[95791]: DEBUG nova.scheduler.manager [None req-88879e83-d017-491c-9e24-34dce7610c84 tempest-DeleteServersTestJSON-546982886 tempest-DeleteServersTestJSON-546982886-project-member] Starting to schedule for instances: ['11a8e3bd-3d83-4143-9cba-f0168e8db9f2'] {{(pid=95791) select_destinations /opt/stack/nova/nova/scheduler/manager.py:210}}
Jun 15 10:12:32.369848 np0000002843 nova-scheduler[95791]: DEBUG nova.scheduler.request_filter [None req-88879e83-d017-491c-9e24-34dce7610c84 tempest-DeleteServersTestJSON-546982886 tempest-DeleteServersTestJSON-546982886-project-member] compute_status_filter request filter added forbidden trait COMPUTE_STATUS_DISABLED {{(pid=95791) compute_status_filter /opt/stack/nova/nova/scheduler/request_filter.py:253}}
Jun 15 10:12:32.369952 np0000002843 nova-scheduler[95791]: DEBUG nova.scheduler.request_filter [None req-88879e83-d017-491c-9e24-34dce7610c84 tempest-DeleteServersTestJSON-546982886 tempest-DeleteServersTestJSON-546982886-project-member] Request filter 'compute_status_filter' took 0.0 seconds {{(pid=95791) wrapper /opt/stack/nova/nova/scheduler/request_filter.py:46}}
Jun 15 10:12:32.370206 np0000002843 nova-scheduler[95791]: DEBUG nova.scheduler.request_filter [None req-88879e83-d017-491c-9e24-34dce7610c84 tempest-DeleteServersTestJSON-546982886 tempest-DeleteServersTestJSON-546982886-project-member] Request filter 'accelerators_filter' took 0.0 seconds {{(pid=95791) wrapper /opt/stack/nova/nova/scheduler/request_filter.py:46}}
Jun 15 10:12:32.370376 np0000002843 nova-scheduler[95791]: DEBUG nova.scheduler.request_filter [None req-88879e83-d017-491c-9e24-34dce7610c84 tempest-DeleteServersTestJSON-546982886 tempest-DeleteServersTestJSON-546982886-project-member] Request filter 'packed_virtqueue_filter' took 0.0 seconds {{(pid=95791) wrapper /opt/stack/nova/nova/scheduler/request_filter.py:46}}
Jun 15 10:12:32.370629 np0000002843 nova-scheduler[95791]: DEBUG nova.scheduler.request_filter [None req-88879e83-d017-491c-9e24-34dce7610c84 tempest-DeleteServersTestJSON-546982886 tempest-DeleteServersTestJSON-546982886-project-member] Request filter 'remote_managed_ports_filter' took 0.0 seconds {{(pid=95791) wrapper /opt/stack/nova/nova/scheduler/request_filter.py:46}}
Jun 15 10:12:32.370808 np0000002843 nova-scheduler[95791]: DEBUG nova.scheduler.request_filter [None req-88879e83-d017-491c-9e24-34dce7610c84 tempest-DeleteServersTestJSON-546982886 tempest-DeleteServersTestJSON-546982886-project-member] ephemeral_encryption_filter skipped {{(pid=95791) ephemeral_encryption_filter /opt/stack/nova/nova/scheduler/request_filter.py:426}}
Jun 15 10:12:32.370988 np0000002843 nova-scheduler[95791]: DEBUG nova.scheduler.request_filter [None req-88879e83-d017-491c-9e24-34dce7610c84 tempest-DeleteServersTestJSON-546982886 tempest-DeleteServersTestJSON-546982886-project-member] virtio_sound_filter skipped {{(pid=95791) virtio_sound_filter /opt/stack/nova/nova/scheduler/request_filter.py:460}}
Jun 15 10:12:32.371169 np0000002843 nova-scheduler[95791]: DEBUG nova.scheduler.request_filter [None req-88879e83-d017-491c-9e24-34dce7610c84 tempest-DeleteServersTestJSON-546982886 tempest-DeleteServersTestJSON-546982886-project-member] tpm_secret_security_filter skipped {{(pid=95791) tpm_secret_security_filter /opt/stack/nova/nova/scheduler/request_filter.py:477}}
Jun 15 10:12:33.090557 np0000002843 nova-scheduler[95791]: INFO nova.utils [None req-88879e83-d017-491c-9e24-34dce7610c84 tempest-DeleteServersTestJSON-546982886 tempest-DeleteServersTestJSON-546982886-project-member] The cell worker thread pool ForkProcess-2.cell_worker is initialized
Jun 15 10:12:33.091087 np0000002843 nova-scheduler[95791]: DEBUG oslo_concurrency.lockutils [None req-88879e83-d017-491c-9e24-34dce7610c84 tempest-DeleteServersTestJSON-546982886 tempest-DeleteServersTestJSON-546982886-project-member] Acquiring lock "33417514-618b-4d08-898f-98f9a374ff0d" by "nova.context.set_target_cell..get_or_set_cached_cell_and_set_connections" {{(pid=95791) inner /opt/stack/data/venv/lib/python3.12/site-packages/oslo_concurrency/lockutils.py:511}}
Jun 15 10:12:33.091550 np0000002843 nova-scheduler[95791]: DEBUG oslo_concurrency.lockutils [None req-88879e83-d017-491c-9e24-34dce7610c84 tempest-DeleteServersTestJSON-546982886 tempest-DeleteServersTestJSON-546982886-project-member] Lock "33417514-618b-4d08-898f-98f9a374ff0d" acquired by "nova.context.set_target_cell..get_or_set_cached_cell_and_set_connections" :: waited 0.001s {{(pid=95791) inner /opt/stack/data/venv/lib/python3.12/site-packages/oslo_concurrency/lockutils.py:524}}
Jun 15 10:12:33.094500 np0000002843 nova-scheduler[95791]: DEBUG oslo_concurrency.lockutils [None req-88879e83-d017-491c-9e24-34dce7610c84 tempest-DeleteServersTestJSON-546982886 tempest-DeleteServersTestJSON-546982886-project-member] Lock "33417514-618b-4d08-898f-98f9a374ff0d" "released" by "nova.context.set_target_cell..get_or_set_cached_cell_and_set_connections" :: held 0.003s {{(pid=95791) inner /opt/stack/data/venv/lib/python3.12/site-packages/oslo_concurrency/lockutils.py:543}}
Jun 15 10:12:33.097073 np0000002843 nova-scheduler[95791]: INFO dbcounter [None req-88879e83-d017-491c-9e24-34dce7610c84 tempest-DeleteServersTestJSON-546982886 tempest-DeleteServersTestJSON-546982886-project-member] Registered counter for database nova_cell1
Jun 15 10:12:33.156614 np0000002843 nova-scheduler[95791]: DEBUG oslo_db.sqlalchemy.engines [None req-88879e83-d017-491c-9e24-34dce7610c84 tempest-DeleteServersTestJSON-546982886 tempest-DeleteServersTestJSON-546982886-project-member] MySQL server mode set to STRICT_TRANS_TABLES,STRICT_ALL_TABLES,NO_ZERO_IN_DATE,NO_ZERO_DATE,ERROR_FOR_DIVISION_BY_ZERO,TRADITIONAL,NO_ENGINE_SUBSTITUTION {{(pid=95791) _check_effective_sql_mode /opt/stack/data/venv/lib/python3.12/site-packages/oslo_db/sqlalchemy/engines.py:325}}
Jun 15 10:12:33.163201 np0000002843 nova-scheduler[95791]: DEBUG dbcounter [-] [95791] Writer thread running {{(pid=95791) stat_writer /opt/stack/data/venv/lib/python3.12/site-packages/dbcounter.py:102}}
Jun 15 10:12:33.177913 np0000002843 nova-scheduler[95791]: DEBUG oslo_db.sqlalchemy.engines [None req-88879e83-d017-491c-9e24-34dce7610c84 tempest-DeleteServersTestJSON-546982886 tempest-DeleteServersTestJSON-546982886-project-member] Parent process 94523 forked (95791) with an open database connection, which is being discarded and recreated. {{(pid=95791) checkout /opt/stack/data/venv/lib/python3.12/site-packages/oslo_db/sqlalchemy/engines.py:402}}
Jun 15 10:12:33.225846 np0000002843 nova-scheduler[95791]: DEBUG dbcounter [-] [95791] Writer thread running {{(pid=95791) stat_writer /opt/stack/data/venv/lib/python3.12/site-packages/dbcounter.py:102}}
Jun 15 10:12:33.232215 np0000002843 nova-scheduler[95791]: DEBUG oslo_concurrency.lockutils [None req-88879e83-d017-491c-9e24-34dce7610c84 tempest-DeleteServersTestJSON-546982886 tempest-DeleteServersTestJSON-546982886-project-member] Acquiring lock "33417514-618b-4d08-898f-98f9a374ff0d" by "nova.context.set_target_cell..get_or_set_cached_cell_and_set_connections" {{(pid=95791) inner /opt/stack/data/venv/lib/python3.12/site-packages/oslo_concurrency/lockutils.py:511}}
Jun 15 10:12:33.232215 np0000002843 nova-scheduler[95791]: DEBUG oslo_concurrency.lockutils [None req-88879e83-d017-491c-9e24-34dce7610c84 tempest-DeleteServersTestJSON-546982886 tempest-DeleteServersTestJSON-546982886-project-member] Lock "33417514-618b-4d08-898f-98f9a374ff0d" acquired by "nova.context.set_target_cell..get_or_set_cached_cell_and_set_connections" :: waited 0.000s {{(pid=95791) inner /opt/stack/data/venv/lib/python3.12/site-packages/oslo_concurrency/lockutils.py:524}}
Jun 15 10:12:33.232215 np0000002843 nova-scheduler[95791]: DEBUG oslo_concurrency.lockutils [None req-88879e83-d017-491c-9e24-34dce7610c84 tempest-DeleteServersTestJSON-546982886 tempest-DeleteServersTestJSON-546982886-project-member] Lock "33417514-618b-4d08-898f-98f9a374ff0d" "released" by "nova.context.set_target_cell..get_or_set_cached_cell_and_set_connections" :: held 0.000s {{(pid=95791) inner /opt/stack/data/venv/lib/python3.12/site-packages/oslo_concurrency/lockutils.py:543}}
Jun 15 10:12:33.236528 np0000002843 nova-scheduler[95791]: DEBUG oslo_concurrency.lockutils [None req-88879e83-d017-491c-9e24-34dce7610c84 tempest-DeleteServersTestJSON-546982886 tempest-DeleteServersTestJSON-546982886-project-member] Acquiring lock "('np0000002843', 'np0000002843')" by "nova.scheduler.host_manager.HostState.update.._locked_update" {{(pid=95791) inner /opt/stack/data/venv/lib/python3.12/site-packages/oslo_concurrency/lockutils.py:511}}
Jun 15 10:12:33.236528 np0000002843 nova-scheduler[95791]: DEBUG oslo_concurrency.lockutils [None req-88879e83-d017-491c-9e24-34dce7610c84 tempest-DeleteServersTestJSON-546982886 tempest-DeleteServersTestJSON-546982886-project-member] Lock "('np0000002843', 'np0000002843')" acquired by "nova.scheduler.host_manager.HostState.update.._locked_update" :: waited 0.000s {{(pid=95791) inner /opt/stack/data/venv/lib/python3.12/site-packages/oslo_concurrency/lockutils.py:524}}
Jun 15 10:12:33.237372 np0000002843 nova-scheduler[95791]: DEBUG nova.scheduler.host_manager [None req-88879e83-d017-491c-9e24-34dce7610c84 tempest-DeleteServersTestJSON-546982886 tempest-DeleteServersTestJSON-546982886-project-member] Update host state from compute node: ComputeNode(cpu_allocation_ratio=4.0,cpu_info='{"arch": "x86_64", "model": "EPYC-Milan", "vendor": "AMD", "topology": {"cells": 1, "sockets": 12, "cores": 1, "threads": 1}, "maxphysaddr": {"mode": "emulate", "bits": 40}, "features": ["cmov", "pcid", "gds-no", "amd-stibp", "sse2", "vpclmulqdq", "aes", "msr", "lbrv", "rdseed", "vgif", "xsavec", "perfctr_core", "vmcb-clean", "osvw", "pfthreshold", "topoext", "ibpb", "xsaveerptr", "null-sel-clr-base", "rdrand", "virt-ssbd", "arat", "pge", "umip", "no-nested-data-bp", "flushbyasid", "clwb", "svm", "skip-l1dfl-vmentry", "tsc-deadline", "fxsr_opt", "misalignsse", "syscall", "movbe", "smap", "vme", "arch-capabilities", "spec-ctrl", "tsc", "rdpid", "wbnoinvd", "cr8legacy", "bmi2", "tsc_adjust", "cx8", "avx", "ssbd", "xsave", "tsc-scale", "mca", "apic", "cmp_legacy", "lm", "de", "fpu", "nrip-save", "avx2", "pni", "xgetbv1", "mds-no", "xsaveopt", "vaes", "erms", "fsgsbase", "lahf_lm", "sse4.1", "v-vmsave-vmload", "sse", "fsrm", "pku", "f16c", "pse36", "pause-filter", "lfence-always-serializing", "cx16", "rdtscp", "nx", "mtrr", "mce", "sse4a", "sep", "fma", "hypervisor", "clzero", "pdpe1gb", "pclmuldq", "pae", "abm", "adx", "stibp", "amd-ssbd", "ibrs", "mmx", "pat", "ssse3", "mmxext", "smep", "xsaves", "invpcid", "3dnowprefetch", "amd-psfd", "rdctl-no", "sha-ni", "popcnt", "svme-addr-chk", "bmi1", "npt", "stibp-always-on", "clflushopt", "pse", "clflush", "fxsr", "pschange-mc-no", "sse4.2", "x2apic"]}',created_at=2026-06-15T10:10:07Z,current_workload=0,deleted=False,deleted_at=None,disk_allocation_ratio=1.0,disk_available_least=74,free_disk_gb=95,free_ram_mb=23518,host='np0000002843',host_ip=10.4.3.219,hypervisor_hostname='np0000002843',hypervisor_type='QEMU',hypervisor_version=8002002,id=1,local_gb=95,local_gb_used=0,mapped=1,memory_mb=24030,memory_mb_used=512,metrics='[]',numa_topology='{"nova_object.name": "NUMATopology", "nova_object.namespace": "nova", "nova_object.version": "1.2", "nova_object.data": {"cells": [{"nova_object.name": "NUMACell", "nova_object.namespace": "nova", "nova_object.version": "1.5", "nova_object.data": {"id": 0, "cpuset": [0, 1, 2, 3, 4, 5, 6, 7, 8, 9, 10, 11], "pcpuset": [0, 1, 2, 3, 4, 5, 6, 7, 8, 9, 10, 11], "memory": 24030, "cpu_usage": 0, "memory_usage": 0, "pinned_cpus": [], "siblings": [[6], [2], [5], [11], [8], [4], [1], [7], [10], [0], [3], [9]], "mempages": [{"nova_object.name": "NUMAPagesTopology", "nova_object.namespace": "nova", "nova_object.version": "1.1", "nova_object.data": {"size_kb": 4, "total": 6151798, "used": 0, "reserved": 0}, "nova_object.changes": ["reserved", "total", "size_kb", "used"]}, {"nova_object.name": "NUMAPagesTopology", "nova_object.namespace": "nova", "nova_object.version": "1.1", "nova_object.data": {"size_kb": 2048, "total": 0, "used": 0, "reserved": 0}, "nova_object.changes": ["reserved", "total", "size_kb", "used"]}, {"nova_object.name": "NUMAPagesTopology", "nova_object.namespace": "nova", "nova_object.version": "1.1", "nova_object.data": {"size_kb": 1048576, "total": 0, "used": 0, "reserved": 0}, "nova_object.changes": ["reserved", "total", "size_kb", "used"]}], "network_metadata": {"nova_object.name": "NetworkMetadata", "nova_object.namespace": "nova", "nova_object.version": "1.0", "nova_object.data": {"physnets": [], "tunneled": false}, "nova_object.changes": ["physnets", "tunneled"]}, "socket": null}, "nova_object.changes": ["socket", "siblings", "mempages", "pcpuset", "cpuset", "pinned_cpus", "memory", "id", "cpu_usage", "memory_usage", "network_metadata"]}]}, "nova_object.changes": ["cells"]}',pci_device_pools=PciDevicePoolList,ram_allocation_ratio=1.0,running_vms=0,service_id=2,stats={failed_builds='0',uptime=' 10:11:53 up 25 min, 2 users, load average: 1.10, 1.33, 0.78
Jun 15 10:12:33.237372 np0000002843 nova-scheduler[95791]: '},supported_hv_specs=[HVSpec,HVSpec,HVSpec,HVSpec,HVSpec,HVSpec,HVSpec,HVSpec,HVSpec,HVSpec,HVSpec,HVSpec,HVSpec,HVSpec,HVSpec,HVSpec,HVSpec,HVSpec,HVSpec,HVSpec,HVSpec,HVSpec,HVSpec,HVSpec,HVSpec],updated_at=2026-06-15T10:11:55Z,uuid=2b432a58-e2a6-44a5-8133-1117fb350a34,vcpus=12,vcpus_used=0) {{(pid=95791) _locked_update /opt/stack/nova/nova/scheduler/host_manager.py:168}}
Jun 15 10:12:33.238087 np0000002843 nova-scheduler[95791]: DEBUG nova.scheduler.host_manager [None req-88879e83-d017-491c-9e24-34dce7610c84 tempest-DeleteServersTestJSON-546982886 tempest-DeleteServersTestJSON-546982886-project-member] Update host state with aggregates: [] {{(pid=95791) _locked_update /opt/stack/nova/nova/scheduler/host_manager.py:171}}
Jun 15 10:12:33.238269 np0000002843 nova-scheduler[95791]: DEBUG nova.scheduler.host_manager [None req-88879e83-d017-491c-9e24-34dce7610c84 tempest-DeleteServersTestJSON-546982886 tempest-DeleteServersTestJSON-546982886-project-member] Update host state with service dict: {'id': 2, 'uuid': 'f2d1ffe3-8441-4aaf-9080-b7eef0c9cf9f', 'host': 'np0000002843', 'binary': 'nova-compute', 'topic': 'compute', 'report_count': 2, 'disabled': False, 'disabled_reason': None, 'last_seen_up': datetime.datetime(2026, 6, 15, 10, 12, 15, tzinfo=datetime.timezone.utc), 'forced_down': False, 'version': 72, 'created_at': datetime.datetime(2026, 6, 15, 10, 10, 5, tzinfo=datetime.timezone.utc), 'updated_at': datetime.datetime(2026, 6, 15, 10, 12, 15, tzinfo=datetime.timezone.utc), 'deleted_at': None, 'deleted': False} {{(pid=95791) _locked_update /opt/stack/nova/nova/scheduler/host_manager.py:174}}
Jun 15 10:12:33.238533 np0000002843 nova-scheduler[95791]: DEBUG nova.scheduler.host_manager [None req-88879e83-d017-491c-9e24-34dce7610c84 tempest-DeleteServersTestJSON-546982886 tempest-DeleteServersTestJSON-546982886-project-member] Update host state with instances: [] {{(pid=95791) _locked_update /opt/stack/nova/nova/scheduler/host_manager.py:177}}
Jun 15 10:12:33.238533 np0000002843 nova-scheduler[95791]: DEBUG oslo_concurrency.lockutils [None req-88879e83-d017-491c-9e24-34dce7610c84 tempest-DeleteServersTestJSON-546982886 tempest-DeleteServersTestJSON-546982886-project-member] Lock "('np0000002843', 'np0000002843')" "released" by "nova.scheduler.host_manager.HostState.update.._locked_update" :: held 0.003s {{(pid=95791) inner /opt/stack/data/venv/lib/python3.12/site-packages/oslo_concurrency/lockutils.py:543}}
Jun 15 10:12:33.240374 np0000002843 nova-scheduler[95791]: DEBUG nova.filters [None req-88879e83-d017-491c-9e24-34dce7610c84 tempest-DeleteServersTestJSON-546982886 tempest-DeleteServersTestJSON-546982886-project-member] Starting with 1 host(s) {{(pid=95791) get_filtered_objects /opt/stack/nova/nova/filters.py:70}}
Jun 15 10:12:33.240374 np0000002843 nova-scheduler[95791]: DEBUG nova.filters [None req-88879e83-d017-491c-9e24-34dce7610c84 tempest-DeleteServersTestJSON-546982886 tempest-DeleteServersTestJSON-546982886-project-member] Filter ComputeFilter returned 1 host(s) {{(pid=95791) get_filtered_objects /opt/stack/nova/nova/filters.py:102}}
Jun 15 10:12:33.241075 np0000002843 nova-scheduler[95791]: DEBUG nova.filters [None req-88879e83-d017-491c-9e24-34dce7610c84 tempest-DeleteServersTestJSON-546982886 tempest-DeleteServersTestJSON-546982886-project-member] Filter ComputeCapabilitiesFilter returned 1 host(s) {{(pid=95791) get_filtered_objects /opt/stack/nova/nova/filters.py:102}}
Jun 15 10:12:33.241386 np0000002843 nova-scheduler[95791]: DEBUG nova.filters [None req-88879e83-d017-491c-9e24-34dce7610c84 tempest-DeleteServersTestJSON-546982886 tempest-DeleteServersTestJSON-546982886-project-member] Filter ImagePropertiesFilter returned 1 host(s) {{(pid=95791) get_filtered_objects /opt/stack/nova/nova/filters.py:102}}
Jun 15 10:12:33.241581 np0000002843 nova-scheduler[95791]: DEBUG nova.filters [None req-88879e83-d017-491c-9e24-34dce7610c84 tempest-DeleteServersTestJSON-546982886 tempest-DeleteServersTestJSON-546982886-project-member] Filter ServerGroupAntiAffinityFilter returned 1 host(s) {{(pid=95791) get_filtered_objects /opt/stack/nova/nova/filters.py:102}}
Jun 15 10:12:33.241757 np0000002843 nova-scheduler[95791]: DEBUG nova.filters [None req-88879e83-d017-491c-9e24-34dce7610c84 tempest-DeleteServersTestJSON-546982886 tempest-DeleteServersTestJSON-546982886-project-member] Filter ServerGroupAffinityFilter returned 1 host(s) {{(pid=95791) get_filtered_objects /opt/stack/nova/nova/filters.py:102}}
Jun 15 10:12:33.241967 np0000002843 nova-scheduler[95791]: DEBUG nova.filters [None req-88879e83-d017-491c-9e24-34dce7610c84 tempest-DeleteServersTestJSON-546982886 tempest-DeleteServersTestJSON-546982886-project-member] Filter SameHostFilter returned 1 host(s) {{(pid=95791) get_filtered_objects /opt/stack/nova/nova/filters.py:102}}
Jun 15 10:12:33.242143 np0000002843 nova-scheduler[95791]: DEBUG nova.filters [None req-88879e83-d017-491c-9e24-34dce7610c84 tempest-DeleteServersTestJSON-546982886 tempest-DeleteServersTestJSON-546982886-project-member] Filter DifferentHostFilter returned 1 host(s) {{(pid=95791) get_filtered_objects /opt/stack/nova/nova/filters.py:102}}
Jun 15 10:12:33.242310 np0000002843 nova-scheduler[95791]: DEBUG nova.scheduler.manager [None req-88879e83-d017-491c-9e24-34dce7610c84 tempest-DeleteServersTestJSON-546982886 tempest-DeleteServersTestJSON-546982886-project-member] Filtered [(np0000002843, np0000002843) ram: 23518MB disk: 75776MB io_ops: 0 instances: 0, allocation_candidates: 1] {{(pid=95791) _get_sorted_hosts /opt/stack/nova/nova/scheduler/manager.py:743}}
Jun 15 10:12:33.242557 np0000002843 nova-scheduler[95791]: DEBUG nova.scheduler.manager [None req-88879e83-d017-491c-9e24-34dce7610c84 tempest-DeleteServersTestJSON-546982886 tempest-DeleteServersTestJSON-546982886-project-member] Weighed [WeighedHost [host: (np0000002843, np0000002843) ram: 23518MB disk: 75776MB io_ops: 0 instances: 0, allocation_candidates: 1, weight: 0.0]] {{(pid=95791) _get_sorted_hosts /opt/stack/nova/nova/scheduler/manager.py:765}}
Jun 15 10:12:33.242799 np0000002843 nova-scheduler[95791]: DEBUG nova.scheduler.utils [None req-88879e83-d017-491c-9e24-34dce7610c84 tempest-DeleteServersTestJSON-546982886 tempest-DeleteServersTestJSON-546982886-project-member] Attempting to claim resources in the placement API for instance 11a8e3bd-3d83-4143-9cba-f0168e8db9f2 {{(pid=95791) claim_resources /opt/stack/nova/nova/scheduler/utils.py:1345}}
Jun 15 10:12:33.427018 np0000002843 nova-scheduler[95791]: DEBUG nova.scheduler.manager [None req-88879e83-d017-491c-9e24-34dce7610c84 tempest-DeleteServersTestJSON-546982886 tempest-DeleteServersTestJSON-546982886-project-member] [instance: 11a8e3bd-3d83-4143-9cba-f0168e8db9f2] Selected host: (np0000002843, np0000002843) ram: 23518MB disk: 75776MB io_ops: 0 instances: 0, allocation_candidates: 1 {{(pid=95791) _consume_selected_host /opt/stack/nova/nova/scheduler/manager.py:625}}
Jun 15 10:12:33.427514 np0000002843 nova-scheduler[95791]: DEBUG oslo_concurrency.lockutils [None req-88879e83-d017-491c-9e24-34dce7610c84 tempest-DeleteServersTestJSON-546982886 tempest-DeleteServersTestJSON-546982886-project-member] Acquiring lock "('np0000002843', 'np0000002843')" by "nova.scheduler.host_manager.HostState.consume_from_request.._locked" {{(pid=95791) inner /opt/stack/data/venv/lib/python3.12/site-packages/oslo_concurrency/lockutils.py:511}}
Jun 15 10:12:33.427514 np0000002843 nova-scheduler[95791]: DEBUG oslo_concurrency.lockutils [None req-88879e83-d017-491c-9e24-34dce7610c84 tempest-DeleteServersTestJSON-546982886 tempest-DeleteServersTestJSON-546982886-project-member] Lock "('np0000002843', 'np0000002843')" acquired by "nova.scheduler.host_manager.HostState.consume_from_request.._locked" :: waited 0.000s {{(pid=95791) inner /opt/stack/data/venv/lib/python3.12/site-packages/oslo_concurrency/lockutils.py:524}}
Jun 15 10:12:33.427706 np0000002843 nova-scheduler[95791]: DEBUG oslo_concurrency.lockutils [None req-88879e83-d017-491c-9e24-34dce7610c84 tempest-DeleteServersTestJSON-546982886 tempest-DeleteServersTestJSON-546982886-project-member] Lock "('np0000002843', 'np0000002843')" "released" by "nova.scheduler.host_manager.HostState.consume_from_request.._locked" :: held 0.000s {{(pid=95791) inner /opt/stack/data/venv/lib/python3.12/site-packages/oslo_concurrency/lockutils.py:543}}
Jun 15 10:12:34.561737 np0000002843 nova-scheduler[95793]: DEBUG nova.scheduler.manager [None req-79e301ec-06cc-4c90-b318-cf0d298d714c tempest-ServerBootFromVolumeStableRescueTest-2092250633 tempest-ServerBootFromVolumeStableRescueTest-2092250633-project-member] Starting to schedule for instances: ['94721a14-a119-45d2-be5b-f543925e3f97'] {{(pid=95793) select_destinations /opt/stack/nova/nova/scheduler/manager.py:210}}
Jun 15 10:12:34.563245 np0000002843 nova-scheduler[95793]: DEBUG nova.scheduler.request_filter [None req-79e301ec-06cc-4c90-b318-cf0d298d714c tempest-ServerBootFromVolumeStableRescueTest-2092250633 tempest-ServerBootFromVolumeStableRescueTest-2092250633-project-member] compute_status_filter request filter added forbidden trait COMPUTE_STATUS_DISABLED {{(pid=95793) compute_status_filter /opt/stack/nova/nova/scheduler/request_filter.py:253}}
Jun 15 10:12:34.563245 np0000002843 nova-scheduler[95793]: DEBUG nova.scheduler.request_filter [None req-79e301ec-06cc-4c90-b318-cf0d298d714c tempest-ServerBootFromVolumeStableRescueTest-2092250633 tempest-ServerBootFromVolumeStableRescueTest-2092250633-project-member] Request filter 'compute_status_filter' took 0.0 seconds {{(pid=95793) wrapper /opt/stack/nova/nova/scheduler/request_filter.py:46}}
Jun 15 10:12:34.563245 np0000002843 nova-scheduler[95793]: DEBUG nova.scheduler.request_filter [None req-79e301ec-06cc-4c90-b318-cf0d298d714c tempest-ServerBootFromVolumeStableRescueTest-2092250633 tempest-ServerBootFromVolumeStableRescueTest-2092250633-project-member] Request filter 'accelerators_filter' took 0.0 seconds {{(pid=95793) wrapper /opt/stack/nova/nova/scheduler/request_filter.py:46}}
Jun 15 10:12:34.563434 np0000002843 nova-scheduler[95793]: DEBUG nova.scheduler.request_filter [None req-79e301ec-06cc-4c90-b318-cf0d298d714c tempest-ServerBootFromVolumeStableRescueTest-2092250633 tempest-ServerBootFromVolumeStableRescueTest-2092250633-project-member] Request filter 'packed_virtqueue_filter' took 0.0 seconds {{(pid=95793) wrapper /opt/stack/nova/nova/scheduler/request_filter.py:46}}
Jun 15 10:12:34.563726 np0000002843 nova-scheduler[95793]: DEBUG nova.scheduler.request_filter [None req-79e301ec-06cc-4c90-b318-cf0d298d714c tempest-ServerBootFromVolumeStableRescueTest-2092250633 tempest-ServerBootFromVolumeStableRescueTest-2092250633-project-member] Request filter 'remote_managed_ports_filter' took 0.0 seconds {{(pid=95793) wrapper /opt/stack/nova/nova/scheduler/request_filter.py:46}}
Jun 15 10:12:34.564191 np0000002843 nova-scheduler[95793]: DEBUG nova.scheduler.request_filter [None req-79e301ec-06cc-4c90-b318-cf0d298d714c tempest-ServerBootFromVolumeStableRescueTest-2092250633 tempest-ServerBootFromVolumeStableRescueTest-2092250633-project-member] ephemeral_encryption_filter skipped {{(pid=95793) ephemeral_encryption_filter /opt/stack/nova/nova/scheduler/request_filter.py:426}}
Jun 15 10:12:34.564451 np0000002843 nova-scheduler[95793]: DEBUG nova.scheduler.request_filter [None req-79e301ec-06cc-4c90-b318-cf0d298d714c tempest-ServerBootFromVolumeStableRescueTest-2092250633 tempest-ServerBootFromVolumeStableRescueTest-2092250633-project-member] virtio_sound_filter skipped {{(pid=95793) virtio_sound_filter /opt/stack/nova/nova/scheduler/request_filter.py:460}}
Jun 15 10:12:34.564659 np0000002843 nova-scheduler[95793]: DEBUG nova.scheduler.request_filter [None req-79e301ec-06cc-4c90-b318-cf0d298d714c tempest-ServerBootFromVolumeStableRescueTest-2092250633 tempest-ServerBootFromVolumeStableRescueTest-2092250633-project-member] tpm_secret_security_filter skipped {{(pid=95793) tpm_secret_security_filter /opt/stack/nova/nova/scheduler/request_filter.py:477}}
Jun 15 10:12:34.694440 np0000002843 nova-scheduler[95793]: INFO nova.utils [None req-79e301ec-06cc-4c90-b318-cf0d298d714c tempest-ServerBootFromVolumeStableRescueTest-2092250633 tempest-ServerBootFromVolumeStableRescueTest-2092250633-project-member] The cell worker thread pool ForkProcess-3.cell_worker is initialized
Jun 15 10:12:34.694794 np0000002843 nova-scheduler[95793]: DEBUG oslo_concurrency.lockutils [None req-79e301ec-06cc-4c90-b318-cf0d298d714c tempest-ServerBootFromVolumeStableRescueTest-2092250633 tempest-ServerBootFromVolumeStableRescueTest-2092250633-project-member] Acquiring lock "33417514-618b-4d08-898f-98f9a374ff0d" by "nova.context.set_target_cell..get_or_set_cached_cell_and_set_connections" {{(pid=95793) inner /opt/stack/data/venv/lib/python3.12/site-packages/oslo_concurrency/lockutils.py:511}}
Jun 15 10:12:34.695113 np0000002843 nova-scheduler[95793]: DEBUG oslo_concurrency.lockutils [None req-79e301ec-06cc-4c90-b318-cf0d298d714c tempest-ServerBootFromVolumeStableRescueTest-2092250633 tempest-ServerBootFromVolumeStableRescueTest-2092250633-project-member] Lock "33417514-618b-4d08-898f-98f9a374ff0d" acquired by "nova.context.set_target_cell..get_or_set_cached_cell_and_set_connections" :: waited 0.000s {{(pid=95793) inner /opt/stack/data/venv/lib/python3.12/site-packages/oslo_concurrency/lockutils.py:524}}
Jun 15 10:12:34.698647 np0000002843 nova-scheduler[95793]: DEBUG oslo_concurrency.lockutils [None req-79e301ec-06cc-4c90-b318-cf0d298d714c tempest-ServerBootFromVolumeStableRescueTest-2092250633 tempest-ServerBootFromVolumeStableRescueTest-2092250633-project-member] Lock "33417514-618b-4d08-898f-98f9a374ff0d" "released" by "nova.context.set_target_cell..get_or_set_cached_cell_and_set_connections" :: held 0.002s {{(pid=95793) inner /opt/stack/data/venv/lib/python3.12/site-packages/oslo_concurrency/lockutils.py:543}}
Jun 15 10:12:34.700676 np0000002843 nova-scheduler[95793]: INFO dbcounter [None req-79e301ec-06cc-4c90-b318-cf0d298d714c tempest-ServerBootFromVolumeStableRescueTest-2092250633 tempest-ServerBootFromVolumeStableRescueTest-2092250633-project-member] Registered counter for database nova_cell1
Jun 15 10:12:34.744613 np0000002843 nova-scheduler[95793]: DEBUG oslo_db.sqlalchemy.engines [None req-79e301ec-06cc-4c90-b318-cf0d298d714c tempest-ServerBootFromVolumeStableRescueTest-2092250633 tempest-ServerBootFromVolumeStableRescueTest-2092250633-project-member] MySQL server mode set to STRICT_TRANS_TABLES,STRICT_ALL_TABLES,NO_ZERO_IN_DATE,NO_ZERO_DATE,ERROR_FOR_DIVISION_BY_ZERO,TRADITIONAL,NO_ENGINE_SUBSTITUTION {{(pid=95793) _check_effective_sql_mode /opt/stack/data/venv/lib/python3.12/site-packages/oslo_db/sqlalchemy/engines.py:325}}
Jun 15 10:12:34.750803 np0000002843 nova-scheduler[95793]: DEBUG dbcounter [-] [95793] Writer thread running {{(pid=95793) stat_writer /opt/stack/data/venv/lib/python3.12/site-packages/dbcounter.py:102}}
Jun 15 10:12:34.837705 np0000002843 nova-scheduler[95793]: DEBUG dbcounter [-] [95793] Writer thread running {{(pid=95793) stat_writer /opt/stack/data/venv/lib/python3.12/site-packages/dbcounter.py:102}}
Jun 15 10:12:34.841903 np0000002843 nova-scheduler[95793]: DEBUG oslo_concurrency.lockutils [None req-79e301ec-06cc-4c90-b318-cf0d298d714c tempest-ServerBootFromVolumeStableRescueTest-2092250633 tempest-ServerBootFromVolumeStableRescueTest-2092250633-project-member] Acquiring lock "33417514-618b-4d08-898f-98f9a374ff0d" by "nova.context.set_target_cell..get_or_set_cached_cell_and_set_connections" {{(pid=95793) inner /opt/stack/data/venv/lib/python3.12/site-packages/oslo_concurrency/lockutils.py:511}}
Jun 15 10:12:34.841903 np0000002843 nova-scheduler[95793]: DEBUG oslo_concurrency.lockutils [None req-79e301ec-06cc-4c90-b318-cf0d298d714c tempest-ServerBootFromVolumeStableRescueTest-2092250633 tempest-ServerBootFromVolumeStableRescueTest-2092250633-project-member] Lock "33417514-618b-4d08-898f-98f9a374ff0d" acquired by "nova.context.set_target_cell..get_or_set_cached_cell_and_set_connections" :: waited 0.000s {{(pid=95793) inner /opt/stack/data/venv/lib/python3.12/site-packages/oslo_concurrency/lockutils.py:524}}
Jun 15 10:12:34.841903 np0000002843 nova-scheduler[95793]: DEBUG oslo_concurrency.lockutils [None req-79e301ec-06cc-4c90-b318-cf0d298d714c tempest-ServerBootFromVolumeStableRescueTest-2092250633 tempest-ServerBootFromVolumeStableRescueTest-2092250633-project-member] Lock "33417514-618b-4d08-898f-98f9a374ff0d" "released" by "nova.context.set_target_cell..get_or_set_cached_cell_and_set_connections" :: held 0.000s {{(pid=95793) inner /opt/stack/data/venv/lib/python3.12/site-packages/oslo_concurrency/lockutils.py:543}}
