Jul 23 12:04:34.903331 np0000005762 devstack@g-api.service[102949]: DEBUG glance.api.middleware.version_negotiation [None req-b16687f7-3a66-4030-9300-28a44e6ea8e5 tempest-VolumesActionsTest-1987907710 tempest-VolumesActionsTest-1987907710-project-member] new path /v2/images/bc2ab3d3-47af-4669-9e7f-4aa6696ed40a/file {{(pid=102949) process_request /opt/stack/glance/glance/api/middleware/version_negotiation.py:70}}
Jul 23 12:04:35.398991 np0000005762 devstack@g-api.service[102949]: INFO glance.api.v2.image_data [None req-6b50e276-b33b-44bb-bd5f-e525fcf3bc28 tempest-VolumesActionsTest-1987907710 tempest-VolumesActionsTest-1987907710-project-member] Unable to create trust: no such option collect_timing in group [keystone_authtoken] Use the existing user token.
Jul 23 12:04:35.705817 np0000005762 devstack@g-api.service[102948]: DEBUG glance.api.middleware.version_negotiation [None req-9c11ea08-5547-474c-8a88-9a559e2efbe3 tempest-VolumesActionsTest-1987907710 tempest-VolumesActionsTest-1987907710-project-member] Determining version of request: GET /v2/images/bc2ab3d3-47af-4669-9e7f-4aa6696ed40a Accept: application/json {{(pid=102948) process_request /opt/stack/glance/glance/api/middleware/version_negotiation.py:44}}
Jul 23 12:04:35.706162 np0000005762 devstack@g-api.service[102948]: DEBUG glance.api.middleware.version_negotiation [None req-9c11ea08-5547-474c-8a88-9a559e2efbe3 tempest-VolumesActionsTest-1987907710 tempest-VolumesActionsTest-1987907710-project-member] Using url versioning {{(pid=102948) process_request /opt/stack/glance/glance/api/middleware/version_negotiation.py:57}}
Jul 23 12:04:35.706497 np0000005762 devstack@g-api.service[102948]: DEBUG glance.api.middleware.version_negotiation [None req-9c11ea08-5547-474c-8a88-9a559e2efbe3 tempest-VolumesActionsTest-1987907710 tempest-VolumesActionsTest-1987907710-project-member] Matched version: v2 {{(pid=102948) process_request /opt/stack/glance/glance/api/middleware/version_negotiation.py:69}}
Jul 23 12:04:35.706497 np0000005762 devstack@g-api.service[102948]: DEBUG glance.api.middleware.version_negotiation [None req-9c11ea08-5547-474c-8a88-9a559e2efbe3 tempest-VolumesActionsTest-1987907710 tempest-VolumesActionsTest-1987907710-project-member] new path /v2/images/bc2ab3d3-47af-4669-9e7f-4aa6696ed40a {{(pid=102948) process_request /opt/stack/glance/glance/api/middleware/version_negotiation.py:70}}
Jul 23 12:04:35.716415 np0000005762 devstack@g-api.service[102948]: [pid: 102948|app: 0|req: 84/328] 127.0.0.1 () {40 vars in 830 bytes} [Thu Jul 23 12:04:35 2026] GET /v2/images/bc2ab3d3-47af-4669-9e7f-4aa6696ed40a => generated 650 bytes in 11 msecs (HTTP/1.1 200) 4 headers in 157 bytes (1 switches on core 0)
Jul 23 12:04:35.863041 np0000005762 devstack@g-api.service[102949]: DEBUG glance.location [None req-6b50e276-b33b-44bb-bd5f-e525fcf3bc28 tempest-VolumesActionsTest-1987907710 tempest-VolumesActionsTest-1987907710-project-member] Enabling in-flight format inspection for raw {{(pid=102949) set_data /opt/stack/glance/glance/location.py:596}}
Jul 23 12:04:35.863457 np0000005762 devstack@g-api.service[102949]: DEBUG glance_store.backend [None req-6b50e276-b33b-44bb-bd5f-e525fcf3bc28 tempest-VolumesActionsTest-1987907710 tempest-VolumesActionsTest-1987907710-project-member] Attempting to import store swift {{(pid=102949) _load_store /opt/stack/data/venv/lib/python3.12/site-packages/glance_store/backend.py:215}}
Jul 23 12:04:35.864760 np0000005762 devstack@g-api.service[102949]: DEBUG glance_store.capabilities [None req-6b50e276-b33b-44bb-bd5f-e525fcf3bc28 tempest-VolumesActionsTest-1987907710 tempest-VolumesActionsTest-1987907710-project-member] Store glance_store._drivers.swift.store.SingleTenantStore doesn't support updating dynamic storage capabilities. Please overwrite 'update_capabilities' method of the store to implement updating logics if needed. {{(pid=102949) update_capabilities /opt/stack/data/venv/lib/python3.12/site-packages/glance_store/capabilities.py:91}}
Jul 23 12:04:35.864760 np0000005762 devstack@g-api.service[102949]: DEBUG glance_store.driver [None req-6b50e276-b33b-44bb-bd5f-e525fcf3bc28 tempest-VolumesActionsTest-1987907710 tempest-VolumesActionsTest-1987907710-project-member] Late loading location class glance_store._drivers.swift.store.StoreLocation {{(pid=102949) get_store_location_class /opt/stack/data/venv/lib/python3.12/site-packages/glance_store/driver.py:134}}
Jul 23 12:04:35.864980 np0000005762 devstack@g-api.service[102949]: DEBUG glance_store.location [None req-6b50e276-b33b-44bb-bd5f-e525fcf3bc28 tempest-VolumesActionsTest-1987907710 tempest-VolumesActionsTest-1987907710-project-member] Registering scheme swift+https with {'store': , 'location_class': , 'store_entry': 'swift'} {{(pid=102949) register_scheme_map /opt/stack/data/venv/lib/python3.12/site-packages/glance_store/location.py:146}}
Jul 23 12:04:35.864980 np0000005762 devstack@g-api.service[102949]: DEBUG glance_store.location [None req-6b50e276-b33b-44bb-bd5f-e525fcf3bc28 tempest-VolumesActionsTest-1987907710 tempest-VolumesActionsTest-1987907710-project-member] Registering scheme swift+https with {'store': , 'location_class': , 'store_entry': 'swift'} {{(pid=102949) register_scheme_map /opt/stack/data/venv/lib/python3.12/site-packages/glance_store/location.py:146}}
Jul 23 12:04:35.864980 np0000005762 devstack@g-api.service[102949]: DEBUG glance_store.location [None req-6b50e276-b33b-44bb-bd5f-e525fcf3bc28 tempest-VolumesActionsTest-1987907710 tempest-VolumesActionsTest-1987907710-project-member] Registering scheme swift with {'store': , 'location_class': , 'store_entry': 'swift'} {{(pid=102949) register_scheme_map /opt/stack/data/venv/lib/python3.12/site-packages/glance_store/location.py:146}}
Jul 23 12:04:35.865254 np0000005762 devstack@g-api.service[102949]: DEBUG glance_store.location [None req-6b50e276-b33b-44bb-bd5f-e525fcf3bc28 tempest-VolumesActionsTest-1987907710 tempest-VolumesActionsTest-1987907710-project-member] Registering scheme swift+https with {'store': , 'location_class': , 'store_entry': 'swift'} {{(pid=102949) register_scheme_map /opt/stack/data/venv/lib/python3.12/site-packages/glance_store/location.py:146}}
Jul 23 12:04:35.865254 np0000005762 devstack@g-api.service[102949]: DEBUG glance_store.location [None req-6b50e276-b33b-44bb-bd5f-e525fcf3bc28 tempest-VolumesActionsTest-1987907710 tempest-VolumesActionsTest-1987907710-project-member] Registering scheme swift with {'store': , 'location_class': , 'store_entry': 'swift'} {{(pid=102949) register_scheme_map /opt/stack/data/venv/lib/python3.12/site-packages/glance_store/location.py:146}}
Jul 23 12:04:35.865254 np0000005762 devstack@g-api.service[102949]: DEBUG glance_store.location [None req-6b50e276-b33b-44bb-bd5f-e525fcf3bc28 tempest-VolumesActionsTest-1987907710 tempest-VolumesActionsTest-1987907710-project-member] Registering scheme swift+http with {'store': , 'location_class': , 'store_entry': 'swift'} {{(pid=102949) register_scheme_map /opt/stack/data/venv/lib/python3.12/site-packages/glance_store/location.py:146}}
Jul 23 12:04:35.865254 np0000005762 devstack@g-api.service[102949]: DEBUG glance_store.location [None req-6b50e276-b33b-44bb-bd5f-e525fcf3bc28 tempest-VolumesActionsTest-1987907710 tempest-VolumesActionsTest-1987907710-project-member] Registering scheme swift+https with {'store': , 'location_class': , 'store_entry': 'swift'} {{(pid=102949) register_scheme_map /opt/stack/data/venv/lib/python3.12/site-packages/glance_store/location.py:146}}
Jul 23 12:04:35.865479 np0000005762 devstack@g-api.service[102949]: DEBUG glance_store.location [None req-6b50e276-b33b-44bb-bd5f-e525fcf3bc28 tempest-VolumesActionsTest-1987907710 tempest-VolumesActionsTest-1987907710-project-member] Registering scheme swift with {'store': , 'location_class': , 'store_entry': 'swift'} {{(pid=102949) register_scheme_map /opt/stack/data/venv/lib/python3.12/site-packages/glance_store/location.py:146}}
Jul 23 12:04:35.865479 np0000005762 devstack@g-api.service[102949]: DEBUG glance_store.location [None req-6b50e276-b33b-44bb-bd5f-e525fcf3bc28 tempest-VolumesActionsTest-1987907710 tempest-VolumesActionsTest-1987907710-project-member] Registering scheme swift+http with {'store': , 'location_class': , 'store_entry': 'swift'} {{(pid=102949) register_scheme_map /opt/stack/data/venv/lib/python3.12/site-packages/glance_store/location.py:146}}
Jul 23 12:04:35.865479 np0000005762 devstack@g-api.service[102949]: DEBUG glance_store.location [None req-6b50e276-b33b-44bb-bd5f-e525fcf3bc28 tempest-VolumesActionsTest-1987907710 tempest-VolumesActionsTest-1987907710-project-member] Registering scheme swift+config with {'store': , 'location_class': , 'store_entry': 'swift'} {{(pid=102949) register_scheme_map /opt/stack/data/venv/lib/python3.12/site-packages/glance_store/location.py:146}}
Jul 23 12:04:36.055046 np0000005762 devstack@g-api.service[102949]: DEBUG swiftclient [None req-6b50e276-b33b-44bb-bd5f-e525fcf3bc28 tempest-VolumesActionsTest-1987907710 tempest-VolumesActionsTest-1987907710-project-member] REQ: curl -i https://10.4.3.4:8080/v1/AUTH_ed644d0fc84e47488a26a901e86598be/glance -I -H "X-Auth-Token: gAAAAABqYgNTUk-a..." {{(pid=102949) http_log /opt/stack/data/venv/lib/python3.12/site-packages/swiftclient/client.py:160}}
Jul 23 12:04:36.055510 np0000005762 devstack@g-api.service[102949]: DEBUG swiftclient [None req-6b50e276-b33b-44bb-bd5f-e525fcf3bc28 tempest-VolumesActionsTest-1987907710 tempest-VolumesActionsTest-1987907710-project-member] RESP STATUS: 204 No Content {{(pid=102949) http_log /opt/stack/data/venv/lib/python3.12/site-packages/swiftclient/client.py:161}}
Jul 23 12:04:36.055510 np0000005762 devstack@g-api.service[102949]: DEBUG swiftclient [None req-6b50e276-b33b-44bb-bd5f-e525fcf3bc28 tempest-VolumesActionsTest-1987907710 tempest-VolumesActionsTest-1987907710-project-member] RESP HEADERS: {'Date': 'Thu, 23 Jul 2026 12:04:36 GMT', 'Server': 'Apache/2.4.58 (Ubuntu)', 'Content-Type': 'text/plain; charset=utf-8', 'X-Container-Object-Count': '3', 'X-Container-Bytes-Used': '64356352', 'X-Timestamp': '1784807917.39352', 'Last-Modified': 'Thu, 23 Jul 2026 11:58:38 GMT', 'Accept-Ranges': 'bytes', 'X-Storage-Policy': 'Policy-0', 'X-Container-Sharding': 'False', 'Vary': 'Accept', 'X-Trans-Id': 'txccc9f05af45644e9b8bb4-006a620353', 'X-Openstack-Request-Id': 'txccc9f05af45644e9b8bb4-006a620353', 'Connection': 'close'} {{(pid=102949) http_log /opt/stack/data/venv/lib/python3.12/site-packages/swiftclient/client.py:162}}
Jul 23 12:04:36.055510 np0000005762 devstack@g-api.service[102949]: DEBUG glance_store._drivers.swift.store [None req-6b50e276-b33b-44bb-bd5f-e525fcf3bc28 tempest-VolumesActionsTest-1987907710 tempest-VolumesActionsTest-1987907710-project-member] Adding image object 'bc2ab3d3-47af-4669-9e7f-4aa6696ed40a' to Swift {{(pid=102949) add /opt/stack/data/venv/lib/python3.12/site-packages/glance_store/_drivers/swift/store.py:970}}
Jul 23 12:04:36.055510 np0000005762 devstack@g-api.service[102949]: DEBUG glance_store._drivers.swift.store [None req-6b50e276-b33b-44bb-bd5f-e525fcf3bc28 tempest-VolumesActionsTest-1987907710 tempest-VolumesActionsTest-1987907710-project-member] Cannot determine image size because it is either not provided in the request or chunked-transfer encoding is used. Adding image as a segmented object to Swift. {{(pid=102949) add /opt/stack/data/venv/lib/python3.12/site-packages/glance_store/_drivers/swift/store.py:994}}
Jul 23 12:04:36.062280 np0000005762 devstack@g-api.service[102949]: DEBUG oslo_utils.imageutils.format_inspector [None req-6b50e276-b33b-44bb-bd5f-e525fcf3bc28 tempest-VolumesActionsTest-1987907710 tempest-VolumesActionsTest-1987907710-project-member] Format inspector for vmdk does not match, excluding from consideration (Signature KDMV not found: b'\x00\x00\x00\x00') {{(pid=102949) _process_chunk /opt/stack/data/venv/lib/python3.12/site-packages/oslo_utils/imageutils/format_inspector.py:1758}}
Jul 23 12:04:36.069300 np0000005762 devstack@g-api.service[102949]: DEBUG oslo_utils.imageutils.format_inspector [None req-6b50e276-b33b-44bb-bd5f-e525fcf3bc28 tempest-VolumesActionsTest-1987907710 tempest-VolumesActionsTest-1987907710-project-member] Format inspector for vhdx does not match, excluding from consideration (Region signature not found at 30000) {{(pid=102949) _process_chunk /opt/stack/data/venv/lib/python3.12/site-packages/oslo_utils/imageutils/format_inspector.py:1758}}
Jul 23 12:04:36.727752 np0000005762 devstack@g-api.service[102950]: DEBUG glance.api.middleware.version_negotiation [None req-1f7f6476-8169-4e48-8593-2d22a3d6d5f6 tempest-VolumesActionsTest-1987907710 tempest-VolumesActionsTest-1987907710-project-member] Determining version of request: GET /v2/images/bc2ab3d3-47af-4669-9e7f-4aa6696ed40a Accept: application/json {{(pid=102950) process_request /opt/stack/glance/glance/api/middleware/version_negotiation.py:44}}
Jul 23 12:04:36.728212 np0000005762 devstack@g-api.service[102950]: DEBUG glance.api.middleware.version_negotiation [None req-1f7f6476-8169-4e48-8593-2d22a3d6d5f6 tempest-VolumesActionsTest-1987907710 tempest-VolumesActionsTest-1987907710-project-member] Using url versioning {{(pid=102950) process_request /opt/stack/glance/glance/api/middleware/version_negotiation.py:57}}
Jul 23 12:04:36.728212 np0000005762 devstack@g-api.service[102950]: DEBUG glance.api.middleware.version_negotiation [None req-1f7f6476-8169-4e48-8593-2d22a3d6d5f6 tempest-VolumesActionsTest-1987907710 tempest-VolumesActionsTest-1987907710-project-member] Matched version: v2 {{(pid=102950) process_request /opt/stack/glance/glance/api/middleware/version_negotiation.py:69}}
Jul 23 12:04:36.728212 np0000005762 devstack@g-api.service[102950]: DEBUG glance.api.middleware.version_negotiation [None req-1f7f6476-8169-4e48-8593-2d22a3d6d5f6 tempest-VolumesActionsTest-1987907710 tempest-VolumesActionsTest-1987907710-project-member] new path /v2/images/bc2ab3d3-47af-4669-9e7f-4aa6696ed40a {{(pid=102950) process_request /opt/stack/glance/glance/api/middleware/version_negotiation.py:70}}
Jul 23 12:04:36.739827 np0000005762 devstack@g-api.service[102950]: [pid: 102950|app: 0|req: 83/329] 127.0.0.1 () {40 vars in 830 bytes} [Thu Jul 23 12:04:36 2026] GET /v2/images/bc2ab3d3-47af-4669-9e7f-4aa6696ed40a => generated 650 bytes in 12 msecs (HTTP/1.1 200) 4 headers in 157 bytes (1 switches on core 0)
Jul 23 12:04:37.751727 np0000005762 devstack@g-api.service[102951]: DEBUG glance.api.middleware.version_negotiation [None req-938703d6-06f1-4195-ab58-5a0529c06ebf tempest-VolumesActionsTest-1987907710 tempest-VolumesActionsTest-1987907710-project-member] Determining version of request: GET /v2/images/bc2ab3d3-47af-4669-9e7f-4aa6696ed40a Accept: application/json {{(pid=102951) process_request /opt/stack/glance/glance/api/middleware/version_negotiation.py:44}}
Jul 23 12:04:37.752302 np0000005762 devstack@g-api.service[102951]: DEBUG glance.api.middleware.version_negotiation [None req-938703d6-06f1-4195-ab58-5a0529c06ebf tempest-VolumesActionsTest-1987907710 tempest-VolumesActionsTest-1987907710-project-member] Using url versioning {{(pid=102951) process_request /opt/stack/glance/glance/api/middleware/version_negotiation.py:57}}
Jul 23 12:04:37.752302 np0000005762 devstack@g-api.service[102951]: DEBUG glance.api.middleware.version_negotiation [None req-938703d6-06f1-4195-ab58-5a0529c06ebf tempest-VolumesActionsTest-1987907710 tempest-VolumesActionsTest-1987907710-project-member] Matched version: v2 {{(pid=102951) process_request /opt/stack/glance/glance/api/middleware/version_negotiation.py:69}}
Jul 23 12:04:37.752302 np0000005762 devstack@g-api.service[102951]: DEBUG glance.api.middleware.version_negotiation [None req-938703d6-06f1-4195-ab58-5a0529c06ebf tempest-VolumesActionsTest-1987907710 tempest-VolumesActionsTest-1987907710-project-member] new path /v2/images/bc2ab3d3-47af-4669-9e7f-4aa6696ed40a {{(pid=102951) process_request /opt/stack/glance/glance/api/middleware/version_negotiation.py:70}}
Jul 23 12:04:37.777907 np0000005762 devstack@g-api.service[102951]: [pid: 102951|app: 0|req: 85/330] 127.0.0.1 () {40 vars in 830 bytes} [Thu Jul 23 12:04:37 2026] GET /v2/images/bc2ab3d3-47af-4669-9e7f-4aa6696ed40a => generated 650 bytes in 26 msecs (HTTP/1.1 200) 4 headers in 157 bytes (1 switches on core 0)
Jul 23 12:04:38.770026 np0000005762 devstack@g-api.service[102949]: DEBUG swiftclient [None req-6b50e276-b33b-44bb-bd5f-e525fcf3bc28 tempest-VolumesActionsTest-1987907710 tempest-VolumesActionsTest-1987907710-project-member] REQ: curl -i https://10.4.3.4:8080/v1/AUTH_ed644d0fc84e47488a26a901e86598be/glance/bc2ab3d3-47af-4669-9e7f-4aa6696ed40a-00001 -X PUT -H "X-Auth-Token: gAAAAABqYgNTUk-a..." {{(pid=102949) http_log /opt/stack/data/venv/lib/python3.12/site-packages/swiftclient/client.py:160}}
Jul 23 12:04:38.770347 np0000005762 devstack@g-api.service[102949]: DEBUG swiftclient [None req-6b50e276-b33b-44bb-bd5f-e525fcf3bc28 tempest-VolumesActionsTest-1987907710 tempest-VolumesActionsTest-1987907710-project-member] RESP STATUS: 201 Created {{(pid=102949) http_log /opt/stack/data/venv/lib/python3.12/site-packages/swiftclient/client.py:161}}
Jul 23 12:04:38.770347 np0000005762 devstack@g-api.service[102949]: DEBUG swiftclient [None req-6b50e276-b33b-44bb-bd5f-e525fcf3bc28 tempest-VolumesActionsTest-1987907710 tempest-VolumesActionsTest-1987907710-project-member] RESP HEADERS: {'Date': 'Thu, 23 Jul 2026 12:04:38 GMT', 'Server': 'Apache/2.4.58 (Ubuntu)', 'Content-Type': 'text/html; charset=UTF-8', 'Content-Length': '0', 'Etag': 'eda9a9889837ac4bc81d6387d92c1bec', 'Last-Modified': 'Thu, 23 Jul 2026 12:04:37 GMT', 'X-Trans-Id': 'txb4d4d5361468450e9cd0e-006a620354', 'X-Openstack-Request-Id': 'txb4d4d5361468450e9cd0e-006a620354', 'Connection': 'close'} {{(pid=102949) http_log /opt/stack/data/venv/lib/python3.12/site-packages/swiftclient/client.py:162}}
Jul 23 12:04:38.770564 np0000005762 devstack@g-api.service[102949]: DEBUG glance_store._drivers.swift.store [None req-6b50e276-b33b-44bb-bd5f-e525fcf3bc28 tempest-VolumesActionsTest-1987907710 tempest-VolumesActionsTest-1987907710-project-member] Wrote chunk bc2ab3d3-47af-4669-9e7f-4aa6696ed40a-00001 (1/?) of length 204800000 to Swift returning MD5 of content: eda9a9889837ac4bc81d6387d92c1bec {{(pid=102949) add /opt/stack/data/venv/lib/python3.12/site-packages/glance_store/_drivers/swift/store.py:1059}}
Jul 23 12:04:38.788942 np0000005762 devstack@g-api.service[102948]: DEBUG glance.api.middleware.version_negotiation [None req-8714bc1a-5329-4461-b71d-c06ad7fa905d tempest-VolumesActionsTest-1987907710 tempest-VolumesActionsTest-1987907710-project-member] Determining version of request: GET /v2/images/bc2ab3d3-47af-4669-9e7f-4aa6696ed40a Accept: application/json {{(pid=102948) process_request /opt/stack/glance/glance/api/middleware/version_negotiation.py:44}}
Jul 23 12:04:38.789336 np0000005762 devstack@g-api.service[102948]: DEBUG glance.api.middleware.version_negotiation [None req-8714bc1a-5329-4461-b71d-c06ad7fa905d tempest-VolumesActionsTest-1987907710 tempest-VolumesActionsTest-1987907710-project-member] Using url versioning {{(pid=102948) process_request /opt/stack/glance/glance/api/middleware/version_negotiation.py:57}}
Jul 23 12:04:38.789336 np0000005762 devstack@g-api.service[102948]: DEBUG glance.api.middleware.version_negotiation [None req-8714bc1a-5329-4461-b71d-c06ad7fa905d tempest-VolumesActionsTest-1987907710 tempest-VolumesActionsTest-1987907710-project-member] Matched version: v2 {{(pid=102948) process_request /opt/stack/glance/glance/api/middleware/version_negotiation.py:69}}
Jul 23 12:04:38.789336 np0000005762 devstack@g-api.service[102948]: DEBUG glance.api.middleware.version_negotiation [None req-8714bc1a-5329-4461-b71d-c06ad7fa905d tempest-VolumesActionsTest-1987907710 tempest-VolumesActionsTest-1987907710-project-member] new path /v2/images/bc2ab3d3-47af-4669-9e7f-4aa6696ed40a {{(pid=102948) process_request /opt/stack/glance/glance/api/middleware/version_negotiation.py:70}}
Jul 23 12:04:38.799799 np0000005762 devstack@g-api.service[102948]: [pid: 102948|app: 0|req: 85/331] 127.0.0.1 () {40 vars in 830 bytes} [Thu Jul 23 12:04:38 2026] GET /v2/images/bc2ab3d3-47af-4669-9e7f-4aa6696ed40a => generated 650 bytes in 11 msecs (HTTP/1.1 200) 4 headers in 157 bytes (1 switches on core 0)
Jul 23 12:04:39.812433 np0000005762 devstack@g-api.service[102950]: DEBUG glance.api.middleware.version_negotiation [None req-a6203336-4a2e-43a8-8329-17c5b8c339cb tempest-VolumesActionsTest-1987907710 tempest-VolumesActionsTest-1987907710-project-member] Determining version of request: GET /v2/images/bc2ab3d3-47af-4669-9e7f-4aa6696ed40a Accept: application/json {{(pid=102950) process_request /opt/stack/glance/glance/api/middleware/version_negotiation.py:44}}
Jul 23 12:04:39.812801 np0000005762 devstack@g-api.service[102950]: DEBUG glance.api.middleware.version_negotiation [None req-a6203336-4a2e-43a8-8329-17c5b8c339cb tempest-VolumesActionsTest-1987907710 tempest-VolumesActionsTest-1987907710-project-member] Using url versioning {{(pid=102950) process_request /opt/stack/glance/glance/api/middleware/version_negotiation.py:57}}
Jul 23 12:04:39.812801 np0000005762 devstack@g-api.service[102950]: DEBUG glance.api.middleware.version_negotiation [None req-a6203336-4a2e-43a8-8329-17c5b8c339cb tempest-VolumesActionsTest-1987907710 tempest-VolumesActionsTest-1987907710-project-member] Matched version: v2 {{(pid=102950) process_request /opt/stack/glance/glance/api/middleware/version_negotiation.py:69}}
Jul 23 12:04:39.812801 np0000005762 devstack@g-api.service[102950]: DEBUG glance.api.middleware.version_negotiation [None req-a6203336-4a2e-43a8-8329-17c5b8c339cb tempest-VolumesActionsTest-1987907710 tempest-VolumesActionsTest-1987907710-project-member] new path /v2/images/bc2ab3d3-47af-4669-9e7f-4aa6696ed40a {{(pid=102950) process_request /opt/stack/glance/glance/api/middleware/version_negotiation.py:70}}
Jul 23 12:04:39.823776 np0000005762 devstack@g-api.service[102950]: [pid: 102950|app: 0|req: 84/332] 127.0.0.1 () {40 vars in 830 bytes} [Thu Jul 23 12:04:39 2026] GET /v2/images/bc2ab3d3-47af-4669-9e7f-4aa6696ed40a => generated 650 bytes in 11 msecs (HTTP/1.1 200) 4 headers in 157 bytes (1 switches on core 0)
Jul 23 12:04:39.963486 np0000005762 devstack@g-api.service[102951]: DEBUG glance.api.middleware.version_negotiation [None req-fc1d5e04-99d4-4210-b608-18523d1d7143 tempest-VolumesActionsTest-1987907710 tempest-VolumesActionsTest-1987907710-project-member] Determining version of request: GET /v2/images/d342d3eb-3391-40b2-a5e9-ceeafef88662 Accept: */* {{(pid=102951) process_request /opt/stack/glance/glance/api/middleware/version_negotiation.py:44}}
Jul 23 12:04:39.963928 np0000005762 devstack@g-api.service[102951]: DEBUG glance.api.middleware.version_negotiation [None req-fc1d5e04-99d4-4210-b608-18523d1d7143 tempest-VolumesActionsTest-1987907710 tempest-VolumesActionsTest-1987907710-project-member] Using url versioning {{(pid=102951) process_request /opt/stack/glance/glance/api/middleware/version_negotiation.py:57}}
Jul 23 12:04:39.963928 np0000005762 devstack@g-api.service[102951]: DEBUG glance.api.middleware.version_negotiation [None req-fc1d5e04-99d4-4210-b608-18523d1d7143 tempest-VolumesActionsTest-1987907710 tempest-VolumesActionsTest-1987907710-project-member] Matched version: v2 {{(pid=102951) process_request /opt/stack/glance/glance/api/middleware/version_negotiation.py:69}}
Jul 23 12:04:39.964341 np0000005762 devstack@g-api.service[102951]: DEBUG glance.api.middleware.version_negotiation [None req-fc1d5e04-99d4-4210-b608-18523d1d7143 tempest-VolumesActionsTest-1987907710 tempest-VolumesActionsTest-1987907710-project-member] new path /v2/images/d342d3eb-3391-40b2-a5e9-ceeafef88662 {{(pid=102951) process_request /opt/stack/glance/glance/api/middleware/version_negotiation.py:70}}
Jul 23 12:04:39.994327 np0000005762 devstack@g-api.service[102951]: [pid: 102951|app: 0|req: 86/333] 127.0.0.1 () {44 vars in 1107 bytes} [Thu Jul 23 12:04:39 2026] GET /v2/images/d342d3eb-3391-40b2-a5e9-ceeafef88662 => generated 1044 bytes in 32 msecs (HTTP/1.1 200) 4 headers in 158 bytes (1 switches on core 0)
Jul 23 12:04:40.044200 np0000005762 devstack@g-api.service[102948]: DEBUG glance.api.middleware.version_negotiation [None req-48894b2d-d42f-403d-8ec2-235537dad4b6 tempest-VolumesActionsTest-1987907710 tempest-VolumesActionsTest-1987907710-project-member] Determining version of request: GET /v2/schemas/image Accept: */* {{(pid=102948) process_request /opt/stack/glance/glance/api/middleware/version_negotiation.py:44}}
Jul 23 12:04:40.044763 np0000005762 devstack@g-api.service[102948]: DEBUG glance.api.middleware.version_negotiation [None req-48894b2d-d42f-403d-8ec2-235537dad4b6 tempest-VolumesActionsTest-1987907710 tempest-VolumesActionsTest-1987907710-project-member] Using url versioning {{(pid=102948) process_request /opt/stack/glance/glance/api/middleware/version_negotiation.py:57}}
Jul 23 12:04:40.044763 np0000005762 devstack@g-api.service[102948]: DEBUG glance.api.middleware.version_negotiation [None req-48894b2d-d42f-403d-8ec2-235537dad4b6 tempest-VolumesActionsTest-1987907710 tempest-VolumesActionsTest-1987907710-project-member] Matched version: v2 {{(pid=102948) process_request /opt/stack/glance/glance/api/middleware/version_negotiation.py:69}}
Jul 23 12:04:40.044763 np0000005762 devstack@g-api.service[102948]: DEBUG glance.api.middleware.version_negotiation [None req-48894b2d-d42f-403d-8ec2-235537dad4b6 tempest-VolumesActionsTest-1987907710 tempest-VolumesActionsTest-1987907710-project-member] new path /v2/schemas/image {{(pid=102948) process_request /opt/stack/glance/glance/api/middleware/version_negotiation.py:70}}
Jul 23 12:04:40.049922 np0000005762 devstack@g-api.service[102948]: [pid: 102948|app: 0|req: 86/334] 127.0.0.1 () {44 vars in 1047 bytes} [Thu Jul 23 12:04:40 2026] GET /v2/schemas/image => generated 6083 bytes in 6 msecs (HTTP/1.1 200) 4 headers in 158 bytes (1 switches on core 0)
Jul 23 12:04:40.836303 np0000005762 devstack@g-api.service[102950]: DEBUG glance.api.middleware.version_negotiation [None req-da83cbc1-47e9-4789-a85c-a73577dceee0 tempest-VolumesActionsTest-1987907710 tempest-VolumesActionsTest-1987907710-project-member] Determining version of request: GET /v2/images/bc2ab3d3-47af-4669-9e7f-4aa6696ed40a Accept: application/json {{(pid=102950) process_request /opt/stack/glance/glance/api/middleware/version_negotiation.py:44}}
Jul 23 12:04:40.837949 np0000005762 devstack@g-api.service[102950]: DEBUG glance.api.middleware.version_negotiation [None req-da83cbc1-47e9-4789-a85c-a73577dceee0 tempest-VolumesActionsTest-1987907710 tempest-VolumesActionsTest-1987907710-project-member] Using url versioning {{(pid=102950) process_request /opt/stack/glance/glance/api/middleware/version_negotiation.py:57}}
Jul 23 12:04:40.837949 np0000005762 devstack@g-api.service[102950]: DEBUG glance.api.middleware.version_negotiation [None req-da83cbc1-47e9-4789-a85c-a73577dceee0 tempest-VolumesActionsTest-1987907710 tempest-VolumesActionsTest-1987907710-project-member] Matched version: v2 {{(pid=102950) process_request /opt/stack/glance/glance/api/middleware/version_negotiation.py:69}}
Jul 23 12:04:40.837949 np0000005762 devstack@g-api.service[102950]: DEBUG glance.api.middleware.version_negotiation [None req-da83cbc1-47e9-4789-a85c-a73577dceee0 tempest-VolumesActionsTest-1987907710 tempest-VolumesActionsTest-1987907710-project-member] new path /v2/images/bc2ab3d3-47af-4669-9e7f-4aa6696ed40a {{(pid=102950) process_request /opt/stack/glance/glance/api/middleware/version_negotiation.py:70}}
Jul 23 12:04:40.847167 np0000005762 devstack@g-api.service[102950]: [pid: 102950|app: 0|req: 85/335] 127.0.0.1 () {40 vars in 830 bytes} [Thu Jul 23 12:04:40 2026] GET /v2/images/bc2ab3d3-47af-4669-9e7f-4aa6696ed40a => generated 650 bytes in 11 msecs (HTTP/1.1 200) 4 headers in 157 bytes (1 switches on core 0)
Jul 23 12:04:40.867491 np0000005762 devstack@g-api.service[102949]: DEBUG swiftclient [None req-6b50e276-b33b-44bb-bd5f-e525fcf3bc28 tempest-VolumesActionsTest-1987907710 tempest-VolumesActionsTest-1987907710-project-member] REQ: curl -i https://10.4.3.4:8080/v1/AUTH_ed644d0fc84e47488a26a901e86598be/glance/bc2ab3d3-47af-4669-9e7f-4aa6696ed40a-00002 -X PUT -H "X-Auth-Token: gAAAAABqYgNTUk-a..." {{(pid=102949) http_log /opt/stack/data/venv/lib/python3.12/site-packages/swiftclient/client.py:160}}
Jul 23 12:04:40.867990 np0000005762 devstack@g-api.service[102949]: DEBUG swiftclient [None req-6b50e276-b33b-44bb-bd5f-e525fcf3bc28 tempest-VolumesActionsTest-1987907710 tempest-VolumesActionsTest-1987907710-project-member] RESP STATUS: 201 Created {{(pid=102949) http_log /opt/stack/data/venv/lib/python3.12/site-packages/swiftclient/client.py:161}}
Jul 23 12:04:40.867990 np0000005762 devstack@g-api.service[102949]: DEBUG swiftclient [None req-6b50e276-b33b-44bb-bd5f-e525fcf3bc28 tempest-VolumesActionsTest-1987907710 tempest-VolumesActionsTest-1987907710-project-member] RESP HEADERS: {'Date': 'Thu, 23 Jul 2026 12:04:40 GMT', 'Server': 'Apache/2.4.58 (Ubuntu)', 'Content-Type': 'text/html; charset=UTF-8', 'Content-Length': '0', 'Etag': 'eda9a9889837ac4bc81d6387d92c1bec', 'Last-Modified': 'Thu, 23 Jul 2026 12:04:39 GMT', 'X-Trans-Id': 'txbd72f0779c3e44298d09c-006a620356', 'X-Openstack-Request-Id': 'txbd72f0779c3e44298d09c-006a620356', 'Connection': 'close'} {{(pid=102949) http_log /opt/stack/data/venv/lib/python3.12/site-packages/swiftclient/client.py:162}}
Jul 23 12:04:40.867990 np0000005762 devstack@g-api.service[102949]: DEBUG glance_store._drivers.swift.store [None req-6b50e276-b33b-44bb-bd5f-e525fcf3bc28 tempest-VolumesActionsTest-1987907710 tempest-VolumesActionsTest-1987907710-project-member] Wrote chunk bc2ab3d3-47af-4669-9e7f-4aa6696ed40a-00002 (2/?) of length 204800000 to Swift returning MD5 of content: eda9a9889837ac4bc81d6387d92c1bec {{(pid=102949) add /opt/stack/data/venv/lib/python3.12/site-packages/glance_store/_drivers/swift/store.py:1059}}
Jul 23 12:04:41.861211 np0000005762 devstack@g-api.service[102951]: DEBUG glance.api.middleware.version_negotiation [None req-4496eb4e-f6e2-48a7-83c6-c1189efd6c06 tempest-ServerRescueNegativeTestJSON-922476875 tempest-ServerRescueNegativeTestJSON-922476875-project-member] Determining version of request: GET /v2/images/bc2ab3d3-47af-4669-9e7f-4aa6696ed40a Accept: application/json {{(pid=102951) process_request /opt/stack/glance/glance/api/middleware/version_negotiation.py:44}}
Jul 23 12:04:41.861618 np0000005762 devstack@g-api.service[102951]: DEBUG glance.api.middleware.version_negotiation [None req-4496eb4e-f6e2-48a7-83c6-c1189efd6c06 tempest-ServerRescueNegativeTestJSON-922476875 tempest-ServerRescueNegativeTestJSON-922476875-project-member] Using url versioning {{(pid=102951) process_request /opt/stack/glance/glance/api/middleware/version_negotiation.py:57}}
Jul 23 12:04:41.861618 np0000005762 devstack@g-api.service[102951]: DEBUG glance.api.middleware.version_negotiation [None req-4496eb4e-f6e2-48a7-83c6-c1189efd6c06 tempest-ServerRescueNegativeTestJSON-922476875 tempest-ServerRescueNegativeTestJSON-922476875-project-member] Matched version: v2 {{(pid=102951) process_request /opt/stack/glance/glance/api/middleware/version_negotiation.py:69}}
Jul 23 12:04:41.861740 np0000005762 devstack@g-api.service[102951]: DEBUG glance.api.middleware.version_negotiation [None req-4496eb4e-f6e2-48a7-83c6-c1189efd6c06 tempest-ServerRescueNegativeTestJSON-922476875 tempest-ServerRescueNegativeTestJSON-922476875-project-member] new path /v2/images/bc2ab3d3-47af-4669-9e7f-4aa6696ed40a {{(pid=102951) process_request /opt/stack/glance/glance/api/middleware/version_negotiation.py:70}}
Jul 23 12:04:41.881991 np0000005762 devstack@g-api.service[102951]: [pid: 102951|app: 0|req: 87/336] 127.0.0.1 () {40 vars in 830 bytes} [Thu Jul 23 12:04:41 2026] GET /v2/images/bc2ab3d3-47af-4669-9e7f-4aa6696ed40a => generated 650 bytes in 21 msecs (HTTP/1.1 200) 4 headers in 157 bytes (1 switches on core 0)
Jul 23 12:04:42.895537 np0000005762 devstack@g-api.service[102948]: DEBUG glance.api.middleware.version_negotiation [None req-4496eb4e-f6e2-48a7-83c6-c1189efd6c06 tempest-ServerRescueNegativeTestJSON-922476875 tempest-ServerRescueNegativeTestJSON-922476875-project-member] Determining version of request: GET /v2/images/bc2ab3d3-47af-4669-9e7f-4aa6696ed40a Accept: application/json {{(pid=102948) process_request /opt/stack/glance/glance/api/middleware/version_negotiation.py:44}}
Jul 23 12:04:42.896060 np0000005762 devstack@g-api.service[102948]: DEBUG glance.api.middleware.version_negotiation [None req-4496eb4e-f6e2-48a7-83c6-c1189efd6c06 tempest-ServerRescueNegativeTestJSON-922476875 tempest-ServerRescueNegativeTestJSON-922476875-project-member] Using url versioning {{(pid=102948) process_request /opt/stack/glance/glance/api/middleware/version_negotiation.py:57}}
Jul 23 12:04:42.896060 np0000005762 devstack@g-api.service[102948]: DEBUG glance.api.middleware.version_negotiation [None req-4496eb4e-f6e2-48a7-83c6-c1189efd6c06 tempest-ServerRescueNegativeTestJSON-922476875 tempest-ServerRescueNegativeTestJSON-922476875-project-member] Matched version: v2 {{(pid=102948) process_request /opt/stack/glance/glance/api/middleware/version_negotiation.py:69}}
Jul 23 12:04:42.896060 np0000005762 devstack@g-api.service[102948]: DEBUG glance.api.middleware.version_negotiation [None req-4496eb4e-f6e2-48a7-83c6-c1189efd6c06 tempest-ServerRescueNegativeTestJSON-922476875 tempest-ServerRescueNegativeTestJSON-922476875-project-member] new path /v2/images/bc2ab3d3-47af-4669-9e7f-4aa6696ed40a {{(pid=102948) process_request /opt/stack/glance/glance/api/middleware/version_negotiation.py:70}}
Jul 23 12:04:42.937222 np0000005762 devstack@g-api.service[102948]: [pid: 102948|app: 0|req: 87/337] 127.0.0.1 () {40 vars in 830 bytes} [Thu Jul 23 12:04:42 2026] GET /v2/images/bc2ab3d3-47af-4669-9e7f-4aa6696ed40a => generated 650 bytes in 42 msecs (HTTP/1.1 200) 4 headers in 157 bytes (1 switches on core 0)
Jul 23 12:04:42.959675 np0000005762 devstack@g-api.service[102949]: DEBUG swiftclient [None req-6b50e276-b33b-44bb-bd5f-e525fcf3bc28 tempest-VolumesActionsTest-1987907710 tempest-VolumesActionsTest-1987907710-project-member] REQ: curl -i https://10.4.3.4:8080/v1/AUTH_ed644d0fc84e47488a26a901e86598be/glance/bc2ab3d3-47af-4669-9e7f-4aa6696ed40a-00003 -X PUT -H "X-Auth-Token: gAAAAABqYgNTUk-a..." {{(pid=102949) http_log /opt/stack/data/venv/lib/python3.12/site-packages/swiftclient/client.py:160}}
Jul 23 12:04:42.959983 np0000005762 devstack@g-api.service[102949]: DEBUG swiftclient [None req-6b50e276-b33b-44bb-bd5f-e525fcf3bc28 tempest-VolumesActionsTest-1987907710 tempest-VolumesActionsTest-1987907710-project-member] RESP STATUS: 201 Created {{(pid=102949) http_log /opt/stack/data/venv/lib/python3.12/site-packages/swiftclient/client.py:161}}
Jul 23 12:04:42.959983 np0000005762 devstack@g-api.service[102949]: DEBUG swiftclient [None req-6b50e276-b33b-44bb-bd5f-e525fcf3bc28 tempest-VolumesActionsTest-1987907710 tempest-VolumesActionsTest-1987907710-project-member] RESP HEADERS: {'Date': 'Thu, 23 Jul 2026 12:04:42 GMT', 'Server': 'Apache/2.4.58 (Ubuntu)', 'Content-Type': 'text/html; charset=UTF-8', 'Content-Length': '0', 'Etag': 'eda9a9889837ac4bc81d6387d92c1bec', 'Last-Modified': 'Thu, 23 Jul 2026 12:04:41 GMT', 'X-Trans-Id': 'tx07b1bf24721241089136c-006a620358', 'X-Openstack-Request-Id': 'tx07b1bf24721241089136c-006a620358', 'Connection': 'close'} {{(pid=102949) http_log /opt/stack/data/venv/lib/python3.12/site-packages/swiftclient/client.py:162}}
Jul 23 12:04:42.960387 np0000005762 devstack@g-api.service[102949]: DEBUG glance_store._drivers.swift.store [None req-6b50e276-b33b-44bb-bd5f-e525fcf3bc28 tempest-VolumesActionsTest-1987907710 tempest-VolumesActionsTest-1987907710-project-member] Wrote chunk bc2ab3d3-47af-4669-9e7f-4aa6696ed40a-00003 (3/?) of length 204800000 to Swift returning MD5 of content: eda9a9889837ac4bc81d6387d92c1bec {{(pid=102949) add /opt/stack/data/venv/lib/python3.12/site-packages/glance_store/_drivers/swift/store.py:1059}}
Jul 23 12:04:43.946349 np0000005762 devstack@g-api.service[102950]: DEBUG glance.api.middleware.version_negotiation [None req-2484e185-655b-473f-a45f-4e8d35600d37 tempest-VolumesActionsTest-1987907710 tempest-VolumesActionsTest-1987907710-project-member] Determining version of request: GET /v2/images/bc2ab3d3-47af-4669-9e7f-4aa6696ed40a Accept: application/json {{(pid=102950) process_request /opt/stack/glance/glance/api/middleware/version_negotiation.py:44}}
Jul 23 12:04:43.946923 np0000005762 devstack@g-api.service[102950]: DEBUG glance.api.middleware.version_negotiation [None req-2484e185-655b-473f-a45f-4e8d35600d37 tempest-VolumesActionsTest-1987907710 tempest-VolumesActionsTest-1987907710-project-member] Using url versioning {{(pid=102950) process_request /opt/stack/glance/glance/api/middleware/version_negotiation.py:57}}
Jul 23 12:04:43.946923 np0000005762 devstack@g-api.service[102950]: DEBUG glance.api.middleware.version_negotiation [None req-2484e185-655b-473f-a45f-4e8d35600d37 tempest-VolumesActionsTest-1987907710 tempest-VolumesActionsTest-1987907710-project-member] Matched version: v2 {{(pid=102950) process_request /opt/stack/glance/glance/api/middleware/version_negotiation.py:69}}
Jul 23 12:04:43.946923 np0000005762 devstack@g-api.service[102950]: DEBUG glance.api.middleware.version_negotiation [None req-2484e185-655b-473f-a45f-4e8d35600d37 tempest-VolumesActionsTest-1987907710 tempest-VolumesActionsTest-1987907710-project-member] new path /v2/images/bc2ab3d3-47af-4669-9e7f-4aa6696ed40a {{(pid=102950) process_request /opt/stack/glance/glance/api/middleware/version_negotiation.py:70}}
Jul 23 12:04:43.959908 np0000005762 devstack@g-api.service[102950]: [pid: 102950|app: 0|req: 86/338] 127.0.0.1 () {40 vars in 830 bytes} [Thu Jul 23 12:04:43 2026] GET /v2/images/bc2ab3d3-47af-4669-9e7f-4aa6696ed40a => generated 650 bytes in 12 msecs (HTTP/1.1 200) 4 headers in 157 bytes (1 switches on core 0)
Jul 23 12:04:44.972226 np0000005762 devstack@g-api.service[102951]: DEBUG glance.api.middleware.version_negotiation [None req-19925d5b-f38f-42e6-ad84-0c5107ecd360 tempest-VolumesActionsTest-1987907710 tempest-VolumesActionsTest-1987907710-project-member] Determining version of request: GET /v2/images/bc2ab3d3-47af-4669-9e7f-4aa6696ed40a Accept: application/json {{(pid=102951) process_request /opt/stack/glance/glance/api/middleware/version_negotiation.py:44}}
Jul 23 12:04:44.972226 np0000005762 devstack@g-api.service[102951]: DEBUG glance.api.middleware.version_negotiation [None req-19925d5b-f38f-42e6-ad84-0c5107ecd360 tempest-VolumesActionsTest-1987907710 tempest-VolumesActionsTest-1987907710-project-member] Using url versioning {{(pid=102951) process_request /opt/stack/glance/glance/api/middleware/version_negotiation.py:57}}
Jul 23 12:04:44.972226 np0000005762 devstack@g-api.service[102951]: DEBUG glance.api.middleware.version_negotiation [None req-19925d5b-f38f-42e6-ad84-0c5107ecd360 tempest-VolumesActionsTest-1987907710 tempest-VolumesActionsTest-1987907710-project-member] Matched version: v2 {{(pid=102951) process_request /opt/stack/glance/glance/api/middleware/version_negotiation.py:69}}
Jul 23 12:04:44.972226 np0000005762 devstack@g-api.service[102951]: DEBUG glance.api.middleware.version_negotiation [None req-19925d5b-f38f-42e6-ad84-0c5107ecd360 tempest-VolumesActionsTest-1987907710 tempest-VolumesActionsTest-1987907710-project-member] new path /v2/images/bc2ab3d3-47af-4669-9e7f-4aa6696ed40a {{(pid=102951) process_request /opt/stack/glance/glance/api/middleware/version_negotiation.py:70}}
Jul 23 12:04:44.987781 np0000005762 devstack@g-api.service[102951]: [pid: 102951|app: 0|req: 88/339] 127.0.0.1 () {40 vars in 830 bytes} [Thu Jul 23 12:04:44 2026] GET /v2/images/bc2ab3d3-47af-4669-9e7f-4aa6696ed40a => generated 650 bytes in 17 msecs (HTTP/1.1 200) 4 headers in 157 bytes (1 switches on core 0)
Jul 23 12:04:45.031154 np0000005762 devstack@g-api.service[102949]: DEBUG swiftclient [None req-6b50e276-b33b-44bb-bd5f-e525fcf3bc28 tempest-VolumesActionsTest-1987907710 tempest-VolumesActionsTest-1987907710-project-member] REQ: curl -i https://10.4.3.4:8080/v1/AUTH_ed644d0fc84e47488a26a901e86598be/glance/bc2ab3d3-47af-4669-9e7f-4aa6696ed40a-00004 -X PUT -H "X-Auth-Token: gAAAAABqYgNTUk-a..." {{(pid=102949) http_log /opt/stack/data/venv/lib/python3.12/site-packages/swiftclient/client.py:160}}
Jul 23 12:04:45.031154 np0000005762 devstack@g-api.service[102949]: DEBUG swiftclient [None req-6b50e276-b33b-44bb-bd5f-e525fcf3bc28 tempest-VolumesActionsTest-1987907710 tempest-VolumesActionsTest-1987907710-project-member] RESP STATUS: 201 Created {{(pid=102949) http_log /opt/stack/data/venv/lib/python3.12/site-packages/swiftclient/client.py:161}}
Jul 23 12:04:45.031154 np0000005762 devstack@g-api.service[102949]: DEBUG swiftclient [None req-6b50e276-b33b-44bb-bd5f-e525fcf3bc28 tempest-VolumesActionsTest-1987907710 tempest-VolumesActionsTest-1987907710-project-member] RESP HEADERS: {'Date': 'Thu, 23 Jul 2026 12:04:45 GMT', 'Server': 'Apache/2.4.58 (Ubuntu)', 'Content-Type': 'text/html; charset=UTF-8', 'Content-Length': '0', 'Etag': 'eda9a9889837ac4bc81d6387d92c1bec', 'Last-Modified': 'Thu, 23 Jul 2026 12:04:43 GMT', 'X-Trans-Id': 'tx0a6a8f79b48a46c499ca4-006a62035a', 'X-Openstack-Request-Id': 'tx0a6a8f79b48a46c499ca4-006a62035a', 'Connection': 'close'} {{(pid=102949) http_log /opt/stack/data/venv/lib/python3.12/site-packages/swiftclient/client.py:162}}
Jul 23 12:04:45.031154 np0000005762 devstack@g-api.service[102949]: DEBUG glance_store._drivers.swift.store [None req-6b50e276-b33b-44bb-bd5f-e525fcf3bc28 tempest-VolumesActionsTest-1987907710 tempest-VolumesActionsTest-1987907710-project-member] Wrote chunk bc2ab3d3-47af-4669-9e7f-4aa6696ed40a-00004 (4/?) of length 204800000 to Swift returning MD5 of content: eda9a9889837ac4bc81d6387d92c1bec {{(pid=102949) add /opt/stack/data/venv/lib/python3.12/site-packages/glance_store/_drivers/swift/store.py:1059}}
Jul 23 12:04:45.863301 np0000005762 devstack@g-api.service[102949]: DEBUG dbcounter [-] [102949] Writing DB stats glance:SELECT=15,glance:UPDATE=2 {{(pid=102949) stat_writer /opt/stack/data/venv/lib/python3.12/site-packages/dbcounter.py:115}}
Jul 23 12:04:45.996406 np0000005762 devstack@g-api.service[102948]: DEBUG glance.api.middleware.version_negotiation [None req-2f83c6a7-b3eb-4c72-ab5f-119e2b379d6d tempest-VolumesActionsTest-1987907710 tempest-VolumesActionsTest-1987907710-project-member] Determining version of request: GET /v2/images/bc2ab3d3-47af-4669-9e7f-4aa6696ed40a Accept: application/json {{(pid=102948) process_request /opt/stack/glance/glance/api/middleware/version_negotiation.py:44}}
Jul 23 12:04:45.996765 np0000005762 devstack@g-api.service[102948]: DEBUG glance.api.middleware.version_negotiation [None req-2f83c6a7-b3eb-4c72-ab5f-119e2b379d6d tempest-VolumesActionsTest-1987907710 tempest-VolumesActionsTest-1987907710-project-member] Using url versioning {{(pid=102948) process_request /opt/stack/glance/glance/api/middleware/version_negotiation.py:57}}
Jul 23 12:04:45.996765 np0000005762 devstack@g-api.service[102948]: DEBUG glance.api.middleware.version_negotiation [None req-2f83c6a7-b3eb-4c72-ab5f-119e2b379d6d tempest-VolumesActionsTest-1987907710 tempest-VolumesActionsTest-1987907710-project-member] Matched version: v2 {{(pid=102948) process_request /opt/stack/glance/glance/api/middleware/version_negotiation.py:69}}
Jul 23 12:04:45.996765 np0000005762 devstack@g-api.service[102948]: DEBUG glance.api.middleware.version_negotiation [None req-2f83c6a7-b3eb-4c72-ab5f-119e2b379d6d tempest-VolumesActionsTest-1987907710 tempest-VolumesActionsTest-1987907710-project-member] new path /v2/images/bc2ab3d3-47af-4669-9e7f-4aa6696ed40a {{(pid=102948) process_request /opt/stack/glance/glance/api/middleware/version_negotiation.py:70}}
Jul 23 12:04:46.006779 np0000005762 devstack@g-api.service[102948]: [pid: 102948|app: 0|req: 88/340] 127.0.0.1 () {40 vars in 830 bytes} [Thu Jul 23 12:04:45 2026] GET /v2/images/bc2ab3d3-47af-4669-9e7f-4aa6696ed40a => generated 650 bytes in 10 msecs (HTTP/1.1 200) 4 headers in 157 bytes (1 switches on core 0)
Jul 23 12:04:47.006423 np0000005762 devstack@g-api.service[102949]: DEBUG swiftclient [None req-6b50e276-b33b-44bb-bd5f-e525fcf3bc28 tempest-VolumesActionsTest-1987907710 tempest-VolumesActionsTest-1987907710-project-member] REQ: curl -i https://10.4.3.4:8080/v1/AUTH_ed644d0fc84e47488a26a901e86598be/glance/bc2ab3d3-47af-4669-9e7f-4aa6696ed40a-00005 -X PUT -H "X-Auth-Token: gAAAAABqYgNTUk-a..." {{(pid=102949) http_log /opt/stack/data/venv/lib/python3.12/site-packages/swiftclient/client.py:160}}
Jul 23 12:04:47.006689 np0000005762 devstack@g-api.service[102949]: DEBUG swiftclient [None req-6b50e276-b33b-44bb-bd5f-e525fcf3bc28 tempest-VolumesActionsTest-1987907710 tempest-VolumesActionsTest-1987907710-project-member] RESP STATUS: 201 Created {{(pid=102949) http_log /opt/stack/data/venv/lib/python3.12/site-packages/swiftclient/client.py:161}}
Jul 23 12:04:47.006760 np0000005762 devstack@g-api.service[102949]: DEBUG swiftclient [None req-6b50e276-b33b-44bb-bd5f-e525fcf3bc28 tempest-VolumesActionsTest-1987907710 tempest-VolumesActionsTest-1987907710-project-member] RESP HEADERS: {'Date': 'Thu, 23 Jul 2026 12:04:47 GMT', 'Server': 'Apache/2.4.58 (Ubuntu)', 'Content-Type': 'text/html; charset=UTF-8', 'Content-Length': '0', 'Etag': 'eda9a9889837ac4bc81d6387d92c1bec', 'Last-Modified': 'Thu, 23 Jul 2026 12:04:46 GMT', 'X-Trans-Id': 'tx3ee1ef2798ba46b6a10c1-006a62035d', 'X-Openstack-Request-Id': 'tx3ee1ef2798ba46b6a10c1-006a62035d', 'Connection': 'close'} {{(pid=102949) http_log /opt/stack/data/venv/lib/python3.12/site-packages/swiftclient/client.py:162}}
Jul 23 12:04:47.006900 np0000005762 devstack@g-api.service[102949]: DEBUG glance_store._drivers.swift.store [None req-6b50e276-b33b-44bb-bd5f-e525fcf3bc28 tempest-VolumesActionsTest-1987907710 tempest-VolumesActionsTest-1987907710-project-member] Wrote chunk bc2ab3d3-47af-4669-9e7f-4aa6696ed40a-00005 (5/?) of length 204800000 to Swift returning MD5 of content: eda9a9889837ac4bc81d6387d92c1bec {{(pid=102949) add /opt/stack/data/venv/lib/python3.12/site-packages/glance_store/_drivers/swift/store.py:1059}}
Jul 23 12:04:47.017198 np0000005762 devstack@g-api.service[102950]: DEBUG glance.api.middleware.version_negotiation [None req-94b66537-9e27-483b-b9cd-388ad3a28cf8 tempest-VolumesActionsTest-1987907710 tempest-VolumesActionsTest-1987907710-project-member] Determining version of request: GET /v2/images/bc2ab3d3-47af-4669-9e7f-4aa6696ed40a Accept: application/json {{(pid=102950) process_request /opt/stack/glance/glance/api/middleware/version_negotiation.py:44}}
Jul 23 12:04:47.017496 np0000005762 devstack@g-api.service[102950]: DEBUG glance.api.middleware.version_negotiation [None req-94b66537-9e27-483b-b9cd-388ad3a28cf8 tempest-VolumesActionsTest-1987907710 tempest-VolumesActionsTest-1987907710-project-member] Using url versioning {{(pid=102950) process_request /opt/stack/glance/glance/api/middleware/version_negotiation.py:57}}
Jul 23 12:04:47.017496 np0000005762 devstack@g-api.service[102950]: DEBUG glance.api.middleware.version_negotiation [None req-94b66537-9e27-483b-b9cd-388ad3a28cf8 tempest-VolumesActionsTest-1987907710 tempest-VolumesActionsTest-1987907710-project-member] Matched version: v2 {{(pid=102950) process_request /opt/stack/glance/glance/api/middleware/version_negotiation.py:69}}
Jul 23 12:04:47.017496 np0000005762 devstack@g-api.service[102950]: DEBUG glance.api.middleware.version_negotiation [None req-94b66537-9e27-483b-b9cd-388ad3a28cf8 tempest-VolumesActionsTest-1987907710 tempest-VolumesActionsTest-1987907710-project-member] new path /v2/images/bc2ab3d3-47af-4669-9e7f-4aa6696ed40a {{(pid=102950) process_request /opt/stack/glance/glance/api/middleware/version_negotiation.py:70}}
Jul 23 12:04:47.029663 np0000005762 devstack@g-api.service[102950]: [pid: 102950|app: 0|req: 87/341] 127.0.0.1 () {40 vars in 830 bytes} [Thu Jul 23 12:04:47 2026] GET /v2/images/bc2ab3d3-47af-4669-9e7f-4aa6696ed40a => generated 650 bytes in 12 msecs (HTTP/1.1 200) 4 headers in 157 bytes (1 switches on core 0)
Jul 23 12:04:47.542801 np0000005762 devstack@g-api.service[102949]: DEBUG swiftclient [None req-6b50e276-b33b-44bb-bd5f-e525fcf3bc28 tempest-VolumesActionsTest-1987907710 tempest-VolumesActionsTest-1987907710-project-member] REQ: curl -i https://10.4.3.4:8080/v1/AUTH_ed644d0fc84e47488a26a901e86598be/glance/bc2ab3d3-47af-4669-9e7f-4aa6696ed40a-00006 -X PUT -H "X-Auth-Token: gAAAAABqYgNTUk-a..." {{(pid=102949) http_log /opt/stack/data/venv/lib/python3.12/site-packages/swiftclient/client.py:160}}
Jul 23 12:04:47.542984 np0000005762 devstack@g-api.service[102949]: DEBUG swiftclient [None req-6b50e276-b33b-44bb-bd5f-e525fcf3bc28 tempest-VolumesActionsTest-1987907710 tempest-VolumesActionsTest-1987907710-project-member] RESP STATUS: 201 Created {{(pid=102949) http_log /opt/stack/data/venv/lib/python3.12/site-packages/swiftclient/client.py:161}}
Jul 23 12:04:47.543089 np0000005762 devstack@g-api.service[102949]: DEBUG swiftclient [None req-6b50e276-b33b-44bb-bd5f-e525fcf3bc28 tempest-VolumesActionsTest-1987907710 tempest-VolumesActionsTest-1987907710-project-member] RESP HEADERS: {'Date': 'Thu, 23 Jul 2026 12:04:47 GMT', 'Server': 'Apache/2.4.58 (Ubuntu)', 'Content-Type': 'text/html; charset=UTF-8', 'Content-Length': '0', 'Etag': '708761f3b8777ec77058e63da08eeeb6', 'Last-Modified': 'Thu, 23 Jul 2026 12:04:48 GMT', 'X-Trans-Id': 'txd6dbc02fa83642ddb5d12-006a62035f', 'X-Openstack-Request-Id': 'txd6dbc02fa83642ddb5d12-006a62035f', 'Connection': 'close'} {{(pid=102949) http_log /opt/stack/data/venv/lib/python3.12/site-packages/swiftclient/client.py:162}}
