Jul 23 11:58:07.538343 np0000005762 systemd[1]: Starting devstack@n-api-meta.service - Devstack devstack@n-api-meta.service...
Jul 23 11:58:07.543936 np0000005762 devstack@n-api-meta.service[95987]: [uWSGI] getting INI configuration from /etc/nova/nova-metadata-uwsgi.ini
Jul 23 11:58:07.546645 np0000005762 devstack@n-api-meta.service[95987]: *** Starting uWSGI 2.0.24-debian (64bit) on [Thu Jul 23 11:58:07 2026] ***
Jul 23 11:58:07.546645 np0000005762 devstack@n-api-meta.service[95987]: compiled with version: 13.2.0 on 17 April 2024 16:23:48
Jul 23 11:58:07.546645 np0000005762 devstack@n-api-meta.service[95987]: os: Linux-6.8.0-100-generic #100-Ubuntu SMP PREEMPT_DYNAMIC Tue Jan 13 16:40:06 UTC 2026
Jul 23 11:58:07.546645 np0000005762 devstack@n-api-meta.service[95987]: nodename: np0000005762
Jul 23 11:58:07.546645 np0000005762 devstack@n-api-meta.service[95987]: machine: x86_64
Jul 23 11:58:07.546645 np0000005762 devstack@n-api-meta.service[95987]: clock source: unix
Jul 23 11:58:07.546645 np0000005762 devstack@n-api-meta.service[95987]: pcre jit disabled
Jul 23 11:58:07.546645 np0000005762 devstack@n-api-meta.service[95987]: detected number of CPU cores: 16
Jul 23 11:58:07.546645 np0000005762 devstack@n-api-meta.service[95987]: current working directory: /
Jul 23 11:58:07.546645 np0000005762 devstack@n-api-meta.service[95987]: detected binary path: /usr/bin/uwsgi-core
Jul 23 11:58:07.546645 np0000005762 devstack@n-api-meta.service[95987]: your processes number limit is 257052
Jul 23 11:58:07.546645 np0000005762 devstack@n-api-meta.service[95987]: your memory page size is 4096 bytes
Jul 23 11:58:07.546645 np0000005762 devstack@n-api-meta.service[95987]: detected max file descriptor number: 2048
Jul 23 11:58:07.546645 np0000005762 devstack@n-api-meta.service[95987]: lock engine: pthread robust mutexes
Jul 23 11:58:07.547243 np0000005762 devstack@n-api-meta.service[95987]: thunder lock: enabled
Jul 23 11:58:07.547243 np0000005762 devstack@n-api-meta.service[95987]: uWSGI http bound on 0.0.0.0:8775 fd 5
Jul 23 11:58:07.547243 np0000005762 devstack@n-api-meta.service[95987]: uwsgi socket 0 bound to TCP address 127.0.0.1:36479 (port auto-assigned) fd 4
Jul 23 11:58:07.547243 np0000005762 devstack@n-api-meta.service[95987]: Python version: 3.12.3 (main, Jun 19 2026, 12:46:00) [GCC 13.3.0]
Jul 23 11:58:07.547243 np0000005762 devstack@n-api-meta.service[95987]: PEP 405 virtualenv detected: /opt/stack/data/venv
Jul 23 11:58:07.547243 np0000005762 devstack@n-api-meta.service[95987]: Set PythonHome to /opt/stack/data/venv
Jul 23 11:58:07.581023 np0000005762 devstack@n-api-meta.service[95987]: Python main interpreter initialized at 0x7983dd0a4668
Jul 23 11:58:07.581023 np0000005762 devstack@n-api-meta.service[95987]: python threads support enabled
Jul 23 11:58:07.581023 np0000005762 devstack@n-api-meta.service[95987]: your server socket listen backlog is limited to 100 connections
Jul 23 11:58:07.581023 np0000005762 devstack@n-api-meta.service[95987]: your mercy for graceful operations on workers is 80 seconds
Jul 23 11:58:07.581548 np0000005762 devstack@n-api-meta.service[95987]: mapped 671795 bytes (656 KB) for 4 cores
Jul 23 11:58:07.581678 np0000005762 devstack@n-api-meta.service[95987]: *** Operational MODE: preforking ***
Jul 23 11:58:07.581887 np0000005762 devstack@n-api-meta.service[95987]: *** uWSGI is running in multiple interpreter mode ***
Jul 23 11:58:07.581887 np0000005762 devstack@n-api-meta.service[95987]: spawned uWSGI master process (pid: 95987)
Jul 23 11:58:07.582029 np0000005762 systemd[1]: Started devstack@n-api-meta.service - Devstack devstack@n-api-meta.service.
Jul 23 11:58:07.582530 np0000005762 devstack@n-api-meta.service[95987]: spawned uWSGI worker 1 (pid: 95988, cores: 1)
Jul 23 11:58:07.583176 np0000005762 devstack@n-api-meta.service[95987]: spawned uWSGI worker 2 (pid: 95989, cores: 1)
Jul 23 11:58:07.583595 np0000005762 devstack@n-api-meta.service[95987]: spawned uWSGI worker 3 (pid: 95990, cores: 1)
Jul 23 11:58:07.584009 np0000005762 devstack@n-api-meta.service[95987]: spawned uWSGI worker 4 (pid: 95991, cores: 1)
Jul 23 11:58:07.584468 np0000005762 devstack@n-api-meta.service[95987]: spawned uWSGI http 1 (pid: 95992)
Jul 23 11:58:07.584468 np0000005762 devstack@n-api-meta.service[95987]: running "unix_signal:15 gracefully_kill_them_all" (master-start)...
Jul 23 11:58:09.185095 np0000005762 devstack@n-api-meta.service[95989]: INFO dbcounter [None req-9db321b5-f82a-46e4-b9bd-3e6631c1a1c7 None None] Registered counter for database nova_api
Jul 23 11:58:09.193323 np0000005762 devstack@n-api-meta.service[95991]: INFO dbcounter [None req-7c0f6310-3a41-4ba4-90f3-bc892ceea9f0 None None] Registered counter for database nova_api
Jul 23 11:58:09.227574 np0000005762 devstack@n-api-meta.service[95989]: DEBUG oslo_db.sqlalchemy.engines [None req-9db321b5-f82a-46e4-b9bd-3e6631c1a1c7 None None] MySQL server mode set to STRICT_TRANS_TABLES,STRICT_ALL_TABLES,NO_ZERO_IN_DATE,NO_ZERO_DATE,ERROR_FOR_DIVISION_BY_ZERO,TRADITIONAL,NO_ENGINE_SUBSTITUTION {{(pid=95989) _check_effective_sql_mode /opt/stack/data/venv/lib/python3.12/site-packages/oslo_db/sqlalchemy/engines.py:325}}
Jul 23 11:58:09.237131 np0000005762 devstack@n-api-meta.service[95991]: DEBUG oslo_db.sqlalchemy.engines [None req-7c0f6310-3a41-4ba4-90f3-bc892ceea9f0 None None] MySQL server mode set to STRICT_TRANS_TABLES,STRICT_ALL_TABLES,NO_ZERO_IN_DATE,NO_ZERO_DATE,ERROR_FOR_DIVISION_BY_ZERO,TRADITIONAL,NO_ENGINE_SUBSTITUTION {{(pid=95991) _check_effective_sql_mode /opt/stack/data/venv/lib/python3.12/site-packages/oslo_db/sqlalchemy/engines.py:325}}
Jul 23 11:58:09.249918 np0000005762 devstack@n-api-meta.service[95988]: INFO dbcounter [None req-f24daae5-d6b5-442e-85a3-8a91d86f93d6 None None] Registered counter for database nova_api
Jul 23 11:58:09.256996 np0000005762 devstack@n-api-meta.service[95989]: DEBUG dbcounter [-] [95989] Writer thread running {{(pid=95989) stat_writer /opt/stack/data/venv/lib/python3.12/site-packages/dbcounter.py:102}}
Jul 23 11:58:09.259086 np0000005762 devstack@n-api-meta.service[95989]: DEBUG nova.context [None req-9db321b5-f82a-46e4-b9bd-3e6631c1a1c7 None None] Found 2 cells: 00000000-0000-0000-0000-000000000000(cell0),4b018120-c113-4837-85be-4c4420510dea(cell1) {{(pid=95989) load_cells /opt/stack/nova/nova/context.py:509}}
Jul 23 11:58:09.259347 np0000005762 devstack@n-api-meta.service[95989]: INFO nova.utils [None req-9db321b5-f82a-46e4-b9bd-3e6631c1a1c7 None None] The cell worker thread pool MainProcess.cell_worker is initialized
Jul 23 11:58:09.260960 np0000005762 devstack@n-api-meta.service[95989]: DEBUG oslo_concurrency.lockutils [None req-9db321b5-f82a-46e4-b9bd-3e6631c1a1c7 None None] Acquiring lock "00000000-0000-0000-0000-000000000000" by "nova.context.set_target_cell..get_or_set_cached_cell_and_set_connections" {{(pid=95989) inner /opt/stack/data/venv/lib/python3.12/site-packages/oslo_concurrency/lockutils.py:512}}
Jul 23 11:58:09.261128 np0000005762 devstack@n-api-meta.service[95989]: DEBUG oslo_concurrency.lockutils [None req-9db321b5-f82a-46e4-b9bd-3e6631c1a1c7 None None] Lock "00000000-0000-0000-0000-000000000000" acquired by "nova.context.set_target_cell..get_or_set_cached_cell_and_set_connections" :: waited 0.000s {{(pid=95989) inner /opt/stack/data/venv/lib/python3.12/site-packages/oslo_concurrency/lockutils.py:525}}
Jul 23 11:58:09.261455 np0000005762 devstack@n-api-meta.service[95989]: DEBUG oslo_concurrency.lockutils [None req-9db321b5-f82a-46e4-b9bd-3e6631c1a1c7 None None] Lock "00000000-0000-0000-0000-000000000000" "released" by "nova.context.set_target_cell..get_or_set_cached_cell_and_set_connections" :: held 0.000s {{(pid=95989) inner /opt/stack/data/venv/lib/python3.12/site-packages/oslo_concurrency/lockutils.py:544}}
Jul 23 11:58:09.262035 np0000005762 devstack@n-api-meta.service[95989]: DEBUG oslo_concurrency.lockutils [None req-9db321b5-f82a-46e4-b9bd-3e6631c1a1c7 None None] Acquiring lock "4b018120-c113-4837-85be-4c4420510dea" by "nova.context.set_target_cell..get_or_set_cached_cell_and_set_connections" {{(pid=95989) inner /opt/stack/data/venv/lib/python3.12/site-packages/oslo_concurrency/lockutils.py:512}}
Jul 23 11:58:09.262232 np0000005762 devstack@n-api-meta.service[95989]: DEBUG oslo_concurrency.lockutils [None req-9db321b5-f82a-46e4-b9bd-3e6631c1a1c7 None None] Lock "4b018120-c113-4837-85be-4c4420510dea" acquired by "nova.context.set_target_cell..get_or_set_cached_cell_and_set_connections" :: waited 0.000s {{(pid=95989) inner /opt/stack/data/venv/lib/python3.12/site-packages/oslo_concurrency/lockutils.py:525}}
Jul 23 11:58:09.263345 np0000005762 devstack@n-api-meta.service[95989]: DEBUG oslo_concurrency.lockutils [None req-9db321b5-f82a-46e4-b9bd-3e6631c1a1c7 None None] Lock "4b018120-c113-4837-85be-4c4420510dea" "released" by "nova.context.set_target_cell..get_or_set_cached_cell_and_set_connections" :: held 0.001s {{(pid=95989) inner /opt/stack/data/venv/lib/python3.12/site-packages/oslo_concurrency/lockutils.py:544}}
Jul 23 11:58:09.266185 np0000005762 devstack@n-api-meta.service[95989]: INFO dbcounter [None req-9db321b5-f82a-46e4-b9bd-3e6631c1a1c7 None None] Registered counter for database nova_cell0
Jul 23 11:58:09.266245 np0000005762 devstack@n-api-meta.service[95991]: DEBUG dbcounter [-] [95991] Writer thread running {{(pid=95991) stat_writer /opt/stack/data/venv/lib/python3.12/site-packages/dbcounter.py:102}}
Jul 23 11:58:09.271097 np0000005762 devstack@n-api-meta.service[95989]: INFO dbcounter [None req-9db321b5-f82a-46e4-b9bd-3e6631c1a1c7 None None] Registered counter for database nova_cell1
Jul 23 11:58:09.271173 np0000005762 devstack@n-api-meta.service[95991]: DEBUG nova.context [None req-7c0f6310-3a41-4ba4-90f3-bc892ceea9f0 None None] Found 2 cells: 00000000-0000-0000-0000-000000000000(cell0),4b018120-c113-4837-85be-4c4420510dea(cell1) {{(pid=95991) load_cells /opt/stack/nova/nova/context.py:509}}
Jul 23 11:58:09.271173 np0000005762 devstack@n-api-meta.service[95991]: INFO nova.utils [None req-7c0f6310-3a41-4ba4-90f3-bc892ceea9f0 None None] The cell worker thread pool MainProcess.cell_worker is initialized
Jul 23 11:58:09.271173 np0000005762 devstack@n-api-meta.service[95991]: DEBUG oslo_concurrency.lockutils [None req-7c0f6310-3a41-4ba4-90f3-bc892ceea9f0 None None] Acquiring lock "00000000-0000-0000-0000-000000000000" by "nova.context.set_target_cell..get_or_set_cached_cell_and_set_connections" {{(pid=95991) inner /opt/stack/data/venv/lib/python3.12/site-packages/oslo_concurrency/lockutils.py:512}}
Jul 23 11:58:09.271173 np0000005762 devstack@n-api-meta.service[95991]: DEBUG oslo_concurrency.lockutils [None req-7c0f6310-3a41-4ba4-90f3-bc892ceea9f0 None None] Lock "00000000-0000-0000-0000-000000000000" acquired by "nova.context.set_target_cell..get_or_set_cached_cell_and_set_connections" :: waited 0.000s {{(pid=95991) inner /opt/stack/data/venv/lib/python3.12/site-packages/oslo_concurrency/lockutils.py:525}}
Jul 23 11:58:09.271173 np0000005762 devstack@n-api-meta.service[95991]: DEBUG oslo_concurrency.lockutils [None req-7c0f6310-3a41-4ba4-90f3-bc892ceea9f0 None None] Lock "00000000-0000-0000-0000-000000000000" "released" by "nova.context.set_target_cell..get_or_set_cached_cell_and_set_connections" :: held 0.000s {{(pid=95991) inner /opt/stack/data/venv/lib/python3.12/site-packages/oslo_concurrency/lockutils.py:544}}
Jul 23 11:58:09.271610 np0000005762 devstack@n-api-meta.service[95991]: DEBUG oslo_concurrency.lockutils [None req-7c0f6310-3a41-4ba4-90f3-bc892ceea9f0 None None] Acquiring lock "4b018120-c113-4837-85be-4c4420510dea" by "nova.context.set_target_cell..get_or_set_cached_cell_and_set_connections" {{(pid=95991) inner /opt/stack/data/venv/lib/python3.12/site-packages/oslo_concurrency/lockutils.py:512}}
Jul 23 11:58:09.273575 np0000005762 devstack@n-api-meta.service[95991]: INFO dbcounter [None req-7c0f6310-3a41-4ba4-90f3-bc892ceea9f0 None None] Registered counter for database nova_cell0
Jul 23 11:58:09.275095 np0000005762 devstack@n-api-meta.service[95991]: DEBUG oslo_concurrency.lockutils [None req-7c0f6310-3a41-4ba4-90f3-bc892ceea9f0 None None] Lock "4b018120-c113-4837-85be-4c4420510dea" acquired by "nova.context.set_target_cell..get_or_set_cached_cell_and_set_connections" :: waited 0.002s {{(pid=95991) inner /opt/stack/data/venv/lib/python3.12/site-packages/oslo_concurrency/lockutils.py:525}}
Jul 23 11:58:09.276253 np0000005762 devstack@n-api-meta.service[95991]: DEBUG oslo_concurrency.lockutils [None req-7c0f6310-3a41-4ba4-90f3-bc892ceea9f0 None None] Lock "4b018120-c113-4837-85be-4c4420510dea" "released" by "nova.context.set_target_cell..get_or_set_cached_cell_and_set_connections" :: held 0.003s {{(pid=95991) inner /opt/stack/data/venv/lib/python3.12/site-packages/oslo_concurrency/lockutils.py:544}}
Jul 23 11:58:09.277669 np0000005762 devstack@n-api-meta.service[95990]: INFO dbcounter [None req-c853e537-4fad-4b31-b234-95025ec639e7 None None] Registered counter for database nova_api
Jul 23 11:58:09.278142 np0000005762 devstack@n-api-meta.service[95991]: INFO dbcounter [None req-7c0f6310-3a41-4ba4-90f3-bc892ceea9f0 None None] Registered counter for database nova_cell1
Jul 23 11:58:09.291942 np0000005762 devstack@n-api-meta.service[95988]: DEBUG oslo_db.sqlalchemy.engines [None req-f24daae5-d6b5-442e-85a3-8a91d86f93d6 None None] MySQL server mode set to STRICT_TRANS_TABLES,STRICT_ALL_TABLES,NO_ZERO_IN_DATE,NO_ZERO_DATE,ERROR_FOR_DIVISION_BY_ZERO,TRADITIONAL,NO_ENGINE_SUBSTITUTION {{(pid=95988) _check_effective_sql_mode /opt/stack/data/venv/lib/python3.12/site-packages/oslo_db/sqlalchemy/engines.py:325}}
Jul 23 11:58:09.321314 np0000005762 devstack@n-api-meta.service[95988]: DEBUG dbcounter [-] [95988] Writer thread running {{(pid=95988) stat_writer /opt/stack/data/venv/lib/python3.12/site-packages/dbcounter.py:102}}
Jul 23 11:58:09.321482 np0000005762 devstack@n-api-meta.service[95989]: DEBUG oslo_db.sqlalchemy.engines [None req-9db321b5-f82a-46e4-b9bd-3e6631c1a1c7 None None] MySQL server mode set to STRICT_TRANS_TABLES,STRICT_ALL_TABLES,NO_ZERO_IN_DATE,NO_ZERO_DATE,ERROR_FOR_DIVISION_BY_ZERO,TRADITIONAL,NO_ENGINE_SUBSTITUTION {{(pid=95989) _check_effective_sql_mode /opt/stack/data/venv/lib/python3.12/site-packages/oslo_db/sqlalchemy/engines.py:325}}
Jul 23 11:58:09.323686 np0000005762 devstack@n-api-meta.service[95988]: DEBUG nova.context [None req-f24daae5-d6b5-442e-85a3-8a91d86f93d6 None None] Found 2 cells: 00000000-0000-0000-0000-000000000000(cell0),4b018120-c113-4837-85be-4c4420510dea(cell1) {{(pid=95988) load_cells /opt/stack/nova/nova/context.py:509}}
Jul 23 11:58:09.323978 np0000005762 devstack@n-api-meta.service[95988]: INFO nova.utils [None req-f24daae5-d6b5-442e-85a3-8a91d86f93d6 None None] The cell worker thread pool MainProcess.cell_worker is initialized
Jul 23 11:58:09.325488 np0000005762 devstack@n-api-meta.service[95990]: DEBUG oslo_db.sqlalchemy.engines [None req-c853e537-4fad-4b31-b234-95025ec639e7 None None] MySQL server mode set to STRICT_TRANS_TABLES,STRICT_ALL_TABLES,NO_ZERO_IN_DATE,NO_ZERO_DATE,ERROR_FOR_DIVISION_BY_ZERO,TRADITIONAL,NO_ENGINE_SUBSTITUTION {{(pid=95990) _check_effective_sql_mode /opt/stack/data/venv/lib/python3.12/site-packages/oslo_db/sqlalchemy/engines.py:325}}
Jul 23 11:58:09.325612 np0000005762 devstack@n-api-meta.service[95988]: DEBUG oslo_concurrency.lockutils [None req-f24daae5-d6b5-442e-85a3-8a91d86f93d6 None None] Acquiring lock "00000000-0000-0000-0000-000000000000" by "nova.context.set_target_cell..get_or_set_cached_cell_and_set_connections" {{(pid=95988) inner /opt/stack/data/venv/lib/python3.12/site-packages/oslo_concurrency/lockutils.py:512}}
Jul 23 11:58:09.325785 np0000005762 devstack@n-api-meta.service[95988]: DEBUG oslo_concurrency.lockutils [None req-f24daae5-d6b5-442e-85a3-8a91d86f93d6 None None] Lock "00000000-0000-0000-0000-000000000000" acquired by "nova.context.set_target_cell..get_or_set_cached_cell_and_set_connections" :: waited 0.000s {{(pid=95988) inner /opt/stack/data/venv/lib/python3.12/site-packages/oslo_concurrency/lockutils.py:525}}
Jul 23 11:58:09.326147 np0000005762 devstack@n-api-meta.service[95988]: DEBUG oslo_concurrency.lockutils [None req-f24daae5-d6b5-442e-85a3-8a91d86f93d6 None None] Lock "00000000-0000-0000-0000-000000000000" "released" by "nova.context.set_target_cell..get_or_set_cached_cell_and_set_connections" :: held 0.000s {{(pid=95988) inner /opt/stack/data/venv/lib/python3.12/site-packages/oslo_concurrency/lockutils.py:544}}
Jul 23 11:58:09.326823 np0000005762 devstack@n-api-meta.service[95988]: DEBUG oslo_concurrency.lockutils [None req-f24daae5-d6b5-442e-85a3-8a91d86f93d6 None None] Acquiring lock "4b018120-c113-4837-85be-4c4420510dea" by "nova.context.set_target_cell..get_or_set_cached_cell_and_set_connections" {{(pid=95988) inner /opt/stack/data/venv/lib/python3.12/site-packages/oslo_concurrency/lockutils.py:512}}
Jul 23 11:58:09.331089 np0000005762 devstack@n-api-meta.service[95988]: INFO dbcounter [None req-f24daae5-d6b5-442e-85a3-8a91d86f93d6 None None] Registered counter for database nova_cell0
Jul 23 11:58:09.331187 np0000005762 devstack@n-api-meta.service[95991]: DEBUG oslo_db.sqlalchemy.engines [None req-7c0f6310-3a41-4ba4-90f3-bc892ceea9f0 None None] MySQL server mode set to STRICT_TRANS_TABLES,STRICT_ALL_TABLES,NO_ZERO_IN_DATE,NO_ZERO_DATE,ERROR_FOR_DIVISION_BY_ZERO,TRADITIONAL,NO_ENGINE_SUBSTITUTION {{(pid=95991) _check_effective_sql_mode /opt/stack/data/venv/lib/python3.12/site-packages/oslo_db/sqlalchemy/engines.py:325}}
Jul 23 11:58:09.331240 np0000005762 devstack@n-api-meta.service[95988]: DEBUG oslo_concurrency.lockutils [None req-f24daae5-d6b5-442e-85a3-8a91d86f93d6 None None] Lock "4b018120-c113-4837-85be-4c4420510dea" acquired by "nova.context.set_target_cell..get_or_set_cached_cell_and_set_connections" :: waited 0.001s {{(pid=95988) inner /opt/stack/data/venv/lib/python3.12/site-packages/oslo_concurrency/lockutils.py:525}}
Jul 23 11:58:09.331240 np0000005762 devstack@n-api-meta.service[95988]: DEBUG oslo_concurrency.lockutils [None req-f24daae5-d6b5-442e-85a3-8a91d86f93d6 None None] Lock "4b018120-c113-4837-85be-4c4420510dea" "released" by "nova.context.set_target_cell..get_or_set_cached_cell_and_set_connections" :: held 0.002s {{(pid=95988) inner /opt/stack/data/venv/lib/python3.12/site-packages/oslo_concurrency/lockutils.py:544}}
Jul 23 11:58:09.332886 np0000005762 devstack@n-api-meta.service[95988]: INFO dbcounter [None req-f24daae5-d6b5-442e-85a3-8a91d86f93d6 None None] Registered counter for database nova_cell1
Jul 23 11:58:09.348132 np0000005762 devstack@n-api-meta.service[95989]: DEBUG oslo_db.sqlalchemy.engines [None req-9db321b5-f82a-46e4-b9bd-3e6631c1a1c7 None None] MySQL server mode set to STRICT_TRANS_TABLES,STRICT_ALL_TABLES,NO_ZERO_IN_DATE,NO_ZERO_DATE,ERROR_FOR_DIVISION_BY_ZERO,TRADITIONAL,NO_ENGINE_SUBSTITUTION {{(pid=95989) _check_effective_sql_mode /opt/stack/data/venv/lib/python3.12/site-packages/oslo_db/sqlalchemy/engines.py:325}}
Jul 23 11:58:09.353923 np0000005762 devstack@n-api-meta.service[95990]: DEBUG dbcounter [-] [95990] Writer thread running {{(pid=95990) stat_writer /opt/stack/data/venv/lib/python3.12/site-packages/dbcounter.py:102}}
Jul 23 11:58:09.356683 np0000005762 devstack@n-api-meta.service[95990]: DEBUG nova.context [None req-c853e537-4fad-4b31-b234-95025ec639e7 None None] Found 2 cells: 00000000-0000-0000-0000-000000000000(cell0),4b018120-c113-4837-85be-4c4420510dea(cell1) {{(pid=95990) load_cells /opt/stack/nova/nova/context.py:509}}
Jul 23 11:58:09.357013 np0000005762 devstack@n-api-meta.service[95990]: INFO nova.utils [None req-c853e537-4fad-4b31-b234-95025ec639e7 None None] The cell worker thread pool MainProcess.cell_worker is initialized
Jul 23 11:58:09.358837 np0000005762 devstack@n-api-meta.service[95990]: DEBUG oslo_concurrency.lockutils [None req-c853e537-4fad-4b31-b234-95025ec639e7 None None] Acquiring lock "00000000-0000-0000-0000-000000000000" by "nova.context.set_target_cell..get_or_set_cached_cell_and_set_connections" {{(pid=95990) inner /opt/stack/data/venv/lib/python3.12/site-packages/oslo_concurrency/lockutils.py:512}}
Jul 23 11:58:09.359006 np0000005762 devstack@n-api-meta.service[95990]: DEBUG oslo_concurrency.lockutils [None req-c853e537-4fad-4b31-b234-95025ec639e7 None None] Lock "00000000-0000-0000-0000-000000000000" acquired by "nova.context.set_target_cell..get_or_set_cached_cell_and_set_connections" :: waited 0.000s {{(pid=95990) inner /opt/stack/data/venv/lib/python3.12/site-packages/oslo_concurrency/lockutils.py:525}}
Jul 23 11:58:09.359372 np0000005762 devstack@n-api-meta.service[95990]: DEBUG oslo_concurrency.lockutils [None req-c853e537-4fad-4b31-b234-95025ec639e7 None None] Lock "00000000-0000-0000-0000-000000000000" "released" by "nova.context.set_target_cell..get_or_set_cached_cell_and_set_connections" :: held 0.000s {{(pid=95990) inner /opt/stack/data/venv/lib/python3.12/site-packages/oslo_concurrency/lockutils.py:544}}
Jul 23 11:58:09.360051 np0000005762 devstack@n-api-meta.service[95990]: DEBUG oslo_concurrency.lockutils [None req-c853e537-4fad-4b31-b234-95025ec639e7 None None] Acquiring lock "4b018120-c113-4837-85be-4c4420510dea" by "nova.context.set_target_cell..get_or_set_cached_cell_and_set_connections" {{(pid=95990) inner /opt/stack/data/venv/lib/python3.12/site-packages/oslo_concurrency/lockutils.py:512}}
Jul 23 11:58:09.360216 np0000005762 devstack@n-api-meta.service[95990]: DEBUG oslo_concurrency.lockutils [None req-c853e537-4fad-4b31-b234-95025ec639e7 None None] Lock "4b018120-c113-4837-85be-4c4420510dea" acquired by "nova.context.set_target_cell..get_or_set_cached_cell_and_set_connections" :: waited 0.000s {{(pid=95990) inner /opt/stack/data/venv/lib/python3.12/site-packages/oslo_concurrency/lockutils.py:525}}
Jul 23 11:58:09.360965 np0000005762 devstack@n-api-meta.service[95990]: DEBUG oslo_concurrency.lockutils [None req-c853e537-4fad-4b31-b234-95025ec639e7 None None] Lock "4b018120-c113-4837-85be-4c4420510dea" "released" by "nova.context.set_target_cell..get_or_set_cached_cell_and_set_connections" :: held 0.001s {{(pid=95990) inner /opt/stack/data/venv/lib/python3.12/site-packages/oslo_concurrency/lockutils.py:544}}
Jul 23 11:58:09.363327 np0000005762 devstack@n-api-meta.service[95990]: INFO dbcounter [None req-c853e537-4fad-4b31-b234-95025ec639e7 None None] Registered counter for database nova_cell0
Jul 23 11:58:09.367461 np0000005762 devstack@n-api-meta.service[95990]: INFO dbcounter [None req-c853e537-4fad-4b31-b234-95025ec639e7 None None] Registered counter for database nova_cell1
Jul 23 11:58:09.377786 np0000005762 devstack@n-api-meta.service[95988]: DEBUG oslo_db.sqlalchemy.engines [None req-f24daae5-d6b5-442e-85a3-8a91d86f93d6 None None] MySQL server mode set to STRICT_TRANS_TABLES,STRICT_ALL_TABLES,NO_ZERO_IN_DATE,NO_ZERO_DATE,ERROR_FOR_DIVISION_BY_ZERO,TRADITIONAL,NO_ENGINE_SUBSTITUTION {{(pid=95988) _check_effective_sql_mode /opt/stack/data/venv/lib/python3.12/site-packages/oslo_db/sqlalchemy/engines.py:325}}
Jul 23 11:58:09.392772 np0000005762 devstack@n-api-meta.service[95988]: DEBUG oslo_db.sqlalchemy.engines [None req-f24daae5-d6b5-442e-85a3-8a91d86f93d6 None None] MySQL server mode set to STRICT_TRANS_TABLES,STRICT_ALL_TABLES,NO_ZERO_IN_DATE,NO_ZERO_DATE,ERROR_FOR_DIVISION_BY_ZERO,TRADITIONAL,NO_ENGINE_SUBSTITUTION {{(pid=95988) _check_effective_sql_mode /opt/stack/data/venv/lib/python3.12/site-packages/oslo_db/sqlalchemy/engines.py:325}}
Jul 23 11:58:09.409895 np0000005762 devstack@n-api-meta.service[95989]: DEBUG dbcounter [-] [95989] Writer thread running {{(pid=95989) stat_writer /opt/stack/data/venv/lib/python3.12/site-packages/dbcounter.py:102}}
Jul 23 11:58:09.410250 np0000005762 devstack@n-api-meta.service[95991]: DEBUG oslo_db.sqlalchemy.engines [None req-7c0f6310-3a41-4ba4-90f3-bc892ceea9f0 None None] MySQL server mode set to STRICT_TRANS_TABLES,STRICT_ALL_TABLES,NO_ZERO_IN_DATE,NO_ZERO_DATE,ERROR_FOR_DIVISION_BY_ZERO,TRADITIONAL,NO_ENGINE_SUBSTITUTION {{(pid=95991) _check_effective_sql_mode /opt/stack/data/venv/lib/python3.12/site-packages/oslo_db/sqlalchemy/engines.py:325}}
Jul 23 11:58:09.413652 np0000005762 devstack@n-api-meta.service[95989]: DEBUG dbcounter [-] [95989] Writer thread running {{(pid=95989) stat_writer /opt/stack/data/venv/lib/python3.12/site-packages/dbcounter.py:102}}
Jul 23 11:58:09.416647 np0000005762 devstack@n-api-meta.service[95989]: INFO dbcounter [None req-9db321b5-f82a-46e4-b9bd-3e6631c1a1c7 None None] Registered counter for database nova_cell0
Jul 23 11:58:09.435737 np0000005762 devstack@n-api-meta.service[95991]: DEBUG dbcounter [-] [95991] Writer thread running {{(pid=95991) stat_writer /opt/stack/data/venv/lib/python3.12/site-packages/dbcounter.py:102}}
Jul 23 11:58:09.437044 np0000005762 devstack@n-api-meta.service[95990]: DEBUG oslo_db.sqlalchemy.engines [None req-c853e537-4fad-4b31-b234-95025ec639e7 None None] MySQL server mode set to STRICT_TRANS_TABLES,STRICT_ALL_TABLES,NO_ZERO_IN_DATE,NO_ZERO_DATE,ERROR_FOR_DIVISION_BY_ZERO,TRADITIONAL,NO_ENGINE_SUBSTITUTION {{(pid=95990) _check_effective_sql_mode /opt/stack/data/venv/lib/python3.12/site-packages/oslo_db/sqlalchemy/engines.py:325}}
Jul 23 11:58:09.440621 np0000005762 devstack@n-api-meta.service[95990]: DEBUG oslo_db.sqlalchemy.engines [None req-c853e537-4fad-4b31-b234-95025ec639e7 None None] MySQL server mode set to STRICT_TRANS_TABLES,STRICT_ALL_TABLES,NO_ZERO_IN_DATE,NO_ZERO_DATE,ERROR_FOR_DIVISION_BY_ZERO,TRADITIONAL,NO_ENGINE_SUBSTITUTION {{(pid=95990) _check_effective_sql_mode /opt/stack/data/venv/lib/python3.12/site-packages/oslo_db/sqlalchemy/engines.py:325}}
Jul 23 11:58:09.445508 np0000005762 devstack@n-api-meta.service[95991]: DEBUG dbcounter [-] [95991] Writer thread running {{(pid=95991) stat_writer /opt/stack/data/venv/lib/python3.12/site-packages/dbcounter.py:102}}
Jul 23 11:58:09.449632 np0000005762 devstack@n-api-meta.service[95991]: INFO dbcounter [None req-7c0f6310-3a41-4ba4-90f3-bc892ceea9f0 None None] Registered counter for database nova_cell0
Jul 23 11:58:09.471409 np0000005762 devstack@n-api-meta.service[95989]: DEBUG oslo_db.sqlalchemy.engines [None req-9db321b5-f82a-46e4-b9bd-3e6631c1a1c7 None None] MySQL server mode set to STRICT_TRANS_TABLES,STRICT_ALL_TABLES,NO_ZERO_IN_DATE,NO_ZERO_DATE,ERROR_FOR_DIVISION_BY_ZERO,TRADITIONAL,NO_ENGINE_SUBSTITUTION {{(pid=95989) _check_effective_sql_mode /opt/stack/data/venv/lib/python3.12/site-packages/oslo_db/sqlalchemy/engines.py:325}}
Jul 23 11:58:09.478312 np0000005762 devstack@n-api-meta.service[95988]: DEBUG dbcounter [-] [95988] Writer thread running {{(pid=95988) stat_writer /opt/stack/data/venv/lib/python3.12/site-packages/dbcounter.py:102}}
Jul 23 11:58:09.478426 np0000005762 devstack@n-api-meta.service[95989]: DEBUG dbcounter [-] [95989] Writer thread running {{(pid=95989) stat_writer /opt/stack/data/venv/lib/python3.12/site-packages/dbcounter.py:102}}
Jul 23 11:58:09.482652 np0000005762 devstack@n-api-meta.service[95988]: DEBUG dbcounter [-] [95988] Writer thread running {{(pid=95988) stat_writer /opt/stack/data/venv/lib/python3.12/site-packages/dbcounter.py:102}}
Jul 23 11:58:09.486122 np0000005762 devstack@n-api-meta.service[95991]: DEBUG oslo_db.sqlalchemy.engines [None req-7c0f6310-3a41-4ba4-90f3-bc892ceea9f0 None None] MySQL server mode set to STRICT_TRANS_TABLES,STRICT_ALL_TABLES,NO_ZERO_IN_DATE,NO_ZERO_DATE,ERROR_FOR_DIVISION_BY_ZERO,TRADITIONAL,NO_ENGINE_SUBSTITUTION {{(pid=95991) _check_effective_sql_mode /opt/stack/data/venv/lib/python3.12/site-packages/oslo_db/sqlalchemy/engines.py:325}}
Jul 23 11:58:09.486541 np0000005762 devstack@n-api-meta.service[95988]: INFO dbcounter [None req-f24daae5-d6b5-442e-85a3-8a91d86f93d6 None None] Registered counter for database nova_cell0
Jul 23 11:58:09.494623 np0000005762 devstack@n-api-meta.service[95991]: DEBUG dbcounter [-] [95991] Writer thread running {{(pid=95991) stat_writer /opt/stack/data/venv/lib/python3.12/site-packages/dbcounter.py:102}}
Jul 23 11:58:09.512857 np0000005762 devstack@n-api-meta.service[95989]: WARNING nova.api.metadata.handler [None req-9db321b5-f82a-46e4-b9bd-3e6631c1a1c7 None None] metadata_proxy_shared_secret is not configured, the metadata information returned by the proxy cannot be trusted
Jul 23 11:58:09.514808 np0000005762 devstack@n-api-meta.service[95989]: DEBUG nova.api.openstack.wsgi_app [None req-9db321b5-f82a-46e4-b9bd-3e6631c1a1c7 None None] ******************************************************************************** {{(pid=95989) log_opt_values /opt/stack/data/venv/lib/python3.12/site-packages/oslo_config/cfg.py:3226}}
Jul 23 11:58:09.514922 np0000005762 devstack@n-api-meta.service[95989]: DEBUG nova.api.openstack.wsgi_app [None req-9db321b5-f82a-46e4-b9bd-3e6631c1a1c7 None None] Configuration options gathered from: {{(pid=95989) log_opt_values /opt/stack/data/venv/lib/python3.12/site-packages/oslo_config/cfg.py:3227}}
Jul 23 11:58:09.515031 np0000005762 devstack@n-api-meta.service[95989]: DEBUG nova.api.openstack.wsgi_app [None req-9db321b5-f82a-46e4-b9bd-3e6631c1a1c7 None None] command line args: [] {{(pid=95989) log_opt_values /opt/stack/data/venv/lib/python3.12/site-packages/oslo_config/cfg.py:3228}}
Jul 23 11:58:09.515207 np0000005762 devstack@n-api-meta.service[95989]: DEBUG nova.api.openstack.wsgi_app [None req-9db321b5-f82a-46e4-b9bd-3e6631c1a1c7 None None] config files: ['/etc/nova/api-paste.ini', '/etc/nova/nova.conf'] {{(pid=95989) log_opt_values /opt/stack/data/venv/lib/python3.12/site-packages/oslo_config/cfg.py:3229}}
Jul 23 11:58:09.515297 np0000005762 devstack@n-api-meta.service[95989]: DEBUG nova.api.openstack.wsgi_app [None req-9db321b5-f82a-46e4-b9bd-3e6631c1a1c7 None None] ================================================================================ {{(pid=95989) log_opt_values /opt/stack/data/venv/lib/python3.12/site-packages/oslo_config/cfg.py:3234}}
Jul 23 11:58:09.515458 np0000005762 devstack@n-api-meta.service[95989]: DEBUG nova.api.openstack.wsgi_app [None req-9db321b5-f82a-46e4-b9bd-3e6631c1a1c7 None None] allow_resize_to_same_host = True {{(pid=95989) log_opt_values /opt/stack/data/venv/lib/python3.12/site-packages/oslo_config/cfg.py:3242}}
Jul 23 11:58:09.515574 np0000005762 devstack@n-api-meta.service[95989]: DEBUG nova.api.openstack.wsgi_app [None req-9db321b5-f82a-46e4-b9bd-3e6631c1a1c7 None None] arq_binding_timeout = 300 {{(pid=95989) log_opt_values /opt/stack/data/venv/lib/python3.12/site-packages/oslo_config/cfg.py:3242}}
Jul 23 11:58:09.515689 np0000005762 devstack@n-api-meta.service[95989]: DEBUG nova.api.openstack.wsgi_app [None req-9db321b5-f82a-46e4-b9bd-3e6631c1a1c7 None None] block_device_allocate_retries = 60 {{(pid=95989) log_opt_values /opt/stack/data/venv/lib/python3.12/site-packages/oslo_config/cfg.py:3242}}
Jul 23 11:58:09.515803 np0000005762 devstack@n-api-meta.service[95989]: DEBUG nova.api.openstack.wsgi_app [None req-9db321b5-f82a-46e4-b9bd-3e6631c1a1c7 None None] block_device_allocate_retries_interval = 3 {{(pid=95989) log_opt_values /opt/stack/data/venv/lib/python3.12/site-packages/oslo_config/cfg.py:3242}}
Jul 23 11:58:09.515956 np0000005762 devstack@n-api-meta.service[95989]: DEBUG nova.api.openstack.wsgi_app [None req-9db321b5-f82a-46e4-b9bd-3e6631c1a1c7 None None] cell_worker_thread_pool_size = 5 {{(pid=95989) log_opt_values /opt/stack/data/venv/lib/python3.12/site-packages/oslo_config/cfg.py:3242}}
Jul 23 11:58:09.516098 np0000005762 devstack@n-api-meta.service[95989]: DEBUG nova.api.openstack.wsgi_app [None req-9db321b5-f82a-46e4-b9bd-3e6631c1a1c7 None None] cert = self.pem {{(pid=95989) log_opt_values /opt/stack/data/venv/lib/python3.12/site-packages/oslo_config/cfg.py:3242}}
Jul 23 11:58:09.516224 np0000005762 devstack@n-api-meta.service[95989]: DEBUG nova.api.openstack.wsgi_app [None req-9db321b5-f82a-46e4-b9bd-3e6631c1a1c7 None None] compute_driver = libvirt.LibvirtDriver {{(pid=95989) log_opt_values /opt/stack/data/venv/lib/python3.12/site-packages/oslo_config/cfg.py:3242}}
Jul 23 11:58:09.516343 np0000005762 devstack@n-api-meta.service[95989]: DEBUG nova.api.openstack.wsgi_app [None req-9db321b5-f82a-46e4-b9bd-3e6631c1a1c7 None None] compute_monitors = [] {{(pid=95989) log_opt_values /opt/stack/data/venv/lib/python3.12/site-packages/oslo_config/cfg.py:3242}}
Jul 23 11:58:09.516459 np0000005762 devstack@n-api-meta.service[95989]: DEBUG nova.api.openstack.wsgi_app [None req-9db321b5-f82a-46e4-b9bd-3e6631c1a1c7 None None] concurrency_backend = auto {{(pid=95989) log_opt_values /opt/stack/data/venv/lib/python3.12/site-packages/oslo_config/cfg.py:3242}}
Jul 23 11:58:09.517871 np0000005762 devstack@n-api-meta.service[95989]: DEBUG nova.api.openstack.wsgi_app [None req-9db321b5-f82a-46e4-b9bd-3e6631c1a1c7 None None] config_dir = [] {{(pid=95989) log_opt_values /opt/stack/data/venv/lib/python3.12/site-packages/oslo_config/cfg.py:3242}}
Jul 23 11:58:09.517871 np0000005762 devstack@n-api-meta.service[95989]: DEBUG nova.api.openstack.wsgi_app [None req-9db321b5-f82a-46e4-b9bd-3e6631c1a1c7 None None] config_drive_format = iso9660 {{(pid=95989) log_opt_values /opt/stack/data/venv/lib/python3.12/site-packages/oslo_config/cfg.py:3242}}
Jul 23 11:58:09.517871 np0000005762 devstack@n-api-meta.service[95989]: DEBUG nova.api.openstack.wsgi_app [None req-9db321b5-f82a-46e4-b9bd-3e6631c1a1c7 None None] config_file = ['/etc/nova/api-paste.ini', '/etc/nova/nova.conf'] {{(pid=95989) log_opt_values /opt/stack/data/venv/lib/python3.12/site-packages/oslo_config/cfg.py:3242}}
Jul 23 11:58:09.517871 np0000005762 devstack@n-api-meta.service[95989]: DEBUG nova.api.openstack.wsgi_app [None req-9db321b5-f82a-46e4-b9bd-3e6631c1a1c7 None None] config_source = [] {{(pid=95989) log_opt_values /opt/stack/data/venv/lib/python3.12/site-packages/oslo_config/cfg.py:3242}}
Jul 23 11:58:09.517871 np0000005762 devstack@n-api-meta.service[95989]: DEBUG nova.api.openstack.wsgi_app [None req-9db321b5-f82a-46e4-b9bd-3e6631c1a1c7 None None] console_host = np0000005762 {{(pid=95989) log_opt_values /opt/stack/data/venv/lib/python3.12/site-packages/oslo_config/cfg.py:3242}}
Jul 23 11:58:09.517871 np0000005762 devstack@n-api-meta.service[95989]: DEBUG nova.api.openstack.wsgi_app [None req-9db321b5-f82a-46e4-b9bd-3e6631c1a1c7 None None] control_exchange = nova {{(pid=95989) log_opt_values /opt/stack/data/venv/lib/python3.12/site-packages/oslo_config/cfg.py:3242}}
Jul 23 11:58:09.517871 np0000005762 devstack@n-api-meta.service[95989]: DEBUG nova.api.openstack.wsgi_app [None req-9db321b5-f82a-46e4-b9bd-3e6631c1a1c7 None None] cpu_allocation_ratio = None {{(pid=95989) log_opt_values /opt/stack/data/venv/lib/python3.12/site-packages/oslo_config/cfg.py:3242}}
Jul 23 11:58:09.518166 np0000005762 devstack@n-api-meta.service[95989]: DEBUG nova.api.openstack.wsgi_app [None req-9db321b5-f82a-46e4-b9bd-3e6631c1a1c7 None None] daemon = False {{(pid=95989) log_opt_values /opt/stack/data/venv/lib/python3.12/site-packages/oslo_config/cfg.py:3242}}
Jul 23 11:58:09.518166 np0000005762 devstack@n-api-meta.service[95989]: DEBUG nova.api.openstack.wsgi_app [None req-9db321b5-f82a-46e4-b9bd-3e6631c1a1c7 None None] debug = True {{(pid=95989) log_opt_values /opt/stack/data/venv/lib/python3.12/site-packages/oslo_config/cfg.py:3242}}
Jul 23 11:58:09.518166 np0000005762 devstack@n-api-meta.service[95989]: DEBUG nova.api.openstack.wsgi_app [None req-9db321b5-f82a-46e4-b9bd-3e6631c1a1c7 None None] default_access_ip_network_name = None {{(pid=95989) log_opt_values /opt/stack/data/venv/lib/python3.12/site-packages/oslo_config/cfg.py:3242}}
Jul 23 11:58:09.518166 np0000005762 devstack@n-api-meta.service[95989]: DEBUG nova.api.openstack.wsgi_app [None req-9db321b5-f82a-46e4-b9bd-3e6631c1a1c7 None None] default_availability_zone = nova {{(pid=95989) log_opt_values /opt/stack/data/venv/lib/python3.12/site-packages/oslo_config/cfg.py:3242}}
Jul 23 11:58:09.518166 np0000005762 devstack@n-api-meta.service[95989]: DEBUG nova.api.openstack.wsgi_app [None req-9db321b5-f82a-46e4-b9bd-3e6631c1a1c7 None None] default_ephemeral_format = ext4 {{(pid=95989) log_opt_values /opt/stack/data/venv/lib/python3.12/site-packages/oslo_config/cfg.py:3242}}
Jul 23 11:58:09.518166 np0000005762 devstack@n-api-meta.service[95989]: DEBUG nova.api.openstack.wsgi_app [None req-9db321b5-f82a-46e4-b9bd-3e6631c1a1c7 None None] default_green_pool_size = 1000 {{(pid=95989) log_opt_values /opt/stack/data/venv/lib/python3.12/site-packages/oslo_config/cfg.py:3242}}
Jul 23 11:58:09.518383 np0000005762 devstack@n-api-meta.service[95989]: DEBUG nova.api.openstack.wsgi_app [None req-9db321b5-f82a-46e4-b9bd-3e6631c1a1c7 None None] default_log_levels = ['amqp=WARN', 'boto=WARN', 'sqlalchemy=WARN', 'suds=INFO', 'oslo.messaging=INFO', 'oslo_messaging=INFO', 'iso8601=WARN', 'requests.packages.urllib3.connectionpool=WARN', 'urllib3.connectionpool=WARN', 'websocket=WARN', 'requests.packages.urllib3.util.retry=WARN', 'urllib3.util.retry=WARN', 'keystonemiddleware=WARN', 'routes.middleware=WARN', 'stevedore=WARN', 'taskflow=WARN', 'keystoneauth=WARN', 'oslo.cache=INFO', 'oslo_policy=INFO', 'dogpile.core.dogpile=INFO', 'glanceclient=WARN', 'oslo.privsep.daemon=INFO'] {{(pid=95989) log_opt_values /opt/stack/data/venv/lib/python3.12/site-packages/oslo_config/cfg.py:3242}}
Jul 23 11:58:09.518383 np0000005762 devstack@n-api-meta.service[95989]: DEBUG nova.api.openstack.wsgi_app [None req-9db321b5-f82a-46e4-b9bd-3e6631c1a1c7 None None] default_schedule_zone = None {{(pid=95989) log_opt_values /opt/stack/data/venv/lib/python3.12/site-packages/oslo_config/cfg.py:3242}}
Jul 23 11:58:09.518383 np0000005762 devstack@n-api-meta.service[95989]: DEBUG nova.api.openstack.wsgi_app [None req-9db321b5-f82a-46e4-b9bd-3e6631c1a1c7 None None] default_thread_pool_size = 10 {{(pid=95989) log_opt_values /opt/stack/data/venv/lib/python3.12/site-packages/oslo_config/cfg.py:3242}}
Jul 23 11:58:09.518527 np0000005762 devstack@n-api-meta.service[95989]: DEBUG nova.api.openstack.wsgi_app [None req-9db321b5-f82a-46e4-b9bd-3e6631c1a1c7 None None] disk_allocation_ratio = None {{(pid=95989) log_opt_values /opt/stack/data/venv/lib/python3.12/site-packages/oslo_config/cfg.py:3242}}
Jul 23 11:58:09.518589 np0000005762 devstack@n-api-meta.service[95989]: DEBUG nova.api.openstack.wsgi_app [None req-9db321b5-f82a-46e4-b9bd-3e6631c1a1c7 None None] enable_new_services = True {{(pid=95989) log_opt_values /opt/stack/data/venv/lib/python3.12/site-packages/oslo_config/cfg.py:3242}}
Jul 23 11:58:09.518695 np0000005762 devstack@n-api-meta.service[95989]: DEBUG nova.api.openstack.wsgi_app [None req-9db321b5-f82a-46e4-b9bd-3e6631c1a1c7 None None] flat_injected = False {{(pid=95989) log_opt_values /opt/stack/data/venv/lib/python3.12/site-packages/oslo_config/cfg.py:3242}}
Jul 23 11:58:09.518821 np0000005762 devstack@n-api-meta.service[95989]: DEBUG nova.api.openstack.wsgi_app [None req-9db321b5-f82a-46e4-b9bd-3e6631c1a1c7 None None] force_config_drive = True {{(pid=95989) log_opt_values /opt/stack/data/venv/lib/python3.12/site-packages/oslo_config/cfg.py:3242}}
Jul 23 11:58:09.519095 np0000005762 devstack@n-api-meta.service[95989]: DEBUG nova.api.openstack.wsgi_app [None req-9db321b5-f82a-46e4-b9bd-3e6631c1a1c7 None None] force_raw_images = True {{(pid=95989) log_opt_values /opt/stack/data/venv/lib/python3.12/site-packages/oslo_config/cfg.py:3242}}
Jul 23 11:58:09.519095 np0000005762 devstack@n-api-meta.service[95989]: DEBUG nova.api.openstack.wsgi_app [None req-9db321b5-f82a-46e4-b9bd-3e6631c1a1c7 None None] graceful_shutdown_timeout = 5 {{(pid=95989) log_opt_values /opt/stack/data/venv/lib/python3.12/site-packages/oslo_config/cfg.py:3242}}
Jul 23 11:58:09.519207 np0000005762 devstack@n-api-meta.service[95989]: DEBUG nova.api.openstack.wsgi_app [None req-9db321b5-f82a-46e4-b9bd-3e6631c1a1c7 None None] heal_instance_info_cache_interval = -1 {{(pid=95989) log_opt_values /opt/stack/data/venv/lib/python3.12/site-packages/oslo_config/cfg.py:3242}}
Jul 23 11:58:09.520079 np0000005762 devstack@n-api-meta.service[95989]: DEBUG nova.api.openstack.wsgi_app [None req-9db321b5-f82a-46e4-b9bd-3e6631c1a1c7 None None] host = np0000005762 {{(pid=95989) log_opt_values /opt/stack/data/venv/lib/python3.12/site-packages/oslo_config/cfg.py:3242}}
Jul 23 11:58:09.520079 np0000005762 devstack@n-api-meta.service[95989]: DEBUG nova.api.openstack.wsgi_app [None req-9db321b5-f82a-46e4-b9bd-3e6631c1a1c7 None None] initial_cpu_allocation_ratio = 4.0 {{(pid=95989) log_opt_values /opt/stack/data/venv/lib/python3.12/site-packages/oslo_config/cfg.py:3242}}
Jul 23 11:58:09.520079 np0000005762 devstack@n-api-meta.service[95989]: DEBUG nova.api.openstack.wsgi_app [None req-9db321b5-f82a-46e4-b9bd-3e6631c1a1c7 None None] initial_disk_allocation_ratio = 1.0 {{(pid=95989) log_opt_values /opt/stack/data/venv/lib/python3.12/site-packages/oslo_config/cfg.py:3242}}
Jul 23 11:58:09.520079 np0000005762 devstack@n-api-meta.service[95989]: DEBUG nova.api.openstack.wsgi_app [None req-9db321b5-f82a-46e4-b9bd-3e6631c1a1c7 None None] initial_ram_allocation_ratio = 1.0 {{(pid=95989) log_opt_values /opt/stack/data/venv/lib/python3.12/site-packages/oslo_config/cfg.py:3242}}
Jul 23 11:58:09.520079 np0000005762 devstack@n-api-meta.service[95989]: DEBUG nova.api.openstack.wsgi_app [None req-9db321b5-f82a-46e4-b9bd-3e6631c1a1c7 None None] injected_network_template = /opt/stack/nova/nova/virt/interfaces.template {{(pid=95989) log_opt_values /opt/stack/data/venv/lib/python3.12/site-packages/oslo_config/cfg.py:3242}}
Jul 23 11:58:09.520079 np0000005762 devstack@n-api-meta.service[95989]: DEBUG nova.api.openstack.wsgi_app [None req-9db321b5-f82a-46e4-b9bd-3e6631c1a1c7 None None] instance_build_timeout = 0 {{(pid=95989) log_opt_values /opt/stack/data/venv/lib/python3.12/site-packages/oslo_config/cfg.py:3242}}
Jul 23 11:58:09.520303 np0000005762 devstack@n-api-meta.service[95989]: DEBUG nova.api.openstack.wsgi_app [None req-9db321b5-f82a-46e4-b9bd-3e6631c1a1c7 None None] instance_delete_interval = 300 {{(pid=95989) log_opt_values /opt/stack/data/venv/lib/python3.12/site-packages/oslo_config/cfg.py:3242}}
Jul 23 11:58:09.520303 np0000005762 devstack@n-api-meta.service[95989]: DEBUG nova.api.openstack.wsgi_app [None req-9db321b5-f82a-46e4-b9bd-3e6631c1a1c7 None None] instance_format = [instance: %(uuid)s] {{(pid=95989) log_opt_values /opt/stack/data/venv/lib/python3.12/site-packages/oslo_config/cfg.py:3242}}
Jul 23 11:58:09.520373 np0000005762 devstack@n-api-meta.service[95989]: DEBUG nova.api.openstack.wsgi_app [None req-9db321b5-f82a-46e4-b9bd-3e6631c1a1c7 None None] instance_name_template = instance-%08x {{(pid=95989) log_opt_values /opt/stack/data/venv/lib/python3.12/site-packages/oslo_config/cfg.py:3242}}
Jul 23 11:58:09.520472 np0000005762 devstack@n-api-meta.service[95989]: DEBUG nova.api.openstack.wsgi_app [None req-9db321b5-f82a-46e4-b9bd-3e6631c1a1c7 None None] instance_usage_audit = False {{(pid=95989) log_opt_values /opt/stack/data/venv/lib/python3.12/site-packages/oslo_config/cfg.py:3242}}
Jul 23 11:58:09.520590 np0000005762 devstack@n-api-meta.service[95989]: DEBUG nova.api.openstack.wsgi_app [None req-9db321b5-f82a-46e4-b9bd-3e6631c1a1c7 None None] instance_usage_audit_period = month {{(pid=95989) log_opt_values /opt/stack/data/venv/lib/python3.12/site-packages/oslo_config/cfg.py:3242}}
Jul 23 11:58:09.520705 np0000005762 devstack@n-api-meta.service[95989]: DEBUG nova.api.openstack.wsgi_app [None req-9db321b5-f82a-46e4-b9bd-3e6631c1a1c7 None None] instance_uuid_format = [instance: %(uuid)s] {{(pid=95989) log_opt_values /opt/stack/data/venv/lib/python3.12/site-packages/oslo_config/cfg.py:3242}}
Jul 23 11:58:09.520828 np0000005762 devstack@n-api-meta.service[95989]: DEBUG nova.api.openstack.wsgi_app [None req-9db321b5-f82a-46e4-b9bd-3e6631c1a1c7 None None] instances_path = /opt/stack/data/nova/instances {{(pid=95989) log_opt_values /opt/stack/data/venv/lib/python3.12/site-packages/oslo_config/cfg.py:3242}}
Jul 23 11:58:09.520953 np0000005762 devstack@n-api-meta.service[95989]: DEBUG nova.api.openstack.wsgi_app [None req-9db321b5-f82a-46e4-b9bd-3e6631c1a1c7 None None] internal_service_availability_zone = internal {{(pid=95989) log_opt_values /opt/stack/data/venv/lib/python3.12/site-packages/oslo_config/cfg.py:3242}}
Jul 23 11:58:09.521062 np0000005762 devstack@n-api-meta.service[95989]: DEBUG nova.api.openstack.wsgi_app [None req-9db321b5-f82a-46e4-b9bd-3e6631c1a1c7 None None] key = None {{(pid=95989) log_opt_values /opt/stack/data/venv/lib/python3.12/site-packages/oslo_config/cfg.py:3242}}
Jul 23 11:58:09.521232 np0000005762 devstack@n-api-meta.service[95989]: DEBUG nova.api.openstack.wsgi_app [None req-9db321b5-f82a-46e4-b9bd-3e6631c1a1c7 None None] live_migration_retry_count = 30 {{(pid=95989) log_opt_values /opt/stack/data/venv/lib/python3.12/site-packages/oslo_config/cfg.py:3242}}
Jul 23 11:58:09.521348 np0000005762 devstack@n-api-meta.service[95989]: DEBUG nova.api.openstack.wsgi_app [None req-9db321b5-f82a-46e4-b9bd-3e6631c1a1c7 None None] log_color = False {{(pid=95989) log_opt_values /opt/stack/data/venv/lib/python3.12/site-packages/oslo_config/cfg.py:3242}}
Jul 23 11:58:09.521463 np0000005762 devstack@n-api-meta.service[95989]: DEBUG nova.api.openstack.wsgi_app [None req-9db321b5-f82a-46e4-b9bd-3e6631c1a1c7 None None] log_config_append = None {{(pid=95989) log_opt_values /opt/stack/data/venv/lib/python3.12/site-packages/oslo_config/cfg.py:3242}}
Jul 23 11:58:09.521579 np0000005762 devstack@n-api-meta.service[95989]: DEBUG nova.api.openstack.wsgi_app [None req-9db321b5-f82a-46e4-b9bd-3e6631c1a1c7 None None] log_date_format = %Y-%m-%d %H:%M:%S {{(pid=95989) log_opt_values /opt/stack/data/venv/lib/python3.12/site-packages/oslo_config/cfg.py:3242}}
Jul 23 11:58:09.521688 np0000005762 devstack@n-api-meta.service[95989]: DEBUG nova.api.openstack.wsgi_app [None req-9db321b5-f82a-46e4-b9bd-3e6631c1a1c7 None None] log_dir = None {{(pid=95989) log_opt_values /opt/stack/data/venv/lib/python3.12/site-packages/oslo_config/cfg.py:3242}}
Jul 23 11:58:09.521795 np0000005762 devstack@n-api-meta.service[95989]: DEBUG nova.api.openstack.wsgi_app [None req-9db321b5-f82a-46e4-b9bd-3e6631c1a1c7 None None] log_file = None {{(pid=95989) log_opt_values /opt/stack/data/venv/lib/python3.12/site-packages/oslo_config/cfg.py:3242}}
Jul 23 11:58:09.521928 np0000005762 devstack@n-api-meta.service[95989]: DEBUG nova.api.openstack.wsgi_app [None req-9db321b5-f82a-46e4-b9bd-3e6631c1a1c7 None None] log_options = True {{(pid=95989) log_opt_values /opt/stack/data/venv/lib/python3.12/site-packages/oslo_config/cfg.py:3242}}
Jul 23 11:58:09.522044 np0000005762 devstack@n-api-meta.service[95989]: DEBUG nova.api.openstack.wsgi_app [None req-9db321b5-f82a-46e4-b9bd-3e6631c1a1c7 None None] log_rotate_interval = 1 {{(pid=95989) log_opt_values /opt/stack/data/venv/lib/python3.12/site-packages/oslo_config/cfg.py:3242}}
Jul 23 11:58:09.522184 np0000005762 devstack@n-api-meta.service[95989]: DEBUG nova.api.openstack.wsgi_app [None req-9db321b5-f82a-46e4-b9bd-3e6631c1a1c7 None None] log_rotate_interval_type = days {{(pid=95989) log_opt_values /opt/stack/data/venv/lib/python3.12/site-packages/oslo_config/cfg.py:3242}}
Jul 23 11:58:09.522314 np0000005762 devstack@n-api-meta.service[95989]: DEBUG nova.api.openstack.wsgi_app [None req-9db321b5-f82a-46e4-b9bd-3e6631c1a1c7 None None] log_rotation_type = none {{(pid=95989) log_opt_values /opt/stack/data/venv/lib/python3.12/site-packages/oslo_config/cfg.py:3242}}
Jul 23 11:58:09.522406 np0000005762 devstack@n-api-meta.service[95989]: DEBUG nova.api.openstack.wsgi_app [None req-9db321b5-f82a-46e4-b9bd-3e6631c1a1c7 None None] logging_context_format_string = %(color)s%(levelname)s %(name)s [%(global_request_id)s %(request_id)s %(project_name)s %(user_name)s%(color)s] %(instance)s%(color)s%(message)s {{(pid=95989) log_opt_values /opt/stack/data/venv/lib/python3.12/site-packages/oslo_config/cfg.py:3242}}
Jul 23 11:58:09.522492 np0000005762 devstack@n-api-meta.service[95989]: DEBUG nova.api.openstack.wsgi_app [None req-9db321b5-f82a-46e4-b9bd-3e6631c1a1c7 None None] logging_debug_format_suffix = {{(pid=%(process)d) %(funcName)s %(pathname)s:%(lineno)d}} {{(pid=95989) log_opt_values /opt/stack/data/venv/lib/python3.12/site-packages/oslo_config/cfg.py:3242}}
Jul 23 11:58:09.522615 np0000005762 devstack@n-api-meta.service[95989]: DEBUG nova.api.openstack.wsgi_app [None req-9db321b5-f82a-46e4-b9bd-3e6631c1a1c7 None None] logging_default_format_string = %(color)s%(levelname)s %(name)s [-%(color)s] %(instance)s%(color)s%(message)s {{(pid=95989) log_opt_values /opt/stack/data/venv/lib/python3.12/site-packages/oslo_config/cfg.py:3242}}
Jul 23 11:58:09.522730 np0000005762 devstack@n-api-meta.service[95989]: DEBUG nova.api.openstack.wsgi_app [None req-9db321b5-f82a-46e4-b9bd-3e6631c1a1c7 None None] logging_exception_prefix = ERROR %(name)s %(instance)s {{(pid=95989) log_opt_values /opt/stack/data/venv/lib/python3.12/site-packages/oslo_config/cfg.py:3242}}
Jul 23 11:58:09.522822 np0000005762 devstack@n-api-meta.service[95989]: DEBUG nova.api.openstack.wsgi_app [None req-9db321b5-f82a-46e4-b9bd-3e6631c1a1c7 None None] logging_user_identity_format = %(user)s %(project)s %(domain)s %(system_scope)s %(user_domain)s %(project_domain)s {{(pid=95989) log_opt_values /opt/stack/data/venv/lib/python3.12/site-packages/oslo_config/cfg.py:3242}}
Jul 23 11:58:09.522937 np0000005762 devstack@n-api-meta.service[95989]: DEBUG nova.api.openstack.wsgi_app [None req-9db321b5-f82a-46e4-b9bd-3e6631c1a1c7 None None] long_rpc_timeout = 1800 {{(pid=95989) log_opt_values /opt/stack/data/venv/lib/python3.12/site-packages/oslo_config/cfg.py:3242}}
Jul 23 11:58:09.523044 np0000005762 devstack@n-api-meta.service[95989]: DEBUG nova.api.openstack.wsgi_app [None req-9db321b5-f82a-46e4-b9bd-3e6631c1a1c7 None None] manager_shutdown_timeout = 160 {{(pid=95989) log_opt_values /opt/stack/data/venv/lib/python3.12/site-packages/oslo_config/cfg.py:3242}}
