Jul 23 11:58:13.994491 np0000005762 nova-conductor[99015]: DEBUG cotyledon.oslo_config_glue [-] workarounds.disable_rootwrap = False {{(pid=99015) log_opt_values /opt/stack/data/venv/lib/python3.12/site-packages/oslo_config/cfg.py:3253}}
Jul 23 11:58:13.994597 np0000005762 nova-conductor[99019]: DEBUG cotyledon._service_worker [-] Run service ServiceWrapper(3) [99019] {{(pid=99019) wait_forever /opt/stack/data/venv/lib/python3.12/site-packages/cotyledon/_service_worker.py:218}}
Jul 23 11:58:13.994620 np0000005762 nova-conductor[99015]: DEBUG cotyledon.oslo_config_glue [-] workarounds.enable_numa_live_migration = False {{(pid=99015) log_opt_values /opt/stack/data/venv/lib/python3.12/site-packages/oslo_config/cfg.py:3253}}
Jul 23 11:58:13.994620 np0000005762 nova-conductor[99015]: DEBUG cotyledon.oslo_config_glue [-] workarounds.enable_qemu_monitor_announce_self = False {{(pid=99015) log_opt_values /opt/stack/data/venv/lib/python3.12/site-packages/oslo_config/cfg.py:3253}}
Jul 23 11:58:13.994620 np0000005762 nova-conductor[99015]: DEBUG cotyledon.oslo_config_glue [-] workarounds.ensure_libvirt_rbd_instance_dir_cleanup = False {{(pid=99015) log_opt_values /opt/stack/data/venv/lib/python3.12/site-packages/oslo_config/cfg.py:3253}}
Jul 23 11:58:13.994620 np0000005762 nova-conductor[99015]: DEBUG cotyledon.oslo_config_glue [-] workarounds.handle_virt_lifecycle_events = True {{(pid=99015) log_opt_values /opt/stack/data/venv/lib/python3.12/site-packages/oslo_config/cfg.py:3253}}
Jul 23 11:58:13.994620 np0000005762 nova-conductor[99015]: DEBUG cotyledon.oslo_config_glue [-] workarounds.libvirt_disable_apic = False {{(pid=99015) log_opt_values /opt/stack/data/venv/lib/python3.12/site-packages/oslo_config/cfg.py:3253}}
Jul 23 11:58:13.994620 np0000005762 nova-conductor[99015]: DEBUG cotyledon.oslo_config_glue [-] workarounds.never_download_image_if_on_rbd = False {{(pid=99015) log_opt_values /opt/stack/data/venv/lib/python3.12/site-packages/oslo_config/cfg.py:3253}}
Jul 23 11:58:13.994620 np0000005762 nova-conductor[99015]: DEBUG cotyledon.oslo_config_glue [-] workarounds.qemu_monitor_announce_self_count = 3 {{(pid=99015) log_opt_values /opt/stack/data/venv/lib/python3.12/site-packages/oslo_config/cfg.py:3253}}
Jul 23 11:58:13.994620 np0000005762 nova-conductor[99015]: DEBUG cotyledon.oslo_config_glue [-] workarounds.qemu_monitor_announce_self_interval = 1 {{(pid=99015) log_opt_values /opt/stack/data/venv/lib/python3.12/site-packages/oslo_config/cfg.py:3253}}
Jul 23 11:58:13.994620 np0000005762 nova-conductor[99015]: DEBUG cotyledon.oslo_config_glue [-] workarounds.reserve_disk_resource_for_image_cache = False {{(pid=99015) log_opt_values /opt/stack/data/venv/lib/python3.12/site-packages/oslo_config/cfg.py:3253}}
Jul 23 11:58:13.994784 np0000005762 nova-conductor[99015]: DEBUG cotyledon.oslo_config_glue [-] workarounds.skip_cpu_compare_at_startup = False {{(pid=99015) log_opt_values /opt/stack/data/venv/lib/python3.12/site-packages/oslo_config/cfg.py:3253}}
Jul 23 11:58:13.994784 np0000005762 nova-conductor[99015]: DEBUG cotyledon.oslo_config_glue [-] workarounds.skip_cpu_compare_on_dest = False {{(pid=99015) log_opt_values /opt/stack/data/venv/lib/python3.12/site-packages/oslo_config/cfg.py:3253}}
Jul 23 11:58:13.994784 np0000005762 nova-conductor[99015]: DEBUG cotyledon.oslo_config_glue [-] workarounds.skip_hypervisor_version_check_on_lm = False {{(pid=99015) log_opt_values /opt/stack/data/venv/lib/python3.12/site-packages/oslo_config/cfg.py:3253}}
Jul 23 11:58:13.994784 np0000005762 nova-conductor[99015]: DEBUG cotyledon.oslo_config_glue [-] workarounds.skip_reserve_in_use_ironic_nodes = False {{(pid=99015) log_opt_values /opt/stack/data/venv/lib/python3.12/site-packages/oslo_config/cfg.py:3253}}
Jul 23 11:58:13.994784 np0000005762 nova-conductor[99015]: DEBUG cotyledon.oslo_config_glue [-] workarounds.unified_limits_count_pcpu_as_vcpu = False {{(pid=99015) log_opt_values /opt/stack/data/venv/lib/python3.12/site-packages/oslo_config/cfg.py:3253}}
Jul 23 11:58:13.994784 np0000005762 nova-conductor[99015]: DEBUG cotyledon.oslo_config_glue [-] workarounds.wait_for_vif_plugged_event_during_hard_reboot = [] {{(pid=99015) log_opt_values /opt/stack/data/venv/lib/python3.12/site-packages/oslo_config/cfg.py:3253}}
Jul 23 11:58:13.994784 np0000005762 nova-conductor[99015]: DEBUG cotyledon.oslo_config_glue [-] wsgi.api_paste_config = /etc/nova/api-paste.ini {{(pid=99015) log_opt_values /opt/stack/data/venv/lib/python3.12/site-packages/oslo_config/cfg.py:3253}}
Jul 23 11:58:13.994784 np0000005762 nova-conductor[99015]: DEBUG cotyledon.oslo_config_glue [-] wsgi.secure_proxy_ssl_header = None {{(pid=99015) log_opt_values /opt/stack/data/venv/lib/python3.12/site-packages/oslo_config/cfg.py:3253}}
Jul 23 11:58:13.994784 np0000005762 nova-conductor[99015]: DEBUG cotyledon.oslo_config_glue [-] zvm.ca_file = None {{(pid=99015) log_opt_values /opt/stack/data/venv/lib/python3.12/site-packages/oslo_config/cfg.py:3253}}
Jul 23 11:58:13.994980 np0000005762 nova-conductor[99015]: DEBUG cotyledon.oslo_config_glue [-] zvm.cloud_connector_url = None {{(pid=99015) log_opt_values /opt/stack/data/venv/lib/python3.12/site-packages/oslo_config/cfg.py:3253}}
Jul 23 11:58:13.994980 np0000005762 nova-conductor[99015]: DEBUG cotyledon.oslo_config_glue [-] zvm.image_tmp_path = /opt/stack/data/nova/images {{(pid=99015) log_opt_values /opt/stack/data/venv/lib/python3.12/site-packages/oslo_config/cfg.py:3253}}
Jul 23 11:58:13.994980 np0000005762 nova-conductor[99015]: DEBUG cotyledon.oslo_config_glue [-] zvm.reachable_timeout = 300 {{(pid=99015) log_opt_values /opt/stack/data/venv/lib/python3.12/site-packages/oslo_config/cfg.py:3253}}
Jul 23 11:58:13.994980 np0000005762 nova-conductor[99015]: DEBUG cotyledon.oslo_config_glue [-] oslo_versionedobjects.fatal_exception_format_errors = False {{(pid=99015) log_opt_values /opt/stack/data/venv/lib/python3.12/site-packages/oslo_config/cfg.py:3253}}
Jul 23 11:58:13.994980 np0000005762 nova-conductor[99015]: DEBUG cotyledon.oslo_config_glue [-] oslo_middleware.http_basic_auth_user_file = /etc/htpasswd {{(pid=99015) log_opt_values /opt/stack/data/venv/lib/python3.12/site-packages/oslo_config/cfg.py:3253}}
Jul 23 11:58:13.994980 np0000005762 nova-conductor[99015]: DEBUG cotyledon.oslo_config_glue [-] profiler.connection_string = messaging:// {{(pid=99015) log_opt_values /opt/stack/data/venv/lib/python3.12/site-packages/oslo_config/cfg.py:3253}}
Jul 23 11:58:13.995109 np0000005762 nova-conductor[99019]: INFO nova.service [-] Starting conductor node (version 33.1.0)
Jul 23 11:58:13.995134 np0000005762 nova-conductor[99015]: DEBUG cotyledon.oslo_config_glue [-] profiler.enabled = False {{(pid=99015) log_opt_values /opt/stack/data/venv/lib/python3.12/site-packages/oslo_config/cfg.py:3253}}
Jul 23 11:58:13.995134 np0000005762 nova-conductor[99015]: DEBUG cotyledon.oslo_config_glue [-] profiler.es_doc_type = notification {{(pid=99015) log_opt_values /opt/stack/data/venv/lib/python3.12/site-packages/oslo_config/cfg.py:3253}}
Jul 23 11:58:13.995134 np0000005762 nova-conductor[99015]: DEBUG cotyledon.oslo_config_glue [-] profiler.es_scroll_size = 10000 {{(pid=99015) log_opt_values /opt/stack/data/venv/lib/python3.12/site-packages/oslo_config/cfg.py:3253}}
Jul 23 11:58:13.995134 np0000005762 nova-conductor[99015]: DEBUG cotyledon.oslo_config_glue [-] profiler.es_scroll_time = 2m {{(pid=99015) log_opt_values /opt/stack/data/venv/lib/python3.12/site-packages/oslo_config/cfg.py:3253}}
Jul 23 11:58:13.995134 np0000005762 nova-conductor[99015]: DEBUG cotyledon.oslo_config_glue [-] profiler.filter_error_trace = False {{(pid=99015) log_opt_values /opt/stack/data/venv/lib/python3.12/site-packages/oslo_config/cfg.py:3253}}
Jul 23 11:58:13.995134 np0000005762 nova-conductor[99015]: DEBUG cotyledon.oslo_config_glue [-] profiler.hmac_keys = **** {{(pid=99015) log_opt_values /opt/stack/data/venv/lib/python3.12/site-packages/oslo_config/cfg.py:3253}}
Jul 23 11:58:13.995134 np0000005762 nova-conductor[99015]: DEBUG cotyledon.oslo_config_glue [-] profiler.sentinel_service_name = mymaster {{(pid=99015) log_opt_values /opt/stack/data/venv/lib/python3.12/site-packages/oslo_config/cfg.py:3253}}
Jul 23 11:58:13.995134 np0000005762 nova-conductor[99015]: DEBUG cotyledon.oslo_config_glue [-] profiler.socket_timeout = 0.1 {{(pid=99015) log_opt_values /opt/stack/data/venv/lib/python3.12/site-packages/oslo_config/cfg.py:3253}}
Jul 23 11:58:13.995134 np0000005762 nova-conductor[99015]: DEBUG cotyledon.oslo_config_glue [-] profiler.trace_requests = False {{(pid=99015) log_opt_values /opt/stack/data/venv/lib/python3.12/site-packages/oslo_config/cfg.py:3253}}
Jul 23 11:58:13.995301 np0000005762 nova-conductor[99015]: DEBUG cotyledon.oslo_config_glue [-] profiler.trace_sqlalchemy = False {{(pid=99015) log_opt_values /opt/stack/data/venv/lib/python3.12/site-packages/oslo_config/cfg.py:3253}}
Jul 23 11:58:13.995301 np0000005762 nova-conductor[99015]: DEBUG cotyledon.oslo_config_glue [-] profiler_jaeger.process_tags = {} {{(pid=99015) log_opt_values /opt/stack/data/venv/lib/python3.12/site-packages/oslo_config/cfg.py:3253}}
Jul 23 11:58:13.995301 np0000005762 nova-conductor[99015]: DEBUG cotyledon.oslo_config_glue [-] profiler_jaeger.service_name_prefix = None {{(pid=99015) log_opt_values /opt/stack/data/venv/lib/python3.12/site-packages/oslo_config/cfg.py:3253}}
Jul 23 11:58:13.995301 np0000005762 nova-conductor[99015]: DEBUG cotyledon.oslo_config_glue [-] profiler_otlp.service_name_prefix = None {{(pid=99015) log_opt_values /opt/stack/data/venv/lib/python3.12/site-packages/oslo_config/cfg.py:3253}}
Jul 23 11:58:13.995301 np0000005762 nova-conductor[99015]: DEBUG cotyledon.oslo_config_glue [-] oslo_messaging_rabbit.amqp_auto_delete = False {{(pid=99015) log_opt_values /opt/stack/data/venv/lib/python3.12/site-packages/oslo_config/cfg.py:3253}}
Jul 23 11:58:13.995301 np0000005762 nova-conductor[99015]: DEBUG cotyledon.oslo_config_glue [-] oslo_messaging_rabbit.amqp_durable_queues = False {{(pid=99015) log_opt_values /opt/stack/data/venv/lib/python3.12/site-packages/oslo_config/cfg.py:3253}}
Jul 23 11:58:13.995301 np0000005762 nova-conductor[99015]: DEBUG cotyledon.oslo_config_glue [-] oslo_messaging_rabbit.conn_pool_min_size = 2 {{(pid=99015) log_opt_values /opt/stack/data/venv/lib/python3.12/site-packages/oslo_config/cfg.py:3253}}
Jul 23 11:58:13.995301 np0000005762 nova-conductor[99015]: DEBUG cotyledon.oslo_config_glue [-] oslo_messaging_rabbit.conn_pool_ttl = 1200 {{(pid=99015) log_opt_values /opt/stack/data/venv/lib/python3.12/site-packages/oslo_config/cfg.py:3253}}
Jul 23 11:58:13.995301 np0000005762 nova-conductor[99015]: DEBUG cotyledon.oslo_config_glue [-] oslo_messaging_rabbit.direct_mandatory_flag = True {{(pid=99015) log_opt_values /opt/stack/data/venv/lib/python3.12/site-packages/oslo_config/cfg.py:3253}}
Jul 23 11:58:13.995495 np0000005762 nova-conductor[99015]: DEBUG cotyledon.oslo_config_glue [-] oslo_messaging_rabbit.enable_cancel_on_failover = False {{(pid=99015) log_opt_values /opt/stack/data/venv/lib/python3.12/site-packages/oslo_config/cfg.py:3253}}
Jul 23 11:58:13.995495 np0000005762 nova-conductor[99015]: DEBUG cotyledon.oslo_config_glue [-] oslo_messaging_rabbit.heartbeat_rate = 3 {{(pid=99015) log_opt_values /opt/stack/data/venv/lib/python3.12/site-packages/oslo_config/cfg.py:3253}}
Jul 23 11:58:13.995495 np0000005762 nova-conductor[99015]: DEBUG cotyledon.oslo_config_glue [-] oslo_messaging_rabbit.heartbeat_timeout_threshold = 60 {{(pid=99015) log_opt_values /opt/stack/data/venv/lib/python3.12/site-packages/oslo_config/cfg.py:3253}}
Jul 23 11:58:13.995495 np0000005762 nova-conductor[99015]: DEBUG cotyledon.oslo_config_glue [-] oslo_messaging_rabbit.hostname = np0000005762 {{(pid=99015) log_opt_values /opt/stack/data/venv/lib/python3.12/site-packages/oslo_config/cfg.py:3253}}
Jul 23 11:58:13.995495 np0000005762 nova-conductor[99015]: DEBUG cotyledon.oslo_config_glue [-] oslo_messaging_rabbit.kombu_compression = None {{(pid=99015) log_opt_values /opt/stack/data/venv/lib/python3.12/site-packages/oslo_config/cfg.py:3253}}
Jul 23 11:58:13.995495 np0000005762 nova-conductor[99015]: DEBUG cotyledon.oslo_config_glue [-] oslo_messaging_rabbit.kombu_failover_strategy = round-robin {{(pid=99015) log_opt_values /opt/stack/data/venv/lib/python3.12/site-packages/oslo_config/cfg.py:3253}}
Jul 23 11:58:13.995495 np0000005762 nova-conductor[99015]: DEBUG cotyledon.oslo_config_glue [-] oslo_messaging_rabbit.kombu_missing_consumer_retry_timeout = 60 {{(pid=99015) log_opt_values /opt/stack/data/venv/lib/python3.12/site-packages/oslo_config/cfg.py:3253}}
Jul 23 11:58:13.995495 np0000005762 nova-conductor[99015]: DEBUG cotyledon.oslo_config_glue [-] oslo_messaging_rabbit.kombu_reconnect_delay = 1.0 {{(pid=99015) log_opt_values /opt/stack/data/venv/lib/python3.12/site-packages/oslo_config/cfg.py:3253}}
Jul 23 11:58:13.995495 np0000005762 nova-conductor[99015]: DEBUG cotyledon.oslo_config_glue [-] oslo_messaging_rabbit.kombu_reconnect_splay = 0.0 {{(pid=99015) log_opt_values /opt/stack/data/venv/lib/python3.12/site-packages/oslo_config/cfg.py:3253}}
Jul 23 11:58:13.995702 np0000005762 nova-conductor[99015]: DEBUG cotyledon.oslo_config_glue [-] oslo_messaging_rabbit.processname = nova-conductor {{(pid=99015) log_opt_values /opt/stack/data/venv/lib/python3.12/site-packages/oslo_config/cfg.py:3253}}
Jul 23 11:58:13.995702 np0000005762 nova-conductor[99015]: DEBUG cotyledon.oslo_config_glue [-] oslo_messaging_rabbit.rabbit_ha_queues = False {{(pid=99015) log_opt_values /opt/stack/data/venv/lib/python3.12/site-packages/oslo_config/cfg.py:3253}}
Jul 23 11:58:13.995702 np0000005762 nova-conductor[99015]: DEBUG cotyledon.oslo_config_glue [-] oslo_messaging_rabbit.rabbit_interval_max = 30 {{(pid=99015) log_opt_values /opt/stack/data/venv/lib/python3.12/site-packages/oslo_config/cfg.py:3253}}
Jul 23 11:58:13.995702 np0000005762 nova-conductor[99015]: DEBUG cotyledon.oslo_config_glue [-] oslo_messaging_rabbit.rabbit_login_method = AMQPLAIN {{(pid=99015) log_opt_values /opt/stack/data/venv/lib/python3.12/site-packages/oslo_config/cfg.py:3253}}
Jul 23 11:58:13.995702 np0000005762 nova-conductor[99015]: DEBUG cotyledon.oslo_config_glue [-] oslo_messaging_rabbit.rabbit_qos_prefetch_count = 0 {{(pid=99015) log_opt_values /opt/stack/data/venv/lib/python3.12/site-packages/oslo_config/cfg.py:3253}}
Jul 23 11:58:13.995702 np0000005762 nova-conductor[99015]: DEBUG cotyledon.oslo_config_glue [-] oslo_messaging_rabbit.rabbit_quorum_delivery_limit = 0 {{(pid=99015) log_opt_values /opt/stack/data/venv/lib/python3.12/site-packages/oslo_config/cfg.py:3253}}
Jul 23 11:58:13.995702 np0000005762 nova-conductor[99015]: DEBUG cotyledon.oslo_config_glue [-] oslo_messaging_rabbit.rabbit_quorum_max_memory_bytes = 0 {{(pid=99015) log_opt_values /opt/stack/data/venv/lib/python3.12/site-packages/oslo_config/cfg.py:3253}}
Jul 23 11:58:13.995702 np0000005762 nova-conductor[99015]: DEBUG cotyledon.oslo_config_glue [-] oslo_messaging_rabbit.rabbit_quorum_max_memory_length = 0 {{(pid=99015) log_opt_values /opt/stack/data/venv/lib/python3.12/site-packages/oslo_config/cfg.py:3253}}
Jul 23 11:58:13.995702 np0000005762 nova-conductor[99015]: DEBUG cotyledon.oslo_config_glue [-] oslo_messaging_rabbit.rabbit_quorum_queue = False {{(pid=99015) log_opt_values /opt/stack/data/venv/lib/python3.12/site-packages/oslo_config/cfg.py:3253}}
Jul 23 11:58:13.995868 np0000005762 nova-conductor[99015]: DEBUG cotyledon.oslo_config_glue [-] oslo_messaging_rabbit.rabbit_retry_backoff = 2 {{(pid=99015) log_opt_values /opt/stack/data/venv/lib/python3.12/site-packages/oslo_config/cfg.py:3253}}
Jul 23 11:58:13.995868 np0000005762 nova-conductor[99015]: DEBUG cotyledon.oslo_config_glue [-] oslo_messaging_rabbit.rabbit_retry_interval = 1 {{(pid=99015) log_opt_values /opt/stack/data/venv/lib/python3.12/site-packages/oslo_config/cfg.py:3253}}
Jul 23 11:58:13.995868 np0000005762 nova-conductor[99015]: DEBUG cotyledon.oslo_config_glue [-] oslo_messaging_rabbit.rabbit_stream_fanout = False {{(pid=99015) log_opt_values /opt/stack/data/venv/lib/python3.12/site-packages/oslo_config/cfg.py:3253}}
Jul 23 11:58:13.995868 np0000005762 nova-conductor[99015]: DEBUG cotyledon.oslo_config_glue [-] oslo_messaging_rabbit.rabbit_transient_queues_ttl = 1800 {{(pid=99015) log_opt_values /opt/stack/data/venv/lib/python3.12/site-packages/oslo_config/cfg.py:3253}}
Jul 23 11:58:13.995868 np0000005762 nova-conductor[99015]: DEBUG cotyledon.oslo_config_glue [-] oslo_messaging_rabbit.rabbit_transient_quorum_queue = False {{(pid=99015) log_opt_values /opt/stack/data/venv/lib/python3.12/site-packages/oslo_config/cfg.py:3253}}
Jul 23 11:58:13.995868 np0000005762 nova-conductor[99015]: DEBUG cotyledon.oslo_config_glue [-] oslo_messaging_rabbit.rpc_conn_pool_size = 30 {{(pid=99015) log_opt_values /opt/stack/data/venv/lib/python3.12/site-packages/oslo_config/cfg.py:3253}}
Jul 23 11:58:13.995868 np0000005762 nova-conductor[99015]: DEBUG cotyledon.oslo_config_glue [-] oslo_messaging_rabbit.ssl = False {{(pid=99015) log_opt_values /opt/stack/data/venv/lib/python3.12/site-packages/oslo_config/cfg.py:3253}}
Jul 23 11:58:13.995868 np0000005762 nova-conductor[99015]: DEBUG cotyledon.oslo_config_glue [-] oslo_messaging_rabbit.ssl_ca_file = {{(pid=99015) log_opt_values /opt/stack/data/venv/lib/python3.12/site-packages/oslo_config/cfg.py:3253}}
Jul 23 11:58:13.995868 np0000005762 nova-conductor[99015]: DEBUG cotyledon.oslo_config_glue [-] oslo_messaging_rabbit.ssl_cert_file = {{(pid=99015) log_opt_values /opt/stack/data/venv/lib/python3.12/site-packages/oslo_config/cfg.py:3253}}
Jul 23 11:58:13.996036 np0000005762 nova-conductor[99015]: DEBUG cotyledon.oslo_config_glue [-] oslo_messaging_rabbit.ssl_enforce_fips_mode = False {{(pid=99015) log_opt_values /opt/stack/data/venv/lib/python3.12/site-packages/oslo_config/cfg.py:3253}}
Jul 23 11:58:13.996036 np0000005762 nova-conductor[99015]: DEBUG cotyledon.oslo_config_glue [-] oslo_messaging_rabbit.ssl_enforce_hostname_verification = True {{(pid=99015) log_opt_values /opt/stack/data/venv/lib/python3.12/site-packages/oslo_config/cfg.py:3253}}
Jul 23 11:58:13.996036 np0000005762 nova-conductor[99015]: DEBUG cotyledon.oslo_config_glue [-] oslo_messaging_rabbit.ssl_key_file = {{(pid=99015) log_opt_values /opt/stack/data/venv/lib/python3.12/site-packages/oslo_config/cfg.py:3253}}
Jul 23 11:58:13.996036 np0000005762 nova-conductor[99015]: DEBUG cotyledon.oslo_config_glue [-] oslo_messaging_rabbit.ssl_version = {{(pid=99015) log_opt_values /opt/stack/data/venv/lib/python3.12/site-packages/oslo_config/cfg.py:3253}}
Jul 23 11:58:13.996036 np0000005762 nova-conductor[99015]: DEBUG cotyledon.oslo_config_glue [-] oslo_messaging_rabbit.use_queue_manager = False {{(pid=99015) log_opt_values /opt/stack/data/venv/lib/python3.12/site-packages/oslo_config/cfg.py:3253}}
Jul 23 11:58:13.996036 np0000005762 nova-conductor[99015]: DEBUG cotyledon.oslo_config_glue [-] oslo_messaging_notifications.driver = ['messagingv2'] {{(pid=99015) log_opt_values /opt/stack/data/venv/lib/python3.12/site-packages/oslo_config/cfg.py:3253}}
Jul 23 11:58:13.996036 np0000005762 nova-conductor[99015]: DEBUG cotyledon.oslo_config_glue [-] oslo_messaging_notifications.retry = -1 {{(pid=99015) log_opt_values /opt/stack/data/venv/lib/python3.12/site-packages/oslo_config/cfg.py:3253}}
Jul 23 11:58:13.996036 np0000005762 nova-conductor[99015]: DEBUG cotyledon.oslo_config_glue [-] oslo_messaging_notifications.topics = ['notifications'] {{(pid=99015) log_opt_values /opt/stack/data/venv/lib/python3.12/site-packages/oslo_config/cfg.py:3253}}
Jul 23 11:58:13.996036 np0000005762 nova-conductor[99015]: DEBUG cotyledon.oslo_config_glue [-] oslo_messaging_notifications.transport_url = **** {{(pid=99015) log_opt_values /opt/stack/data/venv/lib/python3.12/site-packages/oslo_config/cfg.py:3253}}
Jul 23 11:58:13.996263 np0000005762 nova-conductor[99015]: DEBUG cotyledon.oslo_config_glue [-] oslo_limit.auth_section = None {{(pid=99015) log_opt_values /opt/stack/data/venv/lib/python3.12/site-packages/oslo_config/cfg.py:3253}}
Jul 23 11:58:13.996263 np0000005762 nova-conductor[99015]: DEBUG cotyledon.oslo_config_glue [-] oslo_limit.auth_type = None {{(pid=99015) log_opt_values /opt/stack/data/venv/lib/python3.12/site-packages/oslo_config/cfg.py:3253}}
Jul 23 11:58:13.996263 np0000005762 nova-conductor[99015]: DEBUG cotyledon.oslo_config_glue [-] oslo_limit.cafile = None {{(pid=99015) log_opt_values /opt/stack/data/venv/lib/python3.12/site-packages/oslo_config/cfg.py:3253}}
Jul 23 11:58:13.996263 np0000005762 nova-conductor[99015]: DEBUG cotyledon.oslo_config_glue [-] oslo_limit.certfile = None {{(pid=99015) log_opt_values /opt/stack/data/venv/lib/python3.12/site-packages/oslo_config/cfg.py:3253}}
Jul 23 11:58:13.996263 np0000005762 nova-conductor[99015]: DEBUG cotyledon.oslo_config_glue [-] oslo_limit.collect_timing = False {{(pid=99015) log_opt_values /opt/stack/data/venv/lib/python3.12/site-packages/oslo_config/cfg.py:3253}}
Jul 23 11:58:13.996263 np0000005762 nova-conductor[99015]: DEBUG cotyledon.oslo_config_glue [-] oslo_limit.connect_retries = None {{(pid=99015) log_opt_values /opt/stack/data/venv/lib/python3.12/site-packages/oslo_config/cfg.py:3253}}
Jul 23 11:58:13.996263 np0000005762 nova-conductor[99015]: DEBUG cotyledon.oslo_config_glue [-] oslo_limit.connect_retry_delay = None {{(pid=99015) log_opt_values /opt/stack/data/venv/lib/python3.12/site-packages/oslo_config/cfg.py:3253}}
Jul 23 11:58:13.996263 np0000005762 nova-conductor[99015]: DEBUG cotyledon.oslo_config_glue [-] oslo_limit.endpoint_id = None {{(pid=99015) log_opt_values /opt/stack/data/venv/lib/python3.12/site-packages/oslo_config/cfg.py:3253}}
Jul 23 11:58:13.996263 np0000005762 nova-conductor[99015]: DEBUG cotyledon.oslo_config_glue [-] oslo_limit.endpoint_interface = public {{(pid=99015) log_opt_values /opt/stack/data/venv/lib/python3.12/site-packages/oslo_config/cfg.py:3253}}
Jul 23 11:58:13.996554 np0000005762 nova-conductor[99015]: DEBUG cotyledon.oslo_config_glue [-] oslo_limit.endpoint_override = None {{(pid=99015) log_opt_values /opt/stack/data/venv/lib/python3.12/site-packages/oslo_config/cfg.py:3253}}
Jul 23 11:58:13.996554 np0000005762 nova-conductor[99015]: DEBUG cotyledon.oslo_config_glue [-] oslo_limit.endpoint_region_name = None {{(pid=99015) log_opt_values /opt/stack/data/venv/lib/python3.12/site-packages/oslo_config/cfg.py:3253}}
Jul 23 11:58:13.996554 np0000005762 nova-conductor[99015]: DEBUG cotyledon.oslo_config_glue [-] oslo_limit.endpoint_service_name = None {{(pid=99015) log_opt_values /opt/stack/data/venv/lib/python3.12/site-packages/oslo_config/cfg.py:3253}}
Jul 23 11:58:13.996554 np0000005762 nova-conductor[99015]: DEBUG cotyledon.oslo_config_glue [-] oslo_limit.endpoint_service_type = None {{(pid=99015) log_opt_values /opt/stack/data/venv/lib/python3.12/site-packages/oslo_config/cfg.py:3253}}
Jul 23 11:58:13.996554 np0000005762 nova-conductor[99015]: DEBUG cotyledon.oslo_config_glue [-] oslo_limit.insecure = False {{(pid=99015) log_opt_values /opt/stack/data/venv/lib/python3.12/site-packages/oslo_config/cfg.py:3253}}
Jul 23 11:58:13.996554 np0000005762 nova-conductor[99015]: DEBUG cotyledon.oslo_config_glue [-] oslo_limit.keyfile = None {{(pid=99015) log_opt_values /opt/stack/data/venv/lib/python3.12/site-packages/oslo_config/cfg.py:3253}}
Jul 23 11:58:13.996554 np0000005762 nova-conductor[99015]: DEBUG cotyledon.oslo_config_glue [-] oslo_limit.max_version = None {{(pid=99015) log_opt_values /opt/stack/data/venv/lib/python3.12/site-packages/oslo_config/cfg.py:3253}}
Jul 23 11:58:13.996554 np0000005762 nova-conductor[99015]: DEBUG cotyledon.oslo_config_glue [-] oslo_limit.min_version = None {{(pid=99015) log_opt_values /opt/stack/data/venv/lib/python3.12/site-packages/oslo_config/cfg.py:3253}}
Jul 23 11:58:13.996554 np0000005762 nova-conductor[99015]: DEBUG cotyledon.oslo_config_glue [-] oslo_limit.region_name = None {{(pid=99015) log_opt_values /opt/stack/data/venv/lib/python3.12/site-packages/oslo_config/cfg.py:3253}}
Jul 23 11:58:13.996817 np0000005762 nova-conductor[99015]: DEBUG cotyledon.oslo_config_glue [-] oslo_limit.retriable_status_codes = None {{(pid=99015) log_opt_values /opt/stack/data/venv/lib/python3.12/site-packages/oslo_config/cfg.py:3253}}
Jul 23 11:58:13.996817 np0000005762 nova-conductor[99015]: DEBUG cotyledon.oslo_config_glue [-] oslo_limit.service_name = None {{(pid=99015) log_opt_values /opt/stack/data/venv/lib/python3.12/site-packages/oslo_config/cfg.py:3253}}
Jul 23 11:58:13.996817 np0000005762 nova-conductor[99015]: DEBUG cotyledon.oslo_config_glue [-] oslo_limit.service_type = None {{(pid=99015) log_opt_values /opt/stack/data/venv/lib/python3.12/site-packages/oslo_config/cfg.py:3253}}
Jul 23 11:58:13.996817 np0000005762 nova-conductor[99015]: DEBUG cotyledon.oslo_config_glue [-] oslo_limit.split_loggers = False {{(pid=99015) log_opt_values /opt/stack/data/venv/lib/python3.12/site-packages/oslo_config/cfg.py:3253}}
Jul 23 11:58:13.996817 np0000005762 nova-conductor[99015]: DEBUG cotyledon.oslo_config_glue [-] oslo_limit.status_code_retries = None {{(pid=99015) log_opt_values /opt/stack/data/venv/lib/python3.12/site-packages/oslo_config/cfg.py:3253}}
Jul 23 11:58:13.996817 np0000005762 nova-conductor[99015]: DEBUG cotyledon.oslo_config_glue [-] oslo_limit.status_code_retry_delay = None {{(pid=99015) log_opt_values /opt/stack/data/venv/lib/python3.12/site-packages/oslo_config/cfg.py:3253}}
Jul 23 11:58:13.996817 np0000005762 nova-conductor[99015]: DEBUG cotyledon.oslo_config_glue [-] oslo_limit.timeout = None {{(pid=99015) log_opt_values /opt/stack/data/venv/lib/python3.12/site-packages/oslo_config/cfg.py:3253}}
Jul 23 11:58:13.997053 np0000005762 nova-conductor[99019]: INFO dbcounter [None req-2a58dea7-27ea-4e5f-a36e-7a4cba7fe377 None None] Registered counter for database nova_cell0
Jul 23 11:58:13.997117 np0000005762 nova-conductor[99015]: DEBUG cotyledon.oslo_config_glue [-] oslo_limit.valid_interfaces = None {{(pid=99015) log_opt_values /opt/stack/data/venv/lib/python3.12/site-packages/oslo_config/cfg.py:3253}}
Jul 23 11:58:13.997117 np0000005762 nova-conductor[99015]: DEBUG cotyledon.oslo_config_glue [-] oslo_limit.version = None {{(pid=99015) log_opt_values /opt/stack/data/venv/lib/python3.12/site-packages/oslo_config/cfg.py:3253}}
Jul 23 11:58:13.997117 np0000005762 nova-conductor[99015]: DEBUG cotyledon.oslo_config_glue [-] oslo_reports.file_event_handler = None {{(pid=99015) log_opt_values /opt/stack/data/venv/lib/python3.12/site-packages/oslo_config/cfg.py:3253}}
Jul 23 11:58:13.997117 np0000005762 nova-conductor[99015]: DEBUG cotyledon.oslo_config_glue [-] oslo_reports.file_event_handler_interval = 1 {{(pid=99015) log_opt_values /opt/stack/data/venv/lib/python3.12/site-packages/oslo_config/cfg.py:3253}}
Jul 23 11:58:13.997117 np0000005762 nova-conductor[99015]: DEBUG cotyledon.oslo_config_glue [-] oslo_reports.log_dir = None {{(pid=99015) log_opt_values /opt/stack/data/venv/lib/python3.12/site-packages/oslo_config/cfg.py:3253}}
Jul 23 11:58:13.997117 np0000005762 nova-conductor[99015]: DEBUG cotyledon.oslo_config_glue [-] ******************************************************************************** {{(pid=99015) log_opt_values /opt/stack/data/venv/lib/python3.12/site-packages/oslo_config/cfg.py:3260}}
Jul 23 11:58:13.997117 np0000005762 nova-conductor[99015]: DEBUG cotyledon._service_worker [-] Run service ServiceWrapper(2) [99015] {{(pid=99015) wait_forever /opt/stack/data/venv/lib/python3.12/site-packages/cotyledon/_service_worker.py:218}}
Jul 23 11:58:13.997117 np0000005762 nova-conductor[99015]: INFO nova.service [-] Starting conductor node (version 33.1.0)
Jul 23 11:58:13.997325 np0000005762 nova-conductor[99001]: DEBUG oslo_db.sqlalchemy.engines [None req-af64d678-8116-4f58-a0f1-6737036893cb None None] MySQL server mode set to STRICT_TRANS_TABLES,STRICT_ALL_TABLES,NO_ZERO_IN_DATE,NO_ZERO_DATE,ERROR_FOR_DIVISION_BY_ZERO,TRADITIONAL,NO_ENGINE_SUBSTITUTION {{(pid=99001) _check_effective_sql_mode /opt/stack/data/venv/lib/python3.12/site-packages/oslo_db/sqlalchemy/engines.py:325}}
Jul 23 11:58:13.997378 np0000005762 nova-conductor[99015]: INFO dbcounter [None req-d1402ad7-599e-4f73-a7d4-d6e042d5ec3d None None] Registered counter for database nova_cell0
Jul 23 11:58:13.997420 np0000005762 nova-conductor[99001]: DEBUG dbcounter [-] [99001] Writer thread running {{(pid=99001) stat_writer /opt/stack/data/venv/lib/python3.12/site-packages/dbcounter.py:102}}
Jul 23 11:58:13.997464 np0000005762 nova-conductor[99008]: DEBUG oslo_db.sqlalchemy.engines [None req-bc6d4908-5d52-4fbe-ae94-0154e5c1bc9e None None] MySQL server mode set to STRICT_TRANS_TABLES,STRICT_ALL_TABLES,NO_ZERO_IN_DATE,NO_ZERO_DATE,ERROR_FOR_DIVISION_BY_ZERO,TRADITIONAL,NO_ENGINE_SUBSTITUTION {{(pid=99008) _check_effective_sql_mode /opt/stack/data/venv/lib/python3.12/site-packages/oslo_db/sqlalchemy/engines.py:325}}
Jul 23 11:58:13.997464 np0000005762 nova-conductor[99008]: DEBUG dbcounter [-] [99008] Writer thread running {{(pid=99008) stat_writer /opt/stack/data/venv/lib/python3.12/site-packages/dbcounter.py:102}}
Jul 23 11:58:13.997544 np0000005762 nova-conductor[99001]: DEBUG nova.service [None req-af64d678-8116-4f58-a0f1-6737036893cb None None] Creating RPC server for service: nova-conductor on topic: conductor {{(pid=99001) start /opt/stack/nova/nova/service.py:196}}
Jul 23 11:58:13.998164 np0000005762 nova-conductor[99008]: DEBUG nova.service [None req-bc6d4908-5d52-4fbe-ae94-0154e5c1bc9e None None] Creating RPC server for service: nova-conductor on topic: conductor {{(pid=99008) start /opt/stack/nova/nova/service.py:196}}
Jul 23 11:58:14.007477 np0000005762 nova-conductor[99019]: DEBUG oslo_db.sqlalchemy.engines [None req-2a58dea7-27ea-4e5f-a36e-7a4cba7fe377 None None] MySQL server mode set to STRICT_TRANS_TABLES,STRICT_ALL_TABLES,NO_ZERO_IN_DATE,NO_ZERO_DATE,ERROR_FOR_DIVISION_BY_ZERO,TRADITIONAL,NO_ENGINE_SUBSTITUTION {{(pid=99019) _check_effective_sql_mode /opt/stack/data/venv/lib/python3.12/site-packages/oslo_db/sqlalchemy/engines.py:325}}
Jul 23 11:58:14.016625 np0000005762 nova-conductor[99019]: DEBUG dbcounter [-] [99019] Writer thread running {{(pid=99019) stat_writer /opt/stack/data/venv/lib/python3.12/site-packages/dbcounter.py:102}}
Jul 23 11:58:14.019163 np0000005762 nova-conductor[99008]: DEBUG nova.service [None req-bc6d4908-5d52-4fbe-ae94-0154e5c1bc9e None None] Join ServiceGroup membership for this service conductor {{(pid=99008) start /opt/stack/nova/nova/service.py:222}}
Jul 23 11:58:14.019318 np0000005762 nova-conductor[99001]: DEBUG nova.service [None req-af64d678-8116-4f58-a0f1-6737036893cb None None] Join ServiceGroup membership for this service conductor {{(pid=99001) start /opt/stack/nova/nova/service.py:222}}
Jul 23 11:58:14.019476 np0000005762 nova-conductor[99019]: DEBUG nova.service [None req-2a58dea7-27ea-4e5f-a36e-7a4cba7fe377 None None] Creating RPC server for service: nova-conductor on topic: conductor {{(pid=99019) start /opt/stack/nova/nova/service.py:196}}
Jul 23 11:58:14.019548 np0000005762 nova-conductor[99001]: DEBUG nova.servicegroup.drivers.db [None req-af64d678-8116-4f58-a0f1-6737036893cb None None] DB_Driver: join new ServiceGroup member np0000005762 to the conductor group, service = {{(pid=99001) join /opt/stack/nova/nova/servicegroup/drivers/db.py:44}}
Jul 23 11:58:14.019665 np0000005762 nova-conductor[99008]: DEBUG nova.servicegroup.drivers.db [None req-bc6d4908-5d52-4fbe-ae94-0154e5c1bc9e None None] DB_Driver: join new ServiceGroup member np0000005762 to the conductor group, service = {{(pid=99008) join /opt/stack/nova/nova/servicegroup/drivers/db.py:44}}
Jul 23 11:58:14.020085 np0000005762 nova-conductor[99015]: DEBUG oslo_db.sqlalchemy.engines [None req-d1402ad7-599e-4f73-a7d4-d6e042d5ec3d None None] MySQL server mode set to STRICT_TRANS_TABLES,STRICT_ALL_TABLES,NO_ZERO_IN_DATE,NO_ZERO_DATE,ERROR_FOR_DIVISION_BY_ZERO,TRADITIONAL,NO_ENGINE_SUBSTITUTION {{(pid=99015) _check_effective_sql_mode /opt/stack/data/venv/lib/python3.12/site-packages/oslo_db/sqlalchemy/engines.py:325}}
Jul 23 11:58:14.033435 np0000005762 nova-conductor[99015]: DEBUG dbcounter [-] [99015] Writer thread running {{(pid=99015) stat_writer /opt/stack/data/venv/lib/python3.12/site-packages/dbcounter.py:102}}
Jul 23 11:58:14.033435 np0000005762 nova-conductor[99015]: DEBUG nova.service [None req-d1402ad7-599e-4f73-a7d4-d6e042d5ec3d None None] Creating RPC server for service: nova-conductor on topic: conductor {{(pid=99015) start /opt/stack/nova/nova/service.py:196}}
Jul 23 11:58:14.038080 np0000005762 nova-conductor[99019]: DEBUG nova.service [None req-2a58dea7-27ea-4e5f-a36e-7a4cba7fe377 None None] Join ServiceGroup membership for this service conductor {{(pid=99019) start /opt/stack/nova/nova/service.py:222}}
Jul 23 11:58:14.038267 np0000005762 nova-conductor[99019]: DEBUG nova.servicegroup.drivers.db [None req-2a58dea7-27ea-4e5f-a36e-7a4cba7fe377 None None] DB_Driver: join new ServiceGroup member np0000005762 to the conductor group, service = {{(pid=99019) join /opt/stack/nova/nova/servicegroup/drivers/db.py:44}}
Jul 23 11:58:14.049020 np0000005762 nova-conductor[99015]: DEBUG nova.service [None req-d1402ad7-599e-4f73-a7d4-d6e042d5ec3d None None] Join ServiceGroup membership for this service conductor {{(pid=99015) start /opt/stack/nova/nova/service.py:222}}
Jul 23 11:58:14.049240 np0000005762 nova-conductor[99015]: DEBUG nova.servicegroup.drivers.db [None req-d1402ad7-599e-4f73-a7d4-d6e042d5ec3d None None] DB_Driver: join new ServiceGroup member np0000005762 to the conductor group, service = {{(pid=99015) join /opt/stack/nova/nova/servicegroup/drivers/db.py:44}}
Jul 23 11:58:19.034629 np0000005762 nova-conductor[99008]: DEBUG oslo.service.backend._threading.loopingcall [-] Fixed interval looping call 'nova.servicegroup.drivers.db.DbDriver._report_state' sleeping for 119.99 seconds {{(pid=99008) _run_loop /opt/stack/data/venv/lib/python3.12/site-packages/oslo_service/backend/_threading/loopingcall.py:125}}
Jul 23 11:58:19.037222 np0000005762 nova-conductor[99001]: DEBUG oslo.service.backend._threading.loopingcall [-] Fixed interval looping call 'nova.servicegroup.drivers.db.DbDriver._report_state' sleeping for 119.98 seconds {{(pid=99001) _run_loop /opt/stack/data/venv/lib/python3.12/site-packages/oslo_service/backend/_threading/loopingcall.py:125}}
Jul 23 11:58:19.048841 np0000005762 nova-conductor[99019]: DEBUG oslo.service.backend._threading.loopingcall [-] Fixed interval looping call 'nova.servicegroup.drivers.db.DbDriver._report_state' sleeping for 119.99 seconds {{(pid=99019) _run_loop /opt/stack/data/venv/lib/python3.12/site-packages/oslo_service/backend/_threading/loopingcall.py:125}}
Jul 23 11:58:19.060213 np0000005762 nova-conductor[99015]: DEBUG oslo.service.backend._threading.loopingcall [-] Fixed interval looping call 'nova.servicegroup.drivers.db.DbDriver._report_state' sleeping for 119.99 seconds {{(pid=99015) _run_loop /opt/stack/data/venv/lib/python3.12/site-packages/oslo_service/backend/_threading/loopingcall.py:125}}
Jul 23 11:58:22.021535 np0000005762 nova-conductor[99008]: DEBUG oslo.service.backend._threading.loopingcall [None req-0ec879ee-3662-41db-8321-6d4ee1fbfa8a None None] Dynamic interval looping call 'nova.service.Service.periodic_tasks' sleeping for 60.00 seconds {{(pid=99008) _run_loop /opt/stack/data/venv/lib/python3.12/site-packages/oslo_service/backend/_threading/loopingcall.py:125}}
Jul 23 11:58:22.619763 np0000005762 nova-conductor[97509]: DEBUG dbcounter [-] [97509] Writing DB stats nova_api:SELECT=1 {{(pid=97509) stat_writer /opt/stack/data/venv/lib/python3.12/site-packages/dbcounter.py:115}}
Jul 23 11:58:22.742227 np0000005762 nova-conductor[97509]: DEBUG dbcounter [-] [97509] Writing DB stats nova_cell0:SELECT=1 {{(pid=97509) stat_writer /opt/stack/data/venv/lib/python3.12/site-packages/dbcounter.py:115}}
Jul 23 11:58:22.751398 np0000005762 nova-conductor[97509]: DEBUG dbcounter [-] [97509] Writing DB stats nova_cell1:SELECT=1 {{(pid=97509) stat_writer /opt/stack/data/venv/lib/python3.12/site-packages/dbcounter.py:115}}
Jul 23 11:58:29.034159 np0000005762 nova-conductor[99008]: DEBUG dbcounter [-] [99008] Writing DB stats nova_cell0:SELECT=3,nova_cell0:UPDATE=1 {{(pid=99008) stat_writer /opt/stack/data/venv/lib/python3.12/site-packages/dbcounter.py:115}}
Jul 23 11:58:29.035728 np0000005762 nova-conductor[99001]: DEBUG dbcounter [-] [99001] Writing DB stats nova_cell0:SELECT=4,nova_cell0:INSERT=1,nova_cell0:UPDATE=1 {{(pid=99001) stat_writer /opt/stack/data/venv/lib/python3.12/site-packages/dbcounter.py:115}}
Jul 23 11:58:29.046278 np0000005762 nova-conductor[99019]: DEBUG dbcounter [-] [99019] Writing DB stats nova_cell0:SELECT=3 {{(pid=99019) stat_writer /opt/stack/data/venv/lib/python3.12/site-packages/dbcounter.py:115}}
Jul 23 11:58:29.057012 np0000005762 nova-conductor[99015]: DEBUG dbcounter [-] [99015] Writing DB stats nova_cell0:SELECT=3 {{(pid=99015) stat_writer /opt/stack/data/venv/lib/python3.12/site-packages/dbcounter.py:115}}
Jul 23 11:58:37.051401 np0000005762 nova-conductor[99015]: DEBUG oslo.service.backend._threading.loopingcall [None req-f32ab986-116f-48e2-818a-94dbb6e971c1 None None] Dynamic interval looping call 'nova.service.Service.periodic_tasks' sleeping for 60.00 seconds {{(pid=99015) _run_loop /opt/stack/data/venv/lib/python3.12/site-packages/oslo_service/backend/_threading/loopingcall.py:125}}
Jul 23 11:58:38.021321 np0000005762 nova-conductor[99001]: DEBUG oslo.service.backend._threading.loopingcall [None req-a89a1045-c0d7-4011-95a9-652fd572311c None None] Dynamic interval looping call 'nova.service.Service.periodic_tasks' sleeping for 60.00 seconds {{(pid=99001) _run_loop /opt/stack/data/venv/lib/python3.12/site-packages/oslo_service/backend/_threading/loopingcall.py:125}}
Jul 23 11:59:14.039920 np0000005762 nova-conductor[99019]: DEBUG oslo.service.backend._threading.loopingcall [None req-cfed6660-637d-40be-8371-82fbf3cc6686 None None] Dynamic interval looping call 'nova.service.Service.periodic_tasks' sleeping for 60.00 seconds {{(pid=99019) _run_loop /opt/stack/data/venv/lib/python3.12/site-packages/oslo_service/backend/_threading/loopingcall.py:125}}
Jul 23 11:59:22.022012 np0000005762 nova-conductor[99008]: DEBUG oslo.service.backend._threading.loopingcall [None req-0ec879ee-3662-41db-8321-6d4ee1fbfa8a None None] Dynamic interval looping call 'nova.service.Service.periodic_tasks' sleeping for 60.00 seconds {{(pid=99008) _run_loop /opt/stack/data/venv/lib/python3.12/site-packages/oslo_service/backend/_threading/loopingcall.py:125}}
Jul 23 11:59:37.051929 np0000005762 nova-conductor[99015]: DEBUG oslo.service.backend._threading.loopingcall [None req-f32ab986-116f-48e2-818a-94dbb6e971c1 None None] Dynamic interval looping call 'nova.service.Service.periodic_tasks' sleeping for 60.00 seconds {{(pid=99015) _run_loop /opt/stack/data/venv/lib/python3.12/site-packages/oslo_service/backend/_threading/loopingcall.py:125}}
Jul 23 11:59:38.021874 np0000005762 nova-conductor[99001]: DEBUG oslo.service.backend._threading.loopingcall [None req-a89a1045-c0d7-4011-95a9-652fd572311c None None] Dynamic interval looping call 'nova.service.Service.periodic_tasks' sleeping for 60.00 seconds {{(pid=99001) _run_loop /opt/stack/data/venv/lib/python3.12/site-packages/oslo_service/backend/_threading/loopingcall.py:125}}
Jul 23 12:00:14.040430 np0000005762 nova-conductor[99019]: DEBUG oslo.service.backend._threading.loopingcall [None req-cfed6660-637d-40be-8371-82fbf3cc6686 None None] Dynamic interval looping call 'nova.service.Service.periodic_tasks' sleeping for 60.00 seconds {{(pid=99019) _run_loop /opt/stack/data/venv/lib/python3.12/site-packages/oslo_service/backend/_threading/loopingcall.py:125}}
Jul 23 12:00:19.028440 np0000005762 nova-conductor[99008]: DEBUG oslo.service.backend._threading.loopingcall [-] Fixed interval looping call 'nova.servicegroup.drivers.db.DbDriver._report_state' sleeping for 120.00 seconds {{(pid=99008) _run_loop /opt/stack/data/venv/lib/python3.12/site-packages/oslo_service/backend/_threading/loopingcall.py:125}}
Jul 23 12:00:19.029481 np0000005762 nova-conductor[99001]: DEBUG oslo.service.backend._threading.loopingcall [-] Fixed interval looping call 'nova.servicegroup.drivers.db.DbDriver._report_state' sleeping for 119.99 seconds {{(pid=99001) _run_loop /opt/stack/data/venv/lib/python3.12/site-packages/oslo_service/backend/_threading/loopingcall.py:125}}
Jul 23 12:00:19.042794 np0000005762 nova-conductor[99019]: DEBUG oslo.service.backend._threading.loopingcall [-] Fixed interval looping call 'nova.servicegroup.drivers.db.DbDriver._report_state' sleeping for 120.00 seconds {{(pid=99019) _run_loop /opt/stack/data/venv/lib/python3.12/site-packages/oslo_service/backend/_threading/loopingcall.py:125}}
Jul 23 12:00:19.055514 np0000005762 nova-conductor[99015]: DEBUG oslo.service.backend._threading.loopingcall [-] Fixed interval looping call 'nova.servicegroup.drivers.db.DbDriver._report_state' sleeping for 120.00 seconds {{(pid=99015) _run_loop /opt/stack/data/venv/lib/python3.12/site-packages/oslo_service/backend/_threading/loopingcall.py:125}}
Jul 23 12:00:22.022528 np0000005762 nova-conductor[99008]: DEBUG oslo.service.backend._threading.loopingcall [None req-0ec879ee-3662-41db-8321-6d4ee1fbfa8a None None] Dynamic interval looping call 'nova.service.Service.periodic_tasks' sleeping for 60.00 seconds {{(pid=99008) _run_loop /opt/stack/data/venv/lib/python3.12/site-packages/oslo_service/backend/_threading/loopingcall.py:125}}
Jul 23 12:00:22.769332 np0000005762 nova-conductor[99008]: DEBUG oslo_db.sqlalchemy.engines [None req-526858d5-1d9e-4a86-a0aa-ba82293f55d5 tempest-DeleteServersTestJSON-1655242881 tempest-DeleteServersTestJSON-1655242881-project-member] Parent process 97509 forked (99008) with an open database connection, which is being discarded and recreated. {{(pid=99008) checkout /opt/stack/data/venv/lib/python3.12/site-packages/oslo_db/sqlalchemy/engines.py:402}}
Jul 23 12:00:22.812213 np0000005762 nova-conductor[99008]: DEBUG dbcounter [-] [99008] Writer thread running {{(pid=99008) stat_writer /opt/stack/data/venv/lib/python3.12/site-packages/dbcounter.py:102}}
Jul 23 12:00:23.934097 np0000005762 nova-conductor[99008]: DEBUG nova.conductor.manager [None req-526858d5-1d9e-4a86-a0aa-ba82293f55d5 tempest-DeleteServersTestJSON-1655242881 tempest-DeleteServersTestJSON-1655242881-project-member] Took 1.12 seconds to select destinations for 1 instance(s). {{(pid=99008) _schedule_instances /opt/stack/nova/nova/conductor/manager.py:968}}
Jul 23 12:00:23.962272 np0000005762 nova-conductor[99008]: DEBUG oslo_concurrency.lockutils [None req-526858d5-1d9e-4a86-a0aa-ba82293f55d5 tempest-DeleteServersTestJSON-1655242881 tempest-DeleteServersTestJSON-1655242881-project-member] Acquiring lock "4b018120-c113-4837-85be-4c4420510dea" by "nova.context.set_target_cell..get_or_set_cached_cell_and_set_connections" {{(pid=99008) inner /opt/stack/data/venv/lib/python3.12/site-packages/oslo_concurrency/lockutils.py:512}}
Jul 23 12:00:23.962779 np0000005762 nova-conductor[99008]: DEBUG oslo_concurrency.lockutils [None req-526858d5-1d9e-4a86-a0aa-ba82293f55d5 tempest-DeleteServersTestJSON-1655242881 tempest-DeleteServersTestJSON-1655242881-project-member] Lock "4b018120-c113-4837-85be-4c4420510dea" acquired by "nova.context.set_target_cell..get_or_set_cached_cell_and_set_connections" :: waited 0.001s {{(pid=99008) inner /opt/stack/data/venv/lib/python3.12/site-packages/oslo_concurrency/lockutils.py:525}}
Jul 23 12:00:23.964057 np0000005762 nova-conductor[99008]: DEBUG oslo_concurrency.lockutils [None req-526858d5-1d9e-4a86-a0aa-ba82293f55d5 tempest-DeleteServersTestJSON-1655242881 tempest-DeleteServersTestJSON-1655242881-project-member] Lock "4b018120-c113-4837-85be-4c4420510dea" "released" by "nova.context.set_target_cell..get_or_set_cached_cell_and_set_connections" :: held 0.001s {{(pid=99008) inner /opt/stack/data/venv/lib/python3.12/site-packages/oslo_concurrency/lockutils.py:544}}
Jul 23 12:00:23.966420 np0000005762 nova-conductor[99008]: INFO dbcounter [None req-526858d5-1d9e-4a86-a0aa-ba82293f55d5 tempest-DeleteServersTestJSON-1655242881 tempest-DeleteServersTestJSON-1655242881-project-member] Registered counter for database nova_cell1
Jul 23 12:00:24.011909 np0000005762 nova-conductor[99008]: DEBUG oslo_db.sqlalchemy.engines [None req-526858d5-1d9e-4a86-a0aa-ba82293f55d5 tempest-DeleteServersTestJSON-1655242881 tempest-DeleteServersTestJSON-1655242881-project-member] MySQL server mode set to STRICT_TRANS_TABLES,STRICT_ALL_TABLES,NO_ZERO_IN_DATE,NO_ZERO_DATE,ERROR_FOR_DIVISION_BY_ZERO,TRADITIONAL,NO_ENGINE_SUBSTITUTION {{(pid=99008) _check_effective_sql_mode /opt/stack/data/venv/lib/python3.12/site-packages/oslo_db/sqlalchemy/engines.py:325}}
Jul 23 12:00:24.019548 np0000005762 nova-conductor[99008]: DEBUG dbcounter [-] [99008] Writer thread running {{(pid=99008) stat_writer /opt/stack/data/venv/lib/python3.12/site-packages/dbcounter.py:102}}
Jul 23 12:00:24.093784 np0000005762 nova-conductor[99008]: INFO nova.utils [None req-526858d5-1d9e-4a86-a0aa-ba82293f55d5 tempest-DeleteServersTestJSON-1655242881 tempest-DeleteServersTestJSON-1655242881-project-member] The cell worker thread pool ForkProcess-2.cell_worker is initialized
Jul 23 12:00:24.094352 np0000005762 nova-conductor[99008]: DEBUG oslo_concurrency.lockutils [None req-526858d5-1d9e-4a86-a0aa-ba82293f55d5 tempest-DeleteServersTestJSON-1655242881 tempest-DeleteServersTestJSON-1655242881-project-member] Acquiring lock "00000000-0000-0000-0000-000000000000" by "nova.context.set_target_cell..get_or_set_cached_cell_and_set_connections" {{(pid=99008) inner /opt/stack/data/venv/lib/python3.12/site-packages/oslo_concurrency/lockutils.py:512}}
Jul 23 12:00:24.094352 np0000005762 nova-conductor[99008]: DEBUG oslo_concurrency.lockutils [None req-526858d5-1d9e-4a86-a0aa-ba82293f55d5 tempest-DeleteServersTestJSON-1655242881 tempest-DeleteServersTestJSON-1655242881-project-member] Lock "00000000-0000-0000-0000-000000000000" acquired by "nova.context.set_target_cell..get_or_set_cached_cell_and_set_connections" :: waited 0.000s {{(pid=99008) inner /opt/stack/data/venv/lib/python3.12/site-packages/oslo_concurrency/lockutils.py:525}}
Jul 23 12:00:24.094553 np0000005762 nova-conductor[99008]: DEBUG oslo_concurrency.lockutils [None req-526858d5-1d9e-4a86-a0aa-ba82293f55d5 tempest-DeleteServersTestJSON-1655242881 tempest-DeleteServersTestJSON-1655242881-project-member] Lock "00000000-0000-0000-0000-000000000000" "released" by "nova.context.set_target_cell..get_or_set_cached_cell_and_set_connections" :: held 0.000s {{(pid=99008) inner /opt/stack/data/venv/lib/python3.12/site-packages/oslo_concurrency/lockutils.py:544}}
Jul 23 12:00:24.095061 np0000005762 nova-conductor[99008]: DEBUG oslo_concurrency.lockutils [None req-526858d5-1d9e-4a86-a0aa-ba82293f55d5 tempest-DeleteServersTestJSON-1655242881 tempest-DeleteServersTestJSON-1655242881-project-member] Acquiring lock "4b018120-c113-4837-85be-4c4420510dea" by "nova.context.set_target_cell..get_or_set_cached_cell_and_set_connections" {{(pid=99008) inner /opt/stack/data/venv/lib/python3.12/site-packages/oslo_concurrency/lockutils.py:512}}
Jul 23 12:00:24.095214 np0000005762 nova-conductor[99008]: DEBUG oslo_concurrency.lockutils [None req-526858d5-1d9e-4a86-a0aa-ba82293f55d5 tempest-DeleteServersTestJSON-1655242881 tempest-DeleteServersTestJSON-1655242881-project-member] Lock "4b018120-c113-4837-85be-4c4420510dea" acquired by "nova.context.set_target_cell..get_or_set_cached_cell_and_set_connections" :: waited 0.000s {{(pid=99008) inner /opt/stack/data/venv/lib/python3.12/site-packages/oslo_concurrency/lockutils.py:525}}
Jul 23 12:00:24.095317 np0000005762 nova-conductor[99008]: DEBUG oslo_concurrency.lockutils [None req-526858d5-1d9e-4a86-a0aa-ba82293f55d5 tempest-DeleteServersTestJSON-1655242881 tempest-DeleteServersTestJSON-1655242881-project-member] Lock "4b018120-c113-4837-85be-4c4420510dea" "released" by "nova.context.set_target_cell..get_or_set_cached_cell_and_set_connections" :: held 0.000s {{(pid=99008) inner /opt/stack/data/venv/lib/python3.12/site-packages/oslo_concurrency/lockutils.py:544}}
Jul 23 12:00:24.096828 np0000005762 nova-conductor[99008]: INFO dbcounter [None req-526858d5-1d9e-4a86-a0aa-ba82293f55d5 tempest-DeleteServersTestJSON-1655242881 tempest-DeleteServersTestJSON-1655242881-project-member] Registered counter for database nova_cell0
Jul 23 12:00:24.139823 np0000005762 nova-conductor[99008]: DEBUG oslo_db.sqlalchemy.engines [None req-526858d5-1d9e-4a86-a0aa-ba82293f55d5 tempest-DeleteServersTestJSON-1655242881 tempest-DeleteServersTestJSON-1655242881-project-member] MySQL server mode set to STRICT_TRANS_TABLES,STRICT_ALL_TABLES,NO_ZERO_IN_DATE,NO_ZERO_DATE,ERROR_FOR_DIVISION_BY_ZERO,TRADITIONAL,NO_ENGINE_SUBSTITUTION {{(pid=99008) _check_effective_sql_mode /opt/stack/data/venv/lib/python3.12/site-packages/oslo_db/sqlalchemy/engines.py:325}}
Jul 23 12:00:24.147394 np0000005762 nova-conductor[99008]: DEBUG dbcounter [-] [99008] Writer thread running {{(pid=99008) stat_writer /opt/stack/data/venv/lib/python3.12/site-packages/dbcounter.py:102}}
Jul 23 12:00:24.157267 np0000005762 nova-conductor[99008]: DEBUG nova.quota [None req-526858d5-1d9e-4a86-a0aa-ba82293f55d5 tempest-DeleteServersTestJSON-1655242881 tempest-DeleteServersTestJSON-1655242881-project-member] Getting quotas for project 5c53be55a67e451c9542dc823236d118. Resources: {'ram', 'cores', 'instances'} {{(pid=99008) _get_quotas /opt/stack/nova/nova/quota.py:389}}
