Jul 23 11:57:45.209060 np0000005762 devstack@neutron-api.service[90716]: DEBUG neutron.api.extensions [None req-fcdaf937-9a4f-4c37-9d22-66341fffa954 None None] Ext name="Floating IP Port Forwarding new attribute description" alias="floating-ip-port-forwarding-description" description="Add a description field to Port Forwarding rules" updated="2019-11-01T10:00:00-00:00" {{(pid=90716) _check_extension /opt/stack/neutron/neutron/api/extensions.py:415}}
Jul 23 11:57:45.209060 np0000005762 devstack@neutron-api.service[90716]: INFO neutron.api.extensions [None req-fcdaf937-9a4f-4c37-9d22-66341fffa954 None None] Extension floating-ip-port-forwarding-description not supported by any of loaded plugins
Jul 23 11:57:45.209267 np0000005762 devstack@neutron-api.service[90714]: DEBUG neutron_lib.callbacks.manager [None req-e4c4c452-07a8-4dc9-8471-5c08a2c256ee None None] Subscribe: > router before_delete 55550000, False {{(pid=90714) subscribe /opt/stack/data/venv/lib/python3.12/site-packages/neutron_lib/callbacks/manager.py:52}}
Jul 23 11:57:45.209448 np0000005762 devstack@neutron-api.service[90716]: DEBUG neutron.api.extensions [None req-fcdaf937-9a4f-4c37-9d22-66341fffa954 None None] Loading extension file: fip_pf_detail.py {{(pid=90716) _load_all_extensions_from_path /opt/stack/neutron/neutron/api/extensions.py:449}}
Jul 23 11:57:45.209602 np0000005762 devstack@neutron-api.service[90714]: DEBUG neutron_lib.callbacks.manager [None req-e4c4c452-07a8-4dc9-8471-5c08a2c256ee None None] Subscribe: port before_update 55550000, False {{(pid=90714) subscribe /opt/stack/data/venv/lib/python3.12/site-packages/neutron_lib/callbacks/manager.py:52}}
Jul 23 11:57:45.209776 np0000005762 devstack@neutron-api.service[90716]: DEBUG neutron.api.extensions [None req-fcdaf937-9a4f-4c37-9d22-66341fffa954 None None] Ext name="Floating IP port forwarding detail" alias="floating-ip-port-forwarding-detail" description="Allow list floating ip return more port forwarding data, include'id' and 'internal_port_id'" updated="2022-05-06T10:00:00-00:00" {{(pid=90716) _check_extension /opt/stack/neutron/neutron/api/extensions.py:415}}
Jul 23 11:57:45.209945 np0000005762 devstack@neutron-api.service[90714]: DEBUG neutron_lib.callbacks.manager [None req-e4c4c452-07a8-4dc9-8471-5c08a2c256ee None None] Subscribe: port after_update 55550000, False {{(pid=90714) subscribe /opt/stack/data/venv/lib/python3.12/site-packages/neutron_lib/callbacks/manager.py:52}}
Jul 23 11:57:45.210147 np0000005762 devstack@neutron-api.service[90716]: INFO neutron.api.extensions [None req-fcdaf937-9a4f-4c37-9d22-66341fffa954 None None] Loaded extension: floating-ip-port-forwarding-detail
Jul 23 11:57:45.210297 np0000005762 devstack@neutron-api.service[90714]: DEBUG neutron_lib.callbacks.manager [None req-e4c4c452-07a8-4dc9-8471-5c08a2c256ee None None] Subscribe: > port precommit_delete 55550000, False {{(pid=90714) subscribe /opt/stack/data/venv/lib/python3.12/site-packages/neutron_lib/callbacks/manager.py:52}}
Jul 23 11:57:45.210440 np0000005762 devstack@neutron-api.service[90716]: DEBUG neutron.api.extensions [None req-fcdaf937-9a4f-4c37-9d22-66341fffa954 None None] Loading extension file: fip_pf_port_range.py {{(pid=90716) _load_all_extensions_from_path /opt/stack/neutron/neutron/api/extensions.py:449}}
Jul 23 11:57:45.210640 np0000005762 devstack@neutron-api.service[90714]: DEBUG neutron_lib.callbacks.manager [None req-e4c4c452-07a8-4dc9-8471-5c08a2c256ee None None] Subscribe: port before_update 55550000, False {{(pid=90714) subscribe /opt/stack/data/venv/lib/python3.12/site-packages/neutron_lib/callbacks/manager.py:52}}
Jul 23 11:57:45.210640 np0000005762 devstack@neutron-api.service[90714]: DEBUG neutron_lib.callbacks.manager [None req-e4c4c452-07a8-4dc9-8471-5c08a2c256ee None None] Subscribe: port before_delete 55550000, False {{(pid=90714) subscribe /opt/stack/data/venv/lib/python3.12/site-packages/neutron_lib/callbacks/manager.py:52}}
Jul 23 11:57:45.210832 np0000005762 devstack@neutron-api.service[90716]: DEBUG neutron.api.extensions [None req-fcdaf937-9a4f-4c37-9d22-66341fffa954 None None] Ext name="Floating IP Port Forwarding support port ranges" alias="floating-ip-port-forwarding-port-ranges" description="Add support to port ranges" updated="2020-07-01T10:00:00-00:00" {{(pid=90716) _check_extension /opt/stack/neutron/neutron/api/extensions.py:415}}
Jul 23 11:57:45.211006 np0000005762 devstack@neutron-api.service[90714]: DEBUG neutron_lib.callbacks.manager [None req-e4c4c452-07a8-4dc9-8471-5c08a2c256ee None None] Subscribe: > router precommit_create 55550000, False {{(pid=90714) subscribe /opt/stack/data/venv/lib/python3.12/site-packages/neutron_lib/callbacks/manager.py:52}}
Jul 23 11:57:45.211202 np0000005762 devstack@neutron-api.service[90716]: INFO neutron.api.extensions [None req-fcdaf937-9a4f-4c37-9d22-66341fffa954 None None] Extension floating-ip-port-forwarding-port-ranges not supported by any of loaded plugins
Jul 23 11:57:45.211377 np0000005762 devstack@neutron-api.service[90714]: DEBUG neutron_lib.callbacks.manager [None req-e4c4c452-07a8-4dc9-8471-5c08a2c256ee None None] Subscribe: > router precommit_create 55550000, False {{(pid=90714) subscribe /opt/stack/data/venv/lib/python3.12/site-packages/neutron_lib/callbacks/manager.py:52}}
Jul 23 11:57:45.211565 np0000005762 devstack@neutron-api.service[90716]: DEBUG neutron.api.extensions [None req-fcdaf937-9a4f-4c37-9d22-66341fffa954 None None] Loading extension file: fip_port_details.py {{(pid=90716) _load_all_extensions_from_path /opt/stack/neutron/neutron/api/extensions.py:449}}
Jul 23 11:57:45.211739 np0000005762 devstack@neutron-api.service[90714]: DEBUG neutron_lib.callbacks.manager [None req-e4c4c452-07a8-4dc9-8471-5c08a2c256ee None None] Subscribe: > router precommit_update 55550000, False {{(pid=90714) subscribe /opt/stack/data/venv/lib/python3.12/site-packages/neutron_lib/callbacks/manager.py:52}}
Jul 23 11:57:45.211902 np0000005762 devstack@neutron-api.service[90716]: DEBUG neutron.api.extensions [None req-fcdaf937-9a4f-4c37-9d22-66341fffa954 None None] Ext name="Floating IP Port Details Extension" alias="fip-port-details" description="Add port_details attribute to Floating IP resource" updated="2018-04-09T10:00:00-00:00" {{(pid=90716) _check_extension /opt/stack/neutron/neutron/api/extensions.py:415}}
Jul 23 11:57:45.212107 np0000005762 devstack@neutron-api.service[90714]: DEBUG neutron_lib.callbacks.manager [None req-e4c4c452-07a8-4dc9-8471-5c08a2c256ee None None] Subscribe: subnet after_update 55550000, False {{(pid=90714) subscribe /opt/stack/data/venv/lib/python3.12/site-packages/neutron_lib/callbacks/manager.py:52}}
Jul 23 11:57:45.212277 np0000005762 devstack@neutron-api.service[90716]: INFO neutron.api.extensions [None req-fcdaf937-9a4f-4c37-9d22-66341fffa954 None None] Loaded extension: fip-port-details
Jul 23 11:57:45.212277 np0000005762 devstack@neutron-api.service[90716]: DEBUG neutron.api.extensions [None req-fcdaf937-9a4f-4c37-9d22-66341fffa954 None None] Loading extension file: flavors.py {{(pid=90716) _load_all_extensions_from_path /opt/stack/neutron/neutron/api/extensions.py:449}}
Jul 23 11:57:45.212498 np0000005762 devstack@neutron-api.service[90714]: DEBUG neutron.quota.resource_registry [None req-e4c4c452-07a8-4dc9-8471-5c08a2c256ee None None] Tracking information for resource: router configured {{(pid=90714) set_tracked_resource /opt/stack/neutron/neutron/quota/resource_registry.py:203}}
Jul 23 11:57:45.212646 np0000005762 devstack@neutron-api.service[90716]: DEBUG neutron.api.extensions [None req-fcdaf937-9a4f-4c37-9d22-66341fffa954 None None] Ext name="Neutron Service Flavors" alias="flavors" description="Flavor specification for Neutron advanced services." updated="2015-09-17T10:00:00-00:00" {{(pid=90716) _check_extension /opt/stack/neutron/neutron/api/extensions.py:415}}
Jul 23 11:57:45.212932 np0000005762 devstack@neutron-api.service[90714]: DEBUG neutron.quota.resource_registry [None req-e4c4c452-07a8-4dc9-8471-5c08a2c256ee None None] Tracking information for resource: floatingip configured {{(pid=90714) set_tracked_resource /opt/stack/neutron/neutron/quota/resource_registry.py:203}}
Jul 23 11:57:45.213117 np0000005762 devstack@neutron-api.service[90716]: INFO neutron.api.extensions [None req-fcdaf937-9a4f-4c37-9d22-66341fffa954 None None] Loaded extension: flavors
Jul 23 11:57:45.213314 np0000005762 devstack@neutron-api.service[90714]: INFO neutron.services.ovn_l3.plugin [None req-e4c4c452-07a8-4dc9-8471-5c08a2c256ee None None] Starting OVNL3RouterPlugin
Jul 23 11:57:45.213494 np0000005762 devstack@neutron-api.service[90716]: DEBUG neutron.api.extensions [None req-fcdaf937-9a4f-4c37-9d22-66341fffa954 None None] Loading extension file: floating_ip_port_forwarding.py {{(pid=90716) _load_all_extensions_from_path /opt/stack/neutron/neutron/api/extensions.py:449}}
Jul 23 11:57:45.213892 np0000005762 devstack@neutron-api.service[90714]: DEBUG neutron_lib.callbacks.manager [None req-e4c4c452-07a8-4dc9-8471-5c08a2c256ee None None] Subscribe: > port_forwarding_plugin after_init 55550000, False {{(pid=90714) subscribe /opt/stack/data/venv/lib/python3.12/site-packages/neutron_lib/callbacks/manager.py:52}}
Jul 23 11:57:45.214248 np0000005762 devstack@neutron-api.service[90716]: DEBUG neutron.api.extensions [None req-fcdaf937-9a4f-4c37-9d22-66341fffa954 None None] Ext name="Floating IP Port Forwarding" alias="floating-ip-port-forwarding" description="Allow port forwarding from floating IP port to an internal port" updated="2018-01-19T10:00:00-00:00" {{(pid=90716) _check_extension /opt/stack/neutron/neutron/api/extensions.py:415}}
Jul 23 11:57:45.214360 np0000005762 devstack@neutron-api.service[90714]: DEBUG neutron_lib.callbacks.manager [None req-e4c4c452-07a8-4dc9-8471-5c08a2c256ee None None] Subscribe: > router before_create 55550100, False {{(pid=90714) subscribe /opt/stack/data/venv/lib/python3.12/site-packages/neutron_lib/callbacks/manager.py:52}}
Jul 23 11:57:45.214529 np0000005762 devstack@neutron-api.service[90716]: INFO neutron.api.extensions [None req-fcdaf937-9a4f-4c37-9d22-66341fffa954 None None] Extension floating-ip-port-forwarding not supported by any of loaded plugins
Jul 23 11:57:45.214529 np0000005762 devstack@neutron-api.service[90716]: DEBUG neutron.api.extensions [None req-fcdaf937-9a4f-4c37-9d22-66341fffa954 None None] Loading extension file: floatingip_pools.py {{(pid=90716) _load_all_extensions_from_path /opt/stack/neutron/neutron/api/extensions.py:449}}
Jul 23 11:57:45.214684 np0000005762 devstack@neutron-api.service[90714]: DEBUG neutron_lib.callbacks.manager [None req-e4c4c452-07a8-4dc9-8471-5c08a2c256ee None None] Subscribe: > router precommit_delete 55550100, False {{(pid=90714) subscribe /opt/stack/data/venv/lib/python3.12/site-packages/neutron_lib/callbacks/manager.py:52}}
Jul 23 11:57:45.214684 np0000005762 devstack@neutron-api.service[90714]: DEBUG neutron_lib.callbacks.manager [None req-e4c4c452-07a8-4dc9-8471-5c08a2c256ee None None] Subscribe: > router precommit_create 55550100, False {{(pid=90714) subscribe /opt/stack/data/venv/lib/python3.12/site-packages/neutron_lib/callbacks/manager.py:52}}
Jul 23 11:57:45.214809 np0000005762 devstack@neutron-api.service[90716]: DEBUG neutron.api.extensions [None req-fcdaf937-9a4f-4c37-9d22-66341fffa954 None None] Ext name="Floating IP Pools Extension" alias="floatingip-pools" description="Provides a floating IP pools API." updated="2018-03-21T10:00:00-00:00" {{(pid=90716) _check_extension /opt/stack/neutron/neutron/api/extensions.py:415}}
Jul 23 11:57:45.214896 np0000005762 devstack@neutron-api.service[90714]: DEBUG neutron_lib.callbacks.manager [None req-e4c4c452-07a8-4dc9-8471-5c08a2c256ee None None] Subscribe: > router precommit_update 55550100, False {{(pid=90714) subscribe /opt/stack/data/venv/lib/python3.12/site-packages/neutron_lib/callbacks/manager.py:52}}
Jul 23 11:57:45.214986 np0000005762 devstack@neutron-api.service[90716]: INFO neutron.api.extensions [None req-fcdaf937-9a4f-4c37-9d22-66341fffa954 None None] Loaded extension: floatingip-pools
Jul 23 11:57:45.214986 np0000005762 devstack@neutron-api.service[90716]: DEBUG neutron.api.extensions [None req-fcdaf937-9a4f-4c37-9d22-66341fffa954 None None] Loading extension file: ip_allocation.py {{(pid=90716) _load_all_extensions_from_path /opt/stack/neutron/neutron/api/extensions.py:449}}
Jul 23 11:57:45.214986 np0000005762 devstack@neutron-api.service[90716]: DEBUG neutron.api.extensions [None req-fcdaf937-9a4f-4c37-9d22-66341fffa954 None None] Ext name="IP Allocation" alias="ip_allocation" description="IP allocation extension." updated="2016-06-10T23:00:00-00:00" {{(pid=90716) _check_extension /opt/stack/neutron/neutron/api/extensions.py:415}}
Jul 23 11:57:45.214986 np0000005762 devstack@neutron-api.service[90716]: INFO neutron.api.extensions [None req-fcdaf937-9a4f-4c37-9d22-66341fffa954 None None] Extension ip_allocation not supported by any of loaded plugins
Jul 23 11:57:45.214986 np0000005762 devstack@neutron-api.service[90716]: DEBUG neutron.api.extensions [None req-fcdaf937-9a4f-4c37-9d22-66341fffa954 None None] Loading extension file: ip_substring_port_filtering.py {{(pid=90716) _load_all_extensions_from_path /opt/stack/neutron/neutron/api/extensions.py:449}}
Jul 23 11:57:45.214986 np0000005762 devstack@neutron-api.service[90716]: DEBUG neutron.api.extensions [None req-fcdaf937-9a4f-4c37-9d22-66341fffa954 None None] Ext name="IP address substring filtering" alias="ip-substring-filtering" description="Provides IP address substring filtering when listing ports" updated="2017-11-28T09:00:00-00:00" {{(pid=90716) _check_extension /opt/stack/neutron/neutron/api/extensions.py:415}}
Jul 23 11:57:45.214986 np0000005762 devstack@neutron-api.service[90716]: INFO neutron.api.extensions [None req-fcdaf937-9a4f-4c37-9d22-66341fffa954 None None] Extension ip-substring-filtering not supported by any of loaded plugins
Jul 23 11:57:45.214986 np0000005762 devstack@neutron-api.service[90716]: DEBUG neutron.api.extensions [None req-fcdaf937-9a4f-4c37-9d22-66341fffa954 None None] Loading extension file: l2_adjacency.py {{(pid=90716) _load_all_extensions_from_path /opt/stack/neutron/neutron/api/extensions.py:449}}
Jul 23 11:57:45.215349 np0000005762 devstack@neutron-api.service[90716]: DEBUG neutron.api.extensions [None req-fcdaf937-9a4f-4c37-9d22-66341fffa954 None None] Ext name="L2 Adjacency" alias="l2_adjacency" description="Display L2 Adjacency for Neutron Networks." updated="2016-04-12T16:00:00-00:00" {{(pid=90716) _check_extension /opt/stack/neutron/neutron/api/extensions.py:415}}
Jul 23 11:57:45.215349 np0000005762 devstack@neutron-api.service[90716]: INFO neutron.api.extensions [None req-fcdaf937-9a4f-4c37-9d22-66341fffa954 None None] Extension l2_adjacency not supported by any of loaded plugins
Jul 23 11:57:45.215349 np0000005762 devstack@neutron-api.service[90716]: DEBUG neutron.api.extensions [None req-fcdaf937-9a4f-4c37-9d22-66341fffa954 None None] Loading extension file: l3.py {{(pid=90716) _load_all_extensions_from_path /opt/stack/neutron/neutron/api/extensions.py:449}}
Jul 23 11:57:45.215349 np0000005762 devstack@neutron-api.service[90716]: DEBUG neutron.api.extensions [None req-fcdaf937-9a4f-4c37-9d22-66341fffa954 None None] Ext name="Neutron L3 Router" alias="router" description="Router abstraction for basic L3 forwarding between L2 Neutron networks and access to external networks via a NAT gateway." updated="2012-07-20T10:00:00-00:00" {{(pid=90716) _check_extension /opt/stack/neutron/neutron/api/extensions.py:415}}
Jul 23 11:57:45.215349 np0000005762 devstack@neutron-api.service[90716]: INFO neutron.api.extensions [None req-fcdaf937-9a4f-4c37-9d22-66341fffa954 None None] Loaded extension: router
Jul 23 11:57:45.215349 np0000005762 devstack@neutron-api.service[90716]: DEBUG neutron.api.extensions [None req-fcdaf937-9a4f-4c37-9d22-66341fffa954 None None] Loading extension file: l3_agent_scheduler_ha_chassis_priority.py {{(pid=90716) _load_all_extensions_from_path /opt/stack/neutron/neutron/api/extensions.py:449}}
Jul 23 11:57:45.215603 np0000005762 devstack@neutron-api.service[90716]: DEBUG neutron.api.extensions [None req-fcdaf937-9a4f-4c37-9d22-66341fffa954 None None] Ext name="L3 Agent Scheduler HA Chassis Priority" alias="l3-agent-scheduler-ha-chassis-priority" description="Exposes the HA_Chassis priority in the L3 Agent Scheduler API responses and allows setting priority when scheduling a router to a chassis." updated="2026-03-31T00:00:00-00:00" {{(pid=90716) _check_extension /opt/stack/neutron/neutron/api/extensions.py:415}}
Jul 23 11:57:45.215603 np0000005762 devstack@neutron-api.service[90716]: INFO neutron.api.extensions [None req-fcdaf937-9a4f-4c37-9d22-66341fffa954 None None] Loaded extension: l3-agent-scheduler-ha-chassis-priority
Jul 23 11:57:45.215603 np0000005762 devstack@neutron-api.service[90716]: DEBUG neutron.api.extensions [None req-fcdaf937-9a4f-4c37-9d22-66341fffa954 None None] Loading extension file: l3_conntrack_helper.py {{(pid=90716) _load_all_extensions_from_path /opt/stack/neutron/neutron/api/extensions.py:449}}
Jul 23 11:57:45.215603 np0000005762 devstack@neutron-api.service[90716]: DEBUG neutron.api.extensions [None req-fcdaf937-9a4f-4c37-9d22-66341fffa954 None None] Ext name="L3 Conntrack helper" alias="l3-conntrack-helper" description="Allow adding CT target rules for conntrack helper" updated="2019-04-04T10:00:00-00:00" {{(pid=90716) _check_extension /opt/stack/neutron/neutron/api/extensions.py:415}}
Jul 23 11:57:45.215603 np0000005762 devstack@neutron-api.service[90716]: INFO neutron.api.extensions [None req-fcdaf937-9a4f-4c37-9d22-66341fffa954 None None] Extension l3-conntrack-helper not supported by any of loaded plugins
Jul 23 11:57:45.215603 np0000005762 devstack@neutron-api.service[90716]: DEBUG neutron.api.extensions [None req-fcdaf937-9a4f-4c37-9d22-66341fffa954 None None] Loading extension file: l3_enable_default_route_bfd.py {{(pid=90716) _load_all_extensions_from_path /opt/stack/neutron/neutron/api/extensions.py:449}}
Jul 23 11:57:45.215903 np0000005762 devstack@neutron-api.service[90714]: DEBUG neutron.services.provider_configuration [None req-e4c4c452-07a8-4dc9-8471-5c08a2c256ee None None] Service providers = [] {{(pid=90714) parse_service_provider_opt /opt/stack/neutron/neutron/services/provider_configuration.py:170}}
Jul 23 11:57:45.215903 np0000005762 devstack@neutron-api.service[90714]: DEBUG neutron.db.servicetype_db [None req-e4c4c452-07a8-4dc9-8471-5c08a2c256ee None None] Adding provider configuration for service L3_ROUTER_NAT {{(pid=90714) add_provider_configuration /opt/stack/neutron/neutron/db/servicetype_db.py:45}}
Jul 23 11:57:45.216027 np0000005762 devstack@neutron-api.service[90716]: DEBUG neutron.api.extensions [None req-fcdaf937-9a4f-4c37-9d22-66341fffa954 None None] Ext name="Enable Default Route BFD" alias="enable-default-route-bfd" description="Enables configurable BFD behavior for default routes" updated="2023-02-27T00:00:00-00:00" {{(pid=90716) _check_extension /opt/stack/neutron/neutron/api/extensions.py:415}}
Jul 23 11:57:45.216027 np0000005762 devstack@neutron-api.service[90716]: INFO neutron.api.extensions [None req-fcdaf937-9a4f-4c37-9d22-66341fffa954 None None] Loaded extension: enable-default-route-bfd
Jul 23 11:57:45.216027 np0000005762 devstack@neutron-api.service[90716]: DEBUG neutron.api.extensions [None req-fcdaf937-9a4f-4c37-9d22-66341fffa954 None None] Loading extension file: l3_enable_default_route_ecmp.py {{(pid=90716) _load_all_extensions_from_path /opt/stack/neutron/neutron/api/extensions.py:449}}
Jul 23 11:57:45.216027 np0000005762 devstack@neutron-api.service[90716]: DEBUG neutron.api.extensions [None req-fcdaf937-9a4f-4c37-9d22-66341fffa954 None None] Ext name="Enable Default Route ECMP" alias="enable-default-route-ecmp" description="Enables configurable ECMP behavior for default routes" updated="2023-02-27T00:00:00-00:00" {{(pid=90716) _check_extension /opt/stack/neutron/neutron/api/extensions.py:415}}
Jul 23 11:57:45.216027 np0000005762 devstack@neutron-api.service[90716]: INFO neutron.api.extensions [None req-fcdaf937-9a4f-4c37-9d22-66341fffa954 None None] Loaded extension: enable-default-route-ecmp
Jul 23 11:57:45.216027 np0000005762 devstack@neutron-api.service[90716]: DEBUG neutron.api.extensions [None req-fcdaf937-9a4f-4c37-9d22-66341fffa954 None None] Loading extension file: l3_ext_gw_mode.py {{(pid=90716) _load_all_extensions_from_path /opt/stack/neutron/neutron/api/extensions.py:449}}
Jul 23 11:57:45.216323 np0000005762 devstack@neutron-api.service[90716]: DEBUG neutron.api.extensions [None req-fcdaf937-9a4f-4c37-9d22-66341fffa954 None None] Ext name="Neutron L3 Configurable external gateway mode" alias="ext-gw-mode" description="Extension of the router abstraction for specifying whether SNAT should occur on the external gateway" updated="2013-03-28T10:00:00-00:00" {{(pid=90716) _check_extension /opt/stack/neutron/neutron/api/extensions.py:415}}
Jul 23 11:57:45.216323 np0000005762 devstack@neutron-api.service[90716]: INFO neutron.api.extensions [None req-fcdaf937-9a4f-4c37-9d22-66341fffa954 None None] Loaded extension: ext-gw-mode
Jul 23 11:57:45.216444 np0000005762 devstack@neutron-api.service[90714]: DEBUG neutron_lib.callbacks.manager [None req-e4c4c452-07a8-4dc9-8471-5c08a2c256ee None None] Subscribe: > router precommit_create 55549900, False {{(pid=90714) subscribe /opt/stack/data/venv/lib/python3.12/site-packages/neutron_lib/callbacks/manager.py:52}}
Jul 23 11:57:45.216566 np0000005762 devstack@neutron-api.service[90716]: DEBUG neutron.api.extensions [None req-fcdaf937-9a4f-4c37-9d22-66341fffa954 None None] Loading extension file: l3_ext_ha_mode.py {{(pid=90716) _load_all_extensions_from_path /opt/stack/neutron/neutron/api/extensions.py:449}}
Jul 23 11:57:45.216654 np0000005762 devstack@neutron-api.service[90714]: DEBUG neutron_lib.callbacks.manager [None req-e4c4c452-07a8-4dc9-8471-5c08a2c256ee None None] Subscribe: > router_interface after_create 55550000, False {{(pid=90714) subscribe /opt/stack/data/venv/lib/python3.12/site-packages/neutron_lib/callbacks/manager.py:52}}
Jul 23 11:57:45.216738 np0000005762 devstack@neutron-api.service[90716]: DEBUG neutron.api.extensions [None req-fcdaf937-9a4f-4c37-9d22-66341fffa954 None None] Ext name="HA Router extension" alias="l3-ha" description="Adds HA capability to routers." updated="2014-04-26T00:00:00-00:00" {{(pid=90716) _check_extension /opt/stack/neutron/neutron/api/extensions.py:415}}
Jul 23 11:57:45.216827 np0000005762 devstack@neutron-api.service[90714]: DEBUG neutron_lib.callbacks.manager [None req-e4c4c452-07a8-4dc9-8471-5c08a2c256ee None None] Subscribe: > floatingip after_create 55550000, False {{(pid=90714) subscribe /opt/stack/data/venv/lib/python3.12/site-packages/neutron_lib/callbacks/manager.py:52}}
Jul 23 11:57:45.216827 np0000005762 devstack@neutron-api.service[90714]: DEBUG neutron_lib.callbacks.manager [None req-e4c4c452-07a8-4dc9-8471-5c08a2c256ee None None] Subscribe: > floatingip precommit_create 55550000, False {{(pid=90714) subscribe /opt/stack/data/venv/lib/python3.12/site-packages/neutron_lib/callbacks/manager.py:52}}
Jul 23 11:57:45.216976 np0000005762 devstack@neutron-api.service[90716]: INFO neutron.api.extensions [None req-fcdaf937-9a4f-4c37-9d22-66341fffa954 None None] Loaded extension: l3-ha
Jul 23 11:57:45.216976 np0000005762 devstack@neutron-api.service[90716]: DEBUG neutron.api.extensions [None req-fcdaf937-9a4f-4c37-9d22-66341fffa954 None None] Loading extension file: l3_ext_ndp_proxy.py {{(pid=90716) _load_all_extensions_from_path /opt/stack/neutron/neutron/api/extensions.py:449}}
Jul 23 11:57:45.217103 np0000005762 devstack@neutron-api.service[90714]: DEBUG neutron_lib.callbacks.manager [None req-e4c4c452-07a8-4dc9-8471-5c08a2c256ee None None] Subscribe: > floatingip precommit_update 55550000, False {{(pid=90714) subscribe /opt/stack/data/venv/lib/python3.12/site-packages/neutron_lib/callbacks/manager.py:52}}
Jul 23 11:57:45.217103 np0000005762 devstack@neutron-api.service[90714]: DEBUG neutron_lib.callbacks.manager [None req-e4c4c452-07a8-4dc9-8471-5c08a2c256ee None None] Subscribe: > floatingip after_delete 55550000, False {{(pid=90714) subscribe /opt/stack/data/venv/lib/python3.12/site-packages/neutron_lib/callbacks/manager.py:52}}
Jul 23 11:57:45.217212 np0000005762 devstack@neutron-api.service[90716]: DEBUG neutron.api.extensions [None req-fcdaf937-9a4f-4c37-9d22-66341fffa954 None None] Ext name="Router support to enable NDP proxy" alias="l3-ext-ndp-proxy" description="Router extension to enable ndp proxy" updated="2020-08-25T00:00:00-00:00" {{(pid=90716) _check_extension /opt/stack/neutron/neutron/api/extensions.py:415}}
Jul 23 11:57:45.217268 np0000005762 devstack@neutron-api.service[90714]: DEBUG neutron_lib.callbacks.manager [None req-e4c4c452-07a8-4dc9-8471-5c08a2c256ee None None] Subscribe: > floatingip after_status_update 55550000, False {{(pid=90714) subscribe /opt/stack/data/venv/lib/python3.12/site-packages/neutron_lib/callbacks/manager.py:52}}
Jul 23 11:57:45.217268 np0000005762 devstack@neutron-api.service[90714]: DEBUG neutron_lib.callbacks.manager [None req-e4c4c452-07a8-4dc9-8471-5c08a2c256ee None None] Subscribe: > floatingip after_update 55550000, False {{(pid=90714) subscribe /opt/stack/data/venv/lib/python3.12/site-packages/neutron_lib/callbacks/manager.py:52}}
Jul 23 11:57:45.217496 np0000005762 devstack@neutron-api.service[90716]: INFO neutron.api.extensions [None req-fcdaf937-9a4f-4c37-9d22-66341fffa954 None None] Extension l3-ext-ndp-proxy not supported by any of loaded plugins
Jul 23 11:57:45.217593 np0000005762 devstack@neutron-api.service[90714]: DEBUG neutron_lib.callbacks.manager [None req-e4c4c452-07a8-4dc9-8471-5c08a2c256ee None None] Subscribe: > port_forwarding after_create 55550000, False {{(pid=90714) subscribe /opt/stack/data/venv/lib/python3.12/site-packages/neutron_lib/callbacks/manager.py:52}}
Jul 23 11:57:45.217676 np0000005762 devstack@neutron-api.service[90716]: DEBUG neutron.api.extensions [None req-fcdaf937-9a4f-4c37-9d22-66341fffa954 None None] Loading extension file: l3_extra_gws.py {{(pid=90716) _load_all_extensions_from_path /opt/stack/neutron/neutron/api/extensions.py:449}}
Jul 23 11:57:45.217724 np0000005762 devstack@neutron-api.service[90714]: DEBUG neutron_lib.callbacks.manager [None req-e4c4c452-07a8-4dc9-8471-5c08a2c256ee None None] Subscribe: > router_interface after_delete 55550000, False {{(pid=90714) subscribe /opt/stack/data/venv/lib/python3.12/site-packages/neutron_lib/callbacks/manager.py:52}}
Jul 23 11:57:45.217788 np0000005762 devstack@neutron-api.service[90716]: DEBUG neutron.api.extensions [None req-fcdaf937-9a4f-4c37-9d22-66341fffa954 None None] Ext name="Neutron L3 External Gateway Multihoming" alias="external-gateway-multihoming" description="Allow multiple external gateway ports per router" updated="2023-01-18T00:00:00-00:00" {{(pid=90716) _check_extension /opt/stack/neutron/neutron/api/extensions.py:415}}
Jul 23 11:57:45.217838 np0000005762 devstack@neutron-api.service[90714]: DEBUG neutron_lib.callbacks.manager [None req-e4c4c452-07a8-4dc9-8471-5c08a2c256ee None None] Subscribe: > router after_create 55550000, False {{(pid=90714) subscribe /opt/stack/data/venv/lib/python3.12/site-packages/neutron_lib/callbacks/manager.py:52}}
Jul 23 11:57:45.217838 np0000005762 devstack@neutron-api.service[90714]: DEBUG neutron_lib.callbacks.manager [None req-e4c4c452-07a8-4dc9-8471-5c08a2c256ee None None] Subscribe: > router precommit_create 55550000, False {{(pid=90714) subscribe /opt/stack/data/venv/lib/python3.12/site-packages/neutron_lib/callbacks/manager.py:52}}
Jul 23 11:57:45.217986 np0000005762 devstack@neutron-api.service[90716]: INFO neutron.api.extensions [None req-fcdaf937-9a4f-4c37-9d22-66341fffa954 None None] Loaded extension: external-gateway-multihoming
Jul 23 11:57:45.218060 np0000005762 devstack@neutron-api.service[90714]: DEBUG neutron_lib.callbacks.manager [None req-e4c4c452-07a8-4dc9-8471-5c08a2c256ee None None] Subscribe: > router after_delete 55550000, False {{(pid=90714) subscribe /opt/stack/data/venv/lib/python3.12/site-packages/neutron_lib/callbacks/manager.py:52}}
Jul 23 11:57:45.218168 np0000005762 devstack@neutron-api.service[90716]: DEBUG neutron.api.extensions [None req-fcdaf937-9a4f-4c37-9d22-66341fffa954 None None] Loading extension file: l3_flavors.py {{(pid=90716) _load_all_extensions_from_path /opt/stack/neutron/neutron/api/extensions.py:449}}
Jul 23 11:57:45.218258 np0000005762 devstack@neutron-api.service[90714]: DEBUG neutron_lib.callbacks.manager [None req-e4c4c452-07a8-4dc9-8471-5c08a2c256ee None None] Subscribe: > router after_update 55550000, False {{(pid=90714) subscribe /opt/stack/data/venv/lib/python3.12/site-packages/neutron_lib/callbacks/manager.py:52}}
Jul 23 11:57:45.218258 np0000005762 devstack@neutron-api.service[90714]: DEBUG neutron.services.service_base [None req-e4c4c452-07a8-4dc9-8471-5c08a2c256ee None None] Loaded 'neutron.services.ovn_l3.service_providers.ovn.OvnDriver' provider for service L3_ROUTER_NAT {{(pid=90714) load_drivers /opt/stack/neutron/neutron/services/service_base.py:49}}
Jul 23 11:57:45.218410 np0000005762 devstack@neutron-api.service[90716]: DEBUG neutron.api.extensions [None req-fcdaf937-9a4f-4c37-9d22-66341fffa954 None None] Ext name="Router Flavor Extension" alias="l3-flavors" description="Flavor support for routers." updated="2016-05-17T00:00:00-00:00" {{(pid=90716) _check_extension /opt/stack/neutron/neutron/api/extensions.py:415}}
Jul 23 11:57:45.218507 np0000005762 devstack@neutron-api.service[90714]: DEBUG neutron_lib.callbacks.manager [None req-e4c4c452-07a8-4dc9-8471-5c08a2c256ee None None] Subscribe: > process after_init 55550001, True {{(pid=90714) subscribe /opt/stack/data/venv/lib/python3.12/site-packages/neutron_lib/callbacks/manager.py:52}}
Jul 23 11:57:45.218507 np0000005762 devstack@neutron-api.service[90714]: DEBUG neutron.manager [None req-e4c4c452-07a8-4dc9-8471-5c08a2c256ee None None] Successfully loaded L3_ROUTER_NAT plugin. Description: L3 Router Service Plugin for basic L3 forwarding using OVN {{(pid=90714) _create_and_add_service_plugin /opt/stack/neutron/neutron/manager.py:236}}
Jul 23 11:57:45.218635 np0000005762 devstack@neutron-api.service[90716]: INFO neutron.api.extensions [None req-fcdaf937-9a4f-4c37-9d22-66341fffa954 None None] Loaded extension: l3-flavors
Jul 23 11:57:45.218716 np0000005762 devstack@neutron-api.service[90714]: INFO neutron.manager [None req-e4c4c452-07a8-4dc9-8471-5c08a2c256ee None None] Loading Plugin: auto_allocate
Jul 23 11:57:45.218828 np0000005762 devstack@neutron-api.service[90716]: DEBUG neutron.api.extensions [None req-fcdaf937-9a4f-4c37-9d22-66341fffa954 None None] Loading extension file: l3_ndp_proxy.py {{(pid=90716) _load_all_extensions_from_path /opt/stack/neutron/neutron/api/extensions.py:449}}
Jul 23 11:57:45.218828 np0000005762 devstack@neutron-api.service[90716]: DEBUG neutron.api.extensions [None req-fcdaf937-9a4f-4c37-9d22-66341fffa954 None None] Ext name="name" alias="l3-ndp-proxy" description="description" updated="2021-06-29T10:00:00-00:00" {{(pid=90716) _check_extension /opt/stack/neutron/neutron/api/extensions.py:415}}
Jul 23 11:57:45.218828 np0000005762 devstack@neutron-api.service[90716]: INFO neutron.api.extensions [None req-fcdaf937-9a4f-4c37-9d22-66341fffa954 None None] Extension l3-ndp-proxy not supported by any of loaded plugins
Jul 23 11:57:45.218828 np0000005762 devstack@neutron-api.service[90716]: DEBUG neutron.api.extensions [None req-fcdaf937-9a4f-4c37-9d22-66341fffa954 None None] Loading extension file: l3_port_ip_change_not_allowed.py {{(pid=90716) _load_all_extensions_from_path /opt/stack/neutron/neutron/api/extensions.py:449}}
Jul 23 11:57:45.218828 np0000005762 devstack@neutron-api.service[90716]: DEBUG neutron.api.extensions [None req-fcdaf937-9a4f-4c37-9d22-66341fffa954 None None] Ext name="Prevent L3 router ports IP address change extension" alias="l3-port-ip-change-not-allowed" description="Prevent change of IP address for some L3 router ports" updated="2018-10-09T10:00:00-00:00" {{(pid=90716) _check_extension /opt/stack/neutron/neutron/api/extensions.py:415}}
Jul 23 11:57:45.218828 np0000005762 devstack@neutron-api.service[90716]: INFO neutron.api.extensions [None req-fcdaf937-9a4f-4c37-9d22-66341fffa954 None None] Extension l3-port-ip-change-not-allowed not supported by any of loaded plugins
Jul 23 11:57:45.218828 np0000005762 devstack@neutron-api.service[90716]: DEBUG neutron.api.extensions [None req-fcdaf937-9a4f-4c37-9d22-66341fffa954 None None] Loading extension file: l3agentscheduler.py {{(pid=90716) _load_all_extensions_from_path /opt/stack/neutron/neutron/api/extensions.py:449}}
Jul 23 11:57:45.219125 np0000005762 devstack@neutron-api.service[90714]: DEBUG neutron_lib.callbacks.manager [None req-e4c4c452-07a8-4dc9-8471-5c08a2c256ee None None] Subscribe: network precommit_update 55550000, False {{(pid=90714) subscribe /opt/stack/data/venv/lib/python3.12/site-packages/neutron_lib/callbacks/manager.py:52}}
Jul 23 11:57:45.219125 np0000005762 devstack@neutron-api.service[90714]: DEBUG neutron_lib.callbacks.manager [None req-e4c4c452-07a8-4dc9-8471-5c08a2c256ee None None] Subscribe: network precommit_create 55550000, False {{(pid=90714) subscribe /opt/stack/data/venv/lib/python3.12/site-packages/neutron_lib/callbacks/manager.py:52}}
Jul 23 11:57:45.219125 np0000005762 devstack@neutron-api.service[90714]: DEBUG neutron.manager [None req-e4c4c452-07a8-4dc9-8471-5c08a2c256ee None None] Successfully loaded auto-allocated-topology plugin. Description: Auto Allocated Topology - aka get me a network. {{(pid=90714) _create_and_add_service_plugin /opt/stack/neutron/neutron/manager.py:236}}
Jul 23 11:57:45.219125 np0000005762 devstack@neutron-api.service[90714]: INFO neutron.manager [None req-e4c4c452-07a8-4dc9-8471-5c08a2c256ee None None] Loading Plugin: tag
Jul 23 11:57:45.219577 np0000005762 devstack@neutron-api.service[90716]: DEBUG neutron.api.extensions [None req-fcdaf937-9a4f-4c37-9d22-66341fffa954 None None] Ext name="L3 Agent Scheduler" alias="l3_agent_scheduler" description="Schedule routers among l3 agents" updated="2013-02-07T10:00:00-00:00" {{(pid=90716) _check_extension /opt/stack/neutron/neutron/api/extensions.py:415}}
Jul 23 11:57:45.219577 np0000005762 devstack@neutron-api.service[90716]: INFO neutron.api.extensions [None req-fcdaf937-9a4f-4c37-9d22-66341fffa954 None None] Loaded extension: l3_agent_scheduler
Jul 23 11:57:45.219577 np0000005762 devstack@neutron-api.service[90716]: DEBUG neutron.api.extensions [None req-fcdaf937-9a4f-4c37-9d22-66341fffa954 None None] Loading extension file: local_ip.py {{(pid=90716) _load_all_extensions_from_path /opt/stack/neutron/neutron/api/extensions.py:449}}
Jul 23 11:57:45.219790 np0000005762 devstack@neutron-api.service[90715]: INFO neutron.plugins.ml2.drivers.type_vlan [None req-d4185365-e3d3-41fe-84ee-9130e9c78d75 None None] VlanTypeDriver initialization complete
Jul 23 11:57:45.219790 np0000005762 devstack@neutron-api.service[90715]: INFO neutron.plugins.ml2.managers [None req-d4185365-e3d3-41fe-84ee-9130e9c78d75 None None] Initializing extension driver 'port_security'
Jul 23 11:57:45.219790 np0000005762 devstack@neutron-api.service[90715]: INFO neutron.plugins.ml2.extensions.port_security [None req-d4185365-e3d3-41fe-84ee-9130e9c78d75 None None] PortSecurityExtensionDriver initialization complete
Jul 23 11:57:45.219790 np0000005762 devstack@neutron-api.service[90715]: INFO neutron.plugins.ml2.managers [None req-d4185365-e3d3-41fe-84ee-9130e9c78d75 None None] Initializing extension driver 'qos'
Jul 23 11:57:45.220226 np0000005762 devstack@neutron-api.service[90716]: DEBUG neutron.api.extensions [None req-fcdaf937-9a4f-4c37-9d22-66341fffa954 None None] Ext name="Local IP" alias="local_ip" description="Support Node Local Virtual IP" updated="2021-07-26T10:00:00-00:00" {{(pid=90716) _check_extension /opt/stack/neutron/neutron/api/extensions.py:415}}
Jul 23 11:57:45.220365 np0000005762 devstack@neutron-api.service[90715]: DEBUG neutron.plugins.ml2.extensions.qos [None req-d4185365-e3d3-41fe-84ee-9130e9c78d75 None None] QosExtensionDriver initialization complete {{(pid=90715) initialize /opt/stack/neutron/neutron/plugins/ml2/extensions/qos.py:31}}
Jul 23 11:57:45.220505 np0000005762 devstack@neutron-api.service[90716]: INFO neutron.api.extensions [None req-fcdaf937-9a4f-4c37-9d22-66341fffa954 None None] Extension local_ip not supported by any of loaded plugins
Jul 23 11:57:45.220718 np0000005762 devstack@neutron-api.service[90715]: INFO neutron.plugins.ml2.managers [None req-d4185365-e3d3-41fe-84ee-9130e9c78d75 None None] Initializing mechanism driver 'ovn'
Jul 23 11:57:45.220853 np0000005762 devstack@neutron-api.service[90716]: DEBUG neutron.api.extensions [None req-fcdaf937-9a4f-4c37-9d22-66341fffa954 None None] Loading extension file: logging.py {{(pid=90716) _load_all_extensions_from_path /opt/stack/neutron/neutron/api/extensions.py:449}}
Jul 23 11:57:45.220932 np0000005762 devstack@neutron-api.service[90715]: INFO neutron.plugins.ml2.drivers.ovn.mech_driver.mech_driver [None req-d4185365-e3d3-41fe-84ee-9130e9c78d75 None None] Starting OVNMechanismDriver
Jul 23 11:57:45.221029 np0000005762 devstack@neutron-api.service[90716]: DEBUG neutron.api.extensions [None req-fcdaf937-9a4f-4c37-9d22-66341fffa954 None None] Ext name="Logging API Extension" alias="logging" description="Provides a logging API for resources such as security group and firewall." updated="2017-01-01T10:00:00-00:00" {{(pid=90716) _check_extension /opt/stack/neutron/neutron/api/extensions.py:415}}
Jul 23 11:57:45.221029 np0000005762 devstack@neutron-api.service[90716]: INFO neutron.api.extensions [None req-fcdaf937-9a4f-4c37-9d22-66341fffa954 None None] Extension logging not supported by any of loaded plugins
Jul 23 11:57:45.221029 np0000005762 devstack@neutron-api.service[90716]: DEBUG neutron.api.extensions [None req-fcdaf937-9a4f-4c37-9d22-66341fffa954 None None] Loading extension file: metering.py {{(pid=90716) _load_all_extensions_from_path /opt/stack/neutron/neutron/api/extensions.py:449}}
Jul 23 11:57:45.221029 np0000005762 devstack@neutron-api.service[90716]: DEBUG neutron.api.extensions [None req-fcdaf937-9a4f-4c37-9d22-66341fffa954 None None] Ext name="Neutron Metering" alias="metering" description="Neutron Metering extension." updated="2013-06-12T10:00:00-00:00" {{(pid=90716) _check_extension /opt/stack/neutron/neutron/api/extensions.py:415}}
Jul 23 11:57:45.221029 np0000005762 devstack@neutron-api.service[90716]: INFO neutron.api.extensions [None req-fcdaf937-9a4f-4c37-9d22-66341fffa954 None None] Extension metering not supported by any of loaded plugins
Jul 23 11:57:45.221029 np0000005762 devstack@neutron-api.service[90716]: DEBUG neutron.api.extensions [None req-fcdaf937-9a4f-4c37-9d22-66341fffa954 None None] Loading extension file: metering_source_and_destination_fields.py {{(pid=90716) _load_all_extensions_from_path /opt/stack/neutron/neutron/api/extensions.py:449}}
Jul 23 11:57:45.221300 np0000005762 devstack@neutron-api.service[90716]: DEBUG neutron.api.extensions [None req-fcdaf937-9a4f-4c37-9d22-66341fffa954 None None] Ext name="Neutron Metering with source and destination filtering" alias="metering_source_and_destination_fields" description="Neutron Metering extension that enables the use of source and destination IP prefixes to create metering label rules." updated="2020-08-21T08:12:00-00:00" {{(pid=90716) _check_extension /opt/stack/neutron/neutron/api/extensions.py:415}}
Jul 23 11:57:45.221300 np0000005762 devstack@neutron-api.service[90716]: INFO neutron.api.extensions [None req-fcdaf937-9a4f-4c37-9d22-66341fffa954 None None] Extension metering_source_and_destination_fields not supported by any of loaded plugins
Jul 23 11:57:45.221390 np0000005762 devstack@neutron-api.service[90715]: DEBUG neutron_lib.callbacks.manager [None req-d4185365-e3d3-41fe-84ee-9130e9c78d75 None None] Subscribe: > process before_spawn 55550000, False {{(pid=90715) subscribe /opt/stack/data/venv/lib/python3.12/site-packages/neutron_lib/callbacks/manager.py:52}}
Jul 23 11:57:45.221451 np0000005762 devstack@neutron-api.service[90716]: DEBUG neutron.api.extensions [None req-fcdaf937-9a4f-4c37-9d22-66341fffa954 None None] Loading extension file: multiprovidernet.py {{(pid=90716) _load_all_extensions_from_path /opt/stack/neutron/neutron/api/extensions.py:449}}
Jul 23 11:57:45.221503 np0000005762 devstack@neutron-api.service[90715]: DEBUG neutron_lib.callbacks.manager [None req-d4185365-e3d3-41fe-84ee-9130e9c78d75 None None] Subscribe: > process after_init 55550000, True {{(pid=90715) subscribe /opt/stack/data/venv/lib/python3.12/site-packages/neutron_lib/callbacks/manager.py:52}}
Jul 23 11:57:45.221503 np0000005762 devstack@neutron-api.service[90715]: DEBUG neutron_lib.callbacks.manager [None req-d4185365-e3d3-41fe-84ee-9130e9c78d75 None None] Subscribe: > segment after_create 55550000, False {{(pid=90715) subscribe /opt/stack/data/venv/lib/python3.12/site-packages/neutron_lib/callbacks/manager.py:52}}
Jul 23 11:57:45.221570 np0000005762 devstack@neutron-api.service[90716]: DEBUG neutron.api.extensions [None req-fcdaf937-9a4f-4c37-9d22-66341fffa954 None None] Ext name="Multi Provider Network" alias="multi-provider" description="Expose mapping of virtual networks to multiple physical networks" updated="2013-06-27T10:00:00-00:00" {{(pid=90716) _check_extension /opt/stack/neutron/neutron/api/extensions.py:415}}
Jul 23 11:57:45.221635 np0000005762 devstack@neutron-api.service[90715]: DEBUG neutron_lib.callbacks.manager [None req-d4185365-e3d3-41fe-84ee-9130e9c78d75 None None] Subscribe: > segment after_create 55550000, False {{(pid=90715) subscribe /opt/stack/data/venv/lib/python3.12/site-packages/neutron_lib/callbacks/manager.py:52}}
Jul 23 11:57:45.221635 np0000005762 devstack@neutron-api.service[90715]: DEBUG neutron_lib.callbacks.manager [None req-d4185365-e3d3-41fe-84ee-9130e9c78d75 None None] Subscribe: > segment after_delete 55550000, False {{(pid=90715) subscribe /opt/stack/data/venv/lib/python3.12/site-packages/neutron_lib/callbacks/manager.py:52}}
Jul 23 11:57:45.221694 np0000005762 devstack@neutron-api.service[90716]: INFO neutron.api.extensions [None req-fcdaf937-9a4f-4c37-9d22-66341fffa954 None None] Loaded extension: multi-provider
Jul 23 11:57:45.221752 np0000005762 devstack@neutron-api.service[90714]: DEBUG neutron.manager [None req-e4c4c452-07a8-4dc9-8471-5c08a2c256ee None None] Successfully loaded TAG plugin. Description: Tag support {{(pid=90714) _create_and_add_service_plugin /opt/stack/neutron/neutron/manager.py:236}}
Jul 23 11:57:45.221794 np0000005762 devstack@neutron-api.service[90715]: DEBUG neutron_lib.callbacks.manager [None req-d4185365-e3d3-41fe-84ee-9130e9c78d75 None None] Subscribe: > allowed_address_pair before_create 55550000, False {{(pid=90715) subscribe /opt/stack/data/venv/lib/python3.12/site-packages/neutron_lib/callbacks/manager.py:52}}
Jul 23 11:57:45.221837 np0000005762 devstack@neutron-api.service[90716]: DEBUG neutron.api.extensions [None req-fcdaf937-9a4f-4c37-9d22-66341fffa954 None None] Loading extension file: netmtu.py {{(pid=90716) _load_all_extensions_from_path /opt/stack/neutron/neutron/api/extensions.py:449}}
Jul 23 11:57:45.221880 np0000005762 devstack@neutron-api.service[90714]: INFO neutron.manager [None req-e4c4c452-07a8-4dc9-8471-5c08a2c256ee None None] Loading Plugin: timestamp
Jul 23 11:57:45.221959 np0000005762 devstack@neutron-api.service[90715]: DEBUG neutron_lib.callbacks.manager [None req-d4185365-e3d3-41fe-84ee-9130e9c78d75 None None] Subscribe: > security_group precommit_create 55550000, False {{(pid=90715) subscribe /opt/stack/data/venv/lib/python3.12/site-packages/neutron_lib/callbacks/manager.py:52}}
Jul 23 11:57:45.221959 np0000005762 devstack@neutron-api.service[90715]: DEBUG neutron_lib.callbacks.manager [None req-d4185365-e3d3-41fe-84ee-9130e9c78d75 None None] Subscribe: > security_group after_update 55550000, False {{(pid=90715) subscribe /opt/stack/data/venv/lib/python3.12/site-packages/neutron_lib/callbacks/manager.py:52}}
Jul 23 11:57:45.222058 np0000005762 devstack@neutron-api.service[90716]: DEBUG neutron.api.extensions [None req-fcdaf937-9a4f-4c37-9d22-66341fffa954 None None] Ext name="Network MTU" alias="net-mtu" description="Provides MTU attribute for a network resource." updated="2015-03-25T10:00:00-00:00" {{(pid=90716) _check_extension /opt/stack/neutron/neutron/api/extensions.py:415}}
Jul 23 11:57:45.222162 np0000005762 devstack@neutron-api.service[90715]: DEBUG neutron_lib.callbacks.manager [None req-d4185365-e3d3-41fe-84ee-9130e9c78d75 None None] Subscribe: > security_group after_create 55550000, False {{(pid=90715) subscribe /opt/stack/data/venv/lib/python3.12/site-packages/neutron_lib/callbacks/manager.py:52}}
Jul 23 11:57:45.222162 np0000005762 devstack@neutron-api.service[90715]: DEBUG neutron_lib.callbacks.manager [None req-d4185365-e3d3-41fe-84ee-9130e9c78d75 None None] Subscribe: > security_group precommit_delete 55550000, False {{(pid=90715) subscribe /opt/stack/data/venv/lib/python3.12/site-packages/neutron_lib/callbacks/manager.py:52}}
Jul 23 11:57:45.222277 np0000005762 devstack@neutron-api.service[90716]: INFO neutron.api.extensions [None req-fcdaf937-9a4f-4c37-9d22-66341fffa954 None None] Loaded extension: net-mtu
Jul 23 11:57:45.222357 np0000005762 devstack@neutron-api.service[90715]: DEBUG neutron_lib.callbacks.manager [None req-d4185365-e3d3-41fe-84ee-9130e9c78d75 None None] Subscribe: > security_group after_delete 55550000, False {{(pid=90715) subscribe /opt/stack/data/venv/lib/python3.12/site-packages/neutron_lib/callbacks/manager.py:52}}
Jul 23 11:57:45.222481 np0000005762 devstack@neutron-api.service[90716]: DEBUG neutron.api.extensions [None req-fcdaf937-9a4f-4c37-9d22-66341fffa954 None None] Loading extension file: netmtu_writable.py {{(pid=90716) _load_all_extensions_from_path /opt/stack/neutron/neutron/api/extensions.py:449}}
Jul 23 11:57:45.222587 np0000005762 devstack@neutron-api.service[90715]: DEBUG neutron_lib.callbacks.manager [None req-d4185365-e3d3-41fe-84ee-9130e9c78d75 None None] Subscribe: > security_group_rule precommit_create 55550000, False {{(pid=90715) subscribe /opt/stack/data/venv/lib/python3.12/site-packages/neutron_lib/callbacks/manager.py:52}}
Jul 23 11:57:45.222587 np0000005762 devstack@neutron-api.service[90715]: DEBUG neutron_lib.callbacks.manager [None req-d4185365-e3d3-41fe-84ee-9130e9c78d75 None None] Subscribe: > security_group_rule after_create 55550000, False {{(pid=90715) subscribe /opt/stack/data/venv/lib/python3.12/site-packages/neutron_lib/callbacks/manager.py:52}}
Jul 23 11:57:45.222587 np0000005762 devstack@neutron-api.service[90715]: DEBUG neutron_lib.callbacks.manager [None req-d4185365-e3d3-41fe-84ee-9130e9c78d75 None None] Subscribe: > security_group_rule before_delete 55550000, False {{(pid=90715) subscribe /opt/stack/data/venv/lib/python3.12/site-packages/neutron_lib/callbacks/manager.py:52}}
Jul 23 11:57:45.222740 np0000005762 devstack@neutron-api.service[90716]: DEBUG neutron.api.extensions [None req-fcdaf937-9a4f-4c37-9d22-66341fffa954 None None] Ext name="Network MTU (writable)" alias="net-mtu-writable" description="Provides a writable MTU attribute for a network resource." updated="2017-07-12T00:00:00-00:00" {{(pid=90716) _check_extension /opt/stack/neutron/neutron/api/extensions.py:415}}
Jul 23 11:57:45.222902 np0000005762 devstack@neutron-api.service[90715]: DEBUG neutron_lib.callbacks.manager [None req-d4185365-e3d3-41fe-84ee-9130e9c78d75 None None] Subscribe: > address_group after_create 55550000, False {{(pid=90715) subscribe /opt/stack/data/venv/lib/python3.12/site-packages/neutron_lib/callbacks/manager.py:52}}
Jul 23 11:57:45.223076 np0000005762 devstack@neutron-api.service[90716]: INFO neutron.api.extensions [None req-fcdaf937-9a4f-4c37-9d22-66341fffa954 None None] Loaded extension: net-mtu-writable
Jul 23 11:57:45.223181 np0000005762 devstack@neutron-api.service[90715]: DEBUG neutron_lib.callbacks.manager [None req-d4185365-e3d3-41fe-84ee-9130e9c78d75 None None] Subscribe: > address_group after_update 55550000, False {{(pid=90715) subscribe /opt/stack/data/venv/lib/python3.12/site-packages/neutron_lib/callbacks/manager.py:52}}
Jul 23 11:57:45.223383 np0000005762 devstack@neutron-api.service[90716]: DEBUG neutron.api.extensions [None req-fcdaf937-9a4f-4c37-9d22-66341fffa954 None None] Loading extension file: network_availability_zone.py {{(pid=90716) _load_all_extensions_from_path /opt/stack/neutron/neutron/api/extensions.py:449}}
Jul 23 11:57:45.223543 np0000005762 devstack@neutron-api.service[90715]: DEBUG neutron_lib.callbacks.manager [None req-d4185365-e3d3-41fe-84ee-9130e9c78d75 None None] Subscribe: > address_group after_delete 55550000, False {{(pid=90715) subscribe /opt/stack/data/venv/lib/python3.12/site-packages/neutron_lib/callbacks/manager.py:52}}
Jul 23 11:57:45.223543 np0000005762 devstack@neutron-api.service[90715]: DEBUG neutron_lib.callbacks.manager [None req-d4185365-e3d3-41fe-84ee-9130e9c78d75 None None] Subscribe: > qos_plugin after_init 55550000, False {{(pid=90715) subscribe /opt/stack/data/venv/lib/python3.12/site-packages/neutron_lib/callbacks/manager.py:52}}
Jul 23 11:57:45.223727 np0000005762 devstack@neutron-api.service[90716]: DEBUG neutron.api.extensions [None req-fcdaf937-9a4f-4c37-9d22-66341fffa954 None None] Ext name="Network Availability Zone" alias="network_availability_zone" description="Availability zone support for network." updated="2015-01-01T10:00:00-00:00" {{(pid=90716) _check_extension /opt/stack/neutron/neutron/api/extensions.py:415}}
