Jul 19 20:28:19.952961 np0000005465 devstack@g-api.service[99679]: DEBUG glance_store.location [-] Registering scheme filesystem with {'store': , 'location_class': , 'store_entry': 'file'} {{(pid=99679) register_scheme_map /opt/stack/data/venv/lib/python3.12/site-packages/glance_store/location.py:146}}
Jul 19 20:28:19.953012 np0000005465 devstack@g-api.service[99679]: DEBUG glance_store.backend [-] Attempting to import store swift {{(pid=99679) _load_store /opt/stack/data/venv/lib/python3.12/site-packages/glance_store/backend.py:215}}
Jul 19 20:28:19.953189 np0000005465 devstack@g-api.service[99679]: WARNING oslo_config.cfg [-] Deprecated: Option "default_store" from group "glance_store" is deprecated for removal (
Jul 19 20:28:19.953189 np0000005465 devstack@g-api.service[99679]: This option is deprecated against new config option
Jul 19 20:28:19.953189 np0000005465 devstack@g-api.service[99679]: ``default_backend`` which acts similar to ``default_store`` config
Jul 19 20:28:19.953189 np0000005465 devstack@g-api.service[99679]: option.
Jul 19 20:28:19.953189 np0000005465 devstack@g-api.service[99679]: This option is scheduled for removal in the U development
Jul 19 20:28:19.953189 np0000005465 devstack@g-api.service[99679]: cycle.
Jul 19 20:28:19.953189 np0000005465 devstack@g-api.service[99679]: ). Its value may be silently ignored in the future.
Jul 19 20:28:19.954258 np0000005465 devstack@g-api.service[99679]: DEBUG glance_store.capabilities [-] Store glance_store._drivers.swift.store.SingleTenantStore doesn't support updating dynamic storage capabilities. Please overwrite 'update_capabilities' method of the store to implement updating logics if needed. {{(pid=99679) update_capabilities /opt/stack/data/venv/lib/python3.12/site-packages/glance_store/capabilities.py:91}}
Jul 19 20:28:19.954307 np0000005465 devstack@g-api.service[99679]: DEBUG glance_store.backend [-] Registering store swift with schemes ('swift+https', 'swift', 'swift+http', 'swift+config') {{(pid=99679) create_stores /opt/stack/data/venv/lib/python3.12/site-packages/glance_store/backend.py:261}}
Jul 19 20:28:19.954369 np0000005465 devstack@g-api.service[99679]: DEBUG glance_store.driver [-] Late loading location class glance_store._drivers.swift.store.StoreLocation {{(pid=99679) get_store_location_class /opt/stack/data/venv/lib/python3.12/site-packages/glance_store/driver.py:134}}
Jul 19 20:28:19.954430 np0000005465 devstack@g-api.service[99679]: DEBUG glance_store.location [-] Registering scheme swift+https with {'store': , 'location_class': , 'store_entry': 'swift'} {{(pid=99679) register_scheme_map /opt/stack/data/venv/lib/python3.12/site-packages/glance_store/location.py:146}}
Jul 19 20:28:19.954474 np0000005465 devstack@g-api.service[99679]: DEBUG glance_store.location [-] Registering scheme swift with {'store': , 'location_class': , 'store_entry': 'swift'} {{(pid=99679) register_scheme_map /opt/stack/data/venv/lib/python3.12/site-packages/glance_store/location.py:146}}
Jul 19 20:28:19.954524 np0000005465 devstack@g-api.service[99679]: DEBUG glance_store.location [-] Registering scheme swift+http with {'store': , 'location_class': , 'store_entry': 'swift'} {{(pid=99679) register_scheme_map /opt/stack/data/venv/lib/python3.12/site-packages/glance_store/location.py:146}}
Jul 19 20:28:19.954573 np0000005465 devstack@g-api.service[99679]: DEBUG glance_store.location [-] Registering scheme swift+config with {'store': , 'location_class': , 'store_entry': 'swift'} {{(pid=99679) register_scheme_map /opt/stack/data/venv/lib/python3.12/site-packages/glance_store/location.py:146}}
Jul 19 20:28:19.954672 np0000005465 devstack@g-api.service[99679]: DEBUG glance_store.backend [-] Attempting to import store swift {{(pid=99679) _load_store /opt/stack/data/venv/lib/python3.12/site-packages/glance_store/backend.py:215}}
Jul 19 20:28:19.955666 np0000005465 devstack@g-api.service[99679]: DEBUG glance_store.capabilities [-] Store glance_store._drivers.swift.store.SingleTenantStore doesn't support updating dynamic storage capabilities. Please overwrite 'update_capabilities' method of the store to implement updating logics if needed. {{(pid=99679) update_capabilities /opt/stack/data/venv/lib/python3.12/site-packages/glance_store/capabilities.py:91}}
Jul 19 20:28:19.955716 np0000005465 devstack@g-api.service[99679]: DEBUG glance_store.driver [-] Late loading location class glance_store._drivers.swift.store.StoreLocation {{(pid=99679) get_store_location_class /opt/stack/data/venv/lib/python3.12/site-packages/glance_store/driver.py:134}}
Jul 19 20:28:19.955784 np0000005465 devstack@g-api.service[99679]: DEBUG glance_store.location [-] Registering scheme swift+https with {'store': , 'location_class': , 'store_entry': 'swift'} {{(pid=99679) register_scheme_map /opt/stack/data/venv/lib/python3.12/site-packages/glance_store/location.py:146}}
Jul 19 20:28:19.955855 np0000005465 devstack@g-api.service[99679]: DEBUG glance_store.location [-] Registering scheme swift+https with {'store': , 'location_class': , 'store_entry': 'swift'} {{(pid=99679) register_scheme_map /opt/stack/data/venv/lib/python3.12/site-packages/glance_store/location.py:146}}
Jul 19 20:28:19.955923 np0000005465 devstack@g-api.service[99679]: DEBUG glance_store.location [-] Registering scheme swift with {'store': , 'location_class': , 'store_entry': 'swift'} {{(pid=99679) register_scheme_map /opt/stack/data/venv/lib/python3.12/site-packages/glance_store/location.py:146}}
Jul 19 20:28:19.955969 np0000005465 devstack@g-api.service[99679]: DEBUG glance_store.location [-] Registering scheme swift+https with {'store': , 'location_class': , 'store_entry': 'swift'} {{(pid=99679) register_scheme_map /opt/stack/data/venv/lib/python3.12/site-packages/glance_store/location.py:146}}
Jul 19 20:28:19.956025 np0000005465 devstack@g-api.service[99679]: DEBUG glance_store.location [-] Registering scheme swift with {'store': , 'location_class': , 'store_entry': 'swift'} {{(pid=99679) register_scheme_map /opt/stack/data/venv/lib/python3.12/site-packages/glance_store/location.py:146}}
Jul 19 20:28:19.956068 np0000005465 devstack@g-api.service[99679]: DEBUG glance_store.location [-] Registering scheme swift+http with {'store': , 'location_class': , 'store_entry': 'swift'} {{(pid=99679) register_scheme_map /opt/stack/data/venv/lib/python3.12/site-packages/glance_store/location.py:146}}
Jul 19 20:28:19.956107 np0000005465 devstack@g-api.service[99679]: DEBUG glance_store.location [-] Registering scheme swift+https with {'store': , 'location_class': , 'store_entry': 'swift'} {{(pid=99679) register_scheme_map /opt/stack/data/venv/lib/python3.12/site-packages/glance_store/location.py:146}}
Jul 19 20:28:19.956159 np0000005465 devstack@g-api.service[99679]: DEBUG glance_store.location [-] Registering scheme swift with {'store': , 'location_class': , 'store_entry': 'swift'} {{(pid=99679) register_scheme_map /opt/stack/data/venv/lib/python3.12/site-packages/glance_store/location.py:146}}
Jul 19 20:28:19.956207 np0000005465 devstack@g-api.service[99679]: DEBUG glance_store.location [-] Registering scheme swift+http with {'store': , 'location_class': , 'store_entry': 'swift'} {{(pid=99679) register_scheme_map /opt/stack/data/venv/lib/python3.12/site-packages/glance_store/location.py:146}}
Jul 19 20:28:19.956256 np0000005465 devstack@g-api.service[99679]: DEBUG glance_store.location [-] Registering scheme swift+config with {'store': , 'location_class': , 'store_entry': 'swift'} {{(pid=99679) register_scheme_map /opt/stack/data/venv/lib/python3.12/site-packages/glance_store/location.py:146}}
Jul 19 20:28:19.956496 np0000005465 devstack@g-api.service[99679]: DEBUG glance.sqlite_migration [-] SQLite caching database not located, skipping migration {{(pid=99679) get_db_path /opt/stack/glance/glance/sqlite_migration.py:68}}
Jul 19 20:28:19.956674 np0000005465 devstack@g-api.service[99679]: WARNING glance.common.wsgi_app [-] Import methods are enabled but staging directory /tmp/staging/ does not exist; Imports will fail!
Jul 19 20:28:20.078047 np0000005465 devstack@g-api.service[99677]: DEBUG glance.common.config [None req-45cd2d44-a74f-4aae-8c91-b7d5c3e6d771 None None] Loading glance-api-keystone+cachemanagement from /etc/glance/glance-api-paste.ini {{(pid=99677) load_paste_app /opt/stack/glance/glance/common/config.py:765}}
Jul 19 20:28:20.083006 np0000005465 devstack@g-api.service[99678]: DEBUG glance.common.config [None req-db046974-87ab-47d5-bde8-9f69ce7c1d48 None None] Loading glance-api-keystone+cachemanagement from /etc/glance/glance-api-paste.ini {{(pid=99678) load_paste_app /opt/stack/glance/glance/common/config.py:765}}
Jul 19 20:28:20.089298 np0000005465 devstack@g-api.service[99679]: DEBUG glance.common.config [None req-874d0c75-cd1b-4937-8a62-4e170430e015 None None] Loading glance-api-keystone+cachemanagement from /etc/glance/glance-api-paste.ini {{(pid=99679) load_paste_app /opt/stack/glance/glance/common/config.py:765}}
Jul 19 20:28:20.681384 np0000005465 devstack@g-api.service[99677]: INFO glance.image_cache [None req-45cd2d44-a74f-4aae-8c91-b7d5c3e6d771 None None] Image cache loaded driver 'centralized_db'.
Jul 19 20:28:20.682212 np0000005465 devstack@g-api.service[99679]: INFO glance.image_cache [None req-874d0c75-cd1b-4937-8a62-4e170430e015 None None] Image cache loaded driver 'centralized_db'.
Jul 19 20:28:20.698808 np0000005465 devstack@g-api.service[99678]: INFO glance.image_cache [None req-db046974-87ab-47d5-bde8-9f69ce7c1d48 None None] Image cache loaded driver 'centralized_db'.
Jul 19 20:28:20.726174 np0000005465 devstack@g-api.service[99677]: INFO dbcounter [None req-45cd2d44-a74f-4aae-8c91-b7d5c3e6d771 None None] Registered counter for database glance
Jul 19 20:28:20.727599 np0000005465 devstack@g-api.service[99679]: INFO dbcounter [None req-874d0c75-cd1b-4937-8a62-4e170430e015 None None] Registered counter for database glance
Jul 19 20:28:20.743377 np0000005465 devstack@g-api.service[99678]: INFO dbcounter [None req-db046974-87ab-47d5-bde8-9f69ce7c1d48 None None] Registered counter for database glance
Jul 19 20:28:20.761900 np0000005465 devstack@g-api.service[99677]: DEBUG oslo_db.sqlalchemy.engines [None req-45cd2d44-a74f-4aae-8c91-b7d5c3e6d771 None None] MySQL server mode set to STRICT_TRANS_TABLES,STRICT_ALL_TABLES,NO_ZERO_IN_DATE,NO_ZERO_DATE,ERROR_FOR_DIVISION_BY_ZERO,TRADITIONAL,NO_ENGINE_SUBSTITUTION {{(pid=99677) _check_effective_sql_mode /opt/stack/data/venv/lib/python3.12/site-packages/oslo_db/sqlalchemy/engines.py:325}}
Jul 19 20:28:20.764022 np0000005465 devstack@g-api.service[99679]: DEBUG oslo_db.sqlalchemy.engines [None req-874d0c75-cd1b-4937-8a62-4e170430e015 None None] MySQL server mode set to STRICT_TRANS_TABLES,STRICT_ALL_TABLES,NO_ZERO_IN_DATE,NO_ZERO_DATE,ERROR_FOR_DIVISION_BY_ZERO,TRADITIONAL,NO_ENGINE_SUBSTITUTION {{(pid=99679) _check_effective_sql_mode /opt/stack/data/venv/lib/python3.12/site-packages/oslo_db/sqlalchemy/engines.py:325}}
Jul 19 20:28:20.778377 np0000005465 devstack@g-api.service[99678]: DEBUG oslo_db.sqlalchemy.engines [None req-db046974-87ab-47d5-bde8-9f69ce7c1d48 None None] MySQL server mode set to STRICT_TRANS_TABLES,STRICT_ALL_TABLES,NO_ZERO_IN_DATE,NO_ZERO_DATE,ERROR_FOR_DIVISION_BY_ZERO,TRADITIONAL,NO_ENGINE_SUBSTITUTION {{(pid=99678) _check_effective_sql_mode /opt/stack/data/venv/lib/python3.12/site-packages/oslo_db/sqlalchemy/engines.py:325}}
Jul 19 20:28:20.782408 np0000005465 devstack@g-api.service[99677]: DEBUG dbcounter [-] [99677] Writer thread running {{(pid=99677) stat_writer /opt/stack/data/venv/lib/python3.12/site-packages/dbcounter.py:102}}
Jul 19 20:28:20.784609 np0000005465 devstack@g-api.service[99679]: DEBUG dbcounter [-] [99679] Writer thread running {{(pid=99679) stat_writer /opt/stack/data/venv/lib/python3.12/site-packages/dbcounter.py:102}}
Jul 19 20:28:20.787931 np0000005465 devstack@g-api.service[99679]: DEBUG glance.image_cache.drivers.centralized_db [None req-874d0c75-cd1b-4937-8a62-4e170430e015 None None] Node reference is already recorded, ignoring it {{(pid=99679) configure /opt/stack/glance/glance/image_cache/drivers/centralized_db.py:71}}
Jul 19 20:28:20.798346 np0000005465 devstack@g-api.service[99678]: DEBUG dbcounter [-] [99678] Writer thread running {{(pid=99678) stat_writer /opt/stack/data/venv/lib/python3.12/site-packages/dbcounter.py:102}}
Jul 19 20:28:20.800580 np0000005465 devstack@g-api.service[99678]: DEBUG glance.image_cache.drivers.centralized_db [None req-db046974-87ab-47d5-bde8-9f69ce7c1d48 None None] Node reference is already recorded, ignoring it {{(pid=99678) configure /opt/stack/glance/glance/image_cache/drivers/centralized_db.py:71}}
Jul 19 20:28:20.883513 np0000005465 devstack@g-api.service[99677]: INFO glance.image_cache [None req-45cd2d44-a74f-4aae-8c91-b7d5c3e6d771 None None] Image cache loaded driver 'centralized_db'.
Jul 19 20:28:20.886100 np0000005465 devstack@g-api.service[99679]: INFO glance.image_cache [None req-874d0c75-cd1b-4937-8a62-4e170430e015 None None] Image cache loaded driver 'centralized_db'.
Jul 19 20:28:20.890759 np0000005465 devstack@g-api.service[99677]: DEBUG glance.image_cache.drivers.centralized_db [None req-45cd2d44-a74f-4aae-8c91-b7d5c3e6d771 None None] Node reference is already recorded, ignoring it {{(pid=99677) configure /opt/stack/glance/glance/image_cache/drivers/centralized_db.py:71}}
Jul 19 20:28:20.893040 np0000005465 devstack@g-api.service[99678]: INFO glance.image_cache [None req-db046974-87ab-47d5-bde8-9f69ce7c1d48 None None] Image cache loaded driver 'centralized_db'.
Jul 19 20:28:20.893105 np0000005465 devstack@g-api.service[99679]: DEBUG glance.image_cache.drivers.centralized_db [None req-874d0c75-cd1b-4937-8a62-4e170430e015 None None] Node reference is already recorded, ignoring it {{(pid=99679) configure /opt/stack/glance/glance/image_cache/drivers/centralized_db.py:71}}
Jul 19 20:28:20.895795 np0000005465 devstack@g-api.service[99677]: DEBUG glance.api.v2.cached_images [None req-45cd2d44-a74f-4aae-8c91-b7d5c3e6d771 None None] Started cache worker thread {{(pid=99677) __init__ /opt/stack/glance/glance/api/v2/cached_images.py:71}}
Jul 19 20:28:20.896641 np0000005465 devstack@g-api.service[99677]: INFO glance.image_cache [None req-45cd2d44-a74f-4aae-8c91-b7d5c3e6d771 None None] Image cache loaded driver 'centralized_db'.
Jul 19 20:28:20.899798 np0000005465 devstack@g-api.service[99679]: DEBUG glance.api.v2.cached_images [None req-874d0c75-cd1b-4937-8a62-4e170430e015 None None] Started cache worker thread {{(pid=99679) __init__ /opt/stack/glance/glance/api/v2/cached_images.py:71}}
Jul 19 20:28:20.900588 np0000005465 devstack@g-api.service[99679]: INFO glance.image_cache [None req-874d0c75-cd1b-4937-8a62-4e170430e015 None None] Image cache loaded driver 'centralized_db'.
Jul 19 20:28:20.901830 np0000005465 devstack@g-api.service[99678]: DEBUG glance.image_cache.drivers.centralized_db [None req-db046974-87ab-47d5-bde8-9f69ce7c1d48 None None] Node reference is already recorded, ignoring it {{(pid=99678) configure /opt/stack/glance/glance/image_cache/drivers/centralized_db.py:71}}
Jul 19 20:28:20.903690 np0000005465 devstack@g-api.service[99677]: DEBUG glance.image_cache.drivers.centralized_db [None req-45cd2d44-a74f-4aae-8c91-b7d5c3e6d771 None None] Node reference is already recorded, ignoring it {{(pid=99677) configure /opt/stack/glance/glance/image_cache/drivers/centralized_db.py:71}}
Jul 19 20:28:20.908212 np0000005465 devstack@g-api.service[99678]: DEBUG glance.api.v2.cached_images [None req-db046974-87ab-47d5-bde8-9f69ce7c1d48 None None] Started cache worker thread {{(pid=99678) __init__ /opt/stack/glance/glance/api/v2/cached_images.py:71}}
Jul 19 20:28:20.908695 np0000005465 devstack@g-api.service[99677]: INFO glance.api.middleware.cache_manage [None req-45cd2d44-a74f-4aae-8c91-b7d5c3e6d771 None None] Initialized image cache management middleware
Jul 19 20:28:20.908864 np0000005465 devstack@g-api.service[99678]: INFO glance.image_cache [None req-db046974-87ab-47d5-bde8-9f69ce7c1d48 None None] Image cache loaded driver 'centralized_db'.
Jul 19 20:28:20.908900 np0000005465 devstack@g-api.service[99677]: INFO glance.image_cache [None req-45cd2d44-a74f-4aae-8c91-b7d5c3e6d771 None None] Image cache loaded driver 'centralized_db'.
Jul 19 20:28:20.909658 np0000005465 devstack@g-api.service[99679]: DEBUG glance.image_cache.drivers.centralized_db [None req-874d0c75-cd1b-4937-8a62-4e170430e015 None None] Node reference is already recorded, ignoring it {{(pid=99679) configure /opt/stack/glance/glance/image_cache/drivers/centralized_db.py:71}}
Jul 19 20:28:20.915527 np0000005465 devstack@g-api.service[99677]: DEBUG glance.image_cache.drivers.centralized_db [None req-45cd2d44-a74f-4aae-8c91-b7d5c3e6d771 None None] Node reference is already recorded, ignoring it {{(pid=99677) configure /opt/stack/glance/glance/image_cache/drivers/centralized_db.py:71}}
Jul 19 20:28:20.915960 np0000005465 devstack@g-api.service[99679]: INFO glance.api.middleware.cache_manage [None req-874d0c75-cd1b-4937-8a62-4e170430e015 None None] Initialized image cache management middleware
Jul 19 20:28:20.916085 np0000005465 devstack@g-api.service[99679]: INFO glance.image_cache [None req-874d0c75-cd1b-4937-8a62-4e170430e015 None None] Image cache loaded driver 'centralized_db'.
Jul 19 20:28:20.917128 np0000005465 devstack@g-api.service[99678]: DEBUG glance.image_cache.drivers.centralized_db [None req-db046974-87ab-47d5-bde8-9f69ce7c1d48 None None] Node reference is already recorded, ignoring it {{(pid=99678) configure /opt/stack/glance/glance/image_cache/drivers/centralized_db.py:71}}
Jul 19 20:28:20.920760 np0000005465 devstack@g-api.service[99677]: INFO glance.api.middleware.cache [None req-45cd2d44-a74f-4aae-8c91-b7d5c3e6d771 None None] Initialized image cache middleware
Jul 19 20:28:20.923290 np0000005465 devstack@g-api.service[99678]: INFO glance.api.middleware.cache_manage [None req-db046974-87ab-47d5-bde8-9f69ce7c1d48 None None] Initialized image cache management middleware
Jul 19 20:28:20.923414 np0000005465 devstack@g-api.service[99678]: INFO glance.image_cache [None req-db046974-87ab-47d5-bde8-9f69ce7c1d48 None None] Image cache loaded driver 'centralized_db'.
Jul 19 20:28:20.924111 np0000005465 devstack@g-api.service[99679]: DEBUG glance.image_cache.drivers.centralized_db [None req-874d0c75-cd1b-4937-8a62-4e170430e015 None None] Node reference is already recorded, ignoring it {{(pid=99679) configure /opt/stack/glance/glance/image_cache/drivers/centralized_db.py:71}}
Jul 19 20:28:20.930828 np0000005465 devstack@g-api.service[99679]: INFO glance.api.middleware.cache [None req-874d0c75-cd1b-4937-8a62-4e170430e015 None None] Initialized image cache middleware
Jul 19 20:28:20.931338 np0000005465 devstack@g-api.service[99677]: DEBUG glance.common.config [None req-45cd2d44-a74f-4aae-8c91-b7d5c3e6d771 None None] ******************************************************************************** {{(pid=99677) log_opt_values /opt/stack/data/venv/lib/python3.12/site-packages/oslo_config/cfg.py:3226}}
Jul 19 20:28:20.931425 np0000005465 devstack@g-api.service[99677]: DEBUG glance.common.config [None req-45cd2d44-a74f-4aae-8c91-b7d5c3e6d771 None None] Configuration options gathered from: {{(pid=99677) log_opt_values /opt/stack/data/venv/lib/python3.12/site-packages/oslo_config/cfg.py:3227}}
Jul 19 20:28:20.931477 np0000005465 devstack@g-api.service[99678]: DEBUG glance.image_cache.drivers.centralized_db [None req-db046974-87ab-47d5-bde8-9f69ce7c1d48 None None] Node reference is already recorded, ignoring it {{(pid=99678) configure /opt/stack/glance/glance/image_cache/drivers/centralized_db.py:71}}
Jul 19 20:28:20.931702 np0000005465 devstack@g-api.service[99677]: DEBUG glance.common.config [None req-45cd2d44-a74f-4aae-8c91-b7d5c3e6d771 None None] command line args: [] {{(pid=99677) log_opt_values /opt/stack/data/venv/lib/python3.12/site-packages/oslo_config/cfg.py:3228}}
Jul 19 20:28:20.931840 np0000005465 devstack@g-api.service[99677]: DEBUG glance.common.config [None req-45cd2d44-a74f-4aae-8c91-b7d5c3e6d771 None None] config files: ['/etc/glance/glance-image-import.conf', '/etc/glance/glance-api.conf'] {{(pid=99677) log_opt_values /opt/stack/data/venv/lib/python3.12/site-packages/oslo_config/cfg.py:3229}}
Jul 19 20:28:20.931929 np0000005465 devstack@g-api.service[99677]: DEBUG glance.common.config [None req-45cd2d44-a74f-4aae-8c91-b7d5c3e6d771 None None] ================================================================================ {{(pid=99677) log_opt_values /opt/stack/data/venv/lib/python3.12/site-packages/oslo_config/cfg.py:3234}}
Jul 19 20:28:20.932064 np0000005465 devstack@g-api.service[99677]: DEBUG glance.common.config [None req-45cd2d44-a74f-4aae-8c91-b7d5c3e6d771 None None] allow_anonymous_access = False {{(pid=99677) log_opt_values /opt/stack/data/venv/lib/python3.12/site-packages/oslo_config/cfg.py:3242}}
Jul 19 20:28:20.932184 np0000005465 devstack@g-api.service[99677]: DEBUG glance.common.config [None req-45cd2d44-a74f-4aae-8c91-b7d5c3e6d771 None None] api_limit_max = 1000 {{(pid=99677) log_opt_values /opt/stack/data/venv/lib/python3.12/site-packages/oslo_config/cfg.py:3242}}
Jul 19 20:28:20.932297 np0000005465 devstack@g-api.service[99677]: DEBUG glance.common.config [None req-45cd2d44-a74f-4aae-8c91-b7d5c3e6d771 None None] config_dir = [] {{(pid=99677) log_opt_values /opt/stack/data/venv/lib/python3.12/site-packages/oslo_config/cfg.py:3242}}
Jul 19 20:28:20.932372 np0000005465 devstack@g-api.service[99677]: DEBUG glance.common.config [None req-45cd2d44-a74f-4aae-8c91-b7d5c3e6d771 None None] config_file = ['/etc/glance/glance-image-import.conf', '/etc/glance/glance-api.conf'] {{(pid=99677) log_opt_values /opt/stack/data/venv/lib/python3.12/site-packages/oslo_config/cfg.py:3242}}
Jul 19 20:28:20.932466 np0000005465 devstack@g-api.service[99677]: DEBUG glance.common.config [None req-45cd2d44-a74f-4aae-8c91-b7d5c3e6d771 None None] config_source = [] {{(pid=99677) log_opt_values /opt/stack/data/venv/lib/python3.12/site-packages/oslo_config/cfg.py:3242}}
Jul 19 20:28:20.932564 np0000005465 devstack@g-api.service[99677]: DEBUG glance.common.config [None req-45cd2d44-a74f-4aae-8c91-b7d5c3e6d771 None None] control_exchange = glance {{(pid=99677) log_opt_values /opt/stack/data/venv/lib/python3.12/site-packages/oslo_config/cfg.py:3242}}
Jul 19 20:28:20.932631 np0000005465 devstack@g-api.service[99677]: DEBUG glance.common.config [None req-45cd2d44-a74f-4aae-8c91-b7d5c3e6d771 None None] debug = True {{(pid=99677) log_opt_values /opt/stack/data/venv/lib/python3.12/site-packages/oslo_config/cfg.py:3242}}
Jul 19 20:28:20.932788 np0000005465 devstack@g-api.service[99677]: DEBUG glance.common.config [None req-45cd2d44-a74f-4aae-8c91-b7d5c3e6d771 None None] default_log_levels = ['amqp=WARN', 'boto=WARN', 'sqlalchemy=WARN', 'suds=INFO', 'oslo.messaging=INFO', 'oslo_messaging=INFO', 'iso8601=WARN', 'requests.packages.urllib3.connectionpool=WARN', 'urllib3.connectionpool=WARN', 'websocket=WARN', 'requests.packages.urllib3.util.retry=WARN', 'urllib3.util.retry=WARN', 'keystonemiddleware=WARN', 'routes.middleware=WARN', 'stevedore=WARN', 'taskflow=WARN', 'keystoneauth=WARN', 'oslo.cache=INFO', 'oslo_policy=INFO', 'dogpile.core.dogpile=INFO'] {{(pid=99677) log_opt_values /opt/stack/data/venv/lib/python3.12/site-packages/oslo_config/cfg.py:3242}}
Jul 19 20:28:20.932894 np0000005465 devstack@g-api.service[99677]: DEBUG glance.common.config [None req-45cd2d44-a74f-4aae-8c91-b7d5c3e6d771 None None] default_publisher_id = image.localhost {{(pid=99677) log_opt_values /opt/stack/data/venv/lib/python3.12/site-packages/oslo_config/cfg.py:3242}}
Jul 19 20:28:20.933001 np0000005465 devstack@g-api.service[99677]: DEBUG glance.common.config [None req-45cd2d44-a74f-4aae-8c91-b7d5c3e6d771 None None] delayed_delete = False {{(pid=99677) log_opt_values /opt/stack/data/venv/lib/python3.12/site-packages/oslo_config/cfg.py:3242}}
Jul 19 20:28:20.933097 np0000005465 devstack@g-api.service[99677]: DEBUG glance.common.config [None req-45cd2d44-a74f-4aae-8c91-b7d5c3e6d771 None None] digest_algorithm = sha256 {{(pid=99677) log_opt_values /opt/stack/data/venv/lib/python3.12/site-packages/oslo_config/cfg.py:3242}}
Jul 19 20:28:20.933186 np0000005465 devstack@g-api.service[99677]: DEBUG glance.common.config [None req-45cd2d44-a74f-4aae-8c91-b7d5c3e6d771 None None] disabled_notifications = [] {{(pid=99677) log_opt_values /opt/stack/data/venv/lib/python3.12/site-packages/oslo_config/cfg.py:3242}}
Jul 19 20:28:20.933286 np0000005465 devstack@g-api.service[99677]: DEBUG glance.common.config [None req-45cd2d44-a74f-4aae-8c91-b7d5c3e6d771 None None] do_secure_hash = True {{(pid=99677) log_opt_values /opt/stack/data/venv/lib/python3.12/site-packages/oslo_config/cfg.py:3242}}
Jul 19 20:28:20.933381 np0000005465 devstack@g-api.service[99677]: DEBUG glance.common.config [None req-45cd2d44-a74f-4aae-8c91-b7d5c3e6d771 None None] enabled_backends = None {{(pid=99677) log_opt_values /opt/stack/data/venv/lib/python3.12/site-packages/oslo_config/cfg.py:3242}}
Jul 19 20:28:20.933494 np0000005465 devstack@g-api.service[99677]: DEBUG glance.common.config [None req-45cd2d44-a74f-4aae-8c91-b7d5c3e6d771 None None] enabled_import_methods = ['glance-direct', 'web-download', 'copy-image'] {{(pid=99677) log_opt_values /opt/stack/data/venv/lib/python3.12/site-packages/oslo_config/cfg.py:3242}}
Jul 19 20:28:20.933585 np0000005465 devstack@g-api.service[99677]: DEBUG glance.common.config [None req-45cd2d44-a74f-4aae-8c91-b7d5c3e6d771 None None] fatal_deprecations = False {{(pid=99677) log_opt_values /opt/stack/data/venv/lib/python3.12/site-packages/oslo_config/cfg.py:3242}}
Jul 19 20:28:20.933679 np0000005465 devstack@g-api.service[99677]: DEBUG glance.common.config [None req-45cd2d44-a74f-4aae-8c91-b7d5c3e6d771 None None] hashing_algorithm = sha512 {{(pid=99677) log_opt_values /opt/stack/data/venv/lib/python3.12/site-packages/oslo_config/cfg.py:3242}}
Jul 19 20:28:20.933768 np0000005465 devstack@g-api.service[99677]: DEBUG glance.common.config [None req-45cd2d44-a74f-4aae-8c91-b7d5c3e6d771 None None] http_retries = 3 {{(pid=99677) log_opt_values /opt/stack/data/venv/lib/python3.12/site-packages/oslo_config/cfg.py:3242}}
Jul 19 20:28:20.933882 np0000005465 devstack@g-api.service[99677]: DEBUG glance.common.config [None req-45cd2d44-a74f-4aae-8c91-b7d5c3e6d771 None None] image_cache_dir = /opt/stack/data/glance/cache/ {{(pid=99677) log_opt_values /opt/stack/data/venv/lib/python3.12/site-packages/oslo_config/cfg.py:3242}}
Jul 19 20:28:20.933990 np0000005465 devstack@g-api.service[99677]: DEBUG glance.common.config [None req-45cd2d44-a74f-4aae-8c91-b7d5c3e6d771 None None] image_cache_driver = centralized_db {{(pid=99677) log_opt_values /opt/stack/data/venv/lib/python3.12/site-packages/oslo_config/cfg.py:3242}}
Jul 19 20:28:20.934108 np0000005465 devstack@g-api.service[99677]: DEBUG glance.common.config [None req-45cd2d44-a74f-4aae-8c91-b7d5c3e6d771 None None] image_cache_max_size = 10737418240 {{(pid=99677) log_opt_values /opt/stack/data/venv/lib/python3.12/site-packages/oslo_config/cfg.py:3242}}
Jul 19 20:28:20.934209 np0000005465 devstack@g-api.service[99677]: DEBUG glance.common.config [None req-45cd2d44-a74f-4aae-8c91-b7d5c3e6d771 None None] image_cache_sqlite_db = cache.db {{(pid=99677) log_opt_values /opt/stack/data/venv/lib/python3.12/site-packages/oslo_config/cfg.py:3242}}
Jul 19 20:28:20.934311 np0000005465 devstack@g-api.service[99677]: DEBUG glance.common.config [None req-45cd2d44-a74f-4aae-8c91-b7d5c3e6d771 None None] image_cache_stall_time = 86400 {{(pid=99677) log_opt_values /opt/stack/data/venv/lib/python3.12/site-packages/oslo_config/cfg.py:3242}}
Jul 19 20:28:20.934405 np0000005465 devstack@g-api.service[99677]: DEBUG glance.common.config [None req-45cd2d44-a74f-4aae-8c91-b7d5c3e6d771 None None] image_location_quota = 10 {{(pid=99677) log_opt_values /opt/stack/data/venv/lib/python3.12/site-packages/oslo_config/cfg.py:3242}}
Jul 19 20:28:20.934492 np0000005465 devstack@g-api.service[99677]: DEBUG glance.common.config [None req-45cd2d44-a74f-4aae-8c91-b7d5c3e6d771 None None] image_member_quota = 128 {{(pid=99677) log_opt_values /opt/stack/data/venv/lib/python3.12/site-packages/oslo_config/cfg.py:3242}}
Jul 19 20:28:20.934579 np0000005465 devstack@g-api.service[99677]: DEBUG glance.common.config [None req-45cd2d44-a74f-4aae-8c91-b7d5c3e6d771 None None] image_property_quota = 128 {{(pid=99677) log_opt_values /opt/stack/data/venv/lib/python3.12/site-packages/oslo_config/cfg.py:3242}}
Jul 19 20:28:20.934673 np0000005465 devstack@g-api.service[99677]: DEBUG glance.common.config [None req-45cd2d44-a74f-4aae-8c91-b7d5c3e6d771 None None] image_size_cap = 1099511627776 {{(pid=99677) log_opt_values /opt/stack/data/venv/lib/python3.12/site-packages/oslo_config/cfg.py:3242}}
Jul 19 20:28:20.934757 np0000005465 devstack@g-api.service[99677]: DEBUG glance.common.config [None req-45cd2d44-a74f-4aae-8c91-b7d5c3e6d771 None None] image_tag_quota = 128 {{(pid=99677) log_opt_values /opt/stack/data/venv/lib/python3.12/site-packages/oslo_config/cfg.py:3242}}
Jul 19 20:28:20.935169 np0000005465 devstack@g-api.service[99677]: DEBUG glance.common.config [None req-45cd2d44-a74f-4aae-8c91-b7d5c3e6d771 None None] instance_format = [instance: %(uuid)s] {{(pid=99677) log_opt_values /opt/stack/data/venv/lib/python3.12/site-packages/oslo_config/cfg.py:3242}}
Jul 19 20:28:20.935169 np0000005465 devstack@g-api.service[99677]: DEBUG glance.common.config [None req-45cd2d44-a74f-4aae-8c91-b7d5c3e6d771 None None] instance_uuid_format = [instance: %(uuid)s] {{(pid=99677) log_opt_values /opt/stack/data/venv/lib/python3.12/site-packages/oslo_config/cfg.py:3242}}
Jul 19 20:28:20.935169 np0000005465 devstack@g-api.service[99677]: DEBUG glance.common.config [None req-45cd2d44-a74f-4aae-8c91-b7d5c3e6d771 None None] limit_param_default = 25 {{(pid=99677) log_opt_values /opt/stack/data/venv/lib/python3.12/site-packages/oslo_config/cfg.py:3242}}
Jul 19 20:28:20.935251 np0000005465 devstack@g-api.service[99677]: DEBUG glance.common.config [None req-45cd2d44-a74f-4aae-8c91-b7d5c3e6d771 None None] log_color = False {{(pid=99677) log_opt_values /opt/stack/data/venv/lib/python3.12/site-packages/oslo_config/cfg.py:3242}}
Jul 19 20:28:20.935363 np0000005465 devstack@g-api.service[99677]: DEBUG glance.common.config [None req-45cd2d44-a74f-4aae-8c91-b7d5c3e6d771 None None] log_config_append = None {{(pid=99677) log_opt_values /opt/stack/data/venv/lib/python3.12/site-packages/oslo_config/cfg.py:3242}}
Jul 19 20:28:20.935448 np0000005465 devstack@g-api.service[99677]: DEBUG glance.common.config [None req-45cd2d44-a74f-4aae-8c91-b7d5c3e6d771 None None] log_date_format = %Y-%m-%d %H:%M:%S {{(pid=99677) log_opt_values /opt/stack/data/venv/lib/python3.12/site-packages/oslo_config/cfg.py:3242}}
Jul 19 20:28:20.935535 np0000005465 devstack@g-api.service[99677]: DEBUG glance.common.config [None req-45cd2d44-a74f-4aae-8c91-b7d5c3e6d771 None None] log_dir = None {{(pid=99677) log_opt_values /opt/stack/data/venv/lib/python3.12/site-packages/oslo_config/cfg.py:3242}}
Jul 19 20:28:20.935631 np0000005465 devstack@g-api.service[99677]: DEBUG glance.common.config [None req-45cd2d44-a74f-4aae-8c91-b7d5c3e6d771 None None] log_file = None {{(pid=99677) log_opt_values /opt/stack/data/venv/lib/python3.12/site-packages/oslo_config/cfg.py:3242}}
Jul 19 20:28:20.935713 np0000005465 devstack@g-api.service[99677]: DEBUG glance.common.config [None req-45cd2d44-a74f-4aae-8c91-b7d5c3e6d771 None None] log_rotate_interval = 1 {{(pid=99677) log_opt_values /opt/stack/data/venv/lib/python3.12/site-packages/oslo_config/cfg.py:3242}}
Jul 19 20:28:20.935828 np0000005465 devstack@g-api.service[99677]: DEBUG glance.common.config [None req-45cd2d44-a74f-4aae-8c91-b7d5c3e6d771 None None] log_rotate_interval_type = days {{(pid=99677) log_opt_values /opt/stack/data/venv/lib/python3.12/site-packages/oslo_config/cfg.py:3242}}
Jul 19 20:28:20.935936 np0000005465 devstack@g-api.service[99677]: DEBUG glance.common.config [None req-45cd2d44-a74f-4aae-8c91-b7d5c3e6d771 None None] log_rotation_type = none {{(pid=99677) log_opt_values /opt/stack/data/venv/lib/python3.12/site-packages/oslo_config/cfg.py:3242}}
Jul 19 20:28:20.936007 np0000005465 devstack@g-api.service[99677]: DEBUG glance.common.config [None req-45cd2d44-a74f-4aae-8c91-b7d5c3e6d771 None None] logging_context_format_string = %(color)s%(levelname)s %(name)s [%(global_request_id)s %(request_id)s %(project_name)s %(user_name)s%(color)s] %(instance)s%(color)s%(message)s {{(pid=99677) log_opt_values /opt/stack/data/venv/lib/python3.12/site-packages/oslo_config/cfg.py:3242}}
Jul 19 20:28:20.936162 np0000005465 devstack@g-api.service[99677]: DEBUG glance.common.config [None req-45cd2d44-a74f-4aae-8c91-b7d5c3e6d771 None None] logging_debug_format_suffix = {{(pid=%(process)d) %(funcName)s %(pathname)s:%(lineno)d}} {{(pid=99677) log_opt_values /opt/stack/data/venv/lib/python3.12/site-packages/oslo_config/cfg.py:3242}}
Jul 19 20:28:20.936214 np0000005465 devstack@g-api.service[99677]: DEBUG glance.common.config [None req-45cd2d44-a74f-4aae-8c91-b7d5c3e6d771 None None] logging_default_format_string = %(color)s%(levelname)s %(name)s [-%(color)s] %(instance)s%(color)s%(message)s {{(pid=99677) log_opt_values /opt/stack/data/venv/lib/python3.12/site-packages/oslo_config/cfg.py:3242}}
Jul 19 20:28:20.936297 np0000005465 devstack@g-api.service[99677]: DEBUG glance.common.config [None req-45cd2d44-a74f-4aae-8c91-b7d5c3e6d771 None None] logging_exception_prefix = ERROR %(name)s %(instance)s {{(pid=99677) log_opt_values /opt/stack/data/venv/lib/python3.12/site-packages/oslo_config/cfg.py:3242}}
Jul 19 20:28:20.936380 np0000005465 devstack@g-api.service[99677]: DEBUG glance.common.config [None req-45cd2d44-a74f-4aae-8c91-b7d5c3e6d771 None None] logging_user_identity_format = %(user)s %(project)s %(domain)s %(system_scope)s %(user_domain)s %(project_domain)s {{(pid=99677) log_opt_values /opt/stack/data/venv/lib/python3.12/site-packages/oslo_config/cfg.py:3242}}
Jul 19 20:28:20.936477 np0000005465 devstack@g-api.service[99677]: DEBUG glance.common.config [None req-45cd2d44-a74f-4aae-8c91-b7d5c3e6d771 None None] max_logfile_count = 30 {{(pid=99677) log_opt_values /opt/stack/data/venv/lib/python3.12/site-packages/oslo_config/cfg.py:3242}}
Jul 19 20:28:20.936565 np0000005465 devstack@g-api.service[99677]: DEBUG glance.common.config [None req-45cd2d44-a74f-4aae-8c91-b7d5c3e6d771 None None] max_logfile_size_mb = 200 {{(pid=99677) log_opt_values /opt/stack/data/venv/lib/python3.12/site-packages/oslo_config/cfg.py:3242}}
Jul 19 20:28:20.936651 np0000005465 devstack@g-api.service[99677]: DEBUG glance.common.config [None req-45cd2d44-a74f-4aae-8c91-b7d5c3e6d771 None None] max_request_id_length = 64 {{(pid=99677) log_opt_values /opt/stack/data/venv/lib/python3.12/site-packages/oslo_config/cfg.py:3242}}
Jul 19 20:28:20.936735 np0000005465 devstack@g-api.service[99677]: DEBUG glance.common.config [None req-45cd2d44-a74f-4aae-8c91-b7d5c3e6d771 None None] metadata_encryption_key = **** {{(pid=99677) log_opt_values /opt/stack/data/venv/lib/python3.12/site-packages/oslo_config/cfg.py:3242}}
Jul 19 20:28:20.936848 np0000005465 devstack@g-api.service[99677]: DEBUG glance.common.config [None req-45cd2d44-a74f-4aae-8c91-b7d5c3e6d771 None None] node_staging_uri = file:///tmp/staging/ {{(pid=99677) log_opt_values /opt/stack/data/venv/lib/python3.12/site-packages/oslo_config/cfg.py:3242}}
Jul 19 20:28:20.936949 np0000005465 devstack@g-api.service[99677]: DEBUG glance.common.config [None req-45cd2d44-a74f-4aae-8c91-b7d5c3e6d771 None None] property_protection_file = None {{(pid=99677) log_opt_values /opt/stack/data/venv/lib/python3.12/site-packages/oslo_config/cfg.py:3242}}
Jul 19 20:28:20.937044 np0000005465 devstack@g-api.service[99677]: DEBUG glance.common.config [None req-45cd2d44-a74f-4aae-8c91-b7d5c3e6d771 None None] property_protection_rule_format = roles {{(pid=99677) log_opt_values /opt/stack/data/venv/lib/python3.12/site-packages/oslo_config/cfg.py:3242}}
Jul 19 20:28:20.937136 np0000005465 devstack@g-api.service[99677]: DEBUG glance.common.config [None req-45cd2d44-a74f-4aae-8c91-b7d5c3e6d771 None None] public_endpoint = https://10.4.3.6/image {{(pid=99677) log_opt_values /opt/stack/data/venv/lib/python3.12/site-packages/oslo_config/cfg.py:3242}}
Jul 19 20:28:20.937223 np0000005465 devstack@g-api.service[99677]: DEBUG glance.common.config [None req-45cd2d44-a74f-4aae-8c91-b7d5c3e6d771 None None] publish_errors = False {{(pid=99677) log_opt_values /opt/stack/data/venv/lib/python3.12/site-packages/oslo_config/cfg.py:3242}}
Jul 19 20:28:20.937312 np0000005465 devstack@g-api.service[99677]: DEBUG glance.common.config [None req-45cd2d44-a74f-4aae-8c91-b7d5c3e6d771 None None] pydev_worker_debug_host = None {{(pid=99677) log_opt_values /opt/stack/data/venv/lib/python3.12/site-packages/oslo_config/cfg.py:3242}}
Jul 19 20:28:20.937432 np0000005465 devstack@g-api.service[99677]: DEBUG glance.common.config [None req-45cd2d44-a74f-4aae-8c91-b7d5c3e6d771 None None] pydev_worker_debug_port = 5678 {{(pid=99677) log_opt_values /opt/stack/data/venv/lib/python3.12/site-packages/oslo_config/cfg.py:3242}}
Jul 19 20:28:20.937515 np0000005465 devstack@g-api.service[99677]: DEBUG glance.common.config [None req-45cd2d44-a74f-4aae-8c91-b7d5c3e6d771 None None] rate_limit_burst = 0 {{(pid=99677) log_opt_values /opt/stack/data/venv/lib/python3.12/site-packages/oslo_config/cfg.py:3242}}
Jul 19 20:28:20.937609 np0000005465 devstack@g-api.service[99677]: DEBUG glance.common.config [None req-45cd2d44-a74f-4aae-8c91-b7d5c3e6d771 None None] rate_limit_except_level = CRITICAL {{(pid=99677) log_opt_values /opt/stack/data/venv/lib/python3.12/site-packages/oslo_config/cfg.py:3242}}
Jul 19 20:28:20.937696 np0000005465 devstack@g-api.service[99677]: DEBUG glance.common.config [None req-45cd2d44-a74f-4aae-8c91-b7d5c3e6d771 None None] rate_limit_interval = 0 {{(pid=99677) log_opt_values /opt/stack/data/venv/lib/python3.12/site-packages/oslo_config/cfg.py:3242}}
Jul 19 20:28:20.937782 np0000005465 devstack@g-api.service[99677]: DEBUG glance.common.config [None req-45cd2d44-a74f-4aae-8c91-b7d5c3e6d771 None None] scrub_pool_size = 1 {{(pid=99677) log_opt_values /opt/stack/data/venv/lib/python3.12/site-packages/oslo_config/cfg.py:3242}}
Jul 19 20:28:20.937887 np0000005465 devstack@g-api.service[99677]: DEBUG glance.common.config [None req-45cd2d44-a74f-4aae-8c91-b7d5c3e6d771 None None] scrub_time = 0 {{(pid=99677) log_opt_values /opt/stack/data/venv/lib/python3.12/site-packages/oslo_config/cfg.py:3242}}
Jul 19 20:28:20.937986 np0000005465 devstack@g-api.service[99677]: DEBUG glance.common.config [None req-45cd2d44-a74f-4aae-8c91-b7d5c3e6d771 None None] shell_completion = None {{(pid=99677) log_opt_values /opt/stack/data/venv/lib/python3.12/site-packages/oslo_config/cfg.py:3242}}
Jul 19 20:28:20.938108 np0000005465 devstack@g-api.service[99677]: DEBUG glance.common.config [None req-45cd2d44-a74f-4aae-8c91-b7d5c3e6d771 None None] show_image_direct_url = False {{(pid=99677) log_opt_values /opt/stack/data/venv/lib/python3.12/site-packages/oslo_config/cfg.py:3242}}
Jul 19 20:28:20.938331 np0000005465 devstack@g-api.service[99677]: WARNING oslo_config.cfg [None req-45cd2d44-a74f-4aae-8c91-b7d5c3e6d771 None None] Deprecated: Option "show_multiple_locations" from group "DEFAULT" is deprecated for removal (Use of this option, deprecated since Newton, is a security risk and will be removed once we figure out a way to satisfy those use cases that currently require it. An earlier announcement that the same functionality can be achieved with greater granularity by using policies is incorrect. You cannot work around this option via policy configuration at the present time, though that is the direction we believe the fix will take. Please keep an eye on the Glance release notes to stay up to date on progress in addressing this issue.). Its value may be silently ignored in the future.
Jul 19 20:28:20.938422 np0000005465 devstack@g-api.service[99678]: INFO glance.api.middleware.cache [None req-db046974-87ab-47d5-bde8-9f69ce7c1d48 None None] Initialized image cache middleware
Jul 19 20:28:20.938468 np0000005465 devstack@g-api.service[99677]: DEBUG glance.common.config [None req-45cd2d44-a74f-4aae-8c91-b7d5c3e6d771 None None] show_multiple_locations = False {{(pid=99677) log_opt_values /opt/stack/data/venv/lib/python3.12/site-packages/oslo_config/cfg.py:3242}}
Jul 19 20:28:20.938539 np0000005465 devstack@g-api.service[99677]: DEBUG glance.common.config [None req-45cd2d44-a74f-4aae-8c91-b7d5c3e6d771 None None] syslog_log_facility = LOG_USER {{(pid=99677) log_opt_values /opt/stack/data/venv/lib/python3.12/site-packages/oslo_config/cfg.py:3242}}
Jul 19 20:28:20.938632 np0000005465 devstack@g-api.service[99677]: DEBUG glance.common.config [None req-45cd2d44-a74f-4aae-8c91-b7d5c3e6d771 None None] transport_url = **** {{(pid=99677) log_opt_values /opt/stack/data/venv/lib/python3.12/site-packages/oslo_config/cfg.py:3242}}
Jul 19 20:28:20.938722 np0000005465 devstack@g-api.service[99677]: DEBUG glance.common.config [None req-45cd2d44-a74f-4aae-8c91-b7d5c3e6d771 None None] use_journal = False {{(pid=99677) log_opt_values /opt/stack/data/venv/lib/python3.12/site-packages/oslo_config/cfg.py:3242}}
Jul 19 20:28:20.938825 np0000005465 devstack@g-api.service[99677]: DEBUG glance.common.config [None req-45cd2d44-a74f-4aae-8c91-b7d5c3e6d771 None None] use_json = False {{(pid=99677) log_opt_values /opt/stack/data/venv/lib/python3.12/site-packages/oslo_config/cfg.py:3242}}
Jul 19 20:28:20.938934 np0000005465 devstack@g-api.service[99677]: DEBUG glance.common.config [None req-45cd2d44-a74f-4aae-8c91-b7d5c3e6d771 None None] use_keystone_limits = True {{(pid=99677) log_opt_values /opt/stack/data/venv/lib/python3.12/site-packages/oslo_config/cfg.py:3242}}
Jul 19 20:28:20.939026 np0000005465 devstack@g-api.service[99677]: DEBUG glance.common.config [None req-45cd2d44-a74f-4aae-8c91-b7d5c3e6d771 None None] use_stderr = False {{(pid=99677) log_opt_values /opt/stack/data/venv/lib/python3.12/site-packages/oslo_config/cfg.py:3242}}
Jul 19 20:28:20.939120 np0000005465 devstack@g-api.service[99677]: DEBUG glance.common.config [None req-45cd2d44-a74f-4aae-8c91-b7d5c3e6d771 None None] use_syslog = False {{(pid=99677) log_opt_values /opt/stack/data/venv/lib/python3.12/site-packages/oslo_config/cfg.py:3242}}
Jul 19 20:28:20.939212 np0000005465 devstack@g-api.service[99677]: DEBUG glance.common.config [None req-45cd2d44-a74f-4aae-8c91-b7d5c3e6d771 None None] user_storage_quota = 0 {{(pid=99677) log_opt_values /opt/stack/data/venv/lib/python3.12/site-packages/oslo_config/cfg.py:3242}}
Jul 19 20:28:20.939304 np0000005465 devstack@g-api.service[99677]: DEBUG glance.common.config [None req-45cd2d44-a74f-4aae-8c91-b7d5c3e6d771 None None] worker_self_reference_url = http://127.0.0.1:60999 {{(pid=99677) log_opt_values /opt/stack/data/venv/lib/python3.12/site-packages/oslo_config/cfg.py:3242}}
Jul 19 20:28:20.939424 np0000005465 devstack@g-api.service[99677]: DEBUG glance.common.config [None req-45cd2d44-a74f-4aae-8c91-b7d5c3e6d771 None None] oslo_concurrency.disable_process_locking = False {{(pid=99677) log_opt_values /opt/stack/data/venv/lib/python3.12/site-packages/oslo_config/cfg.py:3253}}
Jul 19 20:28:20.939525 np0000005465 devstack@g-api.service[99677]: DEBUG glance.common.config [None req-45cd2d44-a74f-4aae-8c91-b7d5c3e6d771 None None] oslo_concurrency.lock_path = /opt/stack/data/glance/locks {{(pid=99677) log_opt_values /opt/stack/data/venv/lib/python3.12/site-packages/oslo_config/cfg.py:3253}}
Jul 19 20:28:20.939624 np0000005465 devstack@g-api.service[99677]: DEBUG glance.common.config [None req-45cd2d44-a74f-4aae-8c91-b7d5c3e6d771 None None] oslo_middleware.enable_proxy_headers_parsing = False {{(pid=99677) log_opt_values /opt/stack/data/venv/lib/python3.12/site-packages/oslo_config/cfg.py:3253}}
Jul 19 20:28:20.939721 np0000005465 devstack@g-api.service[99677]: DEBUG glance.common.config [None req-45cd2d44-a74f-4aae-8c91-b7d5c3e6d771 None None] oslo_middleware.http_basic_auth_user_file = /etc/htpasswd {{(pid=99677) log_opt_values /opt/stack/data/venv/lib/python3.12/site-packages/oslo_config/cfg.py:3253}}
Jul 19 20:28:20.939826 np0000005465 devstack@g-api.service[99677]: DEBUG glance.common.config [None req-45cd2d44-a74f-4aae-8c91-b7d5c3e6d771 None None] paste_deploy.config_file = None {{(pid=99677) log_opt_values /opt/stack/data/venv/lib/python3.12/site-packages/oslo_config/cfg.py:3253}}
Jul 19 20:28:20.939936 np0000005465 devstack@g-api.service[99677]: DEBUG glance.common.config [None req-45cd2d44-a74f-4aae-8c91-b7d5c3e6d771 None None] paste_deploy.flavor = keystone+cachemanagement {{(pid=99677) log_opt_values /opt/stack/data/venv/lib/python3.12/site-packages/oslo_config/cfg.py:3253}}
Jul 19 20:28:20.940092 np0000005465 devstack@g-api.service[99677]: DEBUG glance.common.config [None req-45cd2d44-a74f-4aae-8c91-b7d5c3e6d771 None None] image_format.container_formats = ['ami', 'ari', 'aki', 'bare', 'ovf', 'ova', 'docker', 'compressed'] {{(pid=99677) log_opt_values /opt/stack/data/venv/lib/python3.12/site-packages/oslo_config/cfg.py:3253}}
Jul 19 20:28:20.940228 np0000005465 devstack@g-api.service[99677]: DEBUG glance.common.config [None req-45cd2d44-a74f-4aae-8c91-b7d5c3e6d771 None None] image_format.disk_formats = ['ami', 'ari', 'aki', 'vhd', 'vhdx', 'vmdk', 'raw', 'qcow2', 'vdi', 'iso', 'ploop'] {{(pid=99677) log_opt_values /opt/stack/data/venv/lib/python3.12/site-packages/oslo_config/cfg.py:3253}}
Jul 19 20:28:20.940323 np0000005465 devstack@g-api.service[99677]: DEBUG glance.common.config [None req-45cd2d44-a74f-4aae-8c91-b7d5c3e6d771 None None] image_format.gpt_safety_checks_nonfatal = [] {{(pid=99677) log_opt_values /opt/stack/data/venv/lib/python3.12/site-packages/oslo_config/cfg.py:3253}}
Jul 19 20:28:20.940438 np0000005465 devstack@g-api.service[99677]: DEBUG glance.common.config [None req-45cd2d44-a74f-4aae-8c91-b7d5c3e6d771 None None] image_format.require_image_format_match = True {{(pid=99677) log_opt_values /opt/stack/data/venv/lib/python3.12/site-packages/oslo_config/cfg.py:3253}}
Jul 19 20:28:20.940544 np0000005465 devstack@g-api.service[99677]: DEBUG glance.common.config [None req-45cd2d44-a74f-4aae-8c91-b7d5c3e6d771 None None] image_format.vmdk_allowed_types = ['streamOptimized', 'monolithicSparse'] {{(pid=99677) log_opt_values /opt/stack/data/venv/lib/python3.12/site-packages/oslo_config/cfg.py:3253}}
Jul 19 20:28:20.940645 np0000005465 devstack@g-api.service[99677]: DEBUG glance.common.config [None req-45cd2d44-a74f-4aae-8c91-b7d5c3e6d771 None None] task.task_executor = taskflow {{(pid=99677) log_opt_values /opt/stack/data/venv/lib/python3.12/site-packages/oslo_config/cfg.py:3253}}
Jul 19 20:28:20.940737 np0000005465 devstack@g-api.service[99677]: DEBUG glance.common.config [None req-45cd2d44-a74f-4aae-8c91-b7d5c3e6d771 None None] task.task_time_to_live = 48 {{(pid=99677) log_opt_values /opt/stack/data/venv/lib/python3.12/site-packages/oslo_config/cfg.py:3253}}
Jul 19 20:28:20.940839 np0000005465 devstack@g-api.service[99677]: DEBUG glance.common.config [None req-45cd2d44-a74f-4aae-8c91-b7d5c3e6d771 None None] task.work_dir = None {{(pid=99677) log_opt_values /opt/stack/data/venv/lib/python3.12/site-packages/oslo_config/cfg.py:3253}}
Jul 19 20:28:20.940954 np0000005465 devstack@g-api.service[99677]: DEBUG glance.common.config [None req-45cd2d44-a74f-4aae-8c91-b7d5c3e6d771 None None] wsgi.python_interpreter = /opt/stack/data/venv/bin/python3 {{(pid=99677) log_opt_values /opt/stack/data/venv/lib/python3.12/site-packages/oslo_config/cfg.py:3253}}
Jul 19 20:28:20.941046 np0000005465 devstack@g-api.service[99677]: DEBUG glance.common.config [None req-45cd2d44-a74f-4aae-8c91-b7d5c3e6d771 None None] wsgi.task_pool_threads = 16 {{(pid=99677) log_opt_values /opt/stack/data/venv/lib/python3.12/site-packages/oslo_config/cfg.py:3253}}
Jul 19 20:28:20.941141 np0000005465 devstack@g-api.service[99677]: DEBUG glance.common.config [None req-45cd2d44-a74f-4aae-8c91-b7d5c3e6d771 None None] import_filtering_opts.allowed_hosts = [] {{(pid=99677) log_opt_values /opt/stack/data/venv/lib/python3.12/site-packages/oslo_config/cfg.py:3253}}
Jul 19 20:28:20.941247 np0000005465 devstack@g-api.service[99677]: DEBUG glance.common.config [None req-45cd2d44-a74f-4aae-8c91-b7d5c3e6d771 None None] import_filtering_opts.allowed_ports = [80, 443] {{(pid=99677) log_opt_values /opt/stack/data/venv/lib/python3.12/site-packages/oslo_config/cfg.py:3253}}
Jul 19 20:28:20.941350 np0000005465 devstack@g-api.service[99677]: DEBUG glance.common.config [None req-45cd2d44-a74f-4aae-8c91-b7d5c3e6d771 None None] import_filtering_opts.allowed_schemes = ['http', 'https'] {{(pid=99677) log_opt_values /opt/stack/data/venv/lib/python3.12/site-packages/oslo_config/cfg.py:3253}}
Jul 19 20:28:20.941457 np0000005465 devstack@g-api.service[99677]: DEBUG glance.common.config [None req-45cd2d44-a74f-4aae-8c91-b7d5c3e6d771 None None] import_filtering_opts.disallowed_hosts = [] {{(pid=99677) log_opt_values /opt/stack/data/venv/lib/python3.12/site-packages/oslo_config/cfg.py:3253}}
Jul 19 20:28:20.941552 np0000005465 devstack@g-api.service[99677]: DEBUG glance.common.config [None req-45cd2d44-a74f-4aae-8c91-b7d5c3e6d771 None None] import_filtering_opts.disallowed_ports = [] {{(pid=99677) log_opt_values /opt/stack/data/venv/lib/python3.12/site-packages/oslo_config/cfg.py:3253}}
Jul 19 20:28:20.941645 np0000005465 devstack@g-api.service[99677]: DEBUG glance.common.config [None req-45cd2d44-a74f-4aae-8c91-b7d5c3e6d771 None None] import_filtering_opts.disallowed_schemes = [] {{(pid=99677) log_opt_values /opt/stack/data/venv/lib/python3.12/site-packages/oslo_config/cfg.py:3253}}
