Jul 19 20:27:36.302546 np0000005465 devstack@neutron-api.service[87530]: DEBUG neutron.common.ovn.hash_ring_manager [None req-b8c14541-821c-41b7-9ef7-ad5fc6bd1b45 None None] Hash Ring loaded. 3 active nodes. 0 offline nodes {{(pid=87530) _load_hash_ring /opt/stack/neutron/neutron/common/ovn/hash_ring_manager.py:110}}
Jul 19 20:27:36.302546 np0000005465 devstack@neutron-api.service[87530]: DEBUG neutron.plugins.ml2.drivers.ovn.mech_driver.ovsdb.ovsdb_monitor [None req-b8c14541-821c-41b7-9ef7-ad5fc6bd1b45 None None] Hash Ring: Node 57c543b1871a5f1098057ee39cea68ce (host: np0000005465) handling event "create" for row 83bda4ee-74a0-4779-bb20-878b0c27fd80 (table: ACL) {{(pid=87530) notify /opt/stack/neutron/neutron/plugins/ml2/drivers/ovn/mech_driver/ovsdb/ovsdb_monitor.py:1009}}
Jul 19 20:27:36.302794 np0000005465 devstack@neutron-api.service[87530]: DEBUG neutron.plugins.ml2.drivers.ovn.mech_driver.ovsdb.ovsdb_monitor [None req-b8c14541-821c-41b7-9ef7-ad5fc6bd1b45 None None] Hash Ring: Node 57c543b1871a5f1098057ee39cea68ce (host: np0000005465) handling event "create" for row 1e095f8e-4db8-45ff-9e54-b59abda73ca5 (table: Connection) {{(pid=87530) notify /opt/stack/neutron/neutron/plugins/ml2/drivers/ovn/mech_driver/ovsdb/ovsdb_monitor.py:1009}}
Jul 19 20:27:36.303176 np0000005465 devstack@neutron-api.service[87530]: DEBUG neutron.plugins.ml2.drivers.ovn.mech_driver.ovsdb.ovsdb_monitor [None req-b8c14541-821c-41b7-9ef7-ad5fc6bd1b45 None None] Hash Ring: Node 57c543b1871a5f1098057ee39cea68ce (host: np0000005465) handling event "create" for row 5b5b0795-6e3b-4b1a-9779-da66fcf40d05 (table: NB_Global) {{(pid=87530) notify /opt/stack/neutron/neutron/plugins/ml2/drivers/ovn/mech_driver/ovsdb/ovsdb_monitor.py:1009}}
Jul 19 20:27:36.303842 np0000005465 devstack@neutron-api.service[87530]: INFO neutron.plugins.ml2.drivers.ovn.mech_driver.ovsdb.impl_idl_ovn [None req-b8c14541-821c-41b7-9ef7-ad5fc6bd1b45 None None] Getting OvsdbSbOvnIdl for WorkerService with retry
Jul 19 20:27:36.309164 np0000005465 devstack@neutron-api.service[87531]: INFO ovsdbapp.backend.ovs_idl.vlog [None req-f7f5e80c-0c11-47cd-81b2-51ec1ecdd4ac None None] ssl:10.4.3.6:6642: connected
Jul 19 20:27:36.328696 np0000005465 devstack@neutron-api.service[87530]: DEBUG ovsdbapp.backend.ovs_idl [None req-b8c14541-821c-41b7-9ef7-ad5fc6bd1b45 None None] Created lookup_table index Chassis.name {{(pid=87530) autocreate_indices /opt/stack/data/venv/lib/python3.12/site-packages/ovsdbapp/backend/ovs_idl/__init__.py:87}}
Jul 19 20:27:36.328696 np0000005465 devstack@neutron-api.service[87530]: DEBUG ovsdbapp.backend.ovs_idl [None req-b8c14541-821c-41b7-9ef7-ad5fc6bd1b45 None None] Created lookup_table index Port_Binding.logical_port {{(pid=87530) autocreate_indices /opt/stack/data/venv/lib/python3.12/site-packages/ovsdbapp/backend/ovs_idl/__init__.py:87}}
Jul 19 20:27:36.328696 np0000005465 devstack@neutron-api.service[87530]: DEBUG ovsdbapp.backend.ovs_idl [None req-b8c14541-821c-41b7-9ef7-ad5fc6bd1b45 None None] Created schema index Chassis_Private.name {{(pid=87530) autocreate_indices /opt/stack/data/venv/lib/python3.12/site-packages/ovsdbapp/backend/ovs_idl/__init__.py:106}}
Jul 19 20:27:36.328696 np0000005465 devstack@neutron-api.service[87530]: DEBUG ovsdbapp.backend.ovs_idl [None req-b8c14541-821c-41b7-9ef7-ad5fc6bd1b45 None None] Created schema index Datapath_Binding.tunnel_key {{(pid=87530) autocreate_indices /opt/stack/data/venv/lib/python3.12/site-packages/ovsdbapp/backend/ovs_idl/__init__.py:106}}
Jul 19 20:27:36.330489 np0000005465 devstack@neutron-api.service[87530]: INFO ovsdbapp.backend.ovs_idl.vlog [None req-b8c14541-821c-41b7-9ef7-ad5fc6bd1b45 None None] ssl:10.4.3.6:6642: connecting...
Jul 19 20:27:36.334601 np0000005465 devstack@neutron-api.service[87530]: INFO ovsdbapp.backend.ovs_idl.vlog [None req-b8c14541-821c-41b7-9ef7-ad5fc6bd1b45 None None] ssl:10.4.3.6:6642: connected
Jul 19 20:27:36.336977 np0000005465 devstack@neutron-api.service[87531]: DEBUG neutron.common.ovn.hash_ring_manager [None req-f7f5e80c-0c11-47cd-81b2-51ec1ecdd4ac None None] Allow caching, nodes 3>=3 {{(pid=87531) _wait_startup_before_caching /opt/stack/neutron/neutron/common/ovn/hash_ring_manager.py:71}}
Jul 19 20:27:36.341511 np0000005465 devstack@neutron-api.service[87531]: DEBUG neutron.common.ovn.hash_ring_manager [None req-f7f5e80c-0c11-47cd-81b2-51ec1ecdd4ac None None] Hash Ring loaded. 3 active nodes. 0 offline nodes {{(pid=87531) _load_hash_ring /opt/stack/neutron/neutron/common/ovn/hash_ring_manager.py:110}}
Jul 19 20:27:36.342066 np0000005465 devstack@neutron-api.service[87531]: DEBUG ovsdbapp.backend.ovs_idl.event [None req-f7f5e80c-0c11-47cd-81b2-51ec1ecdd4ac None None] Matched CREATE: ChassisAgentWriteEvent(events=('create', 'update'), table='Chassis_Private', conditions=None, old_conditions=None), priority=20 to row=Chassis_Private(uuid=d4038b05-1609-4e04-a95b-bab62ef8e186, chassis=8f2dd479-badf-45cb-affc-96040f770fd2, external_ids={'neutron:ovn-bridge': 'br-int', 'neutron:ovn-neutron-agent-id': 'd44bb6b4-0725-5d47-8bd0-e90d186e695a', 'neutron:ovn-neutron-agent-sb-cfg': '0'}, name='602b5aad-00d3-41e3-afc7-7d58669ff118', nb_cfg=0, nb_cfg_timestamp=0) old= {{(pid=87531) matches /opt/stack/data/venv/lib/python3.12/site-packages/ovsdbapp/backend/ovs_idl/event.py:55}}
Jul 19 20:27:36.342436 np0000005465 devstack@neutron-api.service[87531]: DEBUG ovsdbapp.backend.ovs_idl.event [None req-f7f5e80c-0c11-47cd-81b2-51ec1ecdd4ac None None] Matched CREATE: ChassisOVNAgentWriteEvent(events=('create', 'update'), table='Chassis_Private', conditions=None, old_conditions=None), priority=20 to row=Chassis_Private(uuid=d4038b05-1609-4e04-a95b-bab62ef8e186, chassis=8f2dd479-badf-45cb-affc-96040f770fd2, external_ids={'neutron:ovn-bridge': 'br-int', 'neutron:ovn-neutron-agent-id': 'd44bb6b4-0725-5d47-8bd0-e90d186e695a', 'neutron:ovn-neutron-agent-sb-cfg': '0'}, name='602b5aad-00d3-41e3-afc7-7d58669ff118', nb_cfg=0, nb_cfg_timestamp=0) old= {{(pid=87531) matches /opt/stack/data/venv/lib/python3.12/site-packages/ovsdbapp/backend/ovs_idl/event.py:55}}
Jul 19 20:27:36.342689 np0000005465 devstack@neutron-api.service[87531]: DEBUG neutron.plugins.ml2.drivers.ovn.mech_driver.ovsdb.ovsdb_monitor [None req-f7f5e80c-0c11-47cd-81b2-51ec1ecdd4ac None None] Hash Ring: Node 09591198d3385c5b8218eb8c779c71c8 (host: np0000005465) handling event "create" for row d4038b05-1609-4e04-a95b-bab62ef8e186 (table: Chassis_Private) {{(pid=87531) notify /opt/stack/neutron/neutron/plugins/ml2/drivers/ovn/mech_driver/ovsdb/ovsdb_monitor.py:1009}}
Jul 19 20:27:36.343685 np0000005465 devstack@neutron-api.service[87531]: INFO neutron.plugins.ml2.drivers.ovn.mech_driver.mech_driver [None req-f7f5e80c-0c11-47cd-81b2-51ec1ecdd4ac None None] WorkerService process has finished the post initialization
Jul 19 20:27:36.344022 np0000005465 devstack@neutron-api.service[87531]: DEBUG oslo_concurrency.processutils [None req-f7f5e80c-0c11-47cd-81b2-51ec1ecdd4ac None None] Running cmd (subprocess): ovsdb-client transact ssl:10.4.3.6:6641 --timeout 180 -p /opt/stack/data/CA/int-ca/private/devstack-cert.key -c /opt/stack/data/CA/int-ca/devstack-cert.crt -C /opt/stack/data/CA/int-ca/ca-chain.pem ["OVN_Northbound", {"op": "wait", "timeout": 0, "table": "Port_Group", "where": [["name", "==", "pvlan_pg_drop"]], "until": "==", "rows": []}, {"op": "insert", "table": "ACL", "row": {"action": "drop", "direction": "to-lport", "match": "outport == @pvlan_pg_drop && ip", "priority": 1010}, "uuid-name": "pvlandroptoport"}, {"op": "insert", "table": "ACL", "row": {"action": "drop", "direction": "from-lport", "match": "inport == @pvlan_pg_drop && ip", "priority": 1010}, "uuid-name": "pvlandropfromport"}, {"op": "insert", "table": "Port_Group", "row": {"name": "pvlan_pg_drop", "acls": ["set", [["named-uuid", "pvlandroptoport"], ["named-uuid", "pvlandropfromport"]]]}}] {{(pid=87531) execute /opt/stack/data/venv/lib/python3.12/site-packages/oslo_concurrency/processutils.py:440}}
Jul 19 20:27:36.356586 np0000005465 devstack@neutron-api.service[87530]: DEBUG neutron.common.ovn.hash_ring_manager [None req-b8c14541-821c-41b7-9ef7-ad5fc6bd1b45 None None] Allow caching, nodes 3>=3 {{(pid=87530) _wait_startup_before_caching /opt/stack/neutron/neutron/common/ovn/hash_ring_manager.py:71}}
Jul 19 20:27:36.359937 np0000005465 devstack@neutron-api.service[87530]: DEBUG neutron.common.ovn.hash_ring_manager [None req-b8c14541-821c-41b7-9ef7-ad5fc6bd1b45 None None] Hash Ring loaded. 3 active nodes. 0 offline nodes {{(pid=87530) _load_hash_ring /opt/stack/neutron/neutron/common/ovn/hash_ring_manager.py:110}}
Jul 19 20:27:36.360070 np0000005465 devstack@neutron-api.service[87530]: DEBUG neutron.plugins.ml2.drivers.ovn.mech_driver.ovsdb.ovsdb_monitor [None req-b8c14541-821c-41b7-9ef7-ad5fc6bd1b45 None None] Hash Ring: Node 57c543b1871a5f1098057ee39cea68ce (host: np0000005465) handling event "create" for row 8f2dd479-badf-45cb-affc-96040f770fd2 (table: Chassis) {{(pid=87530) notify /opt/stack/neutron/neutron/plugins/ml2/drivers/ovn/mech_driver/ovsdb/ovsdb_monitor.py:1009}}
Jul 19 20:27:36.360727 np0000005465 devstack@neutron-api.service[87530]: DEBUG ovsdbapp.backend.ovs_idl.event [None req-b8c14541-821c-41b7-9ef7-ad5fc6bd1b45 None None] Matched CREATE: ChassisBandwidthConfigEvent(events=('create', 'update'), table='Chassis', conditions=None, old_conditions=None), priority=20 to row=Chassis(uuid=8f2dd479-badf-45cb-affc-96040f770fd2, encaps=[29066cff-4ebb-46c0-8751-ff86eafdc2e7], external_ids={}, hostname='np0000005465', name='602b5aad-00d3-41e3-afc7-7d58669ff118', nb_cfg=0, other_config={'ct-commit-nat-v2': 'true', 'ct-commit-to-zone': 'true', 'ct-next-zone': 'true', 'ct-no-masked-label': 'true', 'ct-state-save': 'true', 'datapath-type': 'system', 'fdb-timestamp': 'true', 'iface-types': 'afxdp,afxdp-nonpmd,bareudp,erspan,geneve,gre,gtpu,internal,ip6erspan,ip6gre,lisp,patch,srv6,stt,system,tap,vxlan', 'is-interconn': 'false', 'ls-dpg-column': 'true', 'mac-binding-timestamp': 'true', 'ovn-bridge-mappings': 'public:br-ex', 'ovn-chassis-mac-mappings': '', 'ovn-cms-options': 'enable-chassis-as-gw', 'ovn-ct-lb-related': 'true', 'ovn-enable-lflow-cache': 'true', 'ovn-limit-lflow-cache': '', 'ovn-memlimit-lflow-cache-kb': '', 'ovn-monitor-all': 'false', 'ovn-trim-limit-lflow-cache': '', 'ovn-trim-timeout-ms': '', 'ovn-trim-wmark-perc-lflow-cache': '', 'port-up-notif': 'true'}, transport_zones=[], vtep_logical_switches=[]) old= {{(pid=87530) matches /opt/stack/data/venv/lib/python3.12/site-packages/ovsdbapp/backend/ovs_idl/event.py:55}}
Jul 19 20:27:36.361415 np0000005465 devstack@neutron-api.service[87530]: DEBUG ovsdbapp.backend.ovs_idl.event [None req-b8c14541-821c-41b7-9ef7-ad5fc6bd1b45 None None] Matched CREATE: ChassisOVNAgentWriteEvent(events=('create', 'update'), table='Chassis_Private', conditions=None, old_conditions=None), priority=20 to row=Chassis_Private(uuid=d4038b05-1609-4e04-a95b-bab62ef8e186, chassis=8f2dd479-badf-45cb-affc-96040f770fd2, external_ids={'neutron:ovn-bridge': 'br-int', 'neutron:ovn-neutron-agent-id': 'd44bb6b4-0725-5d47-8bd0-e90d186e695a', 'neutron:ovn-neutron-agent-sb-cfg': '0'}, name='602b5aad-00d3-41e3-afc7-7d58669ff118', nb_cfg=0, nb_cfg_timestamp=0) old= {{(pid=87530) matches /opt/stack/data/venv/lib/python3.12/site-packages/ovsdbapp/backend/ovs_idl/event.py:55}}
Jul 19 20:27:36.361975 np0000005465 devstack@neutron-api.service[87530]: DEBUG ovsdbapp.backend.ovs_idl.event [None req-b8c14541-821c-41b7-9ef7-ad5fc6bd1b45 None None] Matched CREATE: ChassisAgentWriteEvent(events=('create', 'update'), table='Chassis_Private', conditions=None, old_conditions=None), priority=20 to row=Chassis_Private(uuid=d4038b05-1609-4e04-a95b-bab62ef8e186, chassis=8f2dd479-badf-45cb-affc-96040f770fd2, external_ids={'neutron:ovn-bridge': 'br-int', 'neutron:ovn-neutron-agent-id': 'd44bb6b4-0725-5d47-8bd0-e90d186e695a', 'neutron:ovn-neutron-agent-sb-cfg': '0'}, name='602b5aad-00d3-41e3-afc7-7d58669ff118', nb_cfg=0, nb_cfg_timestamp=0) old= {{(pid=87530) matches /opt/stack/data/venv/lib/python3.12/site-packages/ovsdbapp/backend/ovs_idl/event.py:55}}
Jul 19 20:27:36.361975 np0000005465 devstack@neutron-api.service[87530]: DEBUG neutron.plugins.ml2.drivers.ovn.mech_driver.ovsdb.ovsdb_monitor [None req-b8c14541-821c-41b7-9ef7-ad5fc6bd1b45 None None] Hash Ring: Node 57c543b1871a5f1098057ee39cea68ce (host: np0000005465) handling event "create" for row 29066cff-4ebb-46c0-8751-ff86eafdc2e7 (table: Encap) {{(pid=87530) notify /opt/stack/neutron/neutron/plugins/ml2/drivers/ovn/mech_driver/ovsdb/ovsdb_monitor.py:1009}}
Jul 19 20:27:36.362914 np0000005465 devstack@neutron-api.service[87530]: INFO neutron.plugins.ml2.drivers.ovn.mech_driver.mech_driver [None req-b8c14541-821c-41b7-9ef7-ad5fc6bd1b45 None None] WorkerService process has finished the post initialization
Jul 19 20:27:36.363205 np0000005465 devstack@neutron-api.service[87530]: DEBUG oslo_concurrency.processutils [None req-b8c14541-821c-41b7-9ef7-ad5fc6bd1b45 None None] Running cmd (subprocess): ovsdb-client transact ssl:10.4.3.6:6641 --timeout 180 -p /opt/stack/data/CA/int-ca/private/devstack-cert.key -c /opt/stack/data/CA/int-ca/devstack-cert.crt -C /opt/stack/data/CA/int-ca/ca-chain.pem ["OVN_Northbound", {"op": "wait", "timeout": 0, "table": "Port_Group", "where": [["name", "==", "pvlan_pg_drop"]], "until": "==", "rows": []}, {"op": "insert", "table": "ACL", "row": {"action": "drop", "direction": "to-lport", "match": "outport == @pvlan_pg_drop && ip", "priority": 1010}, "uuid-name": "pvlandroptoport"}, {"op": "insert", "table": "ACL", "row": {"action": "drop", "direction": "from-lport", "match": "inport == @pvlan_pg_drop && ip", "priority": 1010}, "uuid-name": "pvlandropfromport"}, {"op": "insert", "table": "Port_Group", "row": {"name": "pvlan_pg_drop", "acls": ["set", [["named-uuid", "pvlandroptoport"], ["named-uuid", "pvlandropfromport"]]]}}] {{(pid=87530) execute /opt/stack/data/venv/lib/python3.12/site-packages/oslo_concurrency/processutils.py:440}}
Jul 19 20:27:36.363514 np0000005465 devstack@neutron-api.service[87530]: INFO neutron.plugins.ml2.drivers.ovn.mech_driver.ovsdb.extensions.qos [-] Starting OVNClientQosExtension
Jul 19 20:27:36.363647 np0000005465 devstack@neutron-api.service[87530]: INFO neutron.plugins.ml2.drivers.ovn.mech_driver.ovsdb.extensions.placement [-] Starting OVNClientPlacementExtension
Jul 19 20:27:36.368896 np0000005465 devstack@neutron-api.service[87531]: DEBUG oslo_concurrency.processutils [None req-f7f5e80c-0c11-47cd-81b2-51ec1ecdd4ac None None] CMD "ovsdb-client transact ssl:10.4.3.6:6641 --timeout 180 -p /opt/stack/data/CA/int-ca/private/devstack-cert.key -c /opt/stack/data/CA/int-ca/devstack-cert.crt -C /opt/stack/data/CA/int-ca/ca-chain.pem ["OVN_Northbound", {"op": "wait", "timeout": 0, "table": "Port_Group", "where": [["name", "==", "pvlan_pg_drop"]], "until": "==", "rows": []}, {"op": "insert", "table": "ACL", "row": {"action": "drop", "direction": "to-lport", "match": "outport == @pvlan_pg_drop && ip", "priority": 1010}, "uuid-name": "pvlandroptoport"}, {"op": "insert", "table": "ACL", "row": {"action": "drop", "direction": "from-lport", "match": "inport == @pvlan_pg_drop && ip", "priority": 1010}, "uuid-name": "pvlandropfromport"}, {"op": "insert", "table": "Port_Group", "row": {"name": "pvlan_pg_drop", "acls": ["set", [["named-uuid", "pvlandroptoport"], ["named-uuid", "pvlandropfromport"]]]}}]" returned: 0 in 0.025s {{(pid=87531) execute /opt/stack/data/venv/lib/python3.12/site-packages/oslo_concurrency/processutils.py:468}}
Jul 19 20:27:36.370604 np0000005465 devstack@neutron-api.service[87531]: WSGI app 0 (mountpoint='') ready in 6 seconds on interpreter 0x76a259ca4668 pid: 87531 (default app)
Jul 19 20:27:36.387301 np0000005465 devstack@neutron-api.service[87530]: DEBUG oslo_concurrency.processutils [None req-b8c14541-821c-41b7-9ef7-ad5fc6bd1b45 None None] CMD "ovsdb-client transact ssl:10.4.3.6:6641 --timeout 180 -p /opt/stack/data/CA/int-ca/private/devstack-cert.key -c /opt/stack/data/CA/int-ca/devstack-cert.crt -C /opt/stack/data/CA/int-ca/ca-chain.pem ["OVN_Northbound", {"op": "wait", "timeout": 0, "table": "Port_Group", "where": [["name", "==", "pvlan_pg_drop"]], "until": "==", "rows": []}, {"op": "insert", "table": "ACL", "row": {"action": "drop", "direction": "to-lport", "match": "outport == @pvlan_pg_drop && ip", "priority": 1010}, "uuid-name": "pvlandroptoport"}, {"op": "insert", "table": "ACL", "row": {"action": "drop", "direction": "from-lport", "match": "inport == @pvlan_pg_drop && ip", "priority": 1010}, "uuid-name": "pvlandropfromport"}, {"op": "insert", "table": "Port_Group", "row": {"name": "pvlan_pg_drop", "acls": ["set", [["named-uuid", "pvlandroptoport"], ["named-uuid", "pvlandropfromport"]]]}}]" returned: 0 in 0.024s {{(pid=87530) execute /opt/stack/data/venv/lib/python3.12/site-packages/oslo_concurrency/processutils.py:468}}
Jul 19 20:27:36.389547 np0000005465 devstack@neutron-api.service[87530]: WSGI app 0 (mountpoint='') ready in 6 seconds on interpreter 0x76a259ca4668 pid: 87530 (default app)
Jul 19 20:27:37.394293 np0000005465 devstack@neutron-api.service[87530]: DEBUG neutron.plugins.ml2.drivers.ovn.mech_driver.ovsdb.ovsdb_monitor [-] Hash Ring: Node 57c543b1871a5f1098057ee39cea68ce (host: np0000005465) handling event "update" for row 1e095f8e-4db8-45ff-9e54-b59abda73ca5 (table: Connection) {{(pid=87530) notify /opt/stack/neutron/neutron/plugins/ml2/drivers/ovn/mech_driver/ovsdb/ovsdb_monitor.py:1009}}
Jul 19 20:27:37.396750 np0000005465 devstack@neutron-api.service[87532]: DEBUG neutron.common.ovn.hash_ring_manager [-] Allow caching, nodes 3>=3 {{(pid=87532) _wait_startup_before_caching /opt/stack/neutron/neutron/common/ovn/hash_ring_manager.py:71}}
Jul 19 20:27:37.397077 np0000005465 devstack@neutron-api.service[87532]: DEBUG neutron.plugins.ml2.drivers.ovn.mech_driver.ovsdb.ovsdb_monitor [-] Hash Ring: Node 96cfdda86b855d13bc9de26a4e2bfd3d (host: np0000005465) handling event "update" for row 1e095f8e-4db8-45ff-9e54-b59abda73ca5 (table: Connection) {{(pid=87532) notify /opt/stack/neutron/neutron/plugins/ml2/drivers/ovn/mech_driver/ovsdb/ovsdb_monitor.py:1009}}
Jul 19 20:27:39.894623 np0000005465 devstack@neutron-api.service[87530]: DEBUG neutron.plugins.ml2.drivers.ovn.mech_driver.ovsdb.ovsdb_monitor [-] Hash Ring: Node 57c543b1871a5f1098057ee39cea68ce (host: np0000005465) handling event "update" for row 1e095f8e-4db8-45ff-9e54-b59abda73ca5 (table: Connection) {{(pid=87530) notify /opt/stack/neutron/neutron/plugins/ml2/drivers/ovn/mech_driver/ovsdb/ovsdb_monitor.py:1009}}
Jul 19 20:27:39.969228 np0000005465 devstack@neutron-api.service[87532]: DEBUG neutron.plugins.ml2.drivers.ovn.mech_driver.ovsdb.ovsdb_monitor [-] Hash Ring: Node 96cfdda86b855d13bc9de26a4e2bfd3d (host: np0000005465) handling event "update" for row 1e095f8e-4db8-45ff-9e54-b59abda73ca5 (table: Connection) {{(pid=87532) notify /opt/stack/neutron/neutron/plugins/ml2/drivers/ovn/mech_driver/ovsdb/ovsdb_monitor.py:1009}}
Jul 19 20:27:39.984585 np0000005465 devstack@neutron-api.service[87532]: DEBUG neutron.api.wsgi [None req-fe88cc5c-dcaf-4b0a-9be0-96078ef82372 admin admin] Missing Content-Type {{(pid=87532) get_content_type /opt/stack/neutron/neutron/api/wsgi.py:80}}
Jul 19 20:27:39.984993 np0000005465 devstack@neutron-api.service[87532]: DEBUG neutron.api.wsgi [None req-fe88cc5c-dcaf-4b0a-9be0-96078ef82372 admin admin] https://10.4.3.6/networking/v2.0/extensions returned with HTTP 200 {{(pid=87532) __call__ /opt/stack/neutron/neutron/api/wsgi.py:540}}
Jul 19 20:27:39.985484 np0000005465 devstack@neutron-api.service[87532]: [pid: 87532|app: 0|req: 2/2] 10.4.3.6 () {64 vars in 1278 bytes} [Sun Jul 19 20:27:39 2026] GET /networking/v2.0/extensions => generated 16171 bytes in 532 msecs (HTTP/1.1 200) 4 headers in 159 bytes (1 switches on core 0)
Jul 19 20:27:40.341943 np0000005465 devstack@neutron-api.service[87531]: DEBUG neutron.api.v2.base [None req-ca7dbd17-2f9a-448e-b974-81504fd2895b admin admin] Request body: {'subnetpool': {'name': 'shared-default-subnetpool-v4', 'default_prefixlen': 26, 'prefixes': ['10.1.0.0/20'], 'is_default': True, 'shared': True}} {{(pid=87531) prepare_request_body /opt/stack/neutron/neutron/api/v2/base.py:727}}
Jul 19 20:27:40.528328 np0000005465 devstack@neutron-api.service[87531]: DEBUG neutron.policy [None req-ca7dbd17-2f9a-448e-b974-81504fd2895b admin admin] Loaded default policies from ['neutron'] under neutron.policies entry points {{(pid=87531) register_rules /opt/stack/neutron/neutron/policy.py:65}}
Jul 19 20:27:40.652144 np0000005465 devstack@neutron-api.service[87531]: DEBUG neutron_lib.callbacks.manager [None req-ca7dbd17-2f9a-448e-b974-81504fd2895b admin admin] Publish callbacks ['neutron.objects.securitygroup.RbacNeutronDbObjectMixin.validate_rbac_policy_change-2886668135998', 'neutron.objects.address_group.RbacNeutronDbObjectMixin.validate_rbac_policy_change-2886668358922', 'neutron.objects.network.RbacNeutronDbObjectMixin.validate_rbac_policy_change-2886667960873', 'neutron.objects.qos.policy.RbacNeutronDbObjectMixin.validate_rbac_policy_change-2886667970806', 'neutron.objects.subnetpool.RbacNeutronDbObjectMixin.validate_rbac_policy_change-2886667929661', 'neutron.objects.address_scope.RbacNeutronDbObjectMixin.validate_rbac_policy_change-2886667956881', 'neutron.plugins.ml2.plugin.External_net_db_mixin._process_ext_policy_create-7122006', 'neutron.plugins.ml2.plugin.NeutronDbPluginV2.validate_network_rbac_policy_change-7111742'] for rbac-policy (None), before_create {{(pid=87531) _notify_loop /opt/stack/data/venv/lib/python3.12/site-packages/neutron_lib/callbacks/manager.py:184}}
Jul 19 20:27:40.692643 np0000005465 devstack@neutron-api.service[87531]: DEBUG neutron_lib.callbacks.manager [None req-ca7dbd17-2f9a-448e-b974-81504fd2895b admin admin] Publish callbacks [] for subnetpool (None), before_response {{(pid=87531) _notify_loop /opt/stack/data/venv/lib/python3.12/site-packages/neutron_lib/callbacks/manager.py:184}}
Jul 19 20:27:40.693290 np0000005465 devstack@neutron-api.service[87531]: [pid: 87531|app: 0|req: 1/3] 10.4.3.6 () {68 vars in 1322 bytes} [Sun Jul 19 20:27:40 2026] POST /networking/v2.0/subnetpools => generated 533 bytes in 448 msecs (HTTP/1.1 201) 4 headers in 162 bytes (1 switches on core 0)
Jul 19 20:27:40.999151 np0000005465 devstack@neutron-api.service[87530]: DEBUG neutron.api.v2.base [None req-14098a40-7faa-4fe8-abd7-d0839a144fbf admin admin] Request body: {'subnetpool': {'name': 'shared-default-subnetpool-v6', 'default_prefixlen': 64, 'prefixes': ['fd2d:2c38:260f::/56'], 'is_default': True, 'shared': True}} {{(pid=87530) prepare_request_body /opt/stack/neutron/neutron/api/v2/base.py:727}}
Jul 19 20:27:41.146169 np0000005465 devstack@neutron-api.service[87530]: DEBUG neutron.policy [None req-14098a40-7faa-4fe8-abd7-d0839a144fbf admin admin] Loaded default policies from ['neutron'] under neutron.policies entry points {{(pid=87530) register_rules /opt/stack/neutron/neutron/policy.py:65}}
Jul 19 20:27:41.265246 np0000005465 devstack@neutron-api.service[87530]: DEBUG neutron_lib.callbacks.manager [None req-14098a40-7faa-4fe8-abd7-d0839a144fbf admin admin] Publish callbacks ['neutron.objects.securitygroup.RbacNeutronDbObjectMixin.validate_rbac_policy_change-2886668129047', 'neutron.objects.address_group.RbacNeutronDbObjectMixin.validate_rbac_policy_change-2886668364515', 'neutron.objects.network.RbacNeutronDbObjectMixin.validate_rbac_policy_change-2886667976008', 'neutron.objects.qos.policy.RbacNeutronDbObjectMixin.validate_rbac_policy_change-2886667978451', 'neutron.objects.subnetpool.RbacNeutronDbObjectMixin.validate_rbac_policy_change-2886667954870', 'neutron.objects.address_scope.RbacNeutronDbObjectMixin.validate_rbac_policy_change-2886667955268', 'neutron.plugins.ml2.plugin.External_net_db_mixin._process_ext_policy_create-18340', 'neutron.plugins.ml2.plugin.NeutronDbPluginV2.validate_network_rbac_policy_change-23436'] for rbac-policy (None), before_create {{(pid=87530) _notify_loop /opt/stack/data/venv/lib/python3.12/site-packages/neutron_lib/callbacks/manager.py:184}}
Jul 19 20:27:41.301333 np0000005465 devstack@neutron-api.service[87530]: DEBUG neutron_lib.callbacks.manager [None req-14098a40-7faa-4fe8-abd7-d0839a144fbf admin admin] Publish callbacks [] for subnetpool (None), before_response {{(pid=87530) _notify_loop /opt/stack/data/venv/lib/python3.12/site-packages/neutron_lib/callbacks/manager.py:184}}
Jul 19 20:27:41.301804 np0000005465 devstack@neutron-api.service[87530]: [pid: 87530|app: 0|req: 1/4] 10.4.3.6 () {68 vars in 1322 bytes} [Sun Jul 19 20:27:40 2026] POST /networking/v2.0/subnetpools => generated 543 bytes in 391 msecs (HTTP/1.1 201) 4 headers in 162 bytes (1 switches on core 0)
Jul 19 20:27:41.518285 np0000005465 devstack@neutron-api.service[87532]: DEBUG neutron.api.v2.base [None req-f352816b-a42c-4bea-8684-d2daa149f868 admin admin] Request body: {'network': {'name': 'private', 'admin_state_up': True}} {{(pid=87532) prepare_request_body /opt/stack/neutron/neutron/api/v2/base.py:727}}
Jul 19 20:27:41.545024 np0000005465 devstack@neutron-api.service[87532]: DEBUG neutron.pecan_wsgi.hooks.quota_enforcement [None req-f352816b-a42c-4bea-8684-d2daa149f868 admin admin] Made reservation on behalf of 147766bc709448079aa2f63fe7301b0c for: {'network': 1} {{(pid=87532) before /opt/stack/neutron/neutron/pecan_wsgi/hooks/quota_enforcement.py:66}}
Jul 19 20:27:41.688662 np0000005465 devstack@neutron-api.service[87532]: DEBUG neutron.policy [None req-f352816b-a42c-4bea-8684-d2daa149f868 admin admin] Loaded default policies from ['neutron'] under neutron.policies entry points {{(pid=87532) register_rules /opt/stack/neutron/neutron/policy.py:65}}
Jul 19 20:27:41.771657 np0000005465 devstack@neutron-api.service[87532]: DEBUG neutron_lib.callbacks.manager [None req-f352816b-a42c-4bea-8684-d2daa149f868 admin admin] Publish callbacks ['neutron.plugins.ml2.plugin.SecurityGroupDbMixin._ensure_default_security_group_handler-174238'] for network (None), before_create {{(pid=87532) _notify_loop /opt/stack/data/venv/lib/python3.12/site-packages/neutron_lib/callbacks/manager.py:184}}
Jul 19 20:27:41.788684 np0000005465 devstack@neutron-api.service[87532]: DEBUG neutron_lib.callbacks.manager [None req-f352816b-a42c-4bea-8684-d2daa149f868 admin admin] Publish callbacks [] for security_group (None), before_create {{(pid=87532) _notify_loop /opt/stack/data/venv/lib/python3.12/site-packages/neutron_lib/callbacks/manager.py:184}}
Jul 19 20:27:41.876428 np0000005465 devstack@neutron-api.service[87532]: DEBUG neutron_lib.callbacks.manager [None req-f352816b-a42c-4bea-8684-d2daa149f868 admin admin] Publish callbacks ['neutron.plugins.ml2.drivers.ovn.mech_driver.mech_driver.OVNMechanismDriver._create_security_group_precommit-229023'] for security_group (743e1bee-ca31-4d3d-b417-da270d58f5dc), precommit_create {{(pid=87532) _notify_loop /opt/stack/data/venv/lib/python3.12/site-packages/neutron_lib/callbacks/manager.py:184}}
Jul 19 20:27:41.876626 np0000005465 devstack@neutron-api.service[87532]: DEBUG neutron.db.ovn_revision_numbers_db [None req-f352816b-a42c-4bea-8684-d2daa149f868 admin admin] create_initial_revision uuid=743e1bee-ca31-4d3d-b417-da270d58f5dc, type=security_groups, rev=-1 {{(pid=87532) create_initial_revision /opt/stack/neutron/neutron/db/ovn_revision_numbers_db.py:98}}
Jul 19 20:27:41.879223 np0000005465 devstack@neutron-api.service[87532]: DEBUG neutron.db.ovn_revision_numbers_db [None req-f352816b-a42c-4bea-8684-d2daa149f868 admin admin] create_initial_revision uuid=47f30bef-4d17-4c0c-9ce0-f4e0adf236dd, type=security_group_rules, rev=-1 {{(pid=87532) create_initial_revision /opt/stack/neutron/neutron/db/ovn_revision_numbers_db.py:98}}
Jul 19 20:27:41.880301 np0000005465 devstack@neutron-api.service[87532]: DEBUG neutron.db.ovn_revision_numbers_db [None req-f352816b-a42c-4bea-8684-d2daa149f868 admin admin] create_initial_revision uuid=53bfe8b7-8097-4dd8-8ca7-26043cb060b2, type=security_group_rules, rev=-1 {{(pid=87532) create_initial_revision /opt/stack/neutron/neutron/db/ovn_revision_numbers_db.py:98}}
Jul 19 20:27:41.881286 np0000005465 devstack@neutron-api.service[87532]: DEBUG neutron.db.ovn_revision_numbers_db [None req-f352816b-a42c-4bea-8684-d2daa149f868 admin admin] create_initial_revision uuid=b217ab6e-3de9-407b-bb27-27f8239cf21e, type=security_group_rules, rev=-1 {{(pid=87532) create_initial_revision /opt/stack/neutron/neutron/db/ovn_revision_numbers_db.py:98}}
Jul 19 20:27:41.882123 np0000005465 devstack@neutron-api.service[87532]: DEBUG neutron.db.ovn_revision_numbers_db [None req-f352816b-a42c-4bea-8684-d2daa149f868 admin admin] create_initial_revision uuid=d2ba4938-b365-410b-9fb5-b677ec408201, type=security_group_rules, rev=-1 {{(pid=87532) create_initial_revision /opt/stack/neutron/neutron/db/ovn_revision_numbers_db.py:98}}
Jul 19 20:27:41.885201 np0000005465 devstack@neutron-api.service[87532]: DEBUG neutron_lib.callbacks.manager [None req-f352816b-a42c-4bea-8684-d2daa149f868 admin admin] Publish callbacks ['neutron.plugins.ml2.drivers.ovn.mech_driver.mech_driver.OVNMechanismDriver._create_security_group-229013', 'neutron.plugins.ml2.ovo_rpc._ObjectChangeHandler.handle_event-3396989'] for security_group (743e1bee-ca31-4d3d-b417-da270d58f5dc), after_create {{(pid=87532) _notify_loop /opt/stack/data/venv/lib/python3.12/site-packages/neutron_lib/callbacks/manager.py:184}}
Jul 19 20:27:41.886150 np0000005465 devstack@neutron-api.service[87532]: DEBUG ovsdbapp.backend.ovs_idl.transaction [-] Running txn n=1 command(idx=0): PgAddCommand(_result=None, name=pg_743e1bee_ca31_4d3d_b417_da270d58f5dc, may_exist=False, columns={'acls': [], 'external_ids': {'neutron:security_group_id': '743e1bee-ca31-4d3d-b417-da270d58f5dc'}}) {{(pid=87532) do_commit /opt/stack/data/venv/lib/python3.12/site-packages/ovsdbapp/backend/ovs_idl/transaction.py:89}}
Jul 19 20:27:41.887264 np0000005465 devstack@neutron-api.service[87532]: DEBUG ovsdbapp.backend.ovs_idl.transaction [-] Running txn n=1 command(idx=1): PgAclAddCommand(_result=None, entity=pg_743e1bee_ca31_4d3d_b417_da270d58f5dc, direction=from-lport, priority=1002, match=inport == @pg_743e1bee_ca31_4d3d_b417_da270d58f5dc && ip6, action=allow-related, log=False, may_exist=True, severity=[], name=[], meter=[], external_ids={'neutron:security_group_rule_id': '47f30bef-4d17-4c0c-9ce0-f4e0adf236dd'}) {{(pid=87532) do_commit /opt/stack/data/venv/lib/python3.12/site-packages/ovsdbapp/backend/ovs_idl/transaction.py:89}}
Jul 19 20:27:41.887600 np0000005465 devstack@neutron-api.service[87532]: DEBUG ovsdbapp.backend.ovs_idl.transaction [-] Running txn n=1 command(idx=2): PgAclAddCommand(_result=None, entity=pg_743e1bee_ca31_4d3d_b417_da270d58f5dc, direction=from-lport, priority=1002, match=inport == @pg_743e1bee_ca31_4d3d_b417_da270d58f5dc && ip4, action=allow-related, log=False, may_exist=True, severity=[], name=[], meter=[], external_ids={'neutron:security_group_rule_id': '53bfe8b7-8097-4dd8-8ca7-26043cb060b2'}) {{(pid=87532) do_commit /opt/stack/data/venv/lib/python3.12/site-packages/ovsdbapp/backend/ovs_idl/transaction.py:89}}
Jul 19 20:27:41.887897 np0000005465 devstack@neutron-api.service[87532]: DEBUG ovsdbapp.backend.ovs_idl.transaction [-] Running txn n=1 command(idx=3): PgAclAddCommand(_result=None, entity=pg_743e1bee_ca31_4d3d_b417_da270d58f5dc, direction=to-lport, priority=1002, match=outport == @pg_743e1bee_ca31_4d3d_b417_da270d58f5dc && ip6 && ip6.src == $pg_743e1bee_ca31_4d3d_b417_da270d58f5dc_ip6, action=allow-related, log=False, may_exist=True, severity=[], name=[], meter=[], external_ids={'neutron:security_group_rule_id': 'b217ab6e-3de9-407b-bb27-27f8239cf21e'}) {{(pid=87532) do_commit /opt/stack/data/venv/lib/python3.12/site-packages/ovsdbapp/backend/ovs_idl/transaction.py:89}}
Jul 19 20:27:41.888154 np0000005465 devstack@neutron-api.service[87532]: DEBUG ovsdbapp.backend.ovs_idl.transaction [-] Running txn n=1 command(idx=4): PgAclAddCommand(_result=None, entity=pg_743e1bee_ca31_4d3d_b417_da270d58f5dc, direction=to-lport, priority=1002, match=outport == @pg_743e1bee_ca31_4d3d_b417_da270d58f5dc && ip4 && ip4.src == $pg_743e1bee_ca31_4d3d_b417_da270d58f5dc_ip4, action=allow-related, log=False, may_exist=True, severity=[], name=[], meter=[], external_ids={'neutron:security_group_rule_id': 'd2ba4938-b365-410b-9fb5-b677ec408201'}) {{(pid=87532) do_commit /opt/stack/data/venv/lib/python3.12/site-packages/ovsdbapp/backend/ovs_idl/transaction.py:89}}
Jul 19 20:27:41.902847 np0000005465 devstack@neutron-api.service[87530]: DEBUG neutron.plugins.ml2.drivers.ovn.mech_driver.ovsdb.ovsdb_monitor [-] Hash Ring: Node 57c543b1871a5f1098057ee39cea68ce (host: np0000005465) handling event "create" for row 5fa81108-a7aa-4c87-9e09-7ae28a2a8443 (table: ACL) {{(pid=87530) notify /opt/stack/neutron/neutron/plugins/ml2/drivers/ovn/mech_driver/ovsdb/ovsdb_monitor.py:1009}}
Jul 19 20:27:41.902847 np0000005465 devstack@neutron-api.service[87530]: DEBUG neutron.plugins.ml2.drivers.ovn.mech_driver.ovsdb.ovsdb_monitor [-] Hash Ring: Node 57c543b1871a5f1098057ee39cea68ce (host: np0000005465) handling event "create" for row c5588ab8-ea58-41a8-b4b0-8b9ed6bcd083 (table: ACL) {{(pid=87530) notify /opt/stack/neutron/neutron/plugins/ml2/drivers/ovn/mech_driver/ovsdb/ovsdb_monitor.py:1009}}
Jul 19 20:27:41.903859 np0000005465 devstack@neutron-api.service[87532]: DEBUG neutron.plugins.ml2.drivers.ovn.mech_driver.ovsdb.ovsdb_monitor [-] Hash Ring: Node 96cfdda86b855d13bc9de26a4e2bfd3d (host: np0000005465) handling event "create" for row 1b1135be-e668-445d-b932-430992ac87c2 (table: ACL) {{(pid=87532) notify /opt/stack/neutron/neutron/plugins/ml2/drivers/ovn/mech_driver/ovsdb/ovsdb_monitor.py:1009}}
Jul 19 20:27:41.904959 np0000005465 devstack@neutron-api.service[87531]: DEBUG neutron.plugins.ml2.drivers.ovn.mech_driver.ovsdb.ovsdb_monitor [-] Hash Ring: Node 09591198d3385c5b8218eb8c779c71c8 (host: np0000005465) handling event "create" for row 3bd16b49-9944-4f9b-b11c-18906dae16a1 (table: Port_Group) {{(pid=87531) notify /opt/stack/neutron/neutron/plugins/ml2/drivers/ovn/mech_driver/ovsdb/ovsdb_monitor.py:1009}}
Jul 19 20:27:41.905346 np0000005465 devstack@neutron-api.service[87532]: DEBUG neutron.plugins.ml2.drivers.ovn.mech_driver.ovsdb.ovsdb_monitor [-] Hash Ring: Node 96cfdda86b855d13bc9de26a4e2bfd3d (host: np0000005465) handling event "create" for row 5fa81108-a7aa-4c87-9e09-7ae28a2a8443 (table: ACL) {{(pid=87532) notify /opt/stack/neutron/neutron/plugins/ml2/drivers/ovn/mech_driver/ovsdb/ovsdb_monitor.py:1009}}
Jul 19 20:27:41.905346 np0000005465 devstack@neutron-api.service[87532]: DEBUG neutron.plugins.ml2.drivers.ovn.mech_driver.ovsdb.ovsdb_monitor [-] Hash Ring: Node 96cfdda86b855d13bc9de26a4e2bfd3d (host: np0000005465) handling event "create" for row 951e8eea-90fb-4768-8668-c54678094e13 (table: ACL) {{(pid=87532) notify /opt/stack/neutron/neutron/plugins/ml2/drivers/ovn/mech_driver/ovsdb/ovsdb_monitor.py:1009}}
Jul 19 20:27:41.905346 np0000005465 devstack@neutron-api.service[87532]: DEBUG neutron.plugins.ml2.drivers.ovn.mech_driver.ovsdb.ovsdb_monitor [-] Hash Ring: Node 96cfdda86b855d13bc9de26a4e2bfd3d (host: np0000005465) handling event "create" for row c5588ab8-ea58-41a8-b4b0-8b9ed6bcd083 (table: ACL) {{(pid=87532) notify /opt/stack/neutron/neutron/plugins/ml2/drivers/ovn/mech_driver/ovsdb/ovsdb_monitor.py:1009}}
Jul 19 20:27:41.905346 np0000005465 devstack@neutron-api.service[87532]: DEBUG neutron.plugins.ml2.drivers.ovn.mech_driver.ovsdb.ovsdb_monitor [-] Hash Ring: Node 96cfdda86b855d13bc9de26a4e2bfd3d (host: np0000005465) handling event "create" for row 3bd16b49-9944-4f9b-b11c-18906dae16a1 (table: Port_Group) {{(pid=87532) notify /opt/stack/neutron/neutron/plugins/ml2/drivers/ovn/mech_driver/ovsdb/ovsdb_monitor.py:1009}}
Jul 19 20:27:41.928516 np0000005465 devstack@neutron-api.service[87532]: INFO neutron.db.ovn_revision_numbers_db [None req-f352816b-a42c-4bea-8684-d2daa149f868 admin admin] Successfully bumped revision number for resource 743e1bee-ca31-4d3d-b417-da270d58f5dc (type: security_groups) to 1
Jul 19 20:27:41.940059 np0000005465 devstack@neutron-api.service[87532]: INFO neutron.db.ovn_revision_numbers_db [None req-f352816b-a42c-4bea-8684-d2daa149f868 admin admin] Successfully bumped revision number for resource 47f30bef-4d17-4c0c-9ce0-f4e0adf236dd (type: security_group_rules) to 0
Jul 19 20:27:41.948286 np0000005465 devstack@neutron-api.service[87532]: INFO neutron.db.ovn_revision_numbers_db [None req-f352816b-a42c-4bea-8684-d2daa149f868 admin admin] Successfully bumped revision number for resource 53bfe8b7-8097-4dd8-8ca7-26043cb060b2 (type: security_group_rules) to 0
Jul 19 20:27:41.956522 np0000005465 devstack@neutron-api.service[87532]: INFO neutron.db.ovn_revision_numbers_db [None req-f352816b-a42c-4bea-8684-d2daa149f868 admin admin] Successfully bumped revision number for resource b217ab6e-3de9-407b-bb27-27f8239cf21e (type: security_group_rules) to 0
Jul 19 20:27:41.964982 np0000005465 devstack@neutron-api.service[87532]: INFO neutron.db.ovn_revision_numbers_db [None req-f352816b-a42c-4bea-8684-d2daa149f868 admin admin] Successfully bumped revision number for resource d2ba4938-b365-410b-9fb5-b677ec408201 (type: security_group_rules) to 0
Jul 19 20:27:41.983507 np0000005465 devstack@neutron-api.service[87532]: DEBUG neutron.api.rpc.handlers.resources_rpc [None req-f352816b-a42c-4bea-8684-d2daa149f868 admin admin] Pushing event updated for resources: {'SecurityGroup': ['ID=743e1bee-ca31-4d3d-b417-da270d58f5dc,revision_number=1']} {{(pid=87532) push /opt/stack/neutron/neutron/api/rpc/handlers/resources_rpc.py:237}}
Jul 19 20:27:41.989346 np0000005465 devstack@neutron-api.service[87532]: DEBUG ovsdbapp.backend.ovs_idl.transaction [-] Running txn n=1 command(idx=0): CheckLivenessCommand(_result=None) {{(pid=87532) do_commit /opt/stack/data/venv/lib/python3.12/site-packages/ovsdbapp/backend/ovs_idl/transaction.py:89}}
Jul 19 20:27:41.992310 np0000005465 devstack@neutron-api.service[87530]: DEBUG neutron.plugins.ml2.drivers.ovn.mech_driver.ovsdb.ovsdb_monitor [-] Hash Ring: Node 57c543b1871a5f1098057ee39cea68ce (host: np0000005465) handling event "update" for row 5b5b0795-6e3b-4b1a-9779-da66fcf40d05 (table: NB_Global) {{(pid=87530) notify /opt/stack/neutron/neutron/plugins/ml2/drivers/ovn/mech_driver/ovsdb/ovsdb_monitor.py:1009}}
Jul 19 20:27:41.993287 np0000005465 devstack@neutron-api.service[87532]: DEBUG neutron.plugins.ml2.drivers.ovn.mech_driver.ovsdb.ovsdb_monitor [-] Hash Ring: Node 96cfdda86b855d13bc9de26a4e2bfd3d (host: np0000005465) handling event "update" for row 5b5b0795-6e3b-4b1a-9779-da66fcf40d05 (table: NB_Global) {{(pid=87532) notify /opt/stack/neutron/neutron/plugins/ml2/drivers/ovn/mech_driver/ovsdb/ovsdb_monitor.py:1009}}
Jul 19 20:27:41.994528 np0000005465 devstack@neutron-api.service[87530]: DEBUG neutron.plugins.ml2.drivers.ovn.mech_driver.ovsdb.ovsdb_monitor [-] Hash Ring: Node 57c543b1871a5f1098057ee39cea68ce (host: np0000005465) handling event "update" for row 5b5b0795-6e3b-4b1a-9779-da66fcf40d05 (table: NB_Global) {{(pid=87530) notify /opt/stack/neutron/neutron/plugins/ml2/drivers/ovn/mech_driver/ovsdb/ovsdb_monitor.py:1009}}
Jul 19 20:27:41.994629 np0000005465 devstack@neutron-api.service[87532]: DEBUG neutron.plugins.ml2.drivers.ovn.mech_driver.ovsdb.ovsdb_monitor [-] Hash Ring: Node 96cfdda86b855d13bc9de26a4e2bfd3d (host: np0000005465) handling event "update" for row 5b5b0795-6e3b-4b1a-9779-da66fcf40d05 (table: NB_Global) {{(pid=87532) notify /opt/stack/neutron/neutron/plugins/ml2/drivers/ovn/mech_driver/ovsdb/ovsdb_monitor.py:1009}}
Jul 19 20:27:41.994857 np0000005465 devstack@neutron-api.service[87532]: DEBUG neutron.plugins.ml2.drivers.ovn.mech_driver.ovsdb.ovsdb_monitor [-] Hash Ring: Node 96cfdda86b855d13bc9de26a4e2bfd3d (host: np0000005465) handling event "update" for row 5b5b0795-6e3b-4b1a-9779-da66fcf40d05 (table: NB_Global) {{(pid=87532) notify /opt/stack/neutron/neutron/plugins/ml2/drivers/ovn/mech_driver/ovsdb/ovsdb_monitor.py:1009}}
Jul 19 20:27:41.995496 np0000005465 devstack@neutron-api.service[87530]: DEBUG neutron.plugins.ml2.drivers.ovn.mech_driver.ovsdb.ovsdb_monitor [-] Hash Ring: Node 57c543b1871a5f1098057ee39cea68ce (host: np0000005465) handling event "update" for row 5b5b0795-6e3b-4b1a-9779-da66fcf40d05 (table: NB_Global) {{(pid=87530) notify /opt/stack/neutron/neutron/plugins/ml2/drivers/ovn/mech_driver/ovsdb/ovsdb_monitor.py:1009}}
Jul 19 20:27:41.998218 np0000005465 devstack@neutron-api.service[87532]: DEBUG neutron.api.rpc.callbacks.version_manager [None req-f352816b-a42c-4bea-8684-d2daa149f868 admin admin] Tracked resource versions report:
Jul 19 20:27:41.998218 np0000005465 devstack@neutron-api.service[87532]: pushed versions:
Jul 19 20:27:41.998218 np0000005465 devstack@neutron-api.service[87532]: { 'AddressGroup': {'1.2'},
Jul 19 20:27:41.998218 np0000005465 devstack@neutron-api.service[87532]: 'Agent': {'1.1'},
Jul 19 20:27:41.998218 np0000005465 devstack@neutron-api.service[87532]: 'ConntrackHelper': {'1.0'},
Jul 19 20:27:41.998218 np0000005465 devstack@neutron-api.service[87532]: 'LocalIPAssociation': {'1.0'},
Jul 19 20:27:41.998218 np0000005465 devstack@neutron-api.service[87532]: 'Log': {'1.0'},
Jul 19 20:27:41.998218 np0000005465 devstack@neutron-api.service[87532]: 'NDPProxy': {'1.0'},
Jul 19 20:27:41.998218 np0000005465 devstack@neutron-api.service[87532]: 'Network': {'1.3'},
Jul 19 20:27:41.998218 np0000005465 devstack@neutron-api.service[87532]: 'Port': {'1.11'},
Jul 19 20:27:41.998218 np0000005465 devstack@neutron-api.service[87532]: 'PortForwarding': {'1.3'},
Jul 19 20:27:41.998218 np0000005465 devstack@neutron-api.service[87532]: 'QosPolicy': {'1.10'},
Jul 19 20:27:41.998218 np0000005465 devstack@neutron-api.service[87532]: 'SecurityGroup': {'1.6'},
Jul 19 20:27:41.998218 np0000005465 devstack@neutron-api.service[87532]: 'SecurityGroupRule': {'1.3'},
Jul 19 20:27:41.998218 np0000005465 devstack@neutron-api.service[87532]: 'SubPort': {'1.0'},
Jul 19 20:27:41.998218 np0000005465 devstack@neutron-api.service[87532]: 'Subnet': {'1.2'},
Jul 19 20:27:41.998218 np0000005465 devstack@neutron-api.service[87532]: 'Trunk': {'1.1'}}
Jul 19 20:27:41.998218 np0000005465 devstack@neutron-api.service[87532]: consumer versions:
Jul 19 20:27:41.998218 np0000005465 devstack@neutron-api.service[87532]: {}
Jul 19 20:27:41.998218 np0000005465 devstack@neutron-api.service[87532]: {{(pid=87532) report /opt/stack/neutron/neutron/api/rpc/callbacks/version_manager.py:183}}
Jul 19 20:27:41.999149 np0000005465 devstack@neutron-api.service[87531]: DEBUG ovsdbapp.backend.ovs_idl.event [-] Matched UPDATE: ChassisAgentWriteEvent(events=('create', 'update'), table='Chassis_Private', conditions=None, old_conditions=None), priority=20 to row=Chassis_Private(uuid=d4038b05-1609-4e04-a95b-bab62ef8e186, chassis=8f2dd479-badf-45cb-affc-96040f770fd2, external_ids={'neutron:ovn-bridge': 'br-int', 'neutron:ovn-neutron-agent-id': 'd44bb6b4-0725-5d47-8bd0-e90d186e695a', 'neutron:ovn-neutron-agent-sb-cfg': '0'}, name='602b5aad-00d3-41e3-afc7-7d58669ff118', nb_cfg=1, nb_cfg_timestamp=1784492861992) old=Chassis_Private(uuid=d4038b05-1609-4e04-a95b-bab62ef8e186, nb_cfg=0, nb_cfg_timestamp=0) {{(pid=87531) matches /opt/stack/data/venv/lib/python3.12/site-packages/ovsdbapp/backend/ovs_idl/event.py:55}}
Jul 19 20:27:41.999296 np0000005465 devstack@neutron-api.service[87530]: DEBUG ovsdbapp.backend.ovs_idl.event [-] Matched UPDATE: ChassisAgentWriteEvent(events=('create', 'update'), table='Chassis_Private', conditions=None, old_conditions=None), priority=20 to row=Chassis_Private(uuid=d4038b05-1609-4e04-a95b-bab62ef8e186, chassis=8f2dd479-badf-45cb-affc-96040f770fd2, external_ids={'neutron:ovn-bridge': 'br-int', 'neutron:ovn-neutron-agent-id': 'd44bb6b4-0725-5d47-8bd0-e90d186e695a', 'neutron:ovn-neutron-agent-sb-cfg': '0'}, name='602b5aad-00d3-41e3-afc7-7d58669ff118', nb_cfg=1, nb_cfg_timestamp=1784492861992) old=Chassis_Private(uuid=d4038b05-1609-4e04-a95b-bab62ef8e186, nb_cfg=0, nb_cfg_timestamp=0) {{(pid=87530) matches /opt/stack/data/venv/lib/python3.12/site-packages/ovsdbapp/backend/ovs_idl/event.py:55}}
Jul 19 20:27:41.999739 np0000005465 devstack@neutron-api.service[87531]: DEBUG neutron.plugins.ml2.drivers.ovn.mech_driver.ovsdb.ovsdb_monitor [-] Hash Ring: Node 09591198d3385c5b8218eb8c779c71c8 (host: np0000005465) handling event "update" for row d4038b05-1609-4e04-a95b-bab62ef8e186 (table: Chassis_Private) {{(pid=87531) notify /opt/stack/neutron/neutron/plugins/ml2/drivers/ovn/mech_driver/ovsdb/ovsdb_monitor.py:1009}}
Jul 19 20:27:41.999846 np0000005465 devstack@neutron-api.service[87530]: DEBUG neutron.plugins.ml2.drivers.ovn.mech_driver.ovsdb.ovsdb_monitor [-] Hash Ring: Node 57c543b1871a5f1098057ee39cea68ce (host: np0000005465) handling event "update" for row 5b5b0795-6e3b-4b1a-9779-da66fcf40d05 (table: NB_Global) {{(pid=87530) notify /opt/stack/neutron/neutron/plugins/ml2/drivers/ovn/mech_driver/ovsdb/ovsdb_monitor.py:1009}}
Jul 19 20:27:42.000626 np0000005465 devstack@neutron-api.service[87532]: DEBUG neutron.plugins.ml2.drivers.ovn.mech_driver.ovsdb.ovsdb_monitor [-] Hash Ring: Node 96cfdda86b855d13bc9de26a4e2bfd3d (host: np0000005465) handling event "update" for row 5b5b0795-6e3b-4b1a-9779-da66fcf40d05 (table: NB_Global) {{(pid=87532) notify /opt/stack/neutron/neutron/plugins/ml2/drivers/ovn/mech_driver/ovsdb/ovsdb_monitor.py:1009}}
Jul 19 20:27:42.001702 np0000005465 devstack@neutron-api.service[87531]: DEBUG ovsdbapp.backend.ovs_idl.event [-] Matched UPDATE: ChassisOVNAgentWriteEvent(events=('create', 'update'), table='Chassis_Private', conditions=None, old_conditions=None), priority=20 to row=Chassis_Private(uuid=d4038b05-1609-4e04-a95b-bab62ef8e186, chassis=8f2dd479-badf-45cb-affc-96040f770fd2, external_ids={'neutron:ovn-bridge': 'br-int', 'neutron:ovn-neutron-agent-id': 'd44bb6b4-0725-5d47-8bd0-e90d186e695a', 'neutron:ovn-neutron-agent-sb-cfg': '1'}, name='602b5aad-00d3-41e3-afc7-7d58669ff118', nb_cfg=1, nb_cfg_timestamp=1784492861992) old=Chassis_Private(uuid=d4038b05-1609-4e04-a95b-bab62ef8e186, external_ids={'neutron:ovn-bridge': 'br-int', 'neutron:ovn-neutron-agent-id': 'd44bb6b4-0725-5d47-8bd0-e90d186e695a', 'neutron:ovn-neutron-agent-sb-cfg': '0'}) {{(pid=87531) matches /opt/stack/data/venv/lib/python3.12/site-packages/ovsdbapp/backend/ovs_idl/event.py:55}}
Jul 19 20:27:42.001922 np0000005465 devstack@neutron-api.service[87531]: DEBUG neutron.plugins.ml2.drivers.ovn.mech_driver.ovsdb.ovsdb_monitor [-] Hash Ring: Node 09591198d3385c5b8218eb8c779c71c8 (host: np0000005465) handling event "update" for row d4038b05-1609-4e04-a95b-bab62ef8e186 (table: Chassis_Private) {{(pid=87531) notify /opt/stack/neutron/neutron/plugins/ml2/drivers/ovn/mech_driver/ovsdb/ovsdb_monitor.py:1009}}
Jul 19 20:27:42.002257 np0000005465 devstack@neutron-api.service[87532]: DEBUG ovsdbapp.backend.ovs_idl.event [-] Matched UPDATE: ChassisAgentWriteEvent(events=('create', 'update'), table='Chassis_Private', conditions=None, old_conditions=None), priority=20 to row=Chassis_Private(uuid=d4038b05-1609-4e04-a95b-bab62ef8e186, chassis=8f2dd479-badf-45cb-affc-96040f770fd2, external_ids={'neutron:ovn-bridge': 'br-int', 'neutron:ovn-neutron-agent-id': 'd44bb6b4-0725-5d47-8bd0-e90d186e695a', 'neutron:ovn-neutron-agent-sb-cfg': '0'}, name='602b5aad-00d3-41e3-afc7-7d58669ff118', nb_cfg=1, nb_cfg_timestamp=1784492861992) old=Chassis_Private(uuid=d4038b05-1609-4e04-a95b-bab62ef8e186, nb_cfg=0, nb_cfg_timestamp=0) {{(pid=87532) matches /opt/stack/data/venv/lib/python3.12/site-packages/ovsdbapp/backend/ovs_idl/event.py:55}}
Jul 19 20:27:42.002739 np0000005465 devstack@neutron-api.service[87530]: DEBUG ovsdbapp.backend.ovs_idl.event [-] Matched UPDATE: ChassisOVNAgentWriteEvent(events=('create', 'update'), table='Chassis_Private', conditions=None, old_conditions=None), priority=20 to row=Chassis_Private(uuid=d4038b05-1609-4e04-a95b-bab62ef8e186, chassis=8f2dd479-badf-45cb-affc-96040f770fd2, external_ids={'neutron:ovn-bridge': 'br-int', 'neutron:ovn-neutron-agent-id': 'd44bb6b4-0725-5d47-8bd0-e90d186e695a', 'neutron:ovn-neutron-agent-sb-cfg': '1'}, name='602b5aad-00d3-41e3-afc7-7d58669ff118', nb_cfg=1, nb_cfg_timestamp=1784492861992) old=Chassis_Private(uuid=d4038b05-1609-4e04-a95b-bab62ef8e186, external_ids={'neutron:ovn-bridge': 'br-int', 'neutron:ovn-neutron-agent-id': 'd44bb6b4-0725-5d47-8bd0-e90d186e695a', 'neutron:ovn-neutron-agent-sb-cfg': '0'}) {{(pid=87530) matches /opt/stack/data/venv/lib/python3.12/site-packages/ovsdbapp/backend/ovs_idl/event.py:55}}
Jul 19 20:27:42.008486 np0000005465 devstack@neutron-api.service[87532]: DEBUG neutron.common.ovn.hash_ring_manager [-] Allow caching, nodes 3>=3 {{(pid=87532) _wait_startup_before_caching /opt/stack/neutron/neutron/common/ovn/hash_ring_manager.py:71}}
Jul 19 20:27:42.008657 np0000005465 devstack@neutron-api.service[87532]: DEBUG neutron.plugins.ml2.drivers.ovn.mech_driver.ovsdb.ovsdb_monitor [-] Hash Ring: Node 96cfdda86b855d13bc9de26a4e2bfd3d (host: np0000005465) handling event "update" for row d4038b05-1609-4e04-a95b-bab62ef8e186 (table: Chassis_Private) {{(pid=87532) notify /opt/stack/neutron/neutron/plugins/ml2/drivers/ovn/mech_driver/ovsdb/ovsdb_monitor.py:1009}}
