May 28 11:45:13.427875 np0000001625 neutron-periodic-workers[88859]: DEBUG cotyledon.oslo_config_glue [-] database.connection_trace = False {{(pid=88859) log_opt_values /opt/stack/data/venv/lib/python3.12/site-packages/oslo_config/cfg.py:3256}}
May 28 11:45:13.427903 np0000001625 neutron-periodic-workers[88859]: DEBUG cotyledon.oslo_config_glue [-] database.db_inc_retry_interval = True {{(pid=88859) log_opt_values /opt/stack/data/venv/lib/python3.12/site-packages/oslo_config/cfg.py:3256}}
May 28 11:45:13.427932 np0000001625 neutron-periodic-workers[88859]: DEBUG cotyledon.oslo_config_glue [-] database.db_max_retries = 20 {{(pid=88859) log_opt_values /opt/stack/data/venv/lib/python3.12/site-packages/oslo_config/cfg.py:3256}}
May 28 11:45:13.428280 np0000001625 neutron-periodic-workers[88859]: DEBUG cotyledon.oslo_config_glue [-] database.db_max_retry_interval = 10 {{(pid=88859) log_opt_values /opt/stack/data/venv/lib/python3.12/site-packages/oslo_config/cfg.py:3256}}
May 28 11:45:13.428280 np0000001625 neutron-periodic-workers[88859]: DEBUG cotyledon.oslo_config_glue [-] database.db_retry_interval = 1 {{(pid=88859) log_opt_values /opt/stack/data/venv/lib/python3.12/site-packages/oslo_config/cfg.py:3256}}
May 28 11:45:13.428280 np0000001625 neutron-periodic-workers[88859]: DEBUG cotyledon.oslo_config_glue [-] database.max_overflow = 50 {{(pid=88859) log_opt_values /opt/stack/data/venv/lib/python3.12/site-packages/oslo_config/cfg.py:3256}}
May 28 11:45:13.428280 np0000001625 neutron-periodic-workers[88859]: DEBUG cotyledon.oslo_config_glue [-] database.max_pool_size = 5 {{(pid=88859) log_opt_values /opt/stack/data/venv/lib/python3.12/site-packages/oslo_config/cfg.py:3256}}
May 28 11:45:13.428280 np0000001625 neutron-periodic-workers[88859]: DEBUG cotyledon.oslo_config_glue [-] database.max_retries = 10 {{(pid=88859) log_opt_values /opt/stack/data/venv/lib/python3.12/site-packages/oslo_config/cfg.py:3256}}
May 28 11:45:13.428280 np0000001625 neutron-periodic-workers[88859]: DEBUG cotyledon.oslo_config_glue [-] database.mysql_sql_mode = TRADITIONAL {{(pid=88859) log_opt_values /opt/stack/data/venv/lib/python3.12/site-packages/oslo_config/cfg.py:3256}}
May 28 11:45:13.428280 np0000001625 neutron-periodic-workers[88859]: DEBUG cotyledon.oslo_config_glue [-] database.mysql_wsrep_sync_wait = None {{(pid=88859) log_opt_values /opt/stack/data/venv/lib/python3.12/site-packages/oslo_config/cfg.py:3256}}
May 28 11:45:13.428280 np0000001625 neutron-periodic-workers[88859]: DEBUG cotyledon.oslo_config_glue [-] database.pool_timeout = None {{(pid=88859) log_opt_values /opt/stack/data/venv/lib/python3.12/site-packages/oslo_config/cfg.py:3256}}
May 28 11:45:13.428280 np0000001625 neutron-periodic-workers[88859]: DEBUG cotyledon.oslo_config_glue [-] database.retry_interval = 10 {{(pid=88859) log_opt_values /opt/stack/data/venv/lib/python3.12/site-packages/oslo_config/cfg.py:3256}}
May 28 11:45:13.428466 np0000001625 neutron-periodic-workers[88859]: DEBUG cotyledon.oslo_config_glue [-] database.slave_connection = **** {{(pid=88859) log_opt_values /opt/stack/data/venv/lib/python3.12/site-packages/oslo_config/cfg.py:3256}}
May 28 11:45:13.428466 np0000001625 neutron-periodic-workers[88859]: DEBUG cotyledon.oslo_config_glue [-] database.sqlite_synchronous = True {{(pid=88859) log_opt_values /opt/stack/data/venv/lib/python3.12/site-packages/oslo_config/cfg.py:3256}}
May 28 11:45:13.428466 np0000001625 neutron-periodic-workers[88859]: DEBUG cotyledon.oslo_config_glue [-] database.synchronous_reader = True {{(pid=88859) log_opt_values /opt/stack/data/venv/lib/python3.12/site-packages/oslo_config/cfg.py:3256}}
May 28 11:45:13.428466 np0000001625 neutron-periodic-workers[88859]: DEBUG cotyledon.oslo_config_glue [-] database.use_db_reconnect = False {{(pid=88859) log_opt_values /opt/stack/data/venv/lib/python3.12/site-packages/oslo_config/cfg.py:3256}}
May 28 11:45:13.428466 np0000001625 neutron-periodic-workers[88859]: DEBUG cotyledon.oslo_config_glue [-] ovn.bfd_min_rx = 1000 {{(pid=88859) log_opt_values /opt/stack/data/venv/lib/python3.12/site-packages/oslo_config/cfg.py:3256}}
May 28 11:45:13.428562 np0000001625 neutron-periodic-workers[88859]: DEBUG cotyledon.oslo_config_glue [-] ovn.bfd_min_tx = 100 {{(pid=88859) log_opt_values /opt/stack/data/venv/lib/python3.12/site-packages/oslo_config/cfg.py:3256}}
May 28 11:45:13.428562 np0000001625 neutron-periodic-workers[88859]: DEBUG cotyledon.oslo_config_glue [-] ovn.bfd_mult = 3 {{(pid=88859) log_opt_values /opt/stack/data/venv/lib/python3.12/site-packages/oslo_config/cfg.py:3256}}
May 28 11:45:13.428562 np0000001625 neutron-periodic-workers[88859]: DEBUG cotyledon.oslo_config_glue [-] ovn.broadcast_arps_to_all_routers = True {{(pid=88859) log_opt_values /opt/stack/data/venv/lib/python3.12/site-packages/oslo_config/cfg.py:3256}}
May 28 11:45:13.428960 np0000001625 neutron-periodic-workers[88859]: DEBUG cotyledon.oslo_config_glue [-] ovn.dhcp_default_lease_time = 43200 {{(pid=88859) log_opt_values /opt/stack/data/venv/lib/python3.12/site-packages/oslo_config/cfg.py:3256}}
May 28 11:45:13.428960 np0000001625 neutron-periodic-workers[88859]: DEBUG cotyledon.oslo_config_glue [-] ovn.disable_ovn_dhcp_for_baremetal_ports = False {{(pid=88859) log_opt_values /opt/stack/data/venv/lib/python3.12/site-packages/oslo_config/cfg.py:3256}}
May 28 11:45:13.428960 np0000001625 neutron-periodic-workers[88859]: DEBUG cotyledon.oslo_config_glue [-] ovn.dns_records_ovn_owned = False {{(pid=88859) log_opt_values /opt/stack/data/venv/lib/python3.12/site-packages/oslo_config/cfg.py:3256}}
May 28 11:45:13.428960 np0000001625 neutron-periodic-workers[88859]: DEBUG cotyledon.oslo_config_glue [-] ovn.dns_servers = [] {{(pid=88859) log_opt_values /opt/stack/data/venv/lib/python3.12/site-packages/oslo_config/cfg.py:3256}}
May 28 11:45:13.428960 np0000001625 neutron-periodic-workers[88859]: DEBUG cotyledon.oslo_config_glue [-] ovn.enable_distributed_floating_ip = False {{(pid=88859) log_opt_values /opt/stack/data/venv/lib/python3.12/site-packages/oslo_config/cfg.py:3256}}
May 28 11:45:13.428960 np0000001625 neutron-periodic-workers[88859]: DEBUG cotyledon.oslo_config_glue [-] ovn.fdb_age_threshold = 300 {{(pid=88859) log_opt_values /opt/stack/data/venv/lib/python3.12/site-packages/oslo_config/cfg.py:3256}}
May 28 11:45:13.428960 np0000001625 neutron-periodic-workers[88859]: DEBUG cotyledon.oslo_config_glue [-] ovn.ha_failover_strategy = normal {{(pid=88859) log_opt_values /opt/stack/data/venv/lib/python3.12/site-packages/oslo_config/cfg.py:3256}}
May 28 11:45:13.428960 np0000001625 neutron-periodic-workers[88859]: DEBUG cotyledon.oslo_config_glue [-] ovn.live_migration_activation_strategy = rarp {{(pid=88859) log_opt_values /opt/stack/data/venv/lib/python3.12/site-packages/oslo_config/cfg.py:3256}}
May 28 11:45:13.428960 np0000001625 neutron-periodic-workers[88859]: DEBUG cotyledon.oslo_config_glue [-] ovn.localnet_learn_fdb = False {{(pid=88859) log_opt_values /opt/stack/data/venv/lib/python3.12/site-packages/oslo_config/cfg.py:3256}}
May 28 11:45:13.429143 np0000001625 neutron-periodic-workers[88859]: DEBUG cotyledon.oslo_config_glue [-] ovn.mac_binding_age_threshold = 300 {{(pid=88859) log_opt_values /opt/stack/data/venv/lib/python3.12/site-packages/oslo_config/cfg.py:3256}}
May 28 11:45:13.429143 np0000001625 neutron-periodic-workers[88859]: DEBUG cotyledon.oslo_config_glue [-] ovn.neutron_sync_mode = log {{(pid=88859) log_opt_values /opt/stack/data/venv/lib/python3.12/site-packages/oslo_config/cfg.py:3256}}
May 28 11:45:13.429143 np0000001625 neutron-periodic-workers[88859]: DEBUG cotyledon.oslo_config_glue [-] ovn.ovn_dhcp4_global_options = {} {{(pid=88859) log_opt_values /opt/stack/data/venv/lib/python3.12/site-packages/oslo_config/cfg.py:3256}}
May 28 11:45:13.429143 np0000001625 neutron-periodic-workers[88859]: DEBUG cotyledon.oslo_config_glue [-] ovn.ovn_dhcp6_global_options = {} {{(pid=88859) log_opt_values /opt/stack/data/venv/lib/python3.12/site-packages/oslo_config/cfg.py:3256}}
May 28 11:45:13.429143 np0000001625 neutron-periodic-workers[88859]: DEBUG cotyledon.oslo_config_glue [-] ovn.ovn_l3_scheduler = leastloaded {{(pid=88859) log_opt_values /opt/stack/data/venv/lib/python3.12/site-packages/oslo_config/cfg.py:3256}}
May 28 11:45:13.429143 np0000001625 neutron-periodic-workers[88859]: DEBUG cotyledon.oslo_config_glue [-] ovn.ovn_metadata_enabled = True {{(pid=88859) log_opt_values /opt/stack/data/venv/lib/python3.12/site-packages/oslo_config/cfg.py:3256}}
May 28 11:45:13.429257 np0000001625 neutron-periodic-workers[88859]: DEBUG cotyledon.oslo_config_glue [-] ovn.ovn_nb_ca_cert = /opt/stack/data/CA/int-ca/ca-chain.pem {{(pid=88859) log_opt_values /opt/stack/data/venv/lib/python3.12/site-packages/oslo_config/cfg.py:3256}}
May 28 11:45:13.429257 np0000001625 neutron-periodic-workers[88859]: DEBUG cotyledon.oslo_config_glue [-] ovn.ovn_nb_certificate = /opt/stack/data/CA/int-ca/devstack-cert.crt {{(pid=88859) log_opt_values /opt/stack/data/venv/lib/python3.12/site-packages/oslo_config/cfg.py:3256}}
May 28 11:45:13.429257 np0000001625 neutron-periodic-workers[88859]: DEBUG cotyledon.oslo_config_glue [-] ovn.ovn_nb_connection = ['ssl:10.4.3.127:6641'] {{(pid=88859) log_opt_values /opt/stack/data/venv/lib/python3.12/site-packages/oslo_config/cfg.py:3256}}
May 28 11:45:13.429314 np0000001625 neutron-periodic-workers[88859]: DEBUG cotyledon.oslo_config_glue [-] ovn.ovn_nb_private_key = /opt/stack/data/CA/int-ca/private/devstack-cert.key {{(pid=88859) log_opt_values /opt/stack/data/venv/lib/python3.12/site-packages/oslo_config/cfg.py:3256}}
May 28 11:45:13.429314 np0000001625 neutron-periodic-workers[88859]: DEBUG cotyledon.oslo_config_glue [-] ovn.ovn_router_indirect_snat = False {{(pid=88859) log_opt_values /opt/stack/data/venv/lib/python3.12/site-packages/oslo_config/cfg.py:3256}}
May 28 11:45:13.429358 np0000001625 neutron-periodic-workers[88859]: DEBUG cotyledon.oslo_config_glue [-] ovn.ovn_sb_ca_cert = /opt/stack/data/CA/int-ca/ca-chain.pem {{(pid=88859) log_opt_values /opt/stack/data/venv/lib/python3.12/site-packages/oslo_config/cfg.py:3256}}
May 28 11:45:13.429382 np0000001625 neutron-periodic-workers[88859]: DEBUG cotyledon.oslo_config_glue [-] ovn.ovn_sb_certificate = /opt/stack/data/CA/int-ca/devstack-cert.crt {{(pid=88859) log_opt_values /opt/stack/data/venv/lib/python3.12/site-packages/oslo_config/cfg.py:3256}}
May 28 11:45:13.429410 np0000001625 neutron-periodic-workers[88859]: DEBUG cotyledon.oslo_config_glue [-] ovn.ovn_sb_connection = ['ssl:10.4.3.127:6642'] {{(pid=88859) log_opt_values /opt/stack/data/venv/lib/python3.12/site-packages/oslo_config/cfg.py:3256}}
May 28 11:45:13.429464 np0000001625 neutron-periodic-workers[88859]: DEBUG cotyledon.oslo_config_glue [-] ovn.ovn_sb_private_key = /opt/stack/data/CA/int-ca/private/devstack-cert.key {{(pid=88859) log_opt_values /opt/stack/data/venv/lib/python3.12/site-packages/oslo_config/cfg.py:3256}}
May 28 11:45:13.429496 np0000001625 neutron-periodic-workers[88859]: DEBUG cotyledon.oslo_config_glue [-] ovn.ovs_create_tap = False {{(pid=88859) log_opt_values /opt/stack/data/venv/lib/python3.12/site-packages/oslo_config/cfg.py:3256}}
May 28 11:45:13.429531 np0000001625 neutron-periodic-workers[88859]: DEBUG cotyledon.oslo_config_glue [-] ovn.ovsdb_connection_timeout = 180 {{(pid=88859) log_opt_values /opt/stack/data/venv/lib/python3.12/site-packages/oslo_config/cfg.py:3256}}
May 28 11:45:13.429567 np0000001625 neutron-periodic-workers[88859]: DEBUG cotyledon.oslo_config_glue [-] ovn.ovsdb_log_level = INFO {{(pid=88859) log_opt_values /opt/stack/data/venv/lib/python3.12/site-packages/oslo_config/cfg.py:3256}}
May 28 11:45:13.429601 np0000001625 neutron-periodic-workers[88859]: DEBUG cotyledon.oslo_config_glue [-] ovn.ovsdb_probe_interval = 60000 {{(pid=88859) log_opt_values /opt/stack/data/venv/lib/python3.12/site-packages/oslo_config/cfg.py:3256}}
May 28 11:45:13.429633 np0000001625 neutron-periodic-workers[88859]: DEBUG cotyledon.oslo_config_glue [-] ovn.ovsdb_retry_max_interval = 180 {{(pid=88859) log_opt_values /opt/stack/data/venv/lib/python3.12/site-packages/oslo_config/cfg.py:3256}}
May 28 11:45:13.429666 np0000001625 neutron-periodic-workers[88859]: DEBUG cotyledon.oslo_config_glue [-] ovn.stateless_nat_enabled = False {{(pid=88859) log_opt_values /opt/stack/data/venv/lib/python3.12/site-packages/oslo_config/cfg.py:3256}}
May 28 11:45:13.429707 np0000001625 neutron-periodic-workers[88859]: DEBUG cotyledon.oslo_config_glue [-] ovn.vhost_sock_dir = /var/run/openvswitch {{(pid=88859) log_opt_values /opt/stack/data/venv/lib/python3.12/site-packages/oslo_config/cfg.py:3256}}
May 28 11:45:13.429769 np0000001625 neutron-periodic-workers[88859]: DEBUG cotyledon.oslo_config_glue [-] OVS.bridge_mac_table_size = 50000 {{(pid=88859) log_opt_values /opt/stack/data/venv/lib/python3.12/site-packages/oslo_config/cfg.py:3256}}
May 28 11:45:13.429815 np0000001625 neutron-periodic-workers[88859]: DEBUG cotyledon.oslo_config_glue [-] OVS.igmp_flood = False {{(pid=88859) log_opt_values /opt/stack/data/venv/lib/python3.12/site-packages/oslo_config/cfg.py:3256}}
May 28 11:45:13.429856 np0000001625 neutron-periodic-workers[88859]: DEBUG cotyledon.oslo_config_glue [-] OVS.igmp_flood_reports = True {{(pid=88859) log_opt_values /opt/stack/data/venv/lib/python3.12/site-packages/oslo_config/cfg.py:3256}}
May 28 11:45:13.429899 np0000001625 neutron-periodic-workers[88859]: DEBUG cotyledon.oslo_config_glue [-] OVS.igmp_flood_unregistered = False {{(pid=88859) log_opt_values /opt/stack/data/venv/lib/python3.12/site-packages/oslo_config/cfg.py:3256}}
May 28 11:45:13.429940 np0000001625 neutron-periodic-workers[88859]: DEBUG cotyledon.oslo_config_glue [-] OVS.igmp_snooping_enable = False {{(pid=88859) log_opt_values /opt/stack/data/venv/lib/python3.12/site-packages/oslo_config/cfg.py:3256}}
May 28 11:45:13.429982 np0000001625 neutron-periodic-workers[88859]: DEBUG cotyledon.oslo_config_glue [-] OVS.ovsdb_timeout = 10 {{(pid=88859) log_opt_values /opt/stack/data/venv/lib/python3.12/site-packages/oslo_config/cfg.py:3256}}
May 28 11:45:13.430028 np0000001625 neutron-periodic-workers[88859]: DEBUG cotyledon.oslo_config_glue [-] ovn_nb_global.fdb_removal_limit = 0 {{(pid=88859) log_opt_values /opt/stack/data/venv/lib/python3.12/site-packages/oslo_config/cfg.py:3256}}
May 28 11:45:13.430064 np0000001625 neutron-periodic-workers[88859]: DEBUG cotyledon.oslo_config_glue [-] ovn_nb_global.ignore_lsp_down = False {{(pid=88859) log_opt_values /opt/stack/data/venv/lib/python3.12/site-packages/oslo_config/cfg.py:3256}}
May 28 11:45:13.430106 np0000001625 neutron-periodic-workers[88859]: DEBUG cotyledon.oslo_config_glue [-] ovn_nb_global.mac_binding_removal_limit = 0 {{(pid=88859) log_opt_values /opt/stack/data/venv/lib/python3.12/site-packages/oslo_config/cfg.py:3256}}
May 28 11:45:13.430142 np0000001625 neutron-periodic-workers[88859]: DEBUG cotyledon.oslo_config_glue [-] ******************************************************************************** {{(pid=88859) log_opt_values /opt/stack/data/venv/lib/python3.12/site-packages/oslo_config/cfg.py:3263}}
May 28 11:45:13.430317 np0000001625 neutron-periodic-workers[88859]: DEBUG cotyledon._service_worker [-] Run service ServiceWrapper(0) [88859] {{(pid=88859) wait_forever /opt/stack/data/venv/lib/python3.12/site-packages/cotyledon/_service_worker.py:218}}
May 28 11:45:13.431043 np0000001625 neutron-periodic-workers[88859]: DEBUG neutron.worker [-] PeriodicWorker start called, description: Periodic worker for "L3_NAT_dbonly_mixin" {{(pid=88859) wrapper /opt/stack/neutron/neutron/common/utils.py:197}}
May 28 11:45:13.431986 np0000001625 neutron-periodic-workers[88859]: DEBUG neutron.worker [-] PeriodicWorker start finished, description: Periodic worker for "L3_NAT_dbonly_mixin" {{(pid=88859) wrapper /opt/stack/neutron/neutron/common/utils.py:200}}
May 28 11:45:13.432109 np0000001625 neutron-periodic-workers[88859]: DEBUG neutron.worker [-] PeriodicWorker wait called, description: Periodic worker for "L3_NAT_dbonly_mixin" {{(pid=88859) wrapper /opt/stack/neutron/neutron/common/utils.py:197}}
May 28 11:45:23.100689 np0000001625 neutron-periodic-workers[87999]: DEBUG dbcounter [-] [87999] Writing DB stats neutron:SELECT=4 {{(pid=87999) stat_writer /opt/stack/data/venv/lib/python3.12/site-packages/dbcounter.py:115}}
May 28 11:46:05.376200 np0000001625 neutron-periodic-workers[88825]: DEBUG oslo_db.sqlalchemy.engines [None req-92d4ec79-4a8c-4603-a188-1602be5d5054 None None] Parent process 87999 forked (88825) with an open database connection, which is being discarded and recreated. {{(pid=88825) checkout /opt/stack/data/venv/lib/python3.12/site-packages/oslo_db/sqlalchemy/engines.py:402}}
May 28 11:46:05.419829 np0000001625 neutron-periodic-workers[88825]: DEBUG dbcounter [-] [88825] Writer thread running {{(pid=88825) stat_writer /opt/stack/data/venv/lib/python3.12/site-packages/dbcounter.py:102}}
May 28 11:46:05.427270 np0000001625 neutron-periodic-workers[88825]: DEBUG oslo.service.backend._threading.loopingcall [None req-92d4ec79-4a8c-4603-a188-1602be5d5054 None None] Fixed interval looping call 'neutron.plugins.ml2.plugin.DhcpAgentSchedulerDbMixin.remove_networks_from_down_agents' sleeping for 36.95 seconds {{(pid=88825) _run_loop /opt/stack/data/venv/lib/python3.12/site-packages/oslo_service/backend/_threading/loopingcall.py:125}}
May 28 11:46:10.452090 np0000001625 neutron-periodic-workers[88839]: DEBUG dbcounter [-] [88839] Writer thread running {{(pid=88839) stat_writer /opt/stack/data/venv/lib/python3.12/site-packages/dbcounter.py:102}}
May 28 11:46:10.456805 np0000001625 neutron-periodic-workers[88839]: DEBUG neutron.db.agents_db [None req-aed26737-01fa-4ef3-afa6-7d2be8e5a331 None None] Agent healthcheck: found 0 active agents {{(pid=88839) agent_health_check /opt/stack/neutron/neutron/db/agents_db.py:322}}
May 28 11:46:10.456805 np0000001625 neutron-periodic-workers[88839]: DEBUG oslo.service.backend._threading.loopingcall [None req-aed26737-01fa-4ef3-afa6-7d2be8e5a331 None None] Fixed interval looping call 'neutron.plugins.ml2.plugin.AgentDbMixin.agent_health_check' sleeping for 36.93 seconds {{(pid=88839) _run_loop /opt/stack/data/venv/lib/python3.12/site-packages/oslo_service/backend/_threading/loopingcall.py:125}}
May 28 11:46:15.426406 np0000001625 neutron-periodic-workers[88825]: DEBUG dbcounter [-] [88825] Writing DB stats neutron:SELECT=3 {{(pid=88825) stat_writer /opt/stack/data/venv/lib/python3.12/site-packages/dbcounter.py:115}}
May 28 11:46:19.495346 np0000001625 neutron-periodic-workers[88859]: DEBUG dbcounter [-] [88859] Writer thread running {{(pid=88859) stat_writer /opt/stack/data/venv/lib/python3.12/site-packages/dbcounter.py:102}}
May 28 11:46:19.505289 np0000001625 neutron-periodic-workers[88859]: DEBUG oslo.service.backend._threading.loopingcall [None req-3754f28a-1b08-429d-9e6f-a857718dca0f None None] Fixed interval looping call 'neutron.services.ovn_l3.plugin.L3_NAT_dbonly_mixin._clean_garbage' sleeping for 299.93 seconds {{(pid=88859) _run_loop /opt/stack/data/venv/lib/python3.12/site-packages/oslo_service/backend/_threading/loopingcall.py:125}}
May 28 11:46:20.452598 np0000001625 neutron-periodic-workers[88839]: DEBUG dbcounter [-] [88839] Writing DB stats neutron:SELECT=1 {{(pid=88839) stat_writer /opt/stack/data/venv/lib/python3.12/site-packages/dbcounter.py:115}}
May 28 11:46:29.495819 np0000001625 neutron-periodic-workers[88859]: DEBUG dbcounter [-] [88859] Writing DB stats neutron:SELECT=1 {{(pid=88859) stat_writer /opt/stack/data/venv/lib/python3.12/site-packages/dbcounter.py:115}}
May 28 11:46:42.385133 np0000001625 neutron-periodic-workers[88825]: DEBUG oslo.service.backend._threading.loopingcall [None req-92d4ec79-4a8c-4603-a188-1602be5d5054 None None] Fixed interval looping call 'neutron.plugins.ml2.plugin.DhcpAgentSchedulerDbMixin.remove_networks_from_down_agents' sleeping for 36.99 seconds {{(pid=88825) _run_loop /opt/stack/data/venv/lib/python3.12/site-packages/oslo_service/backend/_threading/loopingcall.py:125}}
May 28 11:46:47.391117 np0000001625 neutron-periodic-workers[88839]: DEBUG neutron.db.agents_db [None req-aed26737-01fa-4ef3-afa6-7d2be8e5a331 None None] Agent healthcheck: found 0 active agents {{(pid=88839) agent_health_check /opt/stack/neutron/neutron/db/agents_db.py:322}}
May 28 11:46:47.391914 np0000001625 neutron-periodic-workers[88839]: DEBUG oslo.service.backend._threading.loopingcall [None req-aed26737-01fa-4ef3-afa6-7d2be8e5a331 None None] Fixed interval looping call 'neutron.plugins.ml2.plugin.AgentDbMixin.agent_health_check' sleeping for 37.00 seconds {{(pid=88839) _run_loop /opt/stack/data/venv/lib/python3.12/site-packages/oslo_service/backend/_threading/loopingcall.py:125}}
May 28 11:46:52.384315 np0000001625 neutron-periodic-workers[88825]: DEBUG dbcounter [-] [88825] Writing DB stats neutron:SELECT=3 {{(pid=88825) stat_writer /opt/stack/data/venv/lib/python3.12/site-packages/dbcounter.py:115}}
May 28 11:46:57.389808 np0000001625 neutron-periodic-workers[88839]: DEBUG dbcounter [-] [88839] Writing DB stats neutron:SELECT=1 {{(pid=88839) stat_writer /opt/stack/data/venv/lib/python3.12/site-packages/dbcounter.py:115}}
May 28 11:47:13.438514 np0000001625 neutron-periodic-workers[88847]: DEBUG dbcounter [-] [88847] Writer thread running {{(pid=88847) stat_writer /opt/stack/data/venv/lib/python3.12/site-packages/dbcounter.py:102}}
May 28 11:47:13.440124 np0000001625 neutron-periodic-workers[88847]: DEBUG oslo.service.backend._threading.loopingcall [None req-2deadd2d-0911-4b67-a8be-4c10fa972a12 None None] Fixed interval looping call 'neutron.db.quota.driver_nolock.DbQuotaNoLockDriver._remove_expired_reservations' sleeping for 119.96 seconds {{(pid=88847) _run_loop /opt/stack/data/venv/lib/python3.12/site-packages/oslo_service/backend/_threading/loopingcall.py:125}}
May 28 11:47:19.381926 np0000001625 neutron-periodic-workers[88825]: DEBUG oslo.service.backend._threading.loopingcall [None req-92d4ec79-4a8c-4603-a188-1602be5d5054 None None] Fixed interval looping call 'neutron.plugins.ml2.plugin.DhcpAgentSchedulerDbMixin.remove_networks_from_down_agents' sleeping for 36.99 seconds {{(pid=88825) _run_loop /opt/stack/data/venv/lib/python3.12/site-packages/oslo_service/backend/_threading/loopingcall.py:125}}
May 28 11:47:23.439022 np0000001625 neutron-periodic-workers[88847]: DEBUG dbcounter [-] [88847] Writing DB stats neutron:DELETE=1 {{(pid=88847) stat_writer /opt/stack/data/venv/lib/python3.12/site-packages/dbcounter.py:115}}
May 28 11:47:24.396306 np0000001625 neutron-periodic-workers[88839]: DEBUG neutron.db.agents_db [None req-aed26737-01fa-4ef3-afa6-7d2be8e5a331 None None] Agent healthcheck: found 0 active agents {{(pid=88839) agent_health_check /opt/stack/neutron/neutron/db/agents_db.py:322}}
May 28 11:47:24.396796 np0000001625 neutron-periodic-workers[88839]: DEBUG oslo.service.backend._threading.loopingcall [None req-aed26737-01fa-4ef3-afa6-7d2be8e5a331 None None] Fixed interval looping call 'neutron.plugins.ml2.plugin.AgentDbMixin.agent_health_check' sleeping for 37.00 seconds {{(pid=88839) _run_loop /opt/stack/data/venv/lib/python3.12/site-packages/oslo_service/backend/_threading/loopingcall.py:125}}
May 28 11:47:29.381758 np0000001625 neutron-periodic-workers[88825]: DEBUG dbcounter [-] [88825] Writing DB stats neutron:SELECT=3 {{(pid=88825) stat_writer /opt/stack/data/venv/lib/python3.12/site-packages/dbcounter.py:115}}
May 28 11:47:34.394598 np0000001625 neutron-periodic-workers[88839]: DEBUG dbcounter [-] [88839] Writing DB stats neutron:SELECT=1 {{(pid=88839) stat_writer /opt/stack/data/venv/lib/python3.12/site-packages/dbcounter.py:115}}
May 28 11:47:56.379843 np0000001625 neutron-periodic-workers[88825]: DEBUG oslo.service.backend._threading.loopingcall [None req-92d4ec79-4a8c-4603-a188-1602be5d5054 None None] Fixed interval looping call 'neutron.plugins.ml2.plugin.DhcpAgentSchedulerDbMixin.remove_networks_from_down_agents' sleeping for 36.99 seconds {{(pid=88825) _run_loop /opt/stack/data/venv/lib/python3.12/site-packages/oslo_service/backend/_threading/loopingcall.py:125}}
May 28 11:48:01.399879 np0000001625 neutron-periodic-workers[88839]: DEBUG neutron.db.agents_db [None req-aed26737-01fa-4ef3-afa6-7d2be8e5a331 None None] Agent healthcheck: found 0 active agents {{(pid=88839) agent_health_check /opt/stack/neutron/neutron/db/agents_db.py:322}}
May 28 11:48:01.400264 np0000001625 neutron-periodic-workers[88839]: DEBUG oslo.service.backend._threading.loopingcall [None req-aed26737-01fa-4ef3-afa6-7d2be8e5a331 None None] Fixed interval looping call 'neutron.plugins.ml2.plugin.AgentDbMixin.agent_health_check' sleeping for 37.00 seconds {{(pid=88839) _run_loop /opt/stack/data/venv/lib/python3.12/site-packages/oslo_service/backend/_threading/loopingcall.py:125}}
May 28 11:48:06.378783 np0000001625 neutron-periodic-workers[88825]: DEBUG dbcounter [-] [88825] Writing DB stats neutron:SELECT=3 {{(pid=88825) stat_writer /opt/stack/data/venv/lib/python3.12/site-packages/dbcounter.py:115}}
May 28 11:48:11.399456 np0000001625 neutron-periodic-workers[88839]: DEBUG dbcounter [-] [88839] Writing DB stats neutron:SELECT=1 {{(pid=88839) stat_writer /opt/stack/data/venv/lib/python3.12/site-packages/dbcounter.py:115}}
May 28 11:48:33.377346 np0000001625 neutron-periodic-workers[88825]: DEBUG oslo.service.backend._threading.loopingcall [None req-92d4ec79-4a8c-4603-a188-1602be5d5054 None None] Fixed interval looping call 'neutron.plugins.ml2.plugin.DhcpAgentSchedulerDbMixin.remove_networks_from_down_agents' sleeping for 36.99 seconds {{(pid=88825) _run_loop /opt/stack/data/venv/lib/python3.12/site-packages/oslo_service/backend/_threading/loopingcall.py:125}}
May 28 11:48:38.404624 np0000001625 neutron-periodic-workers[88839]: DEBUG neutron.db.agents_db [None req-aed26737-01fa-4ef3-afa6-7d2be8e5a331 None None] Agent healthcheck: found 0 active agents {{(pid=88839) agent_health_check /opt/stack/neutron/neutron/db/agents_db.py:322}}
May 28 11:48:38.405178 np0000001625 neutron-periodic-workers[88839]: DEBUG oslo.service.backend._threading.loopingcall [None req-aed26737-01fa-4ef3-afa6-7d2be8e5a331 None None] Fixed interval looping call 'neutron.plugins.ml2.plugin.AgentDbMixin.agent_health_check' sleeping for 37.00 seconds {{(pid=88839) _run_loop /opt/stack/data/venv/lib/python3.12/site-packages/oslo_service/backend/_threading/loopingcall.py:125}}
May 28 11:48:43.378781 np0000001625 neutron-periodic-workers[88825]: DEBUG dbcounter [-] [88825] Writing DB stats neutron:SELECT=3 {{(pid=88825) stat_writer /opt/stack/data/venv/lib/python3.12/site-packages/dbcounter.py:115}}
May 28 11:48:48.403404 np0000001625 neutron-periodic-workers[88839]: DEBUG dbcounter [-] [88839] Writing DB stats neutron:SELECT=1 {{(pid=88839) stat_writer /opt/stack/data/venv/lib/python3.12/site-packages/dbcounter.py:115}}
May 28 11:49:10.375782 np0000001625 neutron-periodic-workers[88825]: DEBUG oslo.service.backend._threading.loopingcall [None req-92d4ec79-4a8c-4603-a188-1602be5d5054 None None] Fixed interval looping call 'neutron.plugins.ml2.plugin.DhcpAgentSchedulerDbMixin.remove_networks_from_down_agents' sleeping for 36.99 seconds {{(pid=88825) _run_loop /opt/stack/data/venv/lib/python3.12/site-packages/oslo_service/backend/_threading/loopingcall.py:125}}
May 28 11:49:13.410643 np0000001625 neutron-periodic-workers[88847]: DEBUG oslo.service.backend._threading.loopingcall [None req-2deadd2d-0911-4b67-a8be-4c10fa972a12 None None] Fixed interval looping call 'neutron.db.quota.driver_nolock.DbQuotaNoLockDriver._remove_expired_reservations' sleeping for 119.99 seconds {{(pid=88847) _run_loop /opt/stack/data/venv/lib/python3.12/site-packages/oslo_service/backend/_threading/loopingcall.py:125}}
May 28 11:49:15.407954 np0000001625 neutron-periodic-workers[88839]: DEBUG neutron.db.agents_db [None req-aed26737-01fa-4ef3-afa6-7d2be8e5a331 None None] Agent healthcheck: found 0 active agents {{(pid=88839) agent_health_check /opt/stack/neutron/neutron/db/agents_db.py:322}}
May 28 11:49:15.408317 np0000001625 neutron-periodic-workers[88839]: DEBUG oslo.service.backend._threading.loopingcall [None req-aed26737-01fa-4ef3-afa6-7d2be8e5a331 None None] Fixed interval looping call 'neutron.plugins.ml2.plugin.AgentDbMixin.agent_health_check' sleeping for 37.00 seconds {{(pid=88839) _run_loop /opt/stack/data/venv/lib/python3.12/site-packages/oslo_service/backend/_threading/loopingcall.py:125}}
May 28 11:49:20.374375 np0000001625 neutron-periodic-workers[88825]: DEBUG dbcounter [-] [88825] Writing DB stats neutron:SELECT=3 {{(pid=88825) stat_writer /opt/stack/data/venv/lib/python3.12/site-packages/dbcounter.py:115}}
May 28 11:49:23.409539 np0000001625 neutron-periodic-workers[88847]: DEBUG dbcounter [-] [88847] Writing DB stats neutron:DELETE=1 {{(pid=88847) stat_writer /opt/stack/data/venv/lib/python3.12/site-packages/dbcounter.py:115}}
May 28 11:49:25.407396 np0000001625 neutron-periodic-workers[88839]: DEBUG dbcounter [-] [88839] Writing DB stats neutron:SELECT=1 {{(pid=88839) stat_writer /opt/stack/data/venv/lib/python3.12/site-packages/dbcounter.py:115}}
May 28 11:49:47.389612 np0000001625 neutron-periodic-workers[88825]: DEBUG oslo.service.backend._threading.loopingcall [None req-92d4ec79-4a8c-4603-a188-1602be5d5054 None None] Fixed interval looping call 'neutron.plugins.ml2.plugin.DhcpAgentSchedulerDbMixin.remove_networks_from_down_agents' sleeping for 36.98 seconds {{(pid=88825) _run_loop /opt/stack/data/venv/lib/python3.12/site-packages/oslo_service/backend/_threading/loopingcall.py:125}}
May 28 11:49:52.413000 np0000001625 neutron-periodic-workers[88839]: DEBUG neutron.db.agents_db [None req-aed26737-01fa-4ef3-afa6-7d2be8e5a331 None None] Agent healthcheck: found 0 active agents {{(pid=88839) agent_health_check /opt/stack/neutron/neutron/db/agents_db.py:322}}
May 28 11:49:52.413360 np0000001625 neutron-periodic-workers[88839]: DEBUG oslo.service.backend._threading.loopingcall [None req-aed26737-01fa-4ef3-afa6-7d2be8e5a331 None None] Fixed interval looping call 'neutron.plugins.ml2.plugin.AgentDbMixin.agent_health_check' sleeping for 37.00 seconds {{(pid=88839) _run_loop /opt/stack/data/venv/lib/python3.12/site-packages/oslo_service/backend/_threading/loopingcall.py:125}}
May 28 11:49:57.386301 np0000001625 neutron-periodic-workers[88825]: DEBUG dbcounter [-] [88825] Writing DB stats neutron:SELECT=3 {{(pid=88825) stat_writer /opt/stack/data/venv/lib/python3.12/site-packages/dbcounter.py:115}}
May 28 11:50:02.412503 np0000001625 neutron-periodic-workers[88839]: DEBUG dbcounter [-] [88839] Writing DB stats neutron:SELECT=1 {{(pid=88839) stat_writer /opt/stack/data/venv/lib/python3.12/site-packages/dbcounter.py:115}}
May 28 11:50:24.377718 np0000001625 neutron-periodic-workers[88825]: DEBUG oslo.service.backend._threading.loopingcall [None req-92d4ec79-4a8c-4603-a188-1602be5d5054 None None] Fixed interval looping call 'neutron.plugins.ml2.plugin.DhcpAgentSchedulerDbMixin.remove_networks_from_down_agents' sleeping for 36.99 seconds {{(pid=88825) _run_loop /opt/stack/data/venv/lib/python3.12/site-packages/oslo_service/backend/_threading/loopingcall.py:125}}
May 28 11:50:29.418763 np0000001625 neutron-periodic-workers[88839]: DEBUG neutron.db.agents_db [None req-aed26737-01fa-4ef3-afa6-7d2be8e5a331 None None] Agent healthcheck: found 0 active agents {{(pid=88839) agent_health_check /opt/stack/neutron/neutron/db/agents_db.py:322}}
May 28 11:50:29.419191 np0000001625 neutron-periodic-workers[88839]: DEBUG oslo.service.backend._threading.loopingcall [None req-aed26737-01fa-4ef3-afa6-7d2be8e5a331 None None] Fixed interval looping call 'neutron.plugins.ml2.plugin.AgentDbMixin.agent_health_check' sleeping for 36.99 seconds {{(pid=88839) _run_loop /opt/stack/data/venv/lib/python3.12/site-packages/oslo_service/backend/_threading/loopingcall.py:125}}
May 28 11:50:34.377317 np0000001625 neutron-periodic-workers[88825]: DEBUG dbcounter [-] [88825] Writing DB stats neutron:SELECT=3 {{(pid=88825) stat_writer /opt/stack/data/venv/lib/python3.12/site-packages/dbcounter.py:115}}
May 28 11:50:39.417097 np0000001625 neutron-periodic-workers[88839]: DEBUG dbcounter [-] [88839] Writing DB stats neutron:SELECT=1 {{(pid=88839) stat_writer /opt/stack/data/venv/lib/python3.12/site-packages/dbcounter.py:115}}
May 28 11:51:01.376504 np0000001625 neutron-periodic-workers[88825]: DEBUG oslo.service.backend._threading.loopingcall [None req-92d4ec79-4a8c-4603-a188-1602be5d5054 None None] Fixed interval looping call 'neutron.plugins.ml2.plugin.DhcpAgentSchedulerDbMixin.remove_networks_from_down_agents' sleeping for 36.99 seconds {{(pid=88825) _run_loop /opt/stack/data/venv/lib/python3.12/site-packages/oslo_service/backend/_threading/loopingcall.py:125}}
May 28 11:51:06.417456 np0000001625 neutron-periodic-workers[88839]: DEBUG neutron.db.agents_db [None req-aed26737-01fa-4ef3-afa6-7d2be8e5a331 None None] Agent healthcheck: found 0 active agents {{(pid=88839) agent_health_check /opt/stack/neutron/neutron/db/agents_db.py:322}}
May 28 11:51:06.418718 np0000001625 neutron-periodic-workers[88839]: DEBUG oslo.service.backend._threading.loopingcall [None req-aed26737-01fa-4ef3-afa6-7d2be8e5a331 None None] Fixed interval looping call 'neutron.plugins.ml2.plugin.AgentDbMixin.agent_health_check' sleeping for 36.99 seconds {{(pid=88839) _run_loop /opt/stack/data/venv/lib/python3.12/site-packages/oslo_service/backend/_threading/loopingcall.py:125}}
May 28 11:51:11.375466 np0000001625 neutron-periodic-workers[88825]: DEBUG dbcounter [-] [88825] Writing DB stats neutron:SELECT=3 {{(pid=88825) stat_writer /opt/stack/data/venv/lib/python3.12/site-packages/dbcounter.py:115}}
May 28 11:51:13.403809 np0000001625 neutron-periodic-workers[88847]: DEBUG oslo.service.backend._threading.loopingcall [None req-2deadd2d-0911-4b67-a8be-4c10fa972a12 None None] Fixed interval looping call 'neutron.db.quota.driver_nolock.DbQuotaNoLockDriver._remove_expired_reservations' sleeping for 120.00 seconds {{(pid=88847) _run_loop /opt/stack/data/venv/lib/python3.12/site-packages/oslo_service/backend/_threading/loopingcall.py:125}}
May 28 11:51:16.417058 np0000001625 neutron-periodic-workers[88839]: DEBUG dbcounter [-] [88839] Writing DB stats neutron:SELECT=1 {{(pid=88839) stat_writer /opt/stack/data/venv/lib/python3.12/site-packages/dbcounter.py:115}}
May 28 11:51:19.444944 np0000001625 neutron-periodic-workers[88859]: DEBUG oslo.service.backend._threading.loopingcall [None req-3754f28a-1b08-429d-9e6f-a857718dca0f None None] Fixed interval looping call 'neutron.services.ovn_l3.plugin.L3_NAT_dbonly_mixin._clean_garbage' sleeping for 299.99 seconds {{(pid=88859) _run_loop /opt/stack/data/venv/lib/python3.12/site-packages/oslo_service/backend/_threading/loopingcall.py:125}}
May 28 11:51:23.407633 np0000001625 neutron-periodic-workers[88847]: DEBUG dbcounter [-] [88847] Writing DB stats neutron:DELETE=1 {{(pid=88847) stat_writer /opt/stack/data/venv/lib/python3.12/site-packages/dbcounter.py:115}}
May 28 11:51:29.440257 np0000001625 neutron-periodic-workers[88859]: DEBUG dbcounter [-] [88859] Writing DB stats neutron:SELECT=1 {{(pid=88859) stat_writer /opt/stack/data/venv/lib/python3.12/site-packages/dbcounter.py:115}}
May 28 11:51:38.388320 np0000001625 neutron-periodic-workers[88825]: DEBUG oslo.service.backend._threading.loopingcall [None req-92d4ec79-4a8c-4603-a188-1602be5d5054 None None] Fixed interval looping call 'neutron.plugins.ml2.plugin.DhcpAgentSchedulerDbMixin.remove_networks_from_down_agents' sleeping for 36.99 seconds {{(pid=88825) _run_loop /opt/stack/data/venv/lib/python3.12/site-packages/oslo_service/backend/_threading/loopingcall.py:125}}
May 28 11:51:43.411633 np0000001625 neutron-periodic-workers[88839]: DEBUG neutron.db.agents_db [None req-aed26737-01fa-4ef3-afa6-7d2be8e5a331 None None] Agent healthcheck: found 0 active agents {{(pid=88839) agent_health_check /opt/stack/neutron/neutron/db/agents_db.py:322}}
May 28 11:51:43.412120 np0000001625 neutron-periodic-workers[88839]: DEBUG oslo.service.backend._threading.loopingcall [None req-aed26737-01fa-4ef3-afa6-7d2be8e5a331 None None] Fixed interval looping call 'neutron.plugins.ml2.plugin.AgentDbMixin.agent_health_check' sleeping for 37.00 seconds {{(pid=88839) _run_loop /opt/stack/data/venv/lib/python3.12/site-packages/oslo_service/backend/_threading/loopingcall.py:125}}
May 28 11:51:48.387367 np0000001625 neutron-periodic-workers[88825]: DEBUG dbcounter [-] [88825] Writing DB stats neutron:SELECT=3 {{(pid=88825) stat_writer /opt/stack/data/venv/lib/python3.12/site-packages/dbcounter.py:115}}
May 28 11:51:53.410527 np0000001625 neutron-periodic-workers[88839]: DEBUG dbcounter [-] [88839] Writing DB stats neutron:SELECT=1 {{(pid=88839) stat_writer /opt/stack/data/venv/lib/python3.12/site-packages/dbcounter.py:115}}
May 28 11:52:15.385613 np0000001625 neutron-periodic-workers[88825]: DEBUG oslo.service.backend._threading.loopingcall [None req-92d4ec79-4a8c-4603-a188-1602be5d5054 None None] Fixed interval looping call 'neutron.plugins.ml2.plugin.DhcpAgentSchedulerDbMixin.remove_networks_from_down_agents' sleeping for 36.99 seconds {{(pid=88825) _run_loop /opt/stack/data/venv/lib/python3.12/site-packages/oslo_service/backend/_threading/loopingcall.py:125}}
May 28 11:52:20.422233 np0000001625 neutron-periodic-workers[88839]: DEBUG neutron.db.agents_db [None req-aed26737-01fa-4ef3-afa6-7d2be8e5a331 None None] Agent healthcheck: found 0 active agents {{(pid=88839) agent_health_check /opt/stack/neutron/neutron/db/agents_db.py:322}}
May 28 11:52:20.422806 np0000001625 neutron-periodic-workers[88839]: DEBUG oslo.service.backend._threading.loopingcall [None req-aed26737-01fa-4ef3-afa6-7d2be8e5a331 None None] Fixed interval looping call 'neutron.plugins.ml2.plugin.AgentDbMixin.agent_health_check' sleeping for 36.99 seconds {{(pid=88839) _run_loop /opt/stack/data/venv/lib/python3.12/site-packages/oslo_service/backend/_threading/loopingcall.py:125}}
May 28 11:52:25.384701 np0000001625 neutron-periodic-workers[88825]: DEBUG dbcounter [-] [88825] Writing DB stats neutron:SELECT=3 {{(pid=88825) stat_writer /opt/stack/data/venv/lib/python3.12/site-packages/dbcounter.py:115}}
May 28 11:52:30.420789 np0000001625 neutron-periodic-workers[88839]: DEBUG dbcounter [-] [88839] Writing DB stats neutron:SELECT=1 {{(pid=88839) stat_writer /opt/stack/data/venv/lib/python3.12/site-packages/dbcounter.py:115}}
May 28 11:52:52.390650 np0000001625 neutron-periodic-workers[88825]: DEBUG oslo.service.backend._threading.loopingcall [None req-92d4ec79-4a8c-4603-a188-1602be5d5054 None None] Fixed interval looping call 'neutron.plugins.ml2.plugin.DhcpAgentSchedulerDbMixin.remove_networks_from_down_agents' sleeping for 36.99 seconds {{(pid=88825) _run_loop /opt/stack/data/venv/lib/python3.12/site-packages/oslo_service/backend/_threading/loopingcall.py:125}}
May 28 11:52:57.421474 np0000001625 neutron-periodic-workers[88839]: DEBUG neutron.db.agents_db [None req-aed26737-01fa-4ef3-afa6-7d2be8e5a331 None None] Agent healthcheck: found 0 active agents {{(pid=88839) agent_health_check /opt/stack/neutron/neutron/db/agents_db.py:322}}
May 28 11:52:57.422137 np0000001625 neutron-periodic-workers[88839]: DEBUG oslo.service.backend._threading.loopingcall [None req-aed26737-01fa-4ef3-afa6-7d2be8e5a331 None None] Fixed interval looping call 'neutron.plugins.ml2.plugin.AgentDbMixin.agent_health_check' sleeping for 36.99 seconds {{(pid=88839) _run_loop /opt/stack/data/venv/lib/python3.12/site-packages/oslo_service/backend/_threading/loopingcall.py:125}}
May 28 11:53:02.390166 np0000001625 neutron-periodic-workers[88825]: DEBUG dbcounter [-] [88825] Writing DB stats neutron:SELECT=3 {{(pid=88825) stat_writer /opt/stack/data/venv/lib/python3.12/site-packages/dbcounter.py:115}}
May 28 11:53:07.418332 np0000001625 neutron-periodic-workers[88839]: DEBUG dbcounter [-] [88839] Writing DB stats neutron:SELECT=1 {{(pid=88839) stat_writer /opt/stack/data/venv/lib/python3.12/site-packages/dbcounter.py:115}}
May 28 11:53:13.410966 np0000001625 neutron-periodic-workers[88847]: DEBUG oslo.service.backend._threading.loopingcall [None req-2deadd2d-0911-4b67-a8be-4c10fa972a12 None None] Fixed interval looping call 'neutron.db.quota.driver_nolock.DbQuotaNoLockDriver._remove_expired_reservations' sleeping for 119.99 seconds {{(pid=88847) _run_loop /opt/stack/data/venv/lib/python3.12/site-packages/oslo_service/backend/_threading/loopingcall.py:125}}
May 28 11:53:23.411051 np0000001625 neutron-periodic-workers[88847]: DEBUG dbcounter [-] [88847] Writing DB stats neutron:DELETE=1 {{(pid=88847) stat_writer /opt/stack/data/venv/lib/python3.12/site-packages/dbcounter.py:115}}
May 28 11:53:29.394783 np0000001625 neutron-periodic-workers[88825]: DEBUG oslo.service.backend._threading.loopingcall [None req-92d4ec79-4a8c-4603-a188-1602be5d5054 None None] Fixed interval looping call 'neutron.plugins.ml2.plugin.DhcpAgentSchedulerDbMixin.remove_networks_from_down_agents' sleeping for 36.99 seconds {{(pid=88825) _run_loop /opt/stack/data/venv/lib/python3.12/site-packages/oslo_service/backend/_threading/loopingcall.py:125}}
May 28 11:53:34.415204 np0000001625 neutron-periodic-workers[88839]: DEBUG neutron.db.agents_db [None req-aed26737-01fa-4ef3-afa6-7d2be8e5a331 None None] Agent healthcheck: found 0 active agents {{(pid=88839) agent_health_check /opt/stack/neutron/neutron/db/agents_db.py:322}}
May 28 11:53:34.415784 np0000001625 neutron-periodic-workers[88839]: DEBUG oslo.service.backend._threading.loopingcall [None req-aed26737-01fa-4ef3-afa6-7d2be8e5a331 None None] Fixed interval looping call 'neutron.plugins.ml2.plugin.AgentDbMixin.agent_health_check' sleeping for 37.00 seconds {{(pid=88839) _run_loop /opt/stack/data/venv/lib/python3.12/site-packages/oslo_service/backend/_threading/loopingcall.py:125}}
May 28 11:53:39.393803 np0000001625 neutron-periodic-workers[88825]: DEBUG dbcounter [-] [88825] Writing DB stats neutron:SELECT=3 {{(pid=88825) stat_writer /opt/stack/data/venv/lib/python3.12/site-packages/dbcounter.py:115}}
May 28 11:53:44.413889 np0000001625 neutron-periodic-workers[88839]: DEBUG dbcounter [-] [88839] Writing DB stats neutron:SELECT=1 {{(pid=88839) stat_writer /opt/stack/data/venv/lib/python3.12/site-packages/dbcounter.py:115}}
May 28 11:54:06.401585 np0000001625 neutron-periodic-workers[88825]: DEBUG oslo.service.backend._threading.loopingcall [None req-92d4ec79-4a8c-4603-a188-1602be5d5054 None None] Fixed interval looping call 'neutron.plugins.ml2.plugin.DhcpAgentSchedulerDbMixin.remove_networks_from_down_agents' sleeping for 36.98 seconds {{(pid=88825) _run_loop /opt/stack/data/venv/lib/python3.12/site-packages/oslo_service/backend/_threading/loopingcall.py:125}}
May 28 11:54:11.419150 np0000001625 neutron-periodic-workers[88839]: DEBUG neutron.db.agents_db [None req-aed26737-01fa-4ef3-afa6-7d2be8e5a331 None None] Agent healthcheck: found 0 active agents {{(pid=88839) agent_health_check /opt/stack/neutron/neutron/db/agents_db.py:322}}
May 28 11:54:11.419593 np0000001625 neutron-periodic-workers[88839]: DEBUG oslo.service.backend._threading.loopingcall [None req-aed26737-01fa-4ef3-afa6-7d2be8e5a331 None None] Fixed interval looping call 'neutron.plugins.ml2.plugin.AgentDbMixin.agent_health_check' sleeping for 37.00 seconds {{(pid=88839) _run_loop /opt/stack/data/venv/lib/python3.12/site-packages/oslo_service/backend/_threading/loopingcall.py:125}}
May 28 11:54:16.399358 np0000001625 neutron-periodic-workers[88825]: DEBUG dbcounter [-] [88825] Writing DB stats neutron:SELECT=3 {{(pid=88825) stat_writer /opt/stack/data/venv/lib/python3.12/site-packages/dbcounter.py:115}}
May 28 11:54:21.417696 np0000001625 neutron-periodic-workers[88839]: DEBUG dbcounter [-] [88839] Writing DB stats neutron:SELECT=1 {{(pid=88839) stat_writer /opt/stack/data/venv/lib/python3.12/site-packages/dbcounter.py:115}}
May 28 11:54:43.396708 np0000001625 neutron-periodic-workers[88825]: DEBUG oslo.service.backend._threading.loopingcall [None req-92d4ec79-4a8c-4603-a188-1602be5d5054 None None] Fixed interval looping call 'neutron.plugins.ml2.plugin.DhcpAgentSchedulerDbMixin.remove_networks_from_down_agents' sleeping for 36.99 seconds {{(pid=88825) _run_loop /opt/stack/data/venv/lib/python3.12/site-packages/oslo_service/backend/_threading/loopingcall.py:125}}
May 28 11:54:48.434322 np0000001625 neutron-periodic-workers[88839]: DEBUG neutron.db.agents_db [None req-aed26737-01fa-4ef3-afa6-7d2be8e5a331 None None] Agent healthcheck: found 0 active agents {{(pid=88839) agent_health_check /opt/stack/neutron/neutron/db/agents_db.py:322}}
May 28 11:54:48.434893 np0000001625 neutron-periodic-workers[88839]: DEBUG oslo.service.backend._threading.loopingcall [None req-aed26737-01fa-4ef3-afa6-7d2be8e5a331 None None] Fixed interval looping call 'neutron.plugins.ml2.plugin.AgentDbMixin.agent_health_check' sleeping for 36.99 seconds {{(pid=88839) _run_loop /opt/stack/data/venv/lib/python3.12/site-packages/oslo_service/backend/_threading/loopingcall.py:125}}
May 28 11:54:53.394672 np0000001625 neutron-periodic-workers[88825]: DEBUG dbcounter [-] [88825] Writing DB stats neutron:SELECT=3 {{(pid=88825) stat_writer /opt/stack/data/venv/lib/python3.12/site-packages/dbcounter.py:115}}
May 28 11:54:58.421660 np0000001625 neutron-periodic-workers[88839]: DEBUG dbcounter [-] [88839] Writing DB stats neutron:SELECT=1 {{(pid=88839) stat_writer /opt/stack/data/venv/lib/python3.12/site-packages/dbcounter.py:115}}
May 28 11:55:13.410566 np0000001625 neutron-periodic-workers[88847]: DEBUG oslo.service.backend._threading.loopingcall [None req-2deadd2d-0911-4b67-a8be-4c10fa972a12 None None] Fixed interval looping call 'neutron.db.quota.driver_nolock.DbQuotaNoLockDriver._remove_expired_reservations' sleeping for 119.99 seconds {{(pid=88847) _run_loop /opt/stack/data/venv/lib/python3.12/site-packages/oslo_service/backend/_threading/loopingcall.py:125}}
May 28 11:55:20.394769 np0000001625 neutron-periodic-workers[88825]: DEBUG oslo.service.backend._threading.loopingcall [None req-92d4ec79-4a8c-4603-a188-1602be5d5054 None None] Fixed interval looping call 'neutron.plugins.ml2.plugin.DhcpAgentSchedulerDbMixin.remove_networks_from_down_agents' sleeping for 36.99 seconds {{(pid=88825) _run_loop /opt/stack/data/venv/lib/python3.12/site-packages/oslo_service/backend/_threading/loopingcall.py:125}}
May 28 11:55:23.409316 np0000001625 neutron-periodic-workers[88847]: DEBUG dbcounter [-] [88847] Writing DB stats neutron:DELETE=1 {{(pid=88847) stat_writer /opt/stack/data/venv/lib/python3.12/site-packages/dbcounter.py:115}}
May 28 11:55:25.431247 np0000001625 neutron-periodic-workers[88839]: DEBUG neutron.db.agents_db [None req-aed26737-01fa-4ef3-afa6-7d2be8e5a331 None None] Agent healthcheck: found 0 active agents {{(pid=88839) agent_health_check /opt/stack/neutron/neutron/db/agents_db.py:322}}
May 28 11:55:25.431848 np0000001625 neutron-periodic-workers[88839]: DEBUG oslo.service.backend._threading.loopingcall [None req-aed26737-01fa-4ef3-afa6-7d2be8e5a331 None None] Fixed interval looping call 'neutron.plugins.ml2.plugin.AgentDbMixin.agent_health_check' sleeping for 36.99 seconds {{(pid=88839) _run_loop /opt/stack/data/venv/lib/python3.12/site-packages/oslo_service/backend/_threading/loopingcall.py:125}}
May 28 11:55:30.393245 np0000001625 neutron-periodic-workers[88825]: DEBUG dbcounter [-] [88825] Writing DB stats neutron:SELECT=3 {{(pid=88825) stat_writer /opt/stack/data/venv/lib/python3.12/site-packages/dbcounter.py:115}}
May 28 11:55:35.432000 np0000001625 neutron-periodic-workers[88839]: DEBUG dbcounter [-] [88839] Writing DB stats neutron:SELECT=1 {{(pid=88839) stat_writer /opt/stack/data/venv/lib/python3.12/site-packages/dbcounter.py:115}}
May 28 11:55:57.395904 np0000001625 neutron-periodic-workers[88825]: DEBUG oslo.service.backend._threading.loopingcall [None req-92d4ec79-4a8c-4603-a188-1602be5d5054 None None] Fixed interval looping call 'neutron.plugins.ml2.plugin.DhcpAgentSchedulerDbMixin.remove_networks_from_down_agents' sleeping for 36.99 seconds {{(pid=88825) _run_loop /opt/stack/data/venv/lib/python3.12/site-packages/oslo_service/backend/_threading/loopingcall.py:125}}
May 28 11:56:02.424586 np0000001625 neutron-periodic-workers[88839]: DEBUG neutron.db.agents_db [None req-aed26737-01fa-4ef3-afa6-7d2be8e5a331 None None] Agent healthcheck: found 0 active agents {{(pid=88839) agent_health_check /opt/stack/neutron/neutron/db/agents_db.py:322}}
May 28 11:56:02.424985 np0000001625 neutron-periodic-workers[88839]: DEBUG oslo.service.backend._threading.loopingcall [None req-aed26737-01fa-4ef3-afa6-7d2be8e5a331 None None] Fixed interval looping call 'neutron.plugins.ml2.plugin.AgentDbMixin.agent_health_check' sleeping for 37.00 seconds {{(pid=88839) _run_loop /opt/stack/data/venv/lib/python3.12/site-packages/oslo_service/backend/_threading/loopingcall.py:125}}
May 28 11:56:07.393169 np0000001625 neutron-periodic-workers[88825]: DEBUG dbcounter [-] [88825] Writing DB stats neutron:SELECT=3 {{(pid=88825) stat_writer /opt/stack/data/venv/lib/python3.12/site-packages/dbcounter.py:115}}
May 28 11:56:12.424770 np0000001625 neutron-periodic-workers[88839]: DEBUG dbcounter [-] [88839] Writing DB stats neutron:SELECT=1 {{(pid=88839) stat_writer /opt/stack/data/venv/lib/python3.12/site-packages/dbcounter.py:115}}
May 28 11:56:19.443637 np0000001625 neutron-periodic-workers[88859]: DEBUG oslo.service.backend._threading.loopingcall [None req-3754f28a-1b08-429d-9e6f-a857718dca0f None None] Fixed interval looping call 'neutron.services.ovn_l3.plugin.L3_NAT_dbonly_mixin._clean_garbage' sleeping for 299.99 seconds {{(pid=88859) _run_loop /opt/stack/data/venv/lib/python3.12/site-packages/oslo_service/backend/_threading/loopingcall.py:125}}
