Jul 12 15:22:58.327908 np0000005093 devstack@c-api.service[96940]: DEBUG cinder.api.middleware.request_id [req-7885ca6d-1f0f-4652-ae50-e17de30ce509 req-fcad4545-d9e9-4a63-bd41-d2a326acd352 None None] RequestId filter calling following filter/app {{(pid=96940) _context_setter /opt/stack/cinder/cinder/api/middleware/request_id.py:62}}
Jul 12 15:22:58.332159 np0000005093 devstack@c-api.service[96940]: INFO cinder.api.openstack.wsgi [req-7885ca6d-1f0f-4652-ae50-e17de30ce509 req-fcad4545-d9e9-4a63-bd41-d2a326acd352 tempest-AttachSCSIVolumeTestJSON-1466891039 tempest-AttachSCSIVolumeTestJSON-1466891039-project-member] PUT https://10.4.3.46/volume/v3/attachments/596648ce-f59f-4a50-b34e-1aa5917d49cb
Jul 12 15:22:58.336106 np0000005093 devstack@c-api.service[96940]: DEBUG cinder.api.openstack.wsgi [req-7885ca6d-1f0f-4652-ae50-e17de30ce509 req-fcad4545-d9e9-4a63-bd41-d2a326acd352 tempest-AttachSCSIVolumeTestJSON-1466891039 tempest-AttachSCSIVolumeTestJSON-1466891039-project-member] Action: 'update', calling method: version_select, body: {"attachment": {"connector": {"platform": "x86_64", "os_type": "linux", "ip": "10.4.3.46", "host": "np0000005093", "multipath": false, "enforce_multipath": true, "initiator": "iqn.2016-04.com.open-iscsi:89ebb62e515", "do_local_attach": false, "nvme_hostid": "f1e281ee-942d-44c9-bc75-f7414be49880", "uuid": "8515de1c-ba7e-467b-adde-6d9f8a8dbc1f", "system uuid": "98f1a118-b32a-4b01-85ee-07361af7f4cb", "nqn": "nqn.2014-08.org.nvmexpress:uuid:98f1a118-b32a-4b01-85ee-07361af7f4cb", "nvme_native_multipath": true, "found_dsc": "", "host_ips": ["10.4.3.46", "fe80::f816:3eff:fec3:eb92", "192.168.10.6", "fe80::f816:3eff:fef2:d0c4", "192.168.20.6", "fe80::f816:3eff:fe39:77ca", "192.168.30.6", "fe80::f816:3eff:fec9:cb25", "192.168.122.1", "172.24.5.1", "2001:db8::2", "fe80::8cca:66ff:fe98:a441", "fe80::f816:3eff:fe38:6a2f", "fe80::e48a:2fff:fe44:262b", "fe80::f816:3eff:fed7:726c", "fe80::3892:67ff:fec3:8662", "fe80::f816:3eff:febd:883c", "fe80::58cb:74ff:fe10:7a53", "fe80::f816:3eff:fe38:e5c", "fe80::4c26:8aff:feaf:8ffd", "fe80::f816:3eff:fef7:6de", "fe80::f816:3eff:fead:26f1", "fe80::ec2a:afff:fe7b:77da", "fe80::f816:3eff:fe0b:23f6", "fe80::f816:3eff:fe25:6547", "fe80::f816:3eff:fe3c:b5f6", "fe80::f816:3eff:fef6:4ce2", "fe80::f816:3eff:fe56:6d63", "fe80::f816:3eff:feec:c376", "fe80::f816:3eff:feef:f52b", "fe80::f816:3eff:fe15:4bdf", "fe80::c0db:9dff:fead:1e48", "fe80::f816:3eff:fe10:b734", "fe80::f816:3eff:feec:da78", "fe80::f816:3eff:feeb:9860", "fe80::f816:3eff:fe94:2974", "fe80::7064:16ff:fe5b:6089", "fe80::5077:5bff:fe19:eeb1", "fe80::a059:f9ff:fe04:27de", "fe80::903e:70ff:fea0:8d88"], "mountpoint": "/dev/sdc"}}} {{(pid=96940) _process_stack /opt/stack/cinder/cinder/api/openstack/wsgi.py:876}}
Jul 12 15:22:58.345429 np0000005093 devstack@c-api.service[96940]: DEBUG cinder.coordination [req-7885ca6d-1f0f-4652-ae50-e17de30ce509 req-fcad4545-d9e9-4a63-bd41-d2a326acd352 tempest-AttachSCSIVolumeTestJSON-1466891039 tempest-AttachSCSIVolumeTestJSON-1466891039-project-member] Acquiring lock "cinder-attachment_update-e3f59d2c-5281-4771-8cd6-7ee348115ae4-np0000005093" by "attachment_update" {{(pid=96940) __acquire /opt/stack/cinder/cinder/coordination.py:138}}
Jul 12 15:22:58.350644 np0000005093 devstack@c-api.service[96940]: DEBUG cinder.coordination [req-7885ca6d-1f0f-4652-ae50-e17de30ce509 req-fcad4545-d9e9-4a63-bd41-d2a326acd352 tempest-AttachSCSIVolumeTestJSON-1466891039 tempest-AttachSCSIVolumeTestJSON-1466891039-project-member] Lock "cinder-attachment_update-e3f59d2c-5281-4771-8cd6-7ee348115ae4-np0000005093" acquired by "attachment_update" :: waited 0.005s {{(pid=96940) __acquire /opt/stack/cinder/cinder/coordination.py:141}}
Jul 12 15:22:58.354475 np0000005093 devstack@c-api.service[96940]: /opt/stack/data/venv/lib/python3.12/site-packages/oslo_context/context.py:102: DeprecationWarning: Policy enforcement is depending on the value of is_admin. This key is deprecated. Please update your policy file to use the standard policy values.
Jul 12 15:22:58.354475 np0000005093 devstack@c-api.service[96940]: warnings.warn(
Jul 12 15:22:58.409071 np0000005093 devstack@c-api.service[96942]: DEBUG cinder.api.middleware.request_id [None req-453dcd13-e59a-4718-953d-bf032b8944fa None None] RequestId filter calling following filter/app {{(pid=96942) _context_setter /opt/stack/cinder/cinder/api/middleware/request_id.py:62}}
Jul 12 15:22:58.428900 np0000005093 devstack@c-api.service[96940]: DEBUG cinder.coordination [req-7885ca6d-1f0f-4652-ae50-e17de30ce509 req-fcad4545-d9e9-4a63-bd41-d2a326acd352 tempest-AttachSCSIVolumeTestJSON-1466891039 tempest-AttachSCSIVolumeTestJSON-1466891039-project-member] Lock "cinder-attachment_update-e3f59d2c-5281-4771-8cd6-7ee348115ae4-np0000005093" released by "attachment_update" :: held 0.078s {{(pid=96940) __release /opt/stack/cinder/cinder/coordination.py:152}}
Jul 12 15:22:58.429323 np0000005093 devstack@c-api.service[96940]: INFO cinder.api.openstack.wsgi [req-7885ca6d-1f0f-4652-ae50-e17de30ce509 req-fcad4545-d9e9-4a63-bd41-d2a326acd352 tempest-AttachSCSIVolumeTestJSON-1466891039 tempest-AttachSCSIVolumeTestJSON-1466891039-project-member] https://10.4.3.46/volume/v3/attachments/596648ce-f59f-4a50-b34e-1aa5917d49cb returned with HTTP 200
Jul 12 15:22:58.429975 np0000005093 devstack@c-api.service[96940]: [pid: 96940|app: 0|req: 78/231] 10.4.3.46 () {74 vars in 1698 bytes} [Sun Jul 12 15:22:58 2026] PUT /volume/v3/attachments/596648ce-f59f-4a50-b34e-1aa5917d49cb => generated 535 bytes in 102 msecs (HTTP/1.1 200) 7 headers in 286 bytes (1 switches on core 0)
Jul 12 15:22:58.818781 np0000005093 devstack@c-api.service[96942]: INFO cinder.api.openstack.wsgi [None req-453dcd13-e59a-4718-953d-bf032b8944fa tempest-VolumesListAdminTestJSON-366284839 tempest-VolumesListAdminTestJSON-366284839-project-member] GET https://10.4.3.46/volume/v3/volumes
Jul 12 15:22:58.819095 np0000005093 devstack@c-api.service[96942]: DEBUG cinder.api.openstack.wsgi [None req-453dcd13-e59a-4718-953d-bf032b8944fa tempest-VolumesListAdminTestJSON-366284839 tempest-VolumesListAdminTestJSON-366284839-project-member] Empty body provided in request {{(pid=96942) get_body /opt/stack/cinder/cinder/api/openstack/wsgi.py:725}}
Jul 12 15:22:58.819310 np0000005093 devstack@c-api.service[96942]: DEBUG cinder.api.openstack.wsgi [None req-453dcd13-e59a-4718-953d-bf032b8944fa tempest-VolumesListAdminTestJSON-366284839 tempest-VolumesListAdminTestJSON-366284839-project-member] Calling method 'index' {{(pid=96942) _process_stack /opt/stack/cinder/cinder/api/openstack/wsgi.py:878}}
Jul 12 15:22:58.823874 np0000005093 devstack@c-api.service[96942]: DEBUG cinder.api.api_utils [None req-453dcd13-e59a-4718-953d-bf032b8944fa tempest-VolumesListAdminTestJSON-366284839 tempest-VolumesListAdminTestJSON-366284839-project-member] Removing options '' from query. {{(pid=96942) remove_invalid_filter_options /opt/stack/cinder/cinder/api/api_utils.py:82}}
Jul 12 15:22:58.825648 np0000005093 devstack@c-api.service[96942]: DEBUG cinder.volume.api [None req-453dcd13-e59a-4718-953d-bf032b8944fa tempest-VolumesListAdminTestJSON-366284839 tempest-VolumesListAdminTestJSON-366284839-project-member] Searching by: MultiDict([('no_migration_targets', True)]). {{(pid=96942) get_all /opt/stack/cinder/cinder/volume/api.py:664}}
Jul 12 15:22:58.869843 np0000005093 devstack@c-api.service[96941]: DEBUG cinder.api.middleware.request_id [req-7885ca6d-1f0f-4652-ae50-e17de30ce509 req-2ab3706f-e92a-42ba-beed-ba29743e34db None None] RequestId filter calling following filter/app {{(pid=96941) _context_setter /opt/stack/cinder/cinder/api/middleware/request_id.py:62}}
Jul 12 15:22:58.881733 np0000005093 devstack@c-api.service[96941]: INFO cinder.api.openstack.wsgi [req-7885ca6d-1f0f-4652-ae50-e17de30ce509 req-2ab3706f-e92a-42ba-beed-ba29743e34db tempest-AttachSCSIVolumeTestJSON-1466891039 tempest-AttachSCSIVolumeTestJSON-1466891039-project-member] POST https://10.4.3.46/volume/v3/attachments/596648ce-f59f-4a50-b34e-1aa5917d49cb/action
Jul 12 15:22:58.882177 np0000005093 devstack@c-api.service[96941]: DEBUG cinder.api.openstack.wsgi [req-7885ca6d-1f0f-4652-ae50-e17de30ce509 req-2ab3706f-e92a-42ba-beed-ba29743e34db tempest-AttachSCSIVolumeTestJSON-1466891039 tempest-AttachSCSIVolumeTestJSON-1466891039-project-member] Action body: b'{"os-complete": null}' {{(pid=96941) get_method /opt/stack/cinder/cinder/api/openstack/wsgi.py:993}}
Jul 12 15:22:58.882359 np0000005093 devstack@c-api.service[96941]: DEBUG cinder.api.openstack.wsgi [req-7885ca6d-1f0f-4652-ae50-e17de30ce509 req-2ab3706f-e92a-42ba-beed-ba29743e34db tempest-AttachSCSIVolumeTestJSON-1466891039 tempest-AttachSCSIVolumeTestJSON-1466891039-project-member] Action: 'action', calling method: complete, body: {"os-complete": null} {{(pid=96941) _process_stack /opt/stack/cinder/cinder/api/openstack/wsgi.py:876}}
Jul 12 15:22:58.906882 np0000005093 devstack@c-api.service[96941]: /opt/stack/data/venv/lib/python3.12/site-packages/oslo_context/context.py:102: DeprecationWarning: Policy enforcement is depending on the value of is_admin. This key is deprecated. Please update your policy file to use the standard policy values.
Jul 12 15:22:58.906882 np0000005093 devstack@c-api.service[96941]: warnings.warn(
Jul 12 15:22:58.908290 np0000005093 devstack@c-api.service[96942]: INFO cinder.volume.api [None req-453dcd13-e59a-4718-953d-bf032b8944fa tempest-VolumesListAdminTestJSON-366284839 tempest-VolumesListAdminTestJSON-366284839-project-member] Get all volumes completed successfully.
Jul 12 15:22:58.908765 np0000005093 devstack@c-api.service[96942]: INFO cinder.api.openstack.wsgi [None req-453dcd13-e59a-4718-953d-bf032b8944fa tempest-VolumesListAdminTestJSON-366284839 tempest-VolumesListAdminTestJSON-366284839-project-member] https://10.4.3.46/volume/v3/volumes returned with HTTP 200
Jul 12 15:22:58.909303 np0000005093 devstack@c-api.service[96942]: [pid: 96942|app: 0|req: 75/232] 10.4.3.46 () {66 vars in 1230 bytes} [Sun Jul 12 15:22:58 2026] GET /volume/v3/volumes => generated 15 bytes in 501 msecs (HTTP/1.1 200) 7 headers in 284 bytes (1 switches on core 0)
Jul 12 15:22:58.922437 np0000005093 devstack@c-api.service[96940]: DEBUG cinder.api.middleware.request_id [None req-908338cc-1ea2-4ace-b79b-8d5a01e258d5 None None] RequestId filter calling following filter/app {{(pid=96940) _context_setter /opt/stack/cinder/cinder/api/middleware/request_id.py:62}}
Jul 12 15:22:58.927492 np0000005093 devstack@c-api.service[96940]: INFO cinder.api.openstack.wsgi [None req-908338cc-1ea2-4ace-b79b-8d5a01e258d5 tempest-VolumesListAdminTestJSON-366284839 tempest-VolumesListAdminTestJSON-366284839-project-member] POST https://10.4.3.46/volume/v3/volumes
Jul 12 15:22:58.927648 np0000005093 devstack@c-api.service[96941]: INFO cinder.api.openstack.wsgi [req-7885ca6d-1f0f-4652-ae50-e17de30ce509 req-2ab3706f-e92a-42ba-beed-ba29743e34db tempest-AttachSCSIVolumeTestJSON-1466891039 tempest-AttachSCSIVolumeTestJSON-1466891039-project-member] https://10.4.3.46/volume/v3/attachments/596648ce-f59f-4a50-b34e-1aa5917d49cb/action returned with HTTP 204
Jul 12 15:22:58.928171 np0000005093 devstack@c-api.service[96941]: [pid: 96941|app: 0|req: 80/233] 10.4.3.46 () {74 vars in 1718 bytes} [Sun Jul 12 15:22:58 2026] POST /volume/v3/attachments/596648ce-f59f-4a50-b34e-1aa5917d49cb/action => generated 0 bytes in 59 msecs (HTTP/1.1 204) 7 headers in 292 bytes (1 switches on core 0)
Jul 12 15:22:58.928610 np0000005093 devstack@c-api.service[96940]: DEBUG cinder.api.openstack.wsgi [None req-908338cc-1ea2-4ace-b79b-8d5a01e258d5 tempest-VolumesListAdminTestJSON-366284839 tempest-VolumesListAdminTestJSON-366284839-project-member] Action: 'create', calling method: create, body: {"volume": {"size": 1, "name": "tempest-VolumesListAdminTestJSON-Volume-428781951"}} {{(pid=96940) _process_stack /opt/stack/cinder/cinder/api/openstack/wsgi.py:876}}
Jul 12 15:22:58.931734 np0000005093 devstack@c-api.service[96940]: DEBUG cinder.api.v3.volumes [None req-908338cc-1ea2-4ace-b79b-8d5a01e258d5 tempest-VolumesListAdminTestJSON-366284839 tempest-VolumesListAdminTestJSON-366284839-project-member] Create volume request body: {'volume': {'size': 1, 'name': 'tempest-VolumesListAdminTestJSON-Volume-428781951'}} {{(pid=96940) create /opt/stack/cinder/cinder/api/v3/volumes.py:368}}
Jul 12 15:22:58.932480 np0000005093 devstack@c-api.service[96940]: INFO cinder.api.v3.volumes [None req-908338cc-1ea2-4ace-b79b-8d5a01e258d5 tempest-VolumesListAdminTestJSON-366284839 tempest-VolumesListAdminTestJSON-366284839-project-member] Create volume of 1 GB
Jul 12 15:22:58.935135 np0000005093 devstack@c-api.service[96940]: /opt/stack/data/venv/lib/python3.12/site-packages/oslo_context/context.py:102: DeprecationWarning: Policy enforcement is depending on the value of is_admin. This key is deprecated. Please update your policy file to use the standard policy values.
Jul 12 15:22:58.935135 np0000005093 devstack@c-api.service[96940]: warnings.warn(
Jul 12 15:22:58.953153 np0000005093 devstack@c-api.service[96940]: INFO cinder.volume.api [None req-908338cc-1ea2-4ace-b79b-8d5a01e258d5 tempest-VolumesListAdminTestJSON-366284839 tempest-VolumesListAdminTestJSON-366284839-project-member] Availability Zones retrieved successfully.
Jul 12 15:22:58.968829 np0000005093 devstack@c-api.service[96940]: DEBUG cinder.volume.api [None req-908338cc-1ea2-4ace-b79b-8d5a01e258d5 tempest-VolumesListAdminTestJSON-366284839 tempest-VolumesListAdminTestJSON-366284839-project-member] Flow 'volume_create_api' (d953330b-39e3-42f5-bd0e-24c51ed3bd7e) transitioned into state 'RUNNING' from state 'PENDING' {{(pid=96940) _flow_receiver /opt/stack/data/venv/lib/python3.12/site-packages/taskflow/listeners/logging.py:160}}
Jul 12 15:22:58.976680 np0000005093 devstack@c-api.service[96940]: DEBUG cinder.volume.api [None req-908338cc-1ea2-4ace-b79b-8d5a01e258d5 tempest-VolumesListAdminTestJSON-366284839 tempest-VolumesListAdminTestJSON-366284839-project-member] Task 'cinder.volume.flows.api.create_volume.ExtractVolumeRequestTask;volume:create' (9e8a7053-b8ef-4c4e-8bf7-f2042ac11169) transitioned into state 'RUNNING' from state 'PENDING' {{(pid=96940) _task_receiver /opt/stack/data/venv/lib/python3.12/site-packages/taskflow/listeners/logging.py:242}}
Jul 12 15:22:58.980903 np0000005093 devstack@c-api.service[96940]: DEBUG cinder.volume.flows.api.create_volume [None req-908338cc-1ea2-4ace-b79b-8d5a01e258d5 tempest-VolumesListAdminTestJSON-366284839 tempest-VolumesListAdminTestJSON-366284839-project-member] Validating volume size '1' using validate_int {{(pid=96940) _extract_size /opt/stack/cinder/cinder/volume/flows/api/create_volume.py:226}}
Jul 12 15:22:59.043817 np0000005093 devstack@c-api.service[96940]: DEBUG cinder.volume.api [None req-908338cc-1ea2-4ace-b79b-8d5a01e258d5 tempest-VolumesListAdminTestJSON-366284839 tempest-VolumesListAdminTestJSON-366284839-project-member] Task 'cinder.volume.flows.api.create_volume.ExtractVolumeRequestTask;volume:create' (9e8a7053-b8ef-4c4e-8bf7-f2042ac11169) transitioned into state 'SUCCESS' from state 'RUNNING' with result '{'size': 1, 'snapshot_id': None, 'source_volid': None, 'volume_type': VolumeType(created_at=2026-07-12T15:19:34Z,deleted=False,deleted_at=None,description=None,extra_specs={volume_backend_name='storpool'},id=17003e2e-5125-4caa-9d03-92e838d867b9,is_public=True,name='storpool',projects=[],qos_specs=,qos_specs_id=None,updated_at=None), 'volume_type_id': '17003e2e-5125-4caa-9d03-92e838d867b9', 'encryption_key_id': None, 'qos_specs': None, 'consistencygroup_id': None, 'cgsnapshot_id': None, 'group_id': None, 'replication_status': 'disabled', 'refresh_az': False, 'backup_id': None, 'multiattach': False, 'availability_zones': ['nova']}' {{(pid=96940) _task_receiver /opt/stack/data/venv/lib/python3.12/site-packages/taskflow/listeners/logging.py:218}}
Jul 12 15:22:59.045184 np0000005093 devstack@c-api.service[96940]: DEBUG cinder.volume.api [None req-908338cc-1ea2-4ace-b79b-8d5a01e258d5 tempest-VolumesListAdminTestJSON-366284839 tempest-VolumesListAdminTestJSON-366284839-project-member] Task 'cinder.volume.flows.api.create_volume.QuotaReserveTask;volume:create' (fdb11c78-ce49-4052-8343-e524bec934fd) transitioned into state 'RUNNING' from state 'PENDING' {{(pid=96940) _task_receiver /opt/stack/data/venv/lib/python3.12/site-packages/taskflow/listeners/logging.py:242}}
Jul 12 15:22:59.121612 np0000005093 devstack@c-api.service[96942]: DEBUG cinder.api.middleware.request_id [req-b4ef944a-6558-4bb6-8906-20b79f262b66 req-1fa3708b-2914-4273-9de0-dd18277ccab1 None None] RequestId filter calling following filter/app {{(pid=96942) _context_setter /opt/stack/cinder/cinder/api/middleware/request_id.py:62}}
Jul 12 15:22:59.125291 np0000005093 devstack@c-api.service[96942]: INFO cinder.api.openstack.wsgi [req-b4ef944a-6558-4bb6-8906-20b79f262b66 req-1fa3708b-2914-4273-9de0-dd18277ccab1 tempest-VolumesAssistedSnapshotsTest-1366020909 tempest-VolumesAssistedSnapshotsTest-1366020909-project-admin] GET https://10.4.3.46/volume/v3/volumes/104d9b51-ab5b-40a0-a3eb-25c5e966bbdb
Jul 12 15:22:59.125437 np0000005093 devstack@c-api.service[96942]: DEBUG cinder.api.openstack.wsgi [req-b4ef944a-6558-4bb6-8906-20b79f262b66 req-1fa3708b-2914-4273-9de0-dd18277ccab1 tempest-VolumesAssistedSnapshotsTest-1366020909 tempest-VolumesAssistedSnapshotsTest-1366020909-project-admin] Empty body provided in request {{(pid=96942) get_body /opt/stack/cinder/cinder/api/openstack/wsgi.py:725}}
Jul 12 15:22:59.125744 np0000005093 devstack@c-api.service[96942]: DEBUG cinder.api.openstack.wsgi [req-b4ef944a-6558-4bb6-8906-20b79f262b66 req-1fa3708b-2914-4273-9de0-dd18277ccab1 tempest-VolumesAssistedSnapshotsTest-1366020909 tempest-VolumesAssistedSnapshotsTest-1366020909-project-admin] Calling method 'show' {{(pid=96942) _process_stack /opt/stack/cinder/cinder/api/openstack/wsgi.py:878}}
Jul 12 15:22:59.183448 np0000005093 devstack@c-api.service[96942]: /opt/stack/data/venv/lib/python3.12/site-packages/oslo_context/context.py:102: DeprecationWarning: Policy enforcement is depending on the value of is_admin. This key is deprecated. Please update your policy file to use the standard policy values.
Jul 12 15:22:59.183448 np0000005093 devstack@c-api.service[96942]: warnings.warn(
Jul 12 15:22:59.189642 np0000005093 devstack@c-api.service[96942]: INFO cinder.volume.api [req-b4ef944a-6558-4bb6-8906-20b79f262b66 req-1fa3708b-2914-4273-9de0-dd18277ccab1 tempest-VolumesAssistedSnapshotsTest-1366020909 tempest-VolumesAssistedSnapshotsTest-1366020909-project-admin] Volume info retrieved successfully.
Jul 12 15:22:59.190945 np0000005093 devstack@c-api.service[96941]: DEBUG cinder.api.middleware.request_id [None req-b155e1f0-4b0c-494d-bf9b-9fb5ef5b6327 None None] RequestId filter calling following filter/app {{(pid=96941) _context_setter /opt/stack/cinder/cinder/api/middleware/request_id.py:62}}
Jul 12 15:22:59.193808 np0000005093 devstack@c-api.service[96941]: INFO cinder.api.openstack.wsgi [None req-b155e1f0-4b0c-494d-bf9b-9fb5ef5b6327 tempest-AttachSCSIVolumeTestJSON-1466891039 tempest-AttachSCSIVolumeTestJSON-1466891039-project-member] GET https://10.4.3.46/volume/v3/volumes/e3f59d2c-5281-4771-8cd6-7ee348115ae4
Jul 12 15:22:59.194115 np0000005093 devstack@c-api.service[96941]: DEBUG cinder.api.openstack.wsgi [None req-b155e1f0-4b0c-494d-bf9b-9fb5ef5b6327 tempest-AttachSCSIVolumeTestJSON-1466891039 tempest-AttachSCSIVolumeTestJSON-1466891039-project-member] Empty body provided in request {{(pid=96941) get_body /opt/stack/cinder/cinder/api/openstack/wsgi.py:725}}
Jul 12 15:22:59.194392 np0000005093 devstack@c-api.service[96941]: DEBUG cinder.api.openstack.wsgi [None req-b155e1f0-4b0c-494d-bf9b-9fb5ef5b6327 tempest-AttachSCSIVolumeTestJSON-1466891039 tempest-AttachSCSIVolumeTestJSON-1466891039-project-member] Calling method 'show' {{(pid=96941) _process_stack /opt/stack/cinder/cinder/api/openstack/wsgi.py:878}}
Jul 12 15:22:59.195837 np0000005093 devstack@c-api.service[96942]: INFO cinder.api.openstack.wsgi [req-b4ef944a-6558-4bb6-8906-20b79f262b66 req-1fa3708b-2914-4273-9de0-dd18277ccab1 tempest-VolumesAssistedSnapshotsTest-1366020909 tempest-VolumesAssistedSnapshotsTest-1366020909-project-admin] https://10.4.3.46/volume/v3/volumes/104d9b51-ab5b-40a0-a3eb-25c5e966bbdb returned with HTTP 200
Jul 12 15:22:59.196505 np0000005093 devstack@c-api.service[96942]: [pid: 96942|app: 0|req: 76/234] 10.4.3.46 () {68 vars in 1591 bytes} [Sun Jul 12 15:22:59 2026] GET /volume/v3/volumes/104d9b51-ab5b-40a0-a3eb-25c5e966bbdb => generated 1022 bytes in 76 msecs (HTTP/1.1 200) 7 headers in 286 bytes (1 switches on core 0)
Jul 12 15:22:59.211439 np0000005093 devstack@c-api.service[96941]: /opt/stack/data/venv/lib/python3.12/site-packages/oslo_context/context.py:102: DeprecationWarning: Policy enforcement is depending on the value of is_admin. This key is deprecated. Please update your policy file to use the standard policy values.
Jul 12 15:22:59.211439 np0000005093 devstack@c-api.service[96941]: warnings.warn(
Jul 12 15:22:59.216902 np0000005093 devstack@c-api.service[96941]: INFO cinder.volume.api [None req-b155e1f0-4b0c-494d-bf9b-9fb5ef5b6327 tempest-AttachSCSIVolumeTestJSON-1466891039 tempest-AttachSCSIVolumeTestJSON-1466891039-project-member] Volume info retrieved successfully.
Jul 12 15:22:59.224870 np0000005093 devstack@c-api.service[96941]: INFO cinder.api.openstack.wsgi [None req-b155e1f0-4b0c-494d-bf9b-9fb5ef5b6327 tempest-AttachSCSIVolumeTestJSON-1466891039 tempest-AttachSCSIVolumeTestJSON-1466891039-project-member] https://10.4.3.46/volume/v3/volumes/e3f59d2c-5281-4771-8cd6-7ee348115ae4 returned with HTTP 200
Jul 12 15:22:59.225192 np0000005093 devstack@c-api.service[96941]: [pid: 96941|app: 0|req: 81/235] 10.4.3.46 () {66 vars in 1341 bytes} [Sun Jul 12 15:22:59 2026] GET /volume/v3/volumes/e3f59d2c-5281-4771-8cd6-7ee348115ae4 => generated 1137 bytes in 35 msecs (HTTP/1.1 200) 7 headers in 286 bytes (1 switches on core 0)
Jul 12 15:22:59.242269 np0000005093 devstack@c-api.service[96940]: DEBUG cinder.quota [None req-908338cc-1ea2-4ace-b79b-8d5a01e258d5 tempest-VolumesListAdminTestJSON-366284839 tempest-VolumesListAdminTestJSON-366284839-project-member] Created reservations ['ba71246a-d00c-42ab-af82-7ac9dea4eb52', '193d0a68-c604-4688-85f2-896a3595a0d6', 'd1a862c1-ab71-4464-b639-54d2ddb72fd5', 'acc5f70a-ec7c-4de3-b0fa-738822c698c1'] {{(pid=96940) reserve /opt/stack/cinder/cinder/quota.py:752}}
Jul 12 15:22:59.243022 np0000005093 devstack@c-api.service[96940]: DEBUG cinder.volume.api [None req-908338cc-1ea2-4ace-b79b-8d5a01e258d5 tempest-VolumesListAdminTestJSON-366284839 tempest-VolumesListAdminTestJSON-366284839-project-member] Task 'cinder.volume.flows.api.create_volume.QuotaReserveTask;volume:create' (fdb11c78-ce49-4052-8343-e524bec934fd) transitioned into state 'SUCCESS' from state 'RUNNING' with result '{'reservations': ['ba71246a-d00c-42ab-af82-7ac9dea4eb52', '193d0a68-c604-4688-85f2-896a3595a0d6', 'd1a862c1-ab71-4464-b639-54d2ddb72fd5', 'acc5f70a-ec7c-4de3-b0fa-738822c698c1']}' {{(pid=96940) _task_receiver /opt/stack/data/venv/lib/python3.12/site-packages/taskflow/listeners/logging.py:218}}
Jul 12 15:22:59.243719 np0000005093 devstack@c-api.service[96940]: DEBUG cinder.volume.api [None req-908338cc-1ea2-4ace-b79b-8d5a01e258d5 tempest-VolumesListAdminTestJSON-366284839 tempest-VolumesListAdminTestJSON-366284839-project-member] Task 'cinder.volume.flows.api.create_volume.EntryCreateTask;volume:create' (762c24e9-ba66-4ba5-9cae-3af250e06914) transitioned into state 'RUNNING' from state 'PENDING' {{(pid=96940) _task_receiver /opt/stack/data/venv/lib/python3.12/site-packages/taskflow/listeners/logging.py:242}}
Jul 12 15:22:59.246017 np0000005093 devstack@c-api.service[96942]: DEBUG cinder.api.middleware.request_id [None req-04630d3e-1526-44da-9bfb-38843e8a0b52 None None] RequestId filter calling following filter/app {{(pid=96942) _context_setter /opt/stack/cinder/cinder/api/middleware/request_id.py:62}}
Jul 12 15:22:59.248990 np0000005093 devstack@c-api.service[96942]: INFO cinder.api.openstack.wsgi [None req-04630d3e-1526-44da-9bfb-38843e8a0b52 tempest-AttachSCSIVolumeTestJSON-1466891039 tempest-AttachSCSIVolumeTestJSON-1466891039-project-member] GET https://10.4.3.46/volume/v3/volumes/e3f59d2c-5281-4771-8cd6-7ee348115ae4
Jul 12 15:22:59.249091 np0000005093 devstack@c-api.service[96942]: DEBUG cinder.api.openstack.wsgi [None req-04630d3e-1526-44da-9bfb-38843e8a0b52 tempest-AttachSCSIVolumeTestJSON-1466891039 tempest-AttachSCSIVolumeTestJSON-1466891039-project-member] Empty body provided in request {{(pid=96942) get_body /opt/stack/cinder/cinder/api/openstack/wsgi.py:725}}
Jul 12 15:22:59.249310 np0000005093 devstack@c-api.service[96942]: DEBUG cinder.api.openstack.wsgi [None req-04630d3e-1526-44da-9bfb-38843e8a0b52 tempest-AttachSCSIVolumeTestJSON-1466891039 tempest-AttachSCSIVolumeTestJSON-1466891039-project-member] Calling method 'show' {{(pid=96942) _process_stack /opt/stack/cinder/cinder/api/openstack/wsgi.py:878}}
Jul 12 15:22:59.268478 np0000005093 devstack@c-api.service[96942]: /opt/stack/data/venv/lib/python3.12/site-packages/oslo_context/context.py:102: DeprecationWarning: Policy enforcement is depending on the value of is_admin. This key is deprecated. Please update your policy file to use the standard policy values.
Jul 12 15:22:59.268478 np0000005093 devstack@c-api.service[96942]: warnings.warn(
Jul 12 15:22:59.274531 np0000005093 devstack@c-api.service[96942]: INFO cinder.volume.api [None req-04630d3e-1526-44da-9bfb-38843e8a0b52 tempest-AttachSCSIVolumeTestJSON-1466891039 tempest-AttachSCSIVolumeTestJSON-1466891039-project-member] Volume info retrieved successfully.
Jul 12 15:22:59.286292 np0000005093 devstack@c-api.service[96942]: INFO cinder.api.openstack.wsgi [None req-04630d3e-1526-44da-9bfb-38843e8a0b52 tempest-AttachSCSIVolumeTestJSON-1466891039 tempest-AttachSCSIVolumeTestJSON-1466891039-project-member] https://10.4.3.46/volume/v3/volumes/e3f59d2c-5281-4771-8cd6-7ee348115ae4 returned with HTTP 200
Jul 12 15:22:59.287087 np0000005093 devstack@c-api.service[96942]: [pid: 96942|app: 0|req: 77/236] 10.4.3.46 () {66 vars in 1341 bytes} [Sun Jul 12 15:22:59 2026] GET /volume/v3/volumes/e3f59d2c-5281-4771-8cd6-7ee348115ae4 => generated 1137 bytes in 46 msecs (HTTP/1.1 200) 7 headers in 286 bytes (1 switches on core 0)
Jul 12 15:22:59.304310 np0000005093 devstack@c-api.service[96940]: DEBUG cinder.volume.api [None req-908338cc-1ea2-4ace-b79b-8d5a01e258d5 tempest-VolumesListAdminTestJSON-366284839 tempest-VolumesListAdminTestJSON-366284839-project-member] Task 'cinder.volume.flows.api.create_volume.EntryCreateTask;volume:create' (762c24e9-ba66-4ba5-9cae-3af250e06914) transitioned into state 'SUCCESS' from state 'RUNNING' with result '{'volume_id': '3bd23e89-e09f-4c99-9ca9-3cddaa4193f5', 'volume_properties': VolumeProperties(attach_status='detached',availability_zone='nova',cgsnapshot_id=None,consistencygroup_id=None,display_description=None,display_name='tempest-VolumesListAdminTestJSON-Volume-428781951',encryption_key_id=None,group_id=None,group_type_id=,metadata={},multiattach=False,project_id='5e0f007f418f42bbbf0c2e2a9f914fad',qos_specs=None,replication_status=,reservations=['ba71246a-d00c-42ab-af82-7ac9dea4eb52','193d0a68-c604-4688-85f2-896a3595a0d6','d1a862c1-ab71-4464-b639-54d2ddb72fd5','acc5f70a-ec7c-4de3-b0fa-738822c698c1'],size=1,snapshot_id=None,source_replicaid=,source_volid=None,status='creating',user_id='0638557dd3bc49e28956081803cfad02',volume_type_id=17003e2e-5125-4caa-9d03-92e838d867b9), 'volume': Volume(_name_id=None,admin_metadata=,attach_status='detached',availability_zone='nova',bootable=False,cluster=,cluster_name=None,consistencygroup=,consistencygroup_id=None,created_at=2026-07-12T15:22:59Z,deleted=False,deleted_at=None,display_description=None,display_name='tempest-VolumesListAdminTestJSON-Volume-428781951',ec2_id=None,encryption_key_id=None,glance_metadata=,group=,group_id=None,host=None,id=3bd23e89-e09f-4c99-9ca9-3cddaa4193f5,launched_at=None,metadata={},migration_status=None,multiattach=False,previous_status=None,project_id='5e0f007f418f42bbbf0c2e2a9f914fad',provider_auth=None,provider_geometry=None,provider_id=None,provider_location=None,replication_driver_data=None,replication_extended_status=None,replication_status=None,scheduled_at=None,service_uuid=None,shared_targets=True,size=1,snapshot_id=None,snapshots=,source_volid=None,status='creating',terminated_at=None,updated_at=None,use_quota=True,user_id='0638557dd3bc49e28956081803cfad02',volume_attachment=VolumeAttachmentList,volume_type=VolumeType(17003e2e-5125-4caa-9d03-92e838d867b9),volume_type_id=17003e2e-5125-4caa-9d03-92e838d867b9)}' {{(pid=96940) _task_receiver /opt/stack/data/venv/lib/python3.12/site-packages/taskflow/listeners/logging.py:218}}
Jul 12 15:22:59.310359 np0000005093 devstack@c-api.service[96940]: DEBUG cinder.volume.api [None req-908338cc-1ea2-4ace-b79b-8d5a01e258d5 tempest-VolumesListAdminTestJSON-366284839 tempest-VolumesListAdminTestJSON-366284839-project-member] Task 'cinder.volume.flows.api.create_volume.QuotaCommitTask;volume:create' (22ebf372-577d-49f7-8f20-5b81994179f8) transitioned into state 'RUNNING' from state 'PENDING' {{(pid=96940) _task_receiver /opt/stack/data/venv/lib/python3.12/site-packages/taskflow/listeners/logging.py:242}}
Jul 12 15:22:59.315440 np0000005093 devstack@c-api.service[96941]: DEBUG cinder.api.middleware.request_id [None req-115d63cf-e0b8-4a80-bc79-b192c25433c3 None None] RequestId filter calling following filter/app {{(pid=96941) _context_setter /opt/stack/cinder/cinder/api/middleware/request_id.py:62}}
Jul 12 15:22:59.319099 np0000005093 devstack@c-api.service[96941]: INFO cinder.api.openstack.wsgi [None req-115d63cf-e0b8-4a80-bc79-b192c25433c3 tempest-AttachSCSIVolumeTestJSON-1466891039 tempest-AttachSCSIVolumeTestJSON-1466891039-project-reader] GET https://10.4.3.46/volume/v3/volumes/e3f59d2c-5281-4771-8cd6-7ee348115ae4
Jul 12 15:22:59.319511 np0000005093 devstack@c-api.service[96941]: DEBUG cinder.api.openstack.wsgi [None req-115d63cf-e0b8-4a80-bc79-b192c25433c3 tempest-AttachSCSIVolumeTestJSON-1466891039 tempest-AttachSCSIVolumeTestJSON-1466891039-project-reader] Empty body provided in request {{(pid=96941) get_body /opt/stack/cinder/cinder/api/openstack/wsgi.py:725}}
Jul 12 15:22:59.319726 np0000005093 devstack@c-api.service[96941]: DEBUG cinder.api.openstack.wsgi [None req-115d63cf-e0b8-4a80-bc79-b192c25433c3 tempest-AttachSCSIVolumeTestJSON-1466891039 tempest-AttachSCSIVolumeTestJSON-1466891039-project-reader] Calling method 'show' {{(pid=96941) _process_stack /opt/stack/cinder/cinder/api/openstack/wsgi.py:878}}
Jul 12 15:22:59.348828 np0000005093 devstack@c-api.service[96941]: /opt/stack/data/venv/lib/python3.12/site-packages/oslo_context/context.py:102: DeprecationWarning: Policy enforcement is depending on the value of is_admin. This key is deprecated. Please update your policy file to use the standard policy values.
Jul 12 15:22:59.348828 np0000005093 devstack@c-api.service[96941]: warnings.warn(
Jul 12 15:22:59.360066 np0000005093 devstack@c-api.service[96940]: DEBUG cinder.volume.api [None req-908338cc-1ea2-4ace-b79b-8d5a01e258d5 tempest-VolumesListAdminTestJSON-366284839 tempest-VolumesListAdminTestJSON-366284839-project-member] Task 'cinder.volume.flows.api.create_volume.QuotaCommitTask;volume:create' (22ebf372-577d-49f7-8f20-5b81994179f8) transitioned into state 'SUCCESS' from state 'RUNNING' with result '{'volume_properties': VolumeProperties(attach_status='detached',availability_zone='nova',cgsnapshot_id=None,consistencygroup_id=None,display_description=None,display_name='tempest-VolumesListAdminTestJSON-Volume-428781951',encryption_key_id=None,group_id=None,group_type_id=,metadata={},multiattach=False,project_id='5e0f007f418f42bbbf0c2e2a9f914fad',qos_specs=None,replication_status=,reservations=['ba71246a-d00c-42ab-af82-7ac9dea4eb52','193d0a68-c604-4688-85f2-896a3595a0d6','d1a862c1-ab71-4464-b639-54d2ddb72fd5','acc5f70a-ec7c-4de3-b0fa-738822c698c1'],size=1,snapshot_id=None,source_replicaid=,source_volid=None,status='creating',user_id='0638557dd3bc49e28956081803cfad02',volume_type_id=17003e2e-5125-4caa-9d03-92e838d867b9)}' {{(pid=96940) _task_receiver /opt/stack/data/venv/lib/python3.12/site-packages/taskflow/listeners/logging.py:218}}
Jul 12 15:22:59.362011 np0000005093 devstack@c-api.service[96940]: DEBUG cinder.volume.api [None req-908338cc-1ea2-4ace-b79b-8d5a01e258d5 tempest-VolumesListAdminTestJSON-366284839 tempest-VolumesListAdminTestJSON-366284839-project-member] Task 'cinder.volume.flows.api.create_volume.VolumeCastTask;volume:create' (dfb19501-7741-40d8-becd-e6eaade76082) transitioned into state 'RUNNING' from state 'PENDING' {{(pid=96940) _task_receiver /opt/stack/data/venv/lib/python3.12/site-packages/taskflow/listeners/logging.py:242}}
Jul 12 15:22:59.363552 np0000005093 devstack@c-api.service[96941]: INFO cinder.volume.api [None req-115d63cf-e0b8-4a80-bc79-b192c25433c3 tempest-AttachSCSIVolumeTestJSON-1466891039 tempest-AttachSCSIVolumeTestJSON-1466891039-project-reader] Volume info retrieved successfully.
Jul 12 15:22:59.372680 np0000005093 devstack@c-api.service[96941]: INFO cinder.api.openstack.wsgi [None req-115d63cf-e0b8-4a80-bc79-b192c25433c3 tempest-AttachSCSIVolumeTestJSON-1466891039 tempest-AttachSCSIVolumeTestJSON-1466891039-project-reader] https://10.4.3.46/volume/v3/volumes/e3f59d2c-5281-4771-8cd6-7ee348115ae4 returned with HTTP 200
Jul 12 15:22:59.374443 np0000005093 devstack@c-api.service[96941]: [pid: 96941|app: 0|req: 82/237] 10.4.3.46 () {66 vars in 1341 bytes} [Sun Jul 12 15:22:59 2026] GET /volume/v3/volumes/e3f59d2c-5281-4771-8cd6-7ee348115ae4 => generated 1137 bytes in 66 msecs (HTTP/1.1 200) 7 headers in 286 bytes (1 switches on core 0)
Jul 12 15:22:59.382802 np0000005093 devstack@c-api.service[96940]: DEBUG cinder.volume.api [None req-908338cc-1ea2-4ace-b79b-8d5a01e258d5 tempest-VolumesListAdminTestJSON-366284839 tempest-VolumesListAdminTestJSON-366284839-project-member] Task 'cinder.volume.flows.api.create_volume.VolumeCastTask;volume:create' (dfb19501-7741-40d8-becd-e6eaade76082) transitioned into state 'SUCCESS' from state 'RUNNING' with result 'None' {{(pid=96940) _task_receiver /opt/stack/data/venv/lib/python3.12/site-packages/taskflow/listeners/logging.py:218}}
Jul 12 15:22:59.383684 np0000005093 devstack@c-api.service[96940]: DEBUG cinder.volume.api [None req-908338cc-1ea2-4ace-b79b-8d5a01e258d5 tempest-VolumesListAdminTestJSON-366284839 tempest-VolumesListAdminTestJSON-366284839-project-member] Flow 'volume_create_api' (d953330b-39e3-42f5-bd0e-24c51ed3bd7e) transitioned into state 'SUCCESS' from state 'RUNNING' {{(pid=96940) _flow_receiver /opt/stack/data/venv/lib/python3.12/site-packages/taskflow/listeners/logging.py:160}}
Jul 12 15:22:59.384113 np0000005093 devstack@c-api.service[96940]: INFO cinder.volume.api [None req-908338cc-1ea2-4ace-b79b-8d5a01e258d5 tempest-VolumesListAdminTestJSON-366284839 tempest-VolumesListAdminTestJSON-366284839-project-member] Create volume request issued successfully.
Jul 12 15:22:59.385148 np0000005093 devstack@c-api.service[96940]: INFO cinder.api.openstack.wsgi [None req-908338cc-1ea2-4ace-b79b-8d5a01e258d5 tempest-VolumesListAdminTestJSON-366284839 tempest-VolumesListAdminTestJSON-366284839-project-member] https://10.4.3.46/volume/v3/volumes returned with HTTP 202
Jul 12 15:22:59.385810 np0000005093 devstack@c-api.service[96940]: [pid: 96940|app: 0|req: 79/238] 10.4.3.46 () {68 vars in 1251 bytes} [Sun Jul 12 15:22:58 2026] POST /volume/v3/volumes => generated 752 bytes in 464 msecs (HTTP/1.1 202) 7 headers in 291 bytes (1 switches on core 0)
Jul 12 15:22:59.409442 np0000005093 devstack@c-api.service[96942]: DEBUG cinder.api.middleware.request_id [None req-df4d35a7-79a9-41ec-bc2d-5d78a72152fd None None] RequestId filter calling following filter/app {{(pid=96942) _context_setter /opt/stack/cinder/cinder/api/middleware/request_id.py:62}}
Jul 12 15:22:59.412986 np0000005093 devstack@c-api.service[96942]: INFO cinder.api.openstack.wsgi [None req-df4d35a7-79a9-41ec-bc2d-5d78a72152fd tempest-VolumesListAdminTestJSON-366284839 tempest-VolumesListAdminTestJSON-366284839-project-member] GET https://10.4.3.46/volume/v3/volumes/3bd23e89-e09f-4c99-9ca9-3cddaa4193f5
Jul 12 15:22:59.413801 np0000005093 devstack@c-api.service[96942]: DEBUG cinder.api.openstack.wsgi [None req-df4d35a7-79a9-41ec-bc2d-5d78a72152fd tempest-VolumesListAdminTestJSON-366284839 tempest-VolumesListAdminTestJSON-366284839-project-member] Empty body provided in request {{(pid=96942) get_body /opt/stack/cinder/cinder/api/openstack/wsgi.py:725}}
Jul 12 15:22:59.413801 np0000005093 devstack@c-api.service[96942]: DEBUG cinder.api.openstack.wsgi [None req-df4d35a7-79a9-41ec-bc2d-5d78a72152fd tempest-VolumesListAdminTestJSON-366284839 tempest-VolumesListAdminTestJSON-366284839-project-member] Calling method 'show' {{(pid=96942) _process_stack /opt/stack/cinder/cinder/api/openstack/wsgi.py:878}}
Jul 12 15:22:59.424428 np0000005093 devstack@c-api.service[96942]: /opt/stack/data/venv/lib/python3.12/site-packages/oslo_context/context.py:102: DeprecationWarning: Policy enforcement is depending on the value of is_admin. This key is deprecated. Please update your policy file to use the standard policy values.
Jul 12 15:22:59.424428 np0000005093 devstack@c-api.service[96942]: warnings.warn(
Jul 12 15:22:59.432700 np0000005093 devstack@c-api.service[96942]: INFO cinder.volume.api [None req-df4d35a7-79a9-41ec-bc2d-5d78a72152fd tempest-VolumesListAdminTestJSON-366284839 tempest-VolumesListAdminTestJSON-366284839-project-member] Volume info retrieved successfully.
Jul 12 15:22:59.436557 np0000005093 devstack@c-api.service[96941]: DEBUG cinder.api.middleware.request_id [req-53dd2c0f-fcc3-489d-9db6-a06c74cc545a req-3cfc66d1-40b3-43eb-b0e9-cd1965962af8 None None] RequestId filter calling following filter/app {{(pid=96941) _context_setter /opt/stack/cinder/cinder/api/middleware/request_id.py:62}}
Jul 12 15:22:59.441333 np0000005093 devstack@c-api.service[96941]: INFO cinder.api.openstack.wsgi [req-53dd2c0f-fcc3-489d-9db6-a06c74cc545a req-3cfc66d1-40b3-43eb-b0e9-cd1965962af8 tempest-TaggedAttachmentsTest-1245040721 tempest-TaggedAttachmentsTest-1245040721-project-member] GET https://10.4.3.46/volume/v3/volumes/dfa1b684-710b-4c3a-9f8e-0851721abea6
Jul 12 15:22:59.441333 np0000005093 devstack@c-api.service[96941]: DEBUG cinder.api.openstack.wsgi [req-53dd2c0f-fcc3-489d-9db6-a06c74cc545a req-3cfc66d1-40b3-43eb-b0e9-cd1965962af8 tempest-TaggedAttachmentsTest-1245040721 tempest-TaggedAttachmentsTest-1245040721-project-member] Empty body provided in request {{(pid=96941) get_body /opt/stack/cinder/cinder/api/openstack/wsgi.py:725}}
Jul 12 15:22:59.441333 np0000005093 devstack@c-api.service[96941]: DEBUG cinder.api.openstack.wsgi [req-53dd2c0f-fcc3-489d-9db6-a06c74cc545a req-3cfc66d1-40b3-43eb-b0e9-cd1965962af8 tempest-TaggedAttachmentsTest-1245040721 tempest-TaggedAttachmentsTest-1245040721-project-member] Calling method 'show' {{(pid=96941) _process_stack /opt/stack/cinder/cinder/api/openstack/wsgi.py:878}}
Jul 12 15:22:59.441609 np0000005093 devstack@c-api.service[96942]: INFO cinder.api.openstack.wsgi [None req-df4d35a7-79a9-41ec-bc2d-5d78a72152fd tempest-VolumesListAdminTestJSON-366284839 tempest-VolumesListAdminTestJSON-366284839-project-member] https://10.4.3.46/volume/v3/volumes/3bd23e89-e09f-4c99-9ca9-3cddaa4193f5 returned with HTTP 200
Jul 12 15:22:59.441609 np0000005093 devstack@c-api.service[96942]: [pid: 96942|app: 0|req: 78/239] 10.4.3.46 () {66 vars in 1341 bytes} [Sun Jul 12 15:22:59 2026] GET /volume/v3/volumes/3bd23e89-e09f-4c99-9ca9-3cddaa4193f5 => generated 820 bytes in 34 msecs (HTTP/1.1 200) 7 headers in 285 bytes (1 switches on core 0)
Jul 12 15:22:59.451514 np0000005093 devstack@c-api.service[96941]: /opt/stack/data/venv/lib/python3.12/site-packages/oslo_context/context.py:102: DeprecationWarning: Policy enforcement is depending on the value of is_admin. This key is deprecated. Please update your policy file to use the standard policy values.
Jul 12 15:22:59.451514 np0000005093 devstack@c-api.service[96941]: warnings.warn(
Jul 12 15:22:59.457106 np0000005093 devstack@c-api.service[96941]: INFO cinder.volume.api [req-53dd2c0f-fcc3-489d-9db6-a06c74cc545a req-3cfc66d1-40b3-43eb-b0e9-cd1965962af8 tempest-TaggedAttachmentsTest-1245040721 tempest-TaggedAttachmentsTest-1245040721-project-member] Volume info retrieved successfully.
Jul 12 15:22:59.464085 np0000005093 devstack@c-api.service[96941]: INFO cinder.api.openstack.wsgi [req-53dd2c0f-fcc3-489d-9db6-a06c74cc545a req-3cfc66d1-40b3-43eb-b0e9-cd1965962af8 tempest-TaggedAttachmentsTest-1245040721 tempest-TaggedAttachmentsTest-1245040721-project-member] https://10.4.3.46/volume/v3/volumes/dfa1b684-710b-4c3a-9f8e-0851721abea6 returned with HTTP 200
Jul 12 15:22:59.464665 np0000005093 devstack@c-api.service[96941]: [pid: 96941|app: 0|req: 83/240] 10.4.3.46 () {68 vars in 1591 bytes} [Sun Jul 12 15:22:59 2026] GET /volume/v3/volumes/dfa1b684-710b-4c3a-9f8e-0851721abea6 => generated 843 bytes in 29 msecs (HTTP/1.1 200) 7 headers in 285 bytes (1 switches on core 0)
Jul 12 15:22:59.722928 np0000005093 devstack@c-api.service[96940]: DEBUG cinder.api.middleware.request_id [None req-fda43c53-725d-405a-8fad-8c7a196d1fc3 None None] RequestId filter calling following filter/app {{(pid=96940) _context_setter /opt/stack/cinder/cinder/api/middleware/request_id.py:62}}
Jul 12 15:22:59.723782 np0000005093 devstack@c-api.service[96940]: INFO cinder.api.openstack.wsgi [None req-fda43c53-725d-405a-8fad-8c7a196d1fc3 None None] GET https://10.4.3.46/volume//
Jul 12 15:22:59.724878 np0000005093 devstack@c-api.service[96940]: DEBUG cinder.api.openstack.wsgi [None req-fda43c53-725d-405a-8fad-8c7a196d1fc3 None None] Empty body provided in request {{(pid=96940) get_body /opt/stack/cinder/cinder/api/openstack/wsgi.py:725}}
Jul 12 15:22:59.724878 np0000005093 devstack@c-api.service[96940]: DEBUG cinder.api.openstack.wsgi [None req-fda43c53-725d-405a-8fad-8c7a196d1fc3 None None] Calling method 'all' {{(pid=96940) _process_stack /opt/stack/cinder/cinder/api/openstack/wsgi.py:878}}
Jul 12 15:22:59.724878 np0000005093 devstack@c-api.service[96940]: INFO cinder.api.openstack.wsgi [None req-fda43c53-725d-405a-8fad-8c7a196d1fc3 None None] https://10.4.3.46/volume// returned with HTTP 300
Jul 12 15:22:59.725482 np0000005093 devstack@c-api.service[96940]: [pid: 96940|app: 0|req: 80/241] 10.4.3.46 () {66 vars in 1421 bytes} [Sun Jul 12 15:22:59 2026] GET /volume/ => generated 385 bytes in 3 msecs (HTTP/1.1 300) 7 headers in 299 bytes (2 switches on core 0)
Jul 12 15:22:59.738623 np0000005093 devstack@c-api.service[96942]: DEBUG cinder.api.middleware.request_id [None req-215a2007-2781-4804-96f3-9efb799653b7 None None] RequestId filter calling following filter/app {{(pid=96942) _context_setter /opt/stack/cinder/cinder/api/middleware/request_id.py:62}}
Jul 12 15:22:59.738623 np0000005093 devstack@c-api.service[96942]: INFO cinder.api.openstack.wsgi [None req-215a2007-2781-4804-96f3-9efb799653b7 None None] GET https://10.4.3.46/volume//
Jul 12 15:22:59.738869 np0000005093 devstack@c-api.service[96942]: DEBUG cinder.api.openstack.wsgi [None req-215a2007-2781-4804-96f3-9efb799653b7 None None] Empty body provided in request {{(pid=96942) get_body /opt/stack/cinder/cinder/api/openstack/wsgi.py:725}}
Jul 12 15:22:59.739108 np0000005093 devstack@c-api.service[96942]: DEBUG cinder.api.openstack.wsgi [None req-215a2007-2781-4804-96f3-9efb799653b7 None None] Calling method 'all' {{(pid=96942) _process_stack /opt/stack/cinder/cinder/api/openstack/wsgi.py:878}}
Jul 12 15:22:59.739620 np0000005093 devstack@c-api.service[96942]: INFO cinder.api.openstack.wsgi [None req-215a2007-2781-4804-96f3-9efb799653b7 None None] https://10.4.3.46/volume// returned with HTTP 300
Jul 12 15:22:59.739979 np0000005093 devstack@c-api.service[96942]: [pid: 96942|app: 0|req: 79/242] 10.4.3.46 () {66 vars in 1421 bytes} [Sun Jul 12 15:22:59 2026] GET /volume/ => generated 385 bytes in 3 msecs (HTTP/1.1 300) 7 headers in 299 bytes (1 switches on core 0)
Jul 12 15:22:59.747450 np0000005093 devstack@c-api.service[96941]: DEBUG cinder.api.middleware.request_id [req-53dd2c0f-fcc3-489d-9db6-a06c74cc545a req-c4af83b6-b704-4983-b130-a7a10840947f None None] RequestId filter calling following filter/app {{(pid=96941) _context_setter /opt/stack/cinder/cinder/api/middleware/request_id.py:62}}
Jul 12 15:22:59.749125 np0000005093 devstack@c-api.service[96941]: INFO cinder.api.openstack.wsgi [req-53dd2c0f-fcc3-489d-9db6-a06c74cc545a req-c4af83b6-b704-4983-b130-a7a10840947f tempest-TaggedAttachmentsTest-1245040721 tempest-TaggedAttachmentsTest-1245040721-project-member] POST https://10.4.3.46/volume/v3/attachments
Jul 12 15:22:59.749529 np0000005093 devstack@c-api.service[96941]: DEBUG cinder.api.openstack.wsgi [req-53dd2c0f-fcc3-489d-9db6-a06c74cc545a req-c4af83b6-b704-4983-b130-a7a10840947f tempest-TaggedAttachmentsTest-1245040721 tempest-TaggedAttachmentsTest-1245040721-project-member] Action: 'create', calling method: version_select, body: {"attachment": {"volume_uuid": "dfa1b684-710b-4c3a-9f8e-0851721abea6", "connector": null, "instance_uuid": "718b98ed-b14b-4d4d-8020-a63173818e52"}} {{(pid=96941) _process_stack /opt/stack/cinder/cinder/api/openstack/wsgi.py:876}}
Jul 12 15:22:59.759186 np0000005093 devstack@c-api.service[96941]: /opt/stack/data/venv/lib/python3.12/site-packages/oslo_context/context.py:102: DeprecationWarning: Policy enforcement is depending on the value of is_admin. This key is deprecated. Please update your policy file to use the standard policy values.
Jul 12 15:22:59.759186 np0000005093 devstack@c-api.service[96941]: warnings.warn(
Jul 12 15:22:59.767018 np0000005093 devstack@c-api.service[96940]: DEBUG cinder.api.middleware.request_id [req-b4ef944a-6558-4bb6-8906-20b79f262b66 req-a252135f-e8dd-4585-ab1f-79774b0b01e8 None None] RequestId filter calling following filter/app {{(pid=96940) _context_setter /opt/stack/cinder/cinder/api/middleware/request_id.py:62}}
Jul 12 15:22:59.817192 np0000005093 devstack@c-api.service[96941]: INFO cinder.api.openstack.wsgi [req-53dd2c0f-fcc3-489d-9db6-a06c74cc545a req-c4af83b6-b704-4983-b130-a7a10840947f tempest-TaggedAttachmentsTest-1245040721 tempest-TaggedAttachmentsTest-1245040721-project-member] https://10.4.3.46/volume/v3/attachments returned with HTTP 200
Jul 12 15:22:59.820472 np0000005093 devstack@c-api.service[96941]: [pid: 96941|app: 0|req: 84/243] 10.4.3.46 () {74 vars in 1587 bytes} [Sun Jul 12 15:22:59 2026] POST /volume/v3/attachments => generated 273 bytes in 71 msecs (HTTP/1.1 200) 7 headers in 286 bytes (1 switches on core 0)
Jul 12 15:22:59.920976 np0000005093 devstack@c-api.service[96942]: DEBUG cinder.api.middleware.request_id [None req-82ac01e9-1476-48b6-abbd-d832daedbceb None None] RequestId filter calling following filter/app {{(pid=96942) _context_setter /opt/stack/cinder/cinder/api/middleware/request_id.py:62}}
Jul 12 15:22:59.923467 np0000005093 devstack@c-api.service[96942]: INFO cinder.api.openstack.wsgi [None req-82ac01e9-1476-48b6-abbd-d832daedbceb tempest-TaggedAttachmentsTest-1245040721 tempest-TaggedAttachmentsTest-1245040721-project-member] GET https://10.4.3.46/volume/v3/volumes/dfa1b684-710b-4c3a-9f8e-0851721abea6
Jul 12 15:22:59.923744 np0000005093 devstack@c-api.service[96942]: DEBUG cinder.api.openstack.wsgi [None req-82ac01e9-1476-48b6-abbd-d832daedbceb tempest-TaggedAttachmentsTest-1245040721 tempest-TaggedAttachmentsTest-1245040721-project-member] Empty body provided in request {{(pid=96942) get_body /opt/stack/cinder/cinder/api/openstack/wsgi.py:725}}
Jul 12 15:22:59.925175 np0000005093 devstack@c-api.service[96942]: DEBUG cinder.api.openstack.wsgi [None req-82ac01e9-1476-48b6-abbd-d832daedbceb tempest-TaggedAttachmentsTest-1245040721 tempest-TaggedAttachmentsTest-1245040721-project-member] Calling method 'show' {{(pid=96942) _process_stack /opt/stack/cinder/cinder/api/openstack/wsgi.py:878}}
Jul 12 15:22:59.935728 np0000005093 devstack@c-api.service[96941]: DEBUG cinder.api.middleware.request_id [None req-ccc19f46-4ae6-4ef8-85c7-b2cba436d88a None None] RequestId filter calling following filter/app {{(pid=96941) _context_setter /opt/stack/cinder/cinder/api/middleware/request_id.py:62}}
Jul 12 15:22:59.936334 np0000005093 devstack@c-api.service[96941]: INFO cinder.api.openstack.wsgi [None req-ccc19f46-4ae6-4ef8-85c7-b2cba436d88a None None] GET https://10.4.3.46/volume//
Jul 12 15:22:59.936636 np0000005093 devstack@c-api.service[96941]: DEBUG cinder.api.openstack.wsgi [None req-ccc19f46-4ae6-4ef8-85c7-b2cba436d88a None None] Empty body provided in request {{(pid=96941) get_body /opt/stack/cinder/cinder/api/openstack/wsgi.py:725}}
Jul 12 15:22:59.937237 np0000005093 devstack@c-api.service[96941]: DEBUG cinder.api.openstack.wsgi [None req-ccc19f46-4ae6-4ef8-85c7-b2cba436d88a None None] Calling method 'all' {{(pid=96941) _process_stack /opt/stack/cinder/cinder/api/openstack/wsgi.py:878}}
Jul 12 15:22:59.937405 np0000005093 devstack@c-api.service[96941]: INFO cinder.api.openstack.wsgi [None req-ccc19f46-4ae6-4ef8-85c7-b2cba436d88a None None] https://10.4.3.46/volume// returned with HTTP 300
Jul 12 15:22:59.938016 np0000005093 devstack@c-api.service[96941]: [pid: 96941|app: 0|req: 85/244] 10.4.3.46 () {66 vars in 1419 bytes} [Sun Jul 12 15:22:59 2026] GET /volume/ => generated 385 bytes in 3 msecs (HTTP/1.1 300) 7 headers in 299 bytes (1 switches on core 0)
Jul 12 15:22:59.940312 np0000005093 devstack@c-api.service[96942]: /opt/stack/data/venv/lib/python3.12/site-packages/oslo_context/context.py:102: DeprecationWarning: Policy enforcement is depending on the value of is_admin. This key is deprecated. Please update your policy file to use the standard policy values.
Jul 12 15:22:59.940312 np0000005093 devstack@c-api.service[96942]: warnings.warn(
