Jul 12 15:24:51.505484 np0000005093 devstack@g-api.service[99657]: DEBUG glance.api.middleware.version_negotiation [None req-69a3bdca-64b2-4881-8497-6cba8e640857 tempest-VolumesExtendAttachedTest-1868440711 tempest-VolumesExtendAttachedTest-1868440711-project-member] new path /v2/images/a87e86b6-ac13-4a6d-a33d-d66b15172888 {{(pid=99657) process_request /opt/stack/glance/glance/api/middleware/version_negotiation.py:70}}
Jul 12 15:24:51.518330 np0000005093 devstack@g-api.service[99656]: [pid: 99656|app: 0|req: 53/156] 127.0.0.1 () {46 vars in 1051 bytes} [Sun Jul 12 15:24:50 2026] POST /v2/images => generated 1357 bytes in 850 msecs (HTTP/1.1 201) 6 headers in 316 bytes (1 switches on core 0)
Jul 12 15:24:51.531334 np0000005093 devstack@g-api.service[99657]: [pid: 99657|app: 0|req: 55/157] 127.0.0.1 () {44 vars in 1111 bytes} [Sun Jul 12 15:24:51 2026] GET /v2/images/a87e86b6-ac13-4a6d-a33d-d66b15172888 => generated 1044 bytes in 27 msecs (HTTP/1.1 200) 4 headers in 158 bytes (1 switches on core 0)
Jul 12 15:24:51.568481 np0000005093 devstack@g-api.service[99658]: DEBUG glance.api.middleware.version_negotiation [None req-d968f352-66fc-411e-9423-f77102ea3c0b tempest-ServerBootFromVolumeStableRescueTest-366469759 tempest-ServerBootFromVolumeStableRescueTest-366469759-project-member] Determining version of request: GET /v2/schemas/image Accept: */* {{(pid=99658) process_request /opt/stack/glance/glance/api/middleware/version_negotiation.py:44}}
Jul 12 15:24:51.568926 np0000005093 devstack@g-api.service[99658]: DEBUG glance.api.middleware.version_negotiation [None req-d968f352-66fc-411e-9423-f77102ea3c0b tempest-ServerBootFromVolumeStableRescueTest-366469759 tempest-ServerBootFromVolumeStableRescueTest-366469759-project-member] Using url versioning {{(pid=99658) process_request /opt/stack/glance/glance/api/middleware/version_negotiation.py:57}}
Jul 12 15:24:51.568926 np0000005093 devstack@g-api.service[99658]: DEBUG glance.api.middleware.version_negotiation [None req-d968f352-66fc-411e-9423-f77102ea3c0b tempest-ServerBootFromVolumeStableRescueTest-366469759 tempest-ServerBootFromVolumeStableRescueTest-366469759-project-member] Matched version: v2 {{(pid=99658) process_request /opt/stack/glance/glance/api/middleware/version_negotiation.py:69}}
Jul 12 15:24:51.569029 np0000005093 devstack@g-api.service[99658]: DEBUG glance.api.middleware.version_negotiation [None req-d968f352-66fc-411e-9423-f77102ea3c0b tempest-ServerBootFromVolumeStableRescueTest-366469759 tempest-ServerBootFromVolumeStableRescueTest-366469759-project-member] new path /v2/schemas/image {{(pid=99658) process_request /opt/stack/glance/glance/api/middleware/version_negotiation.py:70}}
Jul 12 15:24:51.573416 np0000005093 devstack@g-api.service[99658]: [pid: 99658|app: 0|req: 50/158] 127.0.0.1 () {44 vars in 1051 bytes} [Sun Jul 12 15:24:51 2026] GET /v2/schemas/image => generated 6083 bytes in 5 msecs (HTTP/1.1 200) 4 headers in 158 bytes (1 switches on core 0)
Jul 12 15:24:51.613263 np0000005093 devstack@g-api.service[99656]: DEBUG glance.api.middleware.version_negotiation [None req-d968f352-66fc-411e-9423-f77102ea3c0b tempest-ServerBootFromVolumeStableRescueTest-366469759 tempest-ServerBootFromVolumeStableRescueTest-366469759-project-member] Determining version of request: GET /v2/images/7f78ee93-9d9e-4b26-a300-3836f61a58cc Accept: application/json {{(pid=99656) process_request /opt/stack/glance/glance/api/middleware/version_negotiation.py:44}}
Jul 12 15:24:51.614007 np0000005093 devstack@g-api.service[99656]: DEBUG glance.api.middleware.version_negotiation [None req-d968f352-66fc-411e-9423-f77102ea3c0b tempest-ServerBootFromVolumeStableRescueTest-366469759 tempest-ServerBootFromVolumeStableRescueTest-366469759-project-member] Using url versioning {{(pid=99656) process_request /opt/stack/glance/glance/api/middleware/version_negotiation.py:57}}
Jul 12 15:24:51.614291 np0000005093 devstack@g-api.service[99656]: DEBUG glance.api.middleware.version_negotiation [None req-d968f352-66fc-411e-9423-f77102ea3c0b tempest-ServerBootFromVolumeStableRescueTest-366469759 tempest-ServerBootFromVolumeStableRescueTest-366469759-project-member] Matched version: v2 {{(pid=99656) process_request /opt/stack/glance/glance/api/middleware/version_negotiation.py:69}}
Jul 12 15:24:51.614546 np0000005093 devstack@g-api.service[99656]: DEBUG glance.api.middleware.version_negotiation [None req-d968f352-66fc-411e-9423-f77102ea3c0b tempest-ServerBootFromVolumeStableRescueTest-366469759 tempest-ServerBootFromVolumeStableRescueTest-366469759-project-member] new path /v2/images/7f78ee93-9d9e-4b26-a300-3836f61a58cc {{(pid=99656) process_request /opt/stack/glance/glance/api/middleware/version_negotiation.py:70}}
Jul 12 15:24:51.628744 np0000005093 devstack@g-api.service[99656]: [pid: 99656|app: 0|req: 54/159] 127.0.0.1 () {40 vars in 834 bytes} [Sun Jul 12 15:24:51 2026] GET /v2/images/7f78ee93-9d9e-4b26-a300-3836f61a58cc => generated 1357 bytes in 16 msecs (HTTP/1.1 200) 4 headers in 158 bytes (1 switches on core 0)
Jul 12 15:24:51.837363 np0000005093 devstack@g-api.service[99657]: DEBUG glance.api.middleware.version_negotiation [None req-c99e5bbb-799b-4b64-8db7-9f18e38f9378 tempest-ServerRescueNegativeTestJSON-522312777 tempest-ServerRescueNegativeTestJSON-522312777-project-member] Determining version of request: GET /v2/images/7f78ee93-9d9e-4b26-a300-3836f61a58cc Accept: */* {{(pid=99657) process_request /opt/stack/glance/glance/api/middleware/version_negotiation.py:44}}
Jul 12 15:24:51.837363 np0000005093 devstack@g-api.service[99657]: DEBUG glance.api.middleware.version_negotiation [None req-c99e5bbb-799b-4b64-8db7-9f18e38f9378 tempest-ServerRescueNegativeTestJSON-522312777 tempest-ServerRescueNegativeTestJSON-522312777-project-member] Using url versioning {{(pid=99657) process_request /opt/stack/glance/glance/api/middleware/version_negotiation.py:57}}
Jul 12 15:24:51.837363 np0000005093 devstack@g-api.service[99657]: DEBUG glance.api.middleware.version_negotiation [None req-c99e5bbb-799b-4b64-8db7-9f18e38f9378 tempest-ServerRescueNegativeTestJSON-522312777 tempest-ServerRescueNegativeTestJSON-522312777-project-member] Matched version: v2 {{(pid=99657) process_request /opt/stack/glance/glance/api/middleware/version_negotiation.py:69}}
Jul 12 15:24:51.837653 np0000005093 devstack@g-api.service[99657]: DEBUG glance.api.middleware.version_negotiation [None req-c99e5bbb-799b-4b64-8db7-9f18e38f9378 tempest-ServerRescueNegativeTestJSON-522312777 tempest-ServerRescueNegativeTestJSON-522312777-project-member] new path /v2/images/7f78ee93-9d9e-4b26-a300-3836f61a58cc {{(pid=99657) process_request /opt/stack/glance/glance/api/middleware/version_negotiation.py:70}}
Jul 12 15:24:51.857120 np0000005093 devstack@g-api.service[99657]: [pid: 99657|app: 0|req: 56/160] 127.0.0.1 () {44 vars in 1111 bytes} [Sun Jul 12 15:24:51 2026] GET /v2/images/7f78ee93-9d9e-4b26-a300-3836f61a58cc => generated 1357 bytes in 20 msecs (HTTP/1.1 200) 4 headers in 158 bytes (1 switches on core 0)
Jul 12 15:24:51.903586 np0000005093 devstack@g-api.service[99658]: DEBUG glance.api.middleware.version_negotiation [None req-c99e5bbb-799b-4b64-8db7-9f18e38f9378 tempest-ServerRescueNegativeTestJSON-522312777 tempest-ServerRescueNegativeTestJSON-522312777-project-member] Determining version of request: GET /v2/schemas/image Accept: */* {{(pid=99658) process_request /opt/stack/glance/glance/api/middleware/version_negotiation.py:44}}
Jul 12 15:24:51.903586 np0000005093 devstack@g-api.service[99658]: DEBUG glance.api.middleware.version_negotiation [None req-c99e5bbb-799b-4b64-8db7-9f18e38f9378 tempest-ServerRescueNegativeTestJSON-522312777 tempest-ServerRescueNegativeTestJSON-522312777-project-member] Using url versioning {{(pid=99658) process_request /opt/stack/glance/glance/api/middleware/version_negotiation.py:57}}
Jul 12 15:24:51.904050 np0000005093 devstack@g-api.service[99658]: DEBUG glance.api.middleware.version_negotiation [None req-c99e5bbb-799b-4b64-8db7-9f18e38f9378 tempest-ServerRescueNegativeTestJSON-522312777 tempest-ServerRescueNegativeTestJSON-522312777-project-member] Matched version: v2 {{(pid=99658) process_request /opt/stack/glance/glance/api/middleware/version_negotiation.py:69}}
Jul 12 15:24:51.904255 np0000005093 devstack@g-api.service[99658]: DEBUG glance.api.middleware.version_negotiation [None req-c99e5bbb-799b-4b64-8db7-9f18e38f9378 tempest-ServerRescueNegativeTestJSON-522312777 tempest-ServerRescueNegativeTestJSON-522312777-project-member] new path /v2/schemas/image {{(pid=99658) process_request /opt/stack/glance/glance/api/middleware/version_negotiation.py:70}}
Jul 12 15:24:51.911291 np0000005093 devstack@g-api.service[99658]: [pid: 99658|app: 0|req: 51/161] 127.0.0.1 () {44 vars in 1051 bytes} [Sun Jul 12 15:24:51 2026] GET /v2/schemas/image => generated 6083 bytes in 9 msecs (HTTP/1.1 200) 4 headers in 158 bytes (1 switches on core 0)
Jul 12 15:24:52.638229 np0000005093 devstack@g-api.service[99656]: DEBUG glance.api.middleware.version_negotiation [None req-c66b7af2-8e12-47e5-9114-b2a7ea76eb2e tempest-ServerBootFromVolumeStableRescueTest-366469759 tempest-ServerBootFromVolumeStableRescueTest-366469759-project-member] Determining version of request: GET /v2/images/7f78ee93-9d9e-4b26-a300-3836f61a58cc Accept: application/json {{(pid=99656) process_request /opt/stack/glance/glance/api/middleware/version_negotiation.py:44}}
Jul 12 15:24:52.638819 np0000005093 devstack@g-api.service[99656]: DEBUG glance.api.middleware.version_negotiation [None req-c66b7af2-8e12-47e5-9114-b2a7ea76eb2e tempest-ServerBootFromVolumeStableRescueTest-366469759 tempest-ServerBootFromVolumeStableRescueTest-366469759-project-member] Using url versioning {{(pid=99656) process_request /opt/stack/glance/glance/api/middleware/version_negotiation.py:57}}
Jul 12 15:24:52.638819 np0000005093 devstack@g-api.service[99656]: DEBUG glance.api.middleware.version_negotiation [None req-c66b7af2-8e12-47e5-9114-b2a7ea76eb2e tempest-ServerBootFromVolumeStableRescueTest-366469759 tempest-ServerBootFromVolumeStableRescueTest-366469759-project-member] Matched version: v2 {{(pid=99656) process_request /opt/stack/glance/glance/api/middleware/version_negotiation.py:69}}
Jul 12 15:24:52.638819 np0000005093 devstack@g-api.service[99656]: DEBUG glance.api.middleware.version_negotiation [None req-c66b7af2-8e12-47e5-9114-b2a7ea76eb2e tempest-ServerBootFromVolumeStableRescueTest-366469759 tempest-ServerBootFromVolumeStableRescueTest-366469759-project-member] new path /v2/images/7f78ee93-9d9e-4b26-a300-3836f61a58cc {{(pid=99656) process_request /opt/stack/glance/glance/api/middleware/version_negotiation.py:70}}
Jul 12 15:24:52.657110 np0000005093 devstack@g-api.service[99656]: [pid: 99656|app: 0|req: 55/162] 127.0.0.1 () {40 vars in 834 bytes} [Sun Jul 12 15:24:52 2026] GET /v2/images/7f78ee93-9d9e-4b26-a300-3836f61a58cc => generated 1357 bytes in 19 msecs (HTTP/1.1 200) 4 headers in 158 bytes (1 switches on core 0)
Jul 12 15:24:53.212669 np0000005093 devstack@g-api.service[99657]: DEBUG glance.api.middleware.version_negotiation [None req-d968f352-66fc-411e-9423-f77102ea3c0b tempest-ServerBootFromVolumeStableRescueTest-366469759 tempest-ServerBootFromVolumeStableRescueTest-366469759-project-member] Determining version of request: GET /v2/images/7f78ee93-9d9e-4b26-a300-3836f61a58cc Accept: */* {{(pid=99657) process_request /opt/stack/glance/glance/api/middleware/version_negotiation.py:44}}
Jul 12 15:24:53.214029 np0000005093 devstack@g-api.service[99657]: DEBUG glance.api.middleware.version_negotiation [None req-d968f352-66fc-411e-9423-f77102ea3c0b tempest-ServerBootFromVolumeStableRescueTest-366469759 tempest-ServerBootFromVolumeStableRescueTest-366469759-project-member] Using url versioning {{(pid=99657) process_request /opt/stack/glance/glance/api/middleware/version_negotiation.py:57}}
Jul 12 15:24:53.214029 np0000005093 devstack@g-api.service[99657]: DEBUG glance.api.middleware.version_negotiation [None req-d968f352-66fc-411e-9423-f77102ea3c0b tempest-ServerBootFromVolumeStableRescueTest-366469759 tempest-ServerBootFromVolumeStableRescueTest-366469759-project-member] Matched version: v2 {{(pid=99657) process_request /opt/stack/glance/glance/api/middleware/version_negotiation.py:69}}
Jul 12 15:24:53.214029 np0000005093 devstack@g-api.service[99657]: DEBUG glance.api.middleware.version_negotiation [None req-d968f352-66fc-411e-9423-f77102ea3c0b tempest-ServerBootFromVolumeStableRescueTest-366469759 tempest-ServerBootFromVolumeStableRescueTest-366469759-project-member] new path /v2/images/7f78ee93-9d9e-4b26-a300-3836f61a58cc {{(pid=99657) process_request /opt/stack/glance/glance/api/middleware/version_negotiation.py:70}}
Jul 12 15:24:53.250322 np0000005093 devstack@g-api.service[99657]: [pid: 99657|app: 0|req: 57/163] 127.0.0.1 () {44 vars in 1111 bytes} [Sun Jul 12 15:24:53 2026] GET /v2/images/7f78ee93-9d9e-4b26-a300-3836f61a58cc => generated 1357 bytes in 38 msecs (HTTP/1.1 200) 4 headers in 158 bytes (1 switches on core 0)
Jul 12 15:24:53.300322 np0000005093 devstack@g-api.service[99658]: DEBUG glance.api.middleware.version_negotiation [None req-d968f352-66fc-411e-9423-f77102ea3c0b tempest-ServerBootFromVolumeStableRescueTest-366469759 tempest-ServerBootFromVolumeStableRescueTest-366469759-project-member] Determining version of request: GET /v2/schemas/image Accept: */* {{(pid=99658) process_request /opt/stack/glance/glance/api/middleware/version_negotiation.py:44}}
Jul 12 15:24:53.300322 np0000005093 devstack@g-api.service[99658]: DEBUG glance.api.middleware.version_negotiation [None req-d968f352-66fc-411e-9423-f77102ea3c0b tempest-ServerBootFromVolumeStableRescueTest-366469759 tempest-ServerBootFromVolumeStableRescueTest-366469759-project-member] Using url versioning {{(pid=99658) process_request /opt/stack/glance/glance/api/middleware/version_negotiation.py:57}}
Jul 12 15:24:53.303614 np0000005093 devstack@g-api.service[99658]: DEBUG glance.api.middleware.version_negotiation [None req-d968f352-66fc-411e-9423-f77102ea3c0b tempest-ServerBootFromVolumeStableRescueTest-366469759 tempest-ServerBootFromVolumeStableRescueTest-366469759-project-member] Matched version: v2 {{(pid=99658) process_request /opt/stack/glance/glance/api/middleware/version_negotiation.py:69}}
Jul 12 15:24:53.303834 np0000005093 devstack@g-api.service[99658]: DEBUG glance.api.middleware.version_negotiation [None req-d968f352-66fc-411e-9423-f77102ea3c0b tempest-ServerBootFromVolumeStableRescueTest-366469759 tempest-ServerBootFromVolumeStableRescueTest-366469759-project-member] new path /v2/schemas/image {{(pid=99658) process_request /opt/stack/glance/glance/api/middleware/version_negotiation.py:70}}
Jul 12 15:24:53.310187 np0000005093 devstack@g-api.service[99658]: [pid: 99658|app: 0|req: 52/164] 127.0.0.1 () {44 vars in 1051 bytes} [Sun Jul 12 15:24:53 2026] GET /v2/schemas/image => generated 6083 bytes in 11 msecs (HTTP/1.1 200) 4 headers in 158 bytes (1 switches on core 0)
Jul 12 15:24:53.368273 np0000005093 devstack@g-api.service[99656]: DEBUG glance.api.middleware.version_negotiation [None req-0ce10a47-4c06-4769-8f66-29fe4402e3c3 tempest-ServerBootFromVolumeStableRescueTest-366469759 tempest-ServerBootFromVolumeStableRescueTest-366469759-project-member] Determining version of request: GET /v2/schemas/image Accept: */* {{(pid=99656) process_request /opt/stack/glance/glance/api/middleware/version_negotiation.py:44}}
Jul 12 15:24:53.369221 np0000005093 devstack@g-api.service[99656]: DEBUG glance.api.middleware.version_negotiation [None req-0ce10a47-4c06-4769-8f66-29fe4402e3c3 tempest-ServerBootFromVolumeStableRescueTest-366469759 tempest-ServerBootFromVolumeStableRescueTest-366469759-project-member] Using url versioning {{(pid=99656) process_request /opt/stack/glance/glance/api/middleware/version_negotiation.py:57}}
Jul 12 15:24:53.369650 np0000005093 devstack@g-api.service[99656]: DEBUG glance.api.middleware.version_negotiation [None req-0ce10a47-4c06-4769-8f66-29fe4402e3c3 tempest-ServerBootFromVolumeStableRescueTest-366469759 tempest-ServerBootFromVolumeStableRescueTest-366469759-project-member] Matched version: v2 {{(pid=99656) process_request /opt/stack/glance/glance/api/middleware/version_negotiation.py:69}}
Jul 12 15:24:53.370474 np0000005093 devstack@g-api.service[99656]: DEBUG glance.api.middleware.version_negotiation [None req-0ce10a47-4c06-4769-8f66-29fe4402e3c3 tempest-ServerBootFromVolumeStableRescueTest-366469759 tempest-ServerBootFromVolumeStableRescueTest-366469759-project-member] new path /v2/schemas/image {{(pid=99656) process_request /opt/stack/glance/glance/api/middleware/version_negotiation.py:70}}
Jul 12 15:24:53.374441 np0000005093 devstack@g-api.service[99656]: [pid: 99656|app: 0|req: 56/165] 127.0.0.1 () {44 vars in 1051 bytes} [Sun Jul 12 15:24:53 2026] GET /v2/schemas/image => generated 6083 bytes in 6 msecs (HTTP/1.1 200) 4 headers in 158 bytes (1 switches on core 0)
Jul 12 15:24:53.432098 np0000005093 devstack@g-api.service[99657]: DEBUG glance.api.middleware.version_negotiation [None req-d968f352-66fc-411e-9423-f77102ea3c0b tempest-ServerBootFromVolumeStableRescueTest-366469759 tempest-ServerBootFromVolumeStableRescueTest-366469759-project-member] Determining version of request: PATCH /v2/images/7f78ee93-9d9e-4b26-a300-3836f61a58cc Accept: */* {{(pid=99657) process_request /opt/stack/glance/glance/api/middleware/version_negotiation.py:44}}
Jul 12 15:24:53.432328 np0000005093 devstack@g-api.service[99657]: DEBUG glance.api.middleware.version_negotiation [None req-d968f352-66fc-411e-9423-f77102ea3c0b tempest-ServerBootFromVolumeStableRescueTest-366469759 tempest-ServerBootFromVolumeStableRescueTest-366469759-project-member] Using url versioning {{(pid=99657) process_request /opt/stack/glance/glance/api/middleware/version_negotiation.py:57}}
Jul 12 15:24:53.432558 np0000005093 devstack@g-api.service[99657]: DEBUG glance.api.middleware.version_negotiation [None req-d968f352-66fc-411e-9423-f77102ea3c0b tempest-ServerBootFromVolumeStableRescueTest-366469759 tempest-ServerBootFromVolumeStableRescueTest-366469759-project-member] Matched version: v2 {{(pid=99657) process_request /opt/stack/glance/glance/api/middleware/version_negotiation.py:69}}
Jul 12 15:24:53.432698 np0000005093 devstack@g-api.service[99657]: DEBUG glance.api.middleware.version_negotiation [None req-d968f352-66fc-411e-9423-f77102ea3c0b tempest-ServerBootFromVolumeStableRescueTest-366469759 tempest-ServerBootFromVolumeStableRescueTest-366469759-project-member] new path /v2/images/7f78ee93-9d9e-4b26-a300-3836f61a58cc {{(pid=99657) process_request /opt/stack/glance/glance/api/middleware/version_negotiation.py:70}}
Jul 12 15:24:53.621176 np0000005093 devstack@g-api.service[99657]: [pid: 99657|app: 0|req: 58/166] 127.0.0.1 () {46 vars in 1154 bytes} [Sun Jul 12 15:24:53 2026] PATCH /v2/images/7f78ee93-9d9e-4b26-a300-3836f61a58cc => generated 1468 bytes in 189 msecs (HTTP/1.1 200) 4 headers in 158 bytes (1 switches on core 0)
Jul 12 15:24:53.669835 np0000005093 devstack@g-api.service[99658]: DEBUG glance.api.middleware.version_negotiation [None req-d968f352-66fc-411e-9423-f77102ea3c0b tempest-ServerBootFromVolumeStableRescueTest-366469759 tempest-ServerBootFromVolumeStableRescueTest-366469759-project-member] Determining version of request: GET /v2/images/7f78ee93-9d9e-4b26-a300-3836f61a58cc Accept: application/json {{(pid=99658) process_request /opt/stack/glance/glance/api/middleware/version_negotiation.py:44}}
Jul 12 15:24:53.670062 np0000005093 devstack@g-api.service[99658]: DEBUG glance.api.middleware.version_negotiation [None req-d968f352-66fc-411e-9423-f77102ea3c0b tempest-ServerBootFromVolumeStableRescueTest-366469759 tempest-ServerBootFromVolumeStableRescueTest-366469759-project-member] Using url versioning {{(pid=99658) process_request /opt/stack/glance/glance/api/middleware/version_negotiation.py:57}}
Jul 12 15:24:53.670117 np0000005093 devstack@g-api.service[99658]: DEBUG glance.api.middleware.version_negotiation [None req-d968f352-66fc-411e-9423-f77102ea3c0b tempest-ServerBootFromVolumeStableRescueTest-366469759 tempest-ServerBootFromVolumeStableRescueTest-366469759-project-member] Matched version: v2 {{(pid=99658) process_request /opt/stack/glance/glance/api/middleware/version_negotiation.py:69}}
Jul 12 15:24:53.670225 np0000005093 devstack@g-api.service[99658]: DEBUG glance.api.middleware.version_negotiation [None req-d968f352-66fc-411e-9423-f77102ea3c0b tempest-ServerBootFromVolumeStableRescueTest-366469759 tempest-ServerBootFromVolumeStableRescueTest-366469759-project-member] new path /v2/images/7f78ee93-9d9e-4b26-a300-3836f61a58cc {{(pid=99658) process_request /opt/stack/glance/glance/api/middleware/version_negotiation.py:70}}
Jul 12 15:24:53.678099 np0000005093 devstack@g-api.service[99656]: DEBUG glance.api.middleware.version_negotiation [None req-d968f352-66fc-411e-9423-f77102ea3c0b tempest-ServerBootFromVolumeStableRescueTest-366469759 tempest-ServerBootFromVolumeStableRescueTest-366469759-project-member] Determining version of request: GET /v2/images/7f78ee93-9d9e-4b26-a300-3836f61a58cc Accept: */* {{(pid=99656) process_request /opt/stack/glance/glance/api/middleware/version_negotiation.py:44}}
Jul 12 15:24:53.678099 np0000005093 devstack@g-api.service[99656]: DEBUG glance.api.middleware.version_negotiation [None req-d968f352-66fc-411e-9423-f77102ea3c0b tempest-ServerBootFromVolumeStableRescueTest-366469759 tempest-ServerBootFromVolumeStableRescueTest-366469759-project-member] Using url versioning {{(pid=99656) process_request /opt/stack/glance/glance/api/middleware/version_negotiation.py:57}}
Jul 12 15:24:53.678857 np0000005093 devstack@g-api.service[99656]: DEBUG glance.api.middleware.version_negotiation [None req-d968f352-66fc-411e-9423-f77102ea3c0b tempest-ServerBootFromVolumeStableRescueTest-366469759 tempest-ServerBootFromVolumeStableRescueTest-366469759-project-member] Matched version: v2 {{(pid=99656) process_request /opt/stack/glance/glance/api/middleware/version_negotiation.py:69}}
Jul 12 15:24:53.678857 np0000005093 devstack@g-api.service[99656]: DEBUG glance.api.middleware.version_negotiation [None req-d968f352-66fc-411e-9423-f77102ea3c0b tempest-ServerBootFromVolumeStableRescueTest-366469759 tempest-ServerBootFromVolumeStableRescueTest-366469759-project-member] new path /v2/images/7f78ee93-9d9e-4b26-a300-3836f61a58cc {{(pid=99656) process_request /opt/stack/glance/glance/api/middleware/version_negotiation.py:70}}
Jul 12 15:24:53.691989 np0000005093 devstack@g-api.service[99658]: [pid: 99658|app: 0|req: 53/167] 127.0.0.1 () {40 vars in 834 bytes} [Sun Jul 12 15:24:53 2026] GET /v2/images/7f78ee93-9d9e-4b26-a300-3836f61a58cc => generated 1468 bytes in 22 msecs (HTTP/1.1 200) 4 headers in 158 bytes (1 switches on core 0)
Jul 12 15:24:53.701919 np0000005093 devstack@g-api.service[99656]: [pid: 99656|app: 0|req: 57/168] 127.0.0.1 () {44 vars in 1111 bytes} [Sun Jul 12 15:24:53 2026] GET /v2/images/7f78ee93-9d9e-4b26-a300-3836f61a58cc => generated 1468 bytes in 24 msecs (HTTP/1.1 200) 4 headers in 158 bytes (1 switches on core 0)
Jul 12 15:24:53.757691 np0000005093 devstack@g-api.service[99657]: DEBUG glance.api.middleware.version_negotiation [None req-d968f352-66fc-411e-9423-f77102ea3c0b tempest-ServerBootFromVolumeStableRescueTest-366469759 tempest-ServerBootFromVolumeStableRescueTest-366469759-project-member] Determining version of request: PUT /v2/images/7f78ee93-9d9e-4b26-a300-3836f61a58cc/file Accept: */* {{(pid=99657) process_request /opt/stack/glance/glance/api/middleware/version_negotiation.py:44}}
Jul 12 15:24:53.758855 np0000005093 devstack@g-api.service[99657]: DEBUG glance.api.middleware.version_negotiation [None req-d968f352-66fc-411e-9423-f77102ea3c0b tempest-ServerBootFromVolumeStableRescueTest-366469759 tempest-ServerBootFromVolumeStableRescueTest-366469759-project-member] Using url versioning {{(pid=99657) process_request /opt/stack/glance/glance/api/middleware/version_negotiation.py:57}}
Jul 12 15:24:53.759172 np0000005093 devstack@g-api.service[99657]: DEBUG glance.api.middleware.version_negotiation [None req-d968f352-66fc-411e-9423-f77102ea3c0b tempest-ServerBootFromVolumeStableRescueTest-366469759 tempest-ServerBootFromVolumeStableRescueTest-366469759-project-member] Matched version: v2 {{(pid=99657) process_request /opt/stack/glance/glance/api/middleware/version_negotiation.py:69}}
Jul 12 15:24:53.760539 np0000005093 devstack@g-api.service[99657]: DEBUG glance.api.middleware.version_negotiation [None req-d968f352-66fc-411e-9423-f77102ea3c0b tempest-ServerBootFromVolumeStableRescueTest-366469759 tempest-ServerBootFromVolumeStableRescueTest-366469759-project-member] new path /v2/images/7f78ee93-9d9e-4b26-a300-3836f61a58cc/file {{(pid=99657) process_request /opt/stack/glance/glance/api/middleware/version_negotiation.py:70}}
Jul 12 15:24:54.478764 np0000005093 devstack@g-api.service[99657]: INFO glance.api.v2.image_data [None req-d968f352-66fc-411e-9423-f77102ea3c0b tempest-ServerBootFromVolumeStableRescueTest-366469759 tempest-ServerBootFromVolumeStableRescueTest-366469759-project-member] Unable to create trust: no such option collect_timing in group [keystone_authtoken] Use the existing user token.
Jul 12 15:24:54.705678 np0000005093 devstack@g-api.service[99658]: DEBUG glance.api.middleware.version_negotiation [None req-308d7070-0e5a-40e2-b512-41073a6eb13b tempest-ServerBootFromVolumeStableRescueTest-366469759 tempest-ServerBootFromVolumeStableRescueTest-366469759-project-member] Determining version of request: GET /v2/images/7f78ee93-9d9e-4b26-a300-3836f61a58cc Accept: application/json {{(pid=99658) process_request /opt/stack/glance/glance/api/middleware/version_negotiation.py:44}}
Jul 12 15:24:54.706493 np0000005093 devstack@g-api.service[99658]: DEBUG glance.api.middleware.version_negotiation [None req-308d7070-0e5a-40e2-b512-41073a6eb13b tempest-ServerBootFromVolumeStableRescueTest-366469759 tempest-ServerBootFromVolumeStableRescueTest-366469759-project-member] Using url versioning {{(pid=99658) process_request /opt/stack/glance/glance/api/middleware/version_negotiation.py:57}}
Jul 12 15:24:54.706493 np0000005093 devstack@g-api.service[99658]: DEBUG glance.api.middleware.version_negotiation [None req-308d7070-0e5a-40e2-b512-41073a6eb13b tempest-ServerBootFromVolumeStableRescueTest-366469759 tempest-ServerBootFromVolumeStableRescueTest-366469759-project-member] Matched version: v2 {{(pid=99658) process_request /opt/stack/glance/glance/api/middleware/version_negotiation.py:69}}
Jul 12 15:24:54.706493 np0000005093 devstack@g-api.service[99658]: DEBUG glance.api.middleware.version_negotiation [None req-308d7070-0e5a-40e2-b512-41073a6eb13b tempest-ServerBootFromVolumeStableRescueTest-366469759 tempest-ServerBootFromVolumeStableRescueTest-366469759-project-member] new path /v2/images/7f78ee93-9d9e-4b26-a300-3836f61a58cc {{(pid=99658) process_request /opt/stack/glance/glance/api/middleware/version_negotiation.py:70}}
Jul 12 15:24:54.737012 np0000005093 devstack@g-api.service[99658]: [pid: 99658|app: 0|req: 54/169] 127.0.0.1 () {40 vars in 834 bytes} [Sun Jul 12 15:24:54 2026] GET /v2/images/7f78ee93-9d9e-4b26-a300-3836f61a58cc => generated 1468 bytes in 32 msecs (HTTP/1.1 200) 4 headers in 158 bytes (1 switches on core 0)
Jul 12 15:24:55.291495 np0000005093 devstack@g-api.service[99657]: DEBUG glance.location [None req-d968f352-66fc-411e-9423-f77102ea3c0b tempest-ServerBootFromVolumeStableRescueTest-366469759 tempest-ServerBootFromVolumeStableRescueTest-366469759-project-member] Enabling in-flight format inspection for qcow2 {{(pid=99657) set_data /opt/stack/glance/glance/location.py:596}}
Jul 12 15:24:55.293314 np0000005093 devstack@g-api.service[99657]: DEBUG glance_store.backend [None req-d968f352-66fc-411e-9423-f77102ea3c0b tempest-ServerBootFromVolumeStableRescueTest-366469759 tempest-ServerBootFromVolumeStableRescueTest-366469759-project-member] Attempting to import store swift {{(pid=99657) _load_store /opt/stack/data/venv/lib/python3.12/site-packages/glance_store/backend.py:215}}
Jul 12 15:24:55.297173 np0000005093 devstack@g-api.service[99657]: DEBUG glance_store.capabilities [None req-d968f352-66fc-411e-9423-f77102ea3c0b tempest-ServerBootFromVolumeStableRescueTest-366469759 tempest-ServerBootFromVolumeStableRescueTest-366469759-project-member] Store glance_store._drivers.swift.store.SingleTenantStore doesn't support updating dynamic storage capabilities. Please overwrite 'update_capabilities' method of the store to implement updating logics if needed. {{(pid=99657) update_capabilities /opt/stack/data/venv/lib/python3.12/site-packages/glance_store/capabilities.py:91}}
Jul 12 15:24:55.297173 np0000005093 devstack@g-api.service[99657]: DEBUG glance_store.driver [None req-d968f352-66fc-411e-9423-f77102ea3c0b tempest-ServerBootFromVolumeStableRescueTest-366469759 tempest-ServerBootFromVolumeStableRescueTest-366469759-project-member] Late loading location class glance_store._drivers.swift.store.StoreLocation {{(pid=99657) get_store_location_class /opt/stack/data/venv/lib/python3.12/site-packages/glance_store/driver.py:134}}
Jul 12 15:24:55.297173 np0000005093 devstack@g-api.service[99657]: DEBUG glance_store.location [None req-d968f352-66fc-411e-9423-f77102ea3c0b tempest-ServerBootFromVolumeStableRescueTest-366469759 tempest-ServerBootFromVolumeStableRescueTest-366469759-project-member] Registering scheme swift+https with {'store': , 'location_class': , 'store_entry': 'swift'} {{(pid=99657) register_scheme_map /opt/stack/data/venv/lib/python3.12/site-packages/glance_store/location.py:146}}
Jul 12 15:24:55.297173 np0000005093 devstack@g-api.service[99657]: DEBUG glance_store.location [None req-d968f352-66fc-411e-9423-f77102ea3c0b tempest-ServerBootFromVolumeStableRescueTest-366469759 tempest-ServerBootFromVolumeStableRescueTest-366469759-project-member] Registering scheme swift+https with {'store': , 'location_class': , 'store_entry': 'swift'} {{(pid=99657) register_scheme_map /opt/stack/data/venv/lib/python3.12/site-packages/glance_store/location.py:146}}
Jul 12 15:24:55.297173 np0000005093 devstack@g-api.service[99657]: DEBUG glance_store.location [None req-d968f352-66fc-411e-9423-f77102ea3c0b tempest-ServerBootFromVolumeStableRescueTest-366469759 tempest-ServerBootFromVolumeStableRescueTest-366469759-project-member] Registering scheme swift with {'store': , 'location_class': , 'store_entry': 'swift'} {{(pid=99657) register_scheme_map /opt/stack/data/venv/lib/python3.12/site-packages/glance_store/location.py:146}}
Jul 12 15:24:55.297173 np0000005093 devstack@g-api.service[99657]: DEBUG glance_store.location [None req-d968f352-66fc-411e-9423-f77102ea3c0b tempest-ServerBootFromVolumeStableRescueTest-366469759 tempest-ServerBootFromVolumeStableRescueTest-366469759-project-member] Registering scheme swift+https with {'store': , 'location_class': , 'store_entry': 'swift'} {{(pid=99657) register_scheme_map /opt/stack/data/venv/lib/python3.12/site-packages/glance_store/location.py:146}}
Jul 12 15:24:55.297173 np0000005093 devstack@g-api.service[99657]: DEBUG glance_store.location [None req-d968f352-66fc-411e-9423-f77102ea3c0b tempest-ServerBootFromVolumeStableRescueTest-366469759 tempest-ServerBootFromVolumeStableRescueTest-366469759-project-member] Registering scheme swift with {'store': , 'location_class': , 'store_entry': 'swift'} {{(pid=99657) register_scheme_map /opt/stack/data/venv/lib/python3.12/site-packages/glance_store/location.py:146}}
Jul 12 15:24:55.297173 np0000005093 devstack@g-api.service[99657]: DEBUG glance_store.location [None req-d968f352-66fc-411e-9423-f77102ea3c0b tempest-ServerBootFromVolumeStableRescueTest-366469759 tempest-ServerBootFromVolumeStableRescueTest-366469759-project-member] Registering scheme swift+http with {'store': , 'location_class': , 'store_entry': 'swift'} {{(pid=99657) register_scheme_map /opt/stack/data/venv/lib/python3.12/site-packages/glance_store/location.py:146}}
Jul 12 15:24:55.297173 np0000005093 devstack@g-api.service[99657]: DEBUG glance_store.location [None req-d968f352-66fc-411e-9423-f77102ea3c0b tempest-ServerBootFromVolumeStableRescueTest-366469759 tempest-ServerBootFromVolumeStableRescueTest-366469759-project-member] Registering scheme swift+https with {'store': , 'location_class': , 'store_entry': 'swift'} {{(pid=99657) register_scheme_map /opt/stack/data/venv/lib/python3.12/site-packages/glance_store/location.py:146}}
Jul 12 15:24:55.297173 np0000005093 devstack@g-api.service[99657]: DEBUG glance_store.location [None req-d968f352-66fc-411e-9423-f77102ea3c0b tempest-ServerBootFromVolumeStableRescueTest-366469759 tempest-ServerBootFromVolumeStableRescueTest-366469759-project-member] Registering scheme swift with {'store': , 'location_class': , 'store_entry': 'swift'} {{(pid=99657) register_scheme_map /opt/stack/data/venv/lib/python3.12/site-packages/glance_store/location.py:146}}
Jul 12 15:24:55.301424 np0000005093 devstack@g-api.service[99657]: DEBUG glance_store.location [None req-d968f352-66fc-411e-9423-f77102ea3c0b tempest-ServerBootFromVolumeStableRescueTest-366469759 tempest-ServerBootFromVolumeStableRescueTest-366469759-project-member] Registering scheme swift+http with {'store': , 'location_class': , 'store_entry': 'swift'} {{(pid=99657) register_scheme_map /opt/stack/data/venv/lib/python3.12/site-packages/glance_store/location.py:146}}
Jul 12 15:24:55.301424 np0000005093 devstack@g-api.service[99657]: DEBUG glance_store.location [None req-d968f352-66fc-411e-9423-f77102ea3c0b tempest-ServerBootFromVolumeStableRescueTest-366469759 tempest-ServerBootFromVolumeStableRescueTest-366469759-project-member] Registering scheme swift+config with {'store': , 'location_class': , 'store_entry': 'swift'} {{(pid=99657) register_scheme_map /opt/stack/data/venv/lib/python3.12/site-packages/glance_store/location.py:146}}
Jul 12 15:24:55.632713 np0000005093 devstack@g-api.service[99657]: DEBUG swiftclient [None req-d968f352-66fc-411e-9423-f77102ea3c0b tempest-ServerBootFromVolumeStableRescueTest-366469759 tempest-ServerBootFromVolumeStableRescueTest-366469759-project-member] REQ: curl -i https://10.4.3.46:8080/v1/AUTH_36a4aae3983642f19d485faa7e6cb274/glance -I -H "X-Auth-Token: gAAAAABqU7HHGc0v..." {{(pid=99657) http_log /opt/stack/data/venv/lib/python3.12/site-packages/swiftclient/client.py:160}}
Jul 12 15:24:55.632713 np0000005093 devstack@g-api.service[99657]: DEBUG swiftclient [None req-d968f352-66fc-411e-9423-f77102ea3c0b tempest-ServerBootFromVolumeStableRescueTest-366469759 tempest-ServerBootFromVolumeStableRescueTest-366469759-project-member] RESP STATUS: 204 No Content {{(pid=99657) http_log /opt/stack/data/venv/lib/python3.12/site-packages/swiftclient/client.py:161}}
Jul 12 15:24:55.635506 np0000005093 devstack@g-api.service[99657]: DEBUG swiftclient [None req-d968f352-66fc-411e-9423-f77102ea3c0b tempest-ServerBootFromVolumeStableRescueTest-366469759 tempest-ServerBootFromVolumeStableRescueTest-366469759-project-member] RESP HEADERS: {'Date': 'Sun, 12 Jul 2026 15:24:55 GMT', 'Server': 'Apache/2.4.58 (Ubuntu)', 'Content-Type': 'text/plain; charset=utf-8', 'X-Container-Object-Count': '3', 'X-Container-Bytes-Used': '64356352', 'X-Timestamp': '1783869585.77870', 'Last-Modified': 'Sun, 12 Jul 2026 15:19:46 GMT', 'Accept-Ranges': 'bytes', 'X-Storage-Policy': 'Policy-0', 'X-Container-Sharding': 'False', 'Vary': 'Accept', 'X-Trans-Id': 'txc0b6b44ef03d4c6eb448b-006a53b1c7', 'X-Openstack-Request-Id': 'txc0b6b44ef03d4c6eb448b-006a53b1c7', 'Connection': 'close'} {{(pid=99657) http_log /opt/stack/data/venv/lib/python3.12/site-packages/swiftclient/client.py:162}}
Jul 12 15:24:55.635506 np0000005093 devstack@g-api.service[99657]: DEBUG glance_store._drivers.swift.store [None req-d968f352-66fc-411e-9423-f77102ea3c0b tempest-ServerBootFromVolumeStableRescueTest-366469759 tempest-ServerBootFromVolumeStableRescueTest-366469759-project-member] Adding image object '7f78ee93-9d9e-4b26-a300-3836f61a58cc' to Swift {{(pid=99657) add /opt/stack/data/venv/lib/python3.12/site-packages/glance_store/_drivers/swift/store.py:970}}
Jul 12 15:24:55.635506 np0000005093 devstack@g-api.service[99657]: DEBUG glance_store._drivers.swift.store [None req-d968f352-66fc-411e-9423-f77102ea3c0b tempest-ServerBootFromVolumeStableRescueTest-366469759 tempest-ServerBootFromVolumeStableRescueTest-366469759-project-member] Cannot determine image size because it is either not provided in the request or chunked-transfer encoding is used. Adding image as a segmented object to Swift. {{(pid=99657) add /opt/stack/data/venv/lib/python3.12/site-packages/glance_store/_drivers/swift/store.py:994}}
Jul 12 15:24:55.644654 np0000005093 devstack@g-api.service[99657]: DEBUG oslo_utils.imageutils.format_inspector [None req-d968f352-66fc-411e-9423-f77102ea3c0b tempest-ServerBootFromVolumeStableRescueTest-366469759 tempest-ServerBootFromVolumeStableRescueTest-366469759-project-member] Format inspector for vmdk does not match, excluding from consideration (Signature KDMV not found: b'QFI\xfb') {{(pid=99657) _process_chunk /opt/stack/data/venv/lib/python3.12/site-packages/oslo_utils/imageutils/format_inspector.py:1758}}
Jul 12 15:24:55.651018 np0000005093 devstack@g-api.service[99657]: DEBUG oslo_utils.imageutils.format_inspector [None req-d968f352-66fc-411e-9423-f77102ea3c0b tempest-ServerBootFromVolumeStableRescueTest-366469759 tempest-ServerBootFromVolumeStableRescueTest-366469759-project-member] Format inspector for vhdx does not match, excluding from consideration (Region signature not found at 30000) {{(pid=99657) _process_chunk /opt/stack/data/venv/lib/python3.12/site-packages/oslo_utils/imageutils/format_inspector.py:1758}}
Jul 12 15:24:55.755233 np0000005093 devstack@g-api.service[99656]: DEBUG glance.api.middleware.version_negotiation [None req-d968f352-66fc-411e-9423-f77102ea3c0b tempest-ServerBootFromVolumeStableRescueTest-366469759 tempest-ServerBootFromVolumeStableRescueTest-366469759-project-member] Determining version of request: GET /v2/images/7f78ee93-9d9e-4b26-a300-3836f61a58cc Accept: application/json {{(pid=99656) process_request /opt/stack/glance/glance/api/middleware/version_negotiation.py:44}}
Jul 12 15:24:55.755755 np0000005093 devstack@g-api.service[99656]: DEBUG glance.api.middleware.version_negotiation [None req-d968f352-66fc-411e-9423-f77102ea3c0b tempest-ServerBootFromVolumeStableRescueTest-366469759 tempest-ServerBootFromVolumeStableRescueTest-366469759-project-member] Using url versioning {{(pid=99656) process_request /opt/stack/glance/glance/api/middleware/version_negotiation.py:57}}
Jul 12 15:24:55.755755 np0000005093 devstack@g-api.service[99656]: DEBUG glance.api.middleware.version_negotiation [None req-d968f352-66fc-411e-9423-f77102ea3c0b tempest-ServerBootFromVolumeStableRescueTest-366469759 tempest-ServerBootFromVolumeStableRescueTest-366469759-project-member] Matched version: v2 {{(pid=99656) process_request /opt/stack/glance/glance/api/middleware/version_negotiation.py:69}}
Jul 12 15:24:55.755905 np0000005093 devstack@g-api.service[99656]: DEBUG glance.api.middleware.version_negotiation [None req-d968f352-66fc-411e-9423-f77102ea3c0b tempest-ServerBootFromVolumeStableRescueTest-366469759 tempest-ServerBootFromVolumeStableRescueTest-366469759-project-member] new path /v2/images/7f78ee93-9d9e-4b26-a300-3836f61a58cc {{(pid=99656) process_request /opt/stack/glance/glance/api/middleware/version_negotiation.py:70}}
Jul 12 15:24:55.780716 np0000005093 devstack@g-api.service[99656]: [pid: 99656|app: 0|req: 58/170] 127.0.0.1 () {40 vars in 834 bytes} [Sun Jul 12 15:24:55 2026] GET /v2/images/7f78ee93-9d9e-4b26-a300-3836f61a58cc => generated 1468 bytes in 26 msecs (HTTP/1.1 200) 4 headers in 158 bytes (1 switches on core 0)
Jul 12 15:24:55.967571 np0000005093 devstack@g-api.service[99657]: DEBUG swiftclient [None req-d968f352-66fc-411e-9423-f77102ea3c0b tempest-ServerBootFromVolumeStableRescueTest-366469759 tempest-ServerBootFromVolumeStableRescueTest-366469759-project-member] REQ: curl -i https://10.4.3.46:8080/v1/AUTH_36a4aae3983642f19d485faa7e6cb274/glance/7f78ee93-9d9e-4b26-a300-3836f61a58cc-00001 -X PUT -H "X-Auth-Token: gAAAAABqU7HHGc0v..." {{(pid=99657) http_log /opt/stack/data/venv/lib/python3.12/site-packages/swiftclient/client.py:160}}
Jul 12 15:24:55.967899 np0000005093 devstack@g-api.service[99657]: DEBUG swiftclient [None req-d968f352-66fc-411e-9423-f77102ea3c0b tempest-ServerBootFromVolumeStableRescueTest-366469759 tempest-ServerBootFromVolumeStableRescueTest-366469759-project-member] RESP STATUS: 201 Created {{(pid=99657) http_log /opt/stack/data/venv/lib/python3.12/site-packages/swiftclient/client.py:161}}
Jul 12 15:24:55.968680 np0000005093 devstack@g-api.service[99657]: DEBUG swiftclient [None req-d968f352-66fc-411e-9423-f77102ea3c0b tempest-ServerBootFromVolumeStableRescueTest-366469759 tempest-ServerBootFromVolumeStableRescueTest-366469759-project-member] RESP HEADERS: {'Date': 'Sun, 12 Jul 2026 15:24:55 GMT', 'Server': 'Apache/2.4.58 (Ubuntu)', 'Content-Type': 'text/html; charset=UTF-8', 'Content-Length': '0', 'Etag': '4fa343ee581d8d2e78533191fd1ac3e1', 'Last-Modified': 'Sun, 12 Jul 2026 15:24:56 GMT', 'X-Trans-Id': 'tx3abe997d4a524ff68826d-006a53b1c7', 'X-Openstack-Request-Id': 'tx3abe997d4a524ff68826d-006a53b1c7', 'Connection': 'close'} {{(pid=99657) http_log /opt/stack/data/venv/lib/python3.12/site-packages/swiftclient/client.py:162}}
Jul 12 15:24:55.968680 np0000005093 devstack@g-api.service[99657]: DEBUG glance_store._drivers.swift.store [None req-d968f352-66fc-411e-9423-f77102ea3c0b tempest-ServerBootFromVolumeStableRescueTest-366469759 tempest-ServerBootFromVolumeStableRescueTest-366469759-project-member] Wrote chunk 7f78ee93-9d9e-4b26-a300-3836f61a58cc-00001 (1/?) of length 23527424 to Swift returning MD5 of content: 4fa343ee581d8d2e78533191fd1ac3e1 {{(pid=99657) add /opt/stack/data/venv/lib/python3.12/site-packages/glance_store/_drivers/swift/store.py:1059}}
Jul 12 15:24:55.969802 np0000005093 devstack@g-api.service[99657]: DEBUG glance_store._drivers.swift.store [None req-d968f352-66fc-411e-9423-f77102ea3c0b tempest-ServerBootFromVolumeStableRescueTest-366469759 tempest-ServerBootFromVolumeStableRescueTest-366469759-project-member] Not writing zero-length chunk. {{(pid=99657) add /opt/stack/data/venv/lib/python3.12/site-packages/glance_store/_drivers/swift/store.py:1028}}
Jul 12 15:24:56.014102 np0000005093 devstack@g-api.service[99657]: DEBUG swiftclient [None req-d968f352-66fc-411e-9423-f77102ea3c0b tempest-ServerBootFromVolumeStableRescueTest-366469759 tempest-ServerBootFromVolumeStableRescueTest-366469759-project-member] REQ: curl -i https://10.4.3.46:8080/v1/AUTH_36a4aae3983642f19d485faa7e6cb274/glance/7f78ee93-9d9e-4b26-a300-3836f61a58cc -X PUT -H "X-Object-Manifest: glance/7f78ee93-9d9e-4b26-a300-3836f61a58cc-" -H "X-Auth-Token: gAAAAABqU7HHGc0v..." -H "Content-Length: 0" {{(pid=99657) http_log /opt/stack/data/venv/lib/python3.12/site-packages/swiftclient/client.py:160}}
Jul 12 15:24:56.015047 np0000005093 devstack@g-api.service[99657]: DEBUG swiftclient [None req-d968f352-66fc-411e-9423-f77102ea3c0b tempest-ServerBootFromVolumeStableRescueTest-366469759 tempest-ServerBootFromVolumeStableRescueTest-366469759-project-member] RESP STATUS: 201 Created {{(pid=99657) http_log /opt/stack/data/venv/lib/python3.12/site-packages/swiftclient/client.py:161}}
Jul 12 15:24:56.015047 np0000005093 devstack@g-api.service[99657]: DEBUG swiftclient [None req-d968f352-66fc-411e-9423-f77102ea3c0b tempest-ServerBootFromVolumeStableRescueTest-366469759 tempest-ServerBootFromVolumeStableRescueTest-366469759-project-member] RESP HEADERS: {'Date': 'Sun, 12 Jul 2026 15:24:56 GMT', 'Server': 'Apache/2.4.58 (Ubuntu)', 'Content-Type': 'text/html; charset=UTF-8', 'Content-Length': '0', 'Etag': 'd41d8cd98f00b204e9800998ecf8427e', 'Last-Modified': 'Sun, 12 Jul 2026 15:24:56 GMT', 'X-Trans-Id': 'txb50fa1aa18e24f5cb294f-006a53b1c7', 'X-Openstack-Request-Id': 'txb50fa1aa18e24f5cb294f-006a53b1c7', 'Connection': 'close'} {{(pid=99657) http_log /opt/stack/data/venv/lib/python3.12/site-packages/swiftclient/client.py:162}}
Jul 12 15:24:56.016583 np0000005093 devstack@g-api.service[99657]: INFO glance.location [None req-d968f352-66fc-411e-9423-f77102ea3c0b tempest-ServerBootFromVolumeStableRescueTest-366469759 tempest-ServerBootFromVolumeStableRescueTest-366469759-project-member] Image format matched and virtual size computed: 1073741824
Jul 12 15:24:56.114852 np0000005093 devstack@g-api.service[99657]: DEBUG glance_store.backend [None req-d968f352-66fc-411e-9423-f77102ea3c0b tempest-ServerBootFromVolumeStableRescueTest-366469759 tempest-ServerBootFromVolumeStableRescueTest-366469759-project-member] Attempting to import store swift {{(pid=99657) _load_store /opt/stack/data/venv/lib/python3.12/site-packages/glance_store/backend.py:215}}
Jul 12 15:24:56.116787 np0000005093 devstack@g-api.service[99657]: DEBUG glance_store.capabilities [None req-d968f352-66fc-411e-9423-f77102ea3c0b tempest-ServerBootFromVolumeStableRescueTest-366469759 tempest-ServerBootFromVolumeStableRescueTest-366469759-project-member] Store glance_store._drivers.swift.store.SingleTenantStore doesn't support updating dynamic storage capabilities. Please overwrite 'update_capabilities' method of the store to implement updating logics if needed. {{(pid=99657) update_capabilities /opt/stack/data/venv/lib/python3.12/site-packages/glance_store/capabilities.py:91}}
Jul 12 15:24:56.116787 np0000005093 devstack@g-api.service[99657]: DEBUG glance_store.driver [None req-d968f352-66fc-411e-9423-f77102ea3c0b tempest-ServerBootFromVolumeStableRescueTest-366469759 tempest-ServerBootFromVolumeStableRescueTest-366469759-project-member] Late loading location class glance_store._drivers.swift.store.StoreLocation {{(pid=99657) get_store_location_class /opt/stack/data/venv/lib/python3.12/site-packages/glance_store/driver.py:134}}
Jul 12 15:24:56.116787 np0000005093 devstack@g-api.service[99657]: DEBUG glance_store.location [None req-d968f352-66fc-411e-9423-f77102ea3c0b tempest-ServerBootFromVolumeStableRescueTest-366469759 tempest-ServerBootFromVolumeStableRescueTest-366469759-project-member] Registering scheme swift+https with {'store': , 'location_class': , 'store_entry': 'swift'} {{(pid=99657) register_scheme_map /opt/stack/data/venv/lib/python3.12/site-packages/glance_store/location.py:146}}
Jul 12 15:24:56.116787 np0000005093 devstack@g-api.service[99657]: DEBUG glance_store.location [None req-d968f352-66fc-411e-9423-f77102ea3c0b tempest-ServerBootFromVolumeStableRescueTest-366469759 tempest-ServerBootFromVolumeStableRescueTest-366469759-project-member] Registering scheme swift+https with {'store': , 'location_class': , 'store_entry': 'swift'} {{(pid=99657) register_scheme_map /opt/stack/data/venv/lib/python3.12/site-packages/glance_store/location.py:146}}
Jul 12 15:24:56.116787 np0000005093 devstack@g-api.service[99657]: DEBUG glance_store.location [None req-d968f352-66fc-411e-9423-f77102ea3c0b tempest-ServerBootFromVolumeStableRescueTest-366469759 tempest-ServerBootFromVolumeStableRescueTest-366469759-project-member] Registering scheme swift with {'store': , 'location_class': , 'store_entry': 'swift'} {{(pid=99657) register_scheme_map /opt/stack/data/venv/lib/python3.12/site-packages/glance_store/location.py:146}}
Jul 12 15:24:56.116787 np0000005093 devstack@g-api.service[99657]: DEBUG glance_store.location [None req-d968f352-66fc-411e-9423-f77102ea3c0b tempest-ServerBootFromVolumeStableRescueTest-366469759 tempest-ServerBootFromVolumeStableRescueTest-366469759-project-member] Registering scheme swift+https with {'store': , 'location_class': , 'store_entry': 'swift'} {{(pid=99657) register_scheme_map /opt/stack/data/venv/lib/python3.12/site-packages/glance_store/location.py:146}}
Jul 12 15:24:56.117480 np0000005093 devstack@g-api.service[99657]: DEBUG glance_store.location [None req-d968f352-66fc-411e-9423-f77102ea3c0b tempest-ServerBootFromVolumeStableRescueTest-366469759 tempest-ServerBootFromVolumeStableRescueTest-366469759-project-member] Registering scheme swift with {'store': , 'location_class': , 'store_entry': 'swift'} {{(pid=99657) register_scheme_map /opt/stack/data/venv/lib/python3.12/site-packages/glance_store/location.py:146}}
Jul 12 15:24:56.117480 np0000005093 devstack@g-api.service[99657]: DEBUG glance_store.location [None req-d968f352-66fc-411e-9423-f77102ea3c0b tempest-ServerBootFromVolumeStableRescueTest-366469759 tempest-ServerBootFromVolumeStableRescueTest-366469759-project-member] Registering scheme swift+http with {'store': , 'location_class': , 'store_entry': 'swift'} {{(pid=99657) register_scheme_map /opt/stack/data/venv/lib/python3.12/site-packages/glance_store/location.py:146}}
Jul 12 15:24:56.117480 np0000005093 devstack@g-api.service[99657]: DEBUG glance_store.location [None req-d968f352-66fc-411e-9423-f77102ea3c0b tempest-ServerBootFromVolumeStableRescueTest-366469759 tempest-ServerBootFromVolumeStableRescueTest-366469759-project-member] Registering scheme swift+https with {'store': , 'location_class': , 'store_entry': 'swift'} {{(pid=99657) register_scheme_map /opt/stack/data/venv/lib/python3.12/site-packages/glance_store/location.py:146}}
Jul 12 15:24:56.117480 np0000005093 devstack@g-api.service[99657]: DEBUG glance_store.location [None req-d968f352-66fc-411e-9423-f77102ea3c0b tempest-ServerBootFromVolumeStableRescueTest-366469759 tempest-ServerBootFromVolumeStableRescueTest-366469759-project-member] Registering scheme swift with {'store': , 'location_class': , 'store_entry': 'swift'} {{(pid=99657) register_scheme_map /opt/stack/data/venv/lib/python3.12/site-packages/glance_store/location.py:146}}
