Jul 27 13:59:55.739777 np0000005912 devstack@g-api.service[103210]: DEBUG glance.common.config [None req-76af7a09-eea5-4572-8f45-816656649e78 None None] database.retry_interval = 10 {{(pid=103210) log_opt_values /opt/stack/data/venv/lib/python3.12/site-packages/oslo_config/cfg.py:3253}}
Jul 27 13:59:55.739802 np0000005912 devstack@g-api.service[103211]: DEBUG glance.common.config [None req-eeb3d2d4-dbe0-4586-9b05-331a500e7be3 None None] database.backend = sqlalchemy {{(pid=103211) log_opt_values /opt/stack/data/venv/lib/python3.12/site-packages/oslo_config/cfg.py:3253}}
Jul 27 13:59:55.739829 np0000005912 devstack@g-api.service[103210]: DEBUG glance.common.config [None req-76af7a09-eea5-4572-8f45-816656649e78 None None] database.slave_connection = **** {{(pid=103210) log_opt_values /opt/stack/data/venv/lib/python3.12/site-packages/oslo_config/cfg.py:3253}}
Jul 27 13:59:55.739857 np0000005912 devstack@g-api.service[103211]: DEBUG glance.common.config [None req-eeb3d2d4-dbe0-4586-9b05-331a500e7be3 None None] database.connection = **** {{(pid=103211) log_opt_values /opt/stack/data/venv/lib/python3.12/site-packages/oslo_config/cfg.py:3253}}
Jul 27 13:59:55.739884 np0000005912 devstack@g-api.service[103210]: DEBUG glance.common.config [None req-76af7a09-eea5-4572-8f45-816656649e78 None None] database.sqlite_synchronous = True {{(pid=103210) log_opt_values /opt/stack/data/venv/lib/python3.12/site-packages/oslo_config/cfg.py:3253}}
Jul 27 13:59:55.739911 np0000005912 devstack@g-api.service[103211]: DEBUG glance.common.config [None req-eeb3d2d4-dbe0-4586-9b05-331a500e7be3 None None] database.connection_debug = 0 {{(pid=103211) log_opt_values /opt/stack/data/venv/lib/python3.12/site-packages/oslo_config/cfg.py:3253}}
Jul 27 13:59:55.739935 np0000005912 devstack@g-api.service[103210]: DEBUG glance.common.config [None req-76af7a09-eea5-4572-8f45-816656649e78 None None] database.synchronous_reader = True {{(pid=103210) log_opt_values /opt/stack/data/venv/lib/python3.12/site-packages/oslo_config/cfg.py:3253}}
Jul 27 13:59:55.739957 np0000005912 devstack@g-api.service[103211]: DEBUG glance.common.config [None req-eeb3d2d4-dbe0-4586-9b05-331a500e7be3 None None] database.connection_parameters = {{(pid=103211) log_opt_values /opt/stack/data/venv/lib/python3.12/site-packages/oslo_config/cfg.py:3253}}
Jul 27 13:59:55.739980 np0000005912 devstack@g-api.service[103210]: DEBUG glance.common.config [None req-76af7a09-eea5-4572-8f45-816656649e78 None None] database.use_db_reconnect = False {{(pid=103210) log_opt_values /opt/stack/data/venv/lib/python3.12/site-packages/oslo_config/cfg.py:3253}}
Jul 27 13:59:55.740008 np0000005912 devstack@g-api.service[103211]: DEBUG glance.common.config [None req-eeb3d2d4-dbe0-4586-9b05-331a500e7be3 None None] database.connection_recycle_time = 3600 {{(pid=103211) log_opt_values /opt/stack/data/venv/lib/python3.12/site-packages/oslo_config/cfg.py:3253}}
Jul 27 13:59:55.740008 np0000005912 devstack@g-api.service[103211]: DEBUG glance.common.config [None req-eeb3d2d4-dbe0-4586-9b05-331a500e7be3 None None] database.connection_trace = False {{(pid=103211) log_opt_values /opt/stack/data/venv/lib/python3.12/site-packages/oslo_config/cfg.py:3253}}
Jul 27 13:59:55.740071 np0000005912 devstack@g-api.service[103210]: DEBUG glance.common.config [None req-76af7a09-eea5-4572-8f45-816656649e78 None None] healthcheck.allowed_source_ranges = [] {{(pid=103210) log_opt_values /opt/stack/data/venv/lib/python3.12/site-packages/oslo_config/cfg.py:3253}}
Jul 27 13:59:55.740071 np0000005912 devstack@g-api.service[103210]: DEBUG glance.common.config [None req-76af7a09-eea5-4572-8f45-816656649e78 None None] healthcheck.backends = ['disable_by_file'] {{(pid=103210) log_opt_values /opt/stack/data/venv/lib/python3.12/site-packages/oslo_config/cfg.py:3253}}
Jul 27 13:59:55.740129 np0000005912 devstack@g-api.service[103211]: DEBUG glance.common.config [None req-eeb3d2d4-dbe0-4586-9b05-331a500e7be3 None None] database.db_inc_retry_interval = True {{(pid=103211) log_opt_values /opt/stack/data/venv/lib/python3.12/site-packages/oslo_config/cfg.py:3253}}
Jul 27 13:59:55.740129 np0000005912 devstack@g-api.service[103211]: DEBUG glance.common.config [None req-eeb3d2d4-dbe0-4586-9b05-331a500e7be3 None None] database.db_max_retries = 20 {{(pid=103211) log_opt_values /opt/stack/data/venv/lib/python3.12/site-packages/oslo_config/cfg.py:3253}}
Jul 27 13:59:55.740192 np0000005912 devstack@g-api.service[103210]: DEBUG glance.common.config [None req-76af7a09-eea5-4572-8f45-816656649e78 None None] healthcheck.detailed = False {{(pid=103210) log_opt_values /opt/stack/data/venv/lib/python3.12/site-packages/oslo_config/cfg.py:3253}}
Jul 27 13:59:55.740218 np0000005912 devstack@g-api.service[103211]: DEBUG glance.common.config [None req-eeb3d2d4-dbe0-4586-9b05-331a500e7be3 None None] database.db_max_retry_interval = 10 {{(pid=103211) log_opt_values /opt/stack/data/venv/lib/python3.12/site-packages/oslo_config/cfg.py:3253}}
Jul 27 13:59:55.740247 np0000005912 devstack@g-api.service[103210]: DEBUG glance.common.config [None req-76af7a09-eea5-4572-8f45-816656649e78 None None] healthcheck.disable_by_file_path = None {{(pid=103210) log_opt_values /opt/stack/data/venv/lib/python3.12/site-packages/oslo_config/cfg.py:3253}}
Jul 27 13:59:55.740273 np0000005912 devstack@g-api.service[103211]: DEBUG glance.common.config [None req-eeb3d2d4-dbe0-4586-9b05-331a500e7be3 None None] database.db_retry_interval = 1 {{(pid=103211) log_opt_values /opt/stack/data/venv/lib/python3.12/site-packages/oslo_config/cfg.py:3253}}
Jul 27 13:59:55.740297 np0000005912 devstack@g-api.service[103210]: DEBUG glance.common.config [None req-76af7a09-eea5-4572-8f45-816656649e78 None None] healthcheck.ignore_proxied_requests = False {{(pid=103210) log_opt_values /opt/stack/data/venv/lib/python3.12/site-packages/oslo_config/cfg.py:3253}}
Jul 27 13:59:55.740320 np0000005912 devstack@g-api.service[103211]: DEBUG glance.common.config [None req-eeb3d2d4-dbe0-4586-9b05-331a500e7be3 None None] database.max_overflow = 50 {{(pid=103211) log_opt_values /opt/stack/data/venv/lib/python3.12/site-packages/oslo_config/cfg.py:3253}}
Jul 27 13:59:55.740343 np0000005912 devstack@g-api.service[103210]: DEBUG glance.common.config [None req-76af7a09-eea5-4572-8f45-816656649e78 None None] ******************************************************************************** {{(pid=103210) log_opt_values /opt/stack/data/venv/lib/python3.12/site-packages/oslo_config/cfg.py:3260}}
Jul 27 13:59:55.740366 np0000005912 devstack@g-api.service[103211]: DEBUG glance.common.config [None req-eeb3d2d4-dbe0-4586-9b05-331a500e7be3 None None] database.max_pool_size = 5 {{(pid=103211) log_opt_values /opt/stack/data/venv/lib/python3.12/site-packages/oslo_config/cfg.py:3253}}
Jul 27 13:59:55.740394 np0000005912 devstack@g-api.service[103210]: WSGI app 0 (mountpoint='') ready in 2 seconds on interpreter 0x7599e4aa4668 pid: 103210 (default app)
Jul 27 13:59:55.740422 np0000005912 devstack@g-api.service[103211]: DEBUG glance.common.config [None req-eeb3d2d4-dbe0-4586-9b05-331a500e7be3 None None] database.max_retries = 10 {{(pid=103211) log_opt_values /opt/stack/data/venv/lib/python3.12/site-packages/oslo_config/cfg.py:3253}}
Jul 27 13:59:55.740422 np0000005912 devstack@g-api.service[103211]: DEBUG glance.common.config [None req-eeb3d2d4-dbe0-4586-9b05-331a500e7be3 None None] database.mysql_sql_mode = TRADITIONAL {{(pid=103211) log_opt_values /opt/stack/data/venv/lib/python3.12/site-packages/oslo_config/cfg.py:3253}}
Jul 27 13:59:55.740422 np0000005912 devstack@g-api.service[103211]: DEBUG glance.common.config [None req-eeb3d2d4-dbe0-4586-9b05-331a500e7be3 None None] database.mysql_wsrep_sync_wait = None {{(pid=103211) log_opt_values /opt/stack/data/venv/lib/python3.12/site-packages/oslo_config/cfg.py:3253}}
Jul 27 13:59:55.740422 np0000005912 devstack@g-api.service[103211]: DEBUG glance.common.config [None req-eeb3d2d4-dbe0-4586-9b05-331a500e7be3 None None] database.pool_timeout = None {{(pid=103211) log_opt_values /opt/stack/data/venv/lib/python3.12/site-packages/oslo_config/cfg.py:3253}}
Jul 27 13:59:55.740422 np0000005912 devstack@g-api.service[103211]: DEBUG glance.common.config [None req-eeb3d2d4-dbe0-4586-9b05-331a500e7be3 None None] database.retry_interval = 10 {{(pid=103211) log_opt_values /opt/stack/data/venv/lib/python3.12/site-packages/oslo_config/cfg.py:3253}}
Jul 27 13:59:55.740422 np0000005912 devstack@g-api.service[103211]: DEBUG glance.common.config [None req-eeb3d2d4-dbe0-4586-9b05-331a500e7be3 None None] database.slave_connection = **** {{(pid=103211) log_opt_values /opt/stack/data/venv/lib/python3.12/site-packages/oslo_config/cfg.py:3253}}
Jul 27 13:59:55.740422 np0000005912 devstack@g-api.service[103211]: DEBUG glance.common.config [None req-eeb3d2d4-dbe0-4586-9b05-331a500e7be3 None None] database.sqlite_synchronous = True {{(pid=103211) log_opt_values /opt/stack/data/venv/lib/python3.12/site-packages/oslo_config/cfg.py:3253}}
Jul 27 13:59:55.740570 np0000005912 devstack@g-api.service[103211]: DEBUG glance.common.config [None req-eeb3d2d4-dbe0-4586-9b05-331a500e7be3 None None] database.synchronous_reader = True {{(pid=103211) log_opt_values /opt/stack/data/venv/lib/python3.12/site-packages/oslo_config/cfg.py:3253}}
Jul 27 13:59:55.740570 np0000005912 devstack@g-api.service[103211]: DEBUG glance.common.config [None req-eeb3d2d4-dbe0-4586-9b05-331a500e7be3 None None] database.use_db_reconnect = False {{(pid=103211) log_opt_values /opt/stack/data/venv/lib/python3.12/site-packages/oslo_config/cfg.py:3253}}
Jul 27 13:59:55.740570 np0000005912 devstack@g-api.service[103211]: DEBUG glance.common.config [None req-eeb3d2d4-dbe0-4586-9b05-331a500e7be3 None None] healthcheck.allowed_source_ranges = [] {{(pid=103211) log_opt_values /opt/stack/data/venv/lib/python3.12/site-packages/oslo_config/cfg.py:3253}}
Jul 27 13:59:55.740570 np0000005912 devstack@g-api.service[103211]: DEBUG glance.common.config [None req-eeb3d2d4-dbe0-4586-9b05-331a500e7be3 None None] healthcheck.backends = ['disable_by_file'] {{(pid=103211) log_opt_values /opt/stack/data/venv/lib/python3.12/site-packages/oslo_config/cfg.py:3253}}
Jul 27 13:59:55.740570 np0000005912 devstack@g-api.service[103211]: DEBUG glance.common.config [None req-eeb3d2d4-dbe0-4586-9b05-331a500e7be3 None None] healthcheck.detailed = False {{(pid=103211) log_opt_values /opt/stack/data/venv/lib/python3.12/site-packages/oslo_config/cfg.py:3253}}
Jul 27 13:59:55.740570 np0000005912 devstack@g-api.service[103211]: DEBUG glance.common.config [None req-eeb3d2d4-dbe0-4586-9b05-331a500e7be3 None None] healthcheck.disable_by_file_path = None {{(pid=103211) log_opt_values /opt/stack/data/venv/lib/python3.12/site-packages/oslo_config/cfg.py:3253}}
Jul 27 13:59:55.740570 np0000005912 devstack@g-api.service[103211]: DEBUG glance.common.config [None req-eeb3d2d4-dbe0-4586-9b05-331a500e7be3 None None] healthcheck.ignore_proxied_requests = False {{(pid=103211) log_opt_values /opt/stack/data/venv/lib/python3.12/site-packages/oslo_config/cfg.py:3253}}
Jul 27 13:59:55.740732 np0000005912 devstack@g-api.service[103211]: DEBUG glance.common.config [None req-eeb3d2d4-dbe0-4586-9b05-331a500e7be3 None None] ******************************************************************************** {{(pid=103211) log_opt_values /opt/stack/data/venv/lib/python3.12/site-packages/oslo_config/cfg.py:3260}}
Jul 27 13:59:55.740732 np0000005912 devstack@g-api.service[103211]: WSGI app 0 (mountpoint='') ready in 2 seconds on interpreter 0x7599e4aa4668 pid: 103211 (default app)
Jul 27 13:59:57.611863 np0000005912 devstack@g-api.service[103209]: DEBUG glance.api.middleware.version_negotiation [None req-2a97adc0-d2b6-4c2c-96a5-e08fb3ba494c None None] Determining version of request: GET / Accept: application/json {{(pid=103209) process_request /opt/stack/glance/glance/api/middleware/version_negotiation.py:44}}
Jul 27 13:59:57.612194 np0000005912 devstack@g-api.service[103209]: DEBUG glance.api.middleware.version_negotiation [None req-2a97adc0-d2b6-4c2c-96a5-e08fb3ba494c None None] Using url versioning {{(pid=103209) process_request /opt/stack/glance/glance/api/middleware/version_negotiation.py:57}}
Jul 27 13:59:57.612194 np0000005912 devstack@g-api.service[103209]: DEBUG glance.api.middleware.version_negotiation [None req-2a97adc0-d2b6-4c2c-96a5-e08fb3ba494c None None] Unknown version. Returning version choices. {{(pid=103209) process_request /opt/stack/glance/glance/api/middleware/version_negotiation.py:64}}
Jul 27 13:59:57.612708 np0000005912 devstack@g-api.service[103209]: [pid: 103209|app: 0|req: 2/2] 127.0.0.1 () {36 vars in 573 bytes} [Mon Jul 27 13:59:57 2026] GET / => generated 1515 bytes in 1 msecs (HTTP/1.1 300) 3 headers in 106 bytes (1 switches on core 0)
Jul 27 13:59:57.627627 np0000005912 devstack@g-api.service[103208]: DEBUG glance.api.middleware.version_negotiation [None req-048891f9-f03d-4be4-bf6e-d4af165254a5 None None] Determining version of request: POST /v2/images Accept: */* {{(pid=103208) process_request /opt/stack/glance/glance/api/middleware/version_negotiation.py:44}}
Jul 27 13:59:57.627966 np0000005912 devstack@g-api.service[103208]: DEBUG glance.api.middleware.version_negotiation [None req-048891f9-f03d-4be4-bf6e-d4af165254a5 None None] Using url versioning {{(pid=103208) process_request /opt/stack/glance/glance/api/middleware/version_negotiation.py:57}}
Jul 27 13:59:57.628198 np0000005912 devstack@g-api.service[103208]: DEBUG glance.api.middleware.version_negotiation [None req-048891f9-f03d-4be4-bf6e-d4af165254a5 None None] Matched version: v2 {{(pid=103208) process_request /opt/stack/glance/glance/api/middleware/version_negotiation.py:69}}
Jul 27 13:59:57.628293 np0000005912 devstack@g-api.service[103208]: DEBUG glance.api.middleware.version_negotiation [None req-048891f9-f03d-4be4-bf6e-d4af165254a5 None None] new path /v2/images {{(pid=103208) process_request /opt/stack/glance/glance/api/middleware/version_negotiation.py:70}}
Jul 27 13:59:58.559606 np0000005912 devstack@g-api.service[103208]: [pid: 103208|app: 0|req: 1/3] 127.0.0.1 () {42 vars in 836 bytes} [Mon Jul 27 13:59:57 2026] POST /v2/images => generated 807 bytes in 932 msecs (HTTP/1.1 201) 6 headers in 315 bytes (1 switches on core 0)
Jul 27 13:59:58.567677 np0000005912 devstack@g-api.service[103210]: DEBUG glance.api.middleware.version_negotiation [None req-76af7a09-eea5-4572-8f45-816656649e78 None None] Determining version of request: PUT /v2/images/f4745996-c835-423a-a3f3-77f5cc780e57/stage Accept: {{(pid=103210) process_request /opt/stack/glance/glance/api/middleware/version_negotiation.py:44}}
Jul 27 13:59:58.567677 np0000005912 devstack@g-api.service[103210]: DEBUG glance.api.middleware.version_negotiation [None req-76af7a09-eea5-4572-8f45-816656649e78 None None] Using url versioning {{(pid=103210) process_request /opt/stack/glance/glance/api/middleware/version_negotiation.py:57}}
Jul 27 13:59:58.569109 np0000005912 devstack@g-api.service[103210]: DEBUG glance.api.middleware.version_negotiation [None req-76af7a09-eea5-4572-8f45-816656649e78 None None] Matched version: v2 {{(pid=103210) process_request /opt/stack/glance/glance/api/middleware/version_negotiation.py:69}}
Jul 27 13:59:58.569109 np0000005912 devstack@g-api.service[103210]: DEBUG glance.api.middleware.version_negotiation [None req-76af7a09-eea5-4572-8f45-816656649e78 None None] new path /v2/images/f4745996-c835-423a-a3f3-77f5cc780e57/stage {{(pid=103210) process_request /opt/stack/glance/glance/api/middleware/version_negotiation.py:70}}
Jul 27 13:59:59.140084 np0000005912 devstack@g-api.service[103210]: DEBUG glance_store.backend [None req-d8e47459-26fb-48b4-9ab8-9216d7173378 admin admin] Attempting to import store cinder {{(pid=103210) _load_store /opt/stack/data/venv/lib/python3.12/site-packages/glance_store/backend.py:215}}
Jul 27 13:59:59.140254 np0000005912 devstack@g-api.service[103210]: DEBUG glance_store.backend [None req-d8e47459-26fb-48b4-9ab8-9216d7173378 admin admin] Attempting to import store file {{(pid=103210) _load_store /opt/stack/data/venv/lib/python3.12/site-packages/glance_store/backend.py:215}}
Jul 27 13:59:59.140365 np0000005912 devstack@g-api.service[103210]: DEBUG glance_store.backend [None req-d8e47459-26fb-48b4-9ab8-9216d7173378 admin admin] Attempting to import store glance.store.cinder.Store {{(pid=103210) _load_store /opt/stack/data/venv/lib/python3.12/site-packages/glance_store/backend.py:215}}
Jul 27 13:59:59.140464 np0000005912 devstack@g-api.service[103210]: DEBUG glance_store.backend [None req-d8e47459-26fb-48b4-9ab8-9216d7173378 admin admin] Attempting to import store glance.store.filesystem.Store {{(pid=103210) _load_store /opt/stack/data/venv/lib/python3.12/site-packages/glance_store/backend.py:215}}
Jul 27 13:59:59.140551 np0000005912 devstack@g-api.service[103210]: DEBUG glance_store.backend [None req-d8e47459-26fb-48b4-9ab8-9216d7173378 admin admin] Attempting to import store glance.store.http.Store {{(pid=103210) _load_store /opt/stack/data/venv/lib/python3.12/site-packages/glance_store/backend.py:215}}
Jul 27 13:59:59.140667 np0000005912 devstack@g-api.service[103210]: DEBUG glance_store.backend [None req-d8e47459-26fb-48b4-9ab8-9216d7173378 admin admin] Attempting to import store glance.store.rbd.Store {{(pid=103210) _load_store /opt/stack/data/venv/lib/python3.12/site-packages/glance_store/backend.py:215}}
Jul 27 13:59:59.140769 np0000005912 devstack@g-api.service[103210]: DEBUG glance_store.backend [None req-d8e47459-26fb-48b4-9ab8-9216d7173378 admin admin] Attempting to import store glance.store.s3.Store {{(pid=103210) _load_store /opt/stack/data/venv/lib/python3.12/site-packages/glance_store/backend.py:215}}
Jul 27 13:59:59.140847 np0000005912 devstack@g-api.service[103210]: DEBUG glance_store.backend [None req-d8e47459-26fb-48b4-9ab8-9216d7173378 admin admin] Attempting to import store glance.store.swift.Store {{(pid=103210) _load_store /opt/stack/data/venv/lib/python3.12/site-packages/glance_store/backend.py:215}}
Jul 27 13:59:59.140959 np0000005912 devstack@g-api.service[103210]: DEBUG glance_store.backend [None req-d8e47459-26fb-48b4-9ab8-9216d7173378 admin admin] Attempting to import store glance.store.vmware_datastore.Store {{(pid=103210) _load_store /opt/stack/data/venv/lib/python3.12/site-packages/glance_store/backend.py:215}}
Jul 27 13:59:59.141064 np0000005912 devstack@g-api.service[103210]: DEBUG glance_store.backend [None req-d8e47459-26fb-48b4-9ab8-9216d7173378 admin admin] Attempting to import store http {{(pid=103210) _load_store /opt/stack/data/venv/lib/python3.12/site-packages/glance_store/backend.py:215}}
Jul 27 13:59:59.141200 np0000005912 devstack@g-api.service[103210]: DEBUG glance_store.backend [None req-d8e47459-26fb-48b4-9ab8-9216d7173378 admin admin] Attempting to import store no_conf {{(pid=103210) _load_store /opt/stack/data/venv/lib/python3.12/site-packages/glance_store/backend.py:215}}
Jul 27 13:59:59.141248 np0000005912 devstack@g-api.service[103210]: DEBUG glance_store.backend [None req-d8e47459-26fb-48b4-9ab8-9216d7173378 admin admin] Attempting to import store rbd {{(pid=103210) _load_store /opt/stack/data/venv/lib/python3.12/site-packages/glance_store/backend.py:215}}
Jul 27 13:59:59.141332 np0000005912 devstack@g-api.service[103210]: DEBUG glance_store.backend [None req-d8e47459-26fb-48b4-9ab8-9216d7173378 admin admin] Attempting to import store s3 {{(pid=103210) _load_store /opt/stack/data/venv/lib/python3.12/site-packages/glance_store/backend.py:215}}
Jul 27 13:59:59.141416 np0000005912 devstack@g-api.service[103210]: DEBUG glance_store.backend [None req-d8e47459-26fb-48b4-9ab8-9216d7173378 admin admin] Attempting to import store swift {{(pid=103210) _load_store /opt/stack/data/venv/lib/python3.12/site-packages/glance_store/backend.py:215}}
Jul 27 13:59:59.141499 np0000005912 devstack@g-api.service[103210]: DEBUG glance_store.backend [None req-d8e47459-26fb-48b4-9ab8-9216d7173378 admin admin] Attempting to import store vmware {{(pid=103210) _load_store /opt/stack/data/venv/lib/python3.12/site-packages/glance_store/backend.py:215}}
Jul 27 13:59:59.141589 np0000005912 devstack@g-api.service[103210]: DEBUG glance_store.backend [None req-d8e47459-26fb-48b4-9ab8-9216d7173378 admin admin] Registering options for group glance_store {{(pid=103210) register_opts /opt/stack/data/venv/lib/python3.12/site-packages/glance_store/backend.py:144}}
Jul 27 13:59:59.141695 np0000005912 devstack@g-api.service[103210]: DEBUG glance_store.backend [None req-d8e47459-26fb-48b4-9ab8-9216d7173378 admin admin] Registering options for group glance_store {{(pid=103210) register_opts /opt/stack/data/venv/lib/python3.12/site-packages/glance_store/backend.py:144}}
Jul 27 13:59:59.142107 np0000005912 devstack@g-api.service[103210]: DEBUG glance_store.backend [None req-d8e47459-26fb-48b4-9ab8-9216d7173378 admin admin] Attempting to import store file {{(pid=103210) _load_store /opt/stack/data/venv/lib/python3.12/site-packages/glance_store/backend.py:215}}
Jul 27 13:59:59.142537 np0000005912 devstack@g-api.service[103210]: INFO glance_store._drivers.filesystem [None req-d8e47459-26fb-48b4-9ab8-9216d7173378 admin admin] Directory to write image files does not exist (/tmp/staging/). Creating.
Jul 27 13:59:59.142806 np0000005912 devstack@g-api.service[103210]: DEBUG glance_store.capabilities [None req-d8e47459-26fb-48b4-9ab8-9216d7173378 admin admin] Store glance_store._drivers.filesystem.Store doesn't support updating dynamic storage capabilities. Please overwrite 'update_capabilities' method of the store to implement updating logics if needed. {{(pid=103210) update_capabilities /opt/stack/data/venv/lib/python3.12/site-packages/glance_store/capabilities.py:91}}
Jul 27 13:59:59.704025 np0000005912 devstack@g-api.service[103210]: DEBUG glance_store._drivers.filesystem [None req-d8e47459-26fb-48b4-9ab8-9216d7173378 admin admin] Wrote 21430272 bytes to /tmp/staging/f4745996-c835-423a-a3f3-77f5cc780e57 with checksum c8fc807773e5354afe61636071771906 and multihash c8fc807773e5354afe61636071771906 {{(pid=103210) add /opt/stack/data/venv/lib/python3.12/site-packages/glance_store/_drivers/filesystem.py:899}}
Jul 27 13:59:59.768004 np0000005912 devstack@g-api.service[103210]: [pid: 103210|app: 0|req: 1/4] 127.0.0.1 () {42 vars in 931 bytes} [Mon Jul 27 13:59:58 2026] PUT /v2/images/f4745996-c835-423a-a3f3-77f5cc780e57/stage => generated 0 bytes in 1201 msecs (HTTP/1.1 204) 4 headers in 171 bytes (1 switches on core 0)
Jul 27 13:59:59.776643 np0000005912 devstack@g-api.service[103211]: DEBUG glance.api.middleware.version_negotiation [None req-eeb3d2d4-dbe0-4586-9b05-331a500e7be3 None None] Determining version of request: POST /v2/images/f4745996-c835-423a-a3f3-77f5cc780e57/import Accept: */* {{(pid=103211) process_request /opt/stack/glance/glance/api/middleware/version_negotiation.py:44}}
Jul 27 13:59:59.776947 np0000005912 devstack@g-api.service[103211]: DEBUG glance.api.middleware.version_negotiation [None req-eeb3d2d4-dbe0-4586-9b05-331a500e7be3 None None] Using url versioning {{(pid=103211) process_request /opt/stack/glance/glance/api/middleware/version_negotiation.py:57}}
Jul 27 13:59:59.777196 np0000005912 devstack@g-api.service[103211]: DEBUG glance.api.middleware.version_negotiation [None req-eeb3d2d4-dbe0-4586-9b05-331a500e7be3 None None] Matched version: v2 {{(pid=103211) process_request /opt/stack/glance/glance/api/middleware/version_negotiation.py:69}}
Jul 27 13:59:59.777297 np0000005912 devstack@g-api.service[103211]: DEBUG glance.api.middleware.version_negotiation [None req-eeb3d2d4-dbe0-4586-9b05-331a500e7be3 None None] new path /v2/images/f4745996-c835-423a-a3f3-77f5cc780e57/import {{(pid=103211) process_request /opt/stack/glance/glance/api/middleware/version_negotiation.py:70}}
Jul 27 14:00:00.390921 np0000005912 devstack@g-api.service[103211]: DEBUG glance.domain [None req-a51173f0-ee35-45c8-9873-dee1f0330637 admin admin] Loading taskflow executor {{(pid=103211) new_task_executor /opt/stack/glance/glance/domain/__init__.py:515}}
Jul 27 14:00:00.572486 np0000005912 devstack@g-api.service[103211]: DEBUG oslo_concurrency.lockutils [None req-a51173f0-ee35-45c8-9873-dee1f0330637 admin admin] Acquiring lock "tasks_pool" by "glance.api.common.memoize..memoizer_wrapper..memoizer" {{(pid=103211) inner /opt/stack/data/venv/lib/python3.12/site-packages/oslo_concurrency/lockutils.py:512}}
Jul 27 14:00:00.572698 np0000005912 devstack@g-api.service[103211]: DEBUG oslo_concurrency.lockutils [None req-a51173f0-ee35-45c8-9873-dee1f0330637 admin admin] Lock "tasks_pool" acquired by "glance.api.common.memoize..memoizer_wrapper..memoizer" :: waited 0.000s {{(pid=103211) inner /opt/stack/data/venv/lib/python3.12/site-packages/oslo_concurrency/lockutils.py:525}}
Jul 27 14:00:00.573111 np0000005912 devstack@g-api.service[103211]: DEBUG glance.api.common [None req-a51173f0-ee35-45c8-9873-dee1f0330637 admin admin] Initializing named threadpool 'tasks_pool' {{(pid=103211) _get_thread_pool /opt/stack/glance/glance/api/common.py:242}}
Jul 27 14:00:00.573571 np0000005912 devstack@g-api.service[103211]: DEBUG glance.async_ [None req-a51173f0-ee35-45c8-9873-dee1f0330637 admin admin] Creating threadpool model 'ThreadPoolExecutor' with size 16 {{(pid=103211) __init__ /opt/stack/glance/glance/async_/__init__.py:100}}
Jul 27 14:00:00.573736 np0000005912 devstack@g-api.service[103211]: DEBUG oslo_concurrency.lockutils [None req-a51173f0-ee35-45c8-9873-dee1f0330637 admin admin] Lock "tasks_pool" "released" by "glance.api.common.memoize..memoizer_wrapper..memoizer" :: held 0.001s {{(pid=103211) inner /opt/stack/data/venv/lib/python3.12/site-packages/oslo_concurrency/lockutils.py:544}}
Jul 27 14:00:00.573867 np0000005912 devstack@g-api.service[103211]: DEBUG glance.async_ [None req-a51173f0-ee35-45c8-9873-dee1f0330637 admin admin] Spawning with ThreadPoolExecutor: >((,), {}) {{(pid=103211) spawn /opt/stack/glance/glance/async_/__init__.py:106}}
Jul 27 14:00:00.575542 np0000005912 devstack@g-api.service[103211]: [pid: 103211|app: 0|req: 1/5] 127.0.0.1 () {42 vars in 923 bytes} [Mon Jul 27 13:59:59 2026] POST /v2/images/f4745996-c835-423a-a3f3-77f5cc780e57/import => generated 0 bytes in 799 msecs (HTTP/1.1 202) 4 headers in 169 bytes (1 switches on core 0)
Jul 27 14:00:00.577845 np0000005912 devstack@g-api.service[103211]: INFO glance.domain [-] Task [12f2e42e-ad53-4757-97de-be46fbc0f8a6] status changing from pending to processing
Jul 27 14:00:00.583650 np0000005912 devstack@g-api.service[103209]: DEBUG glance.api.middleware.version_negotiation [None req-2a97adc0-d2b6-4c2c-96a5-e08fb3ba494c None None] Determining version of request: GET /v2/images/f4745996-c835-423a-a3f3-77f5cc780e57 Accept: */* {{(pid=103209) process_request /opt/stack/glance/glance/api/middleware/version_negotiation.py:44}}
Jul 27 14:00:00.583970 np0000005912 devstack@g-api.service[103209]: DEBUG glance.api.middleware.version_negotiation [None req-2a97adc0-d2b6-4c2c-96a5-e08fb3ba494c None None] Using url versioning {{(pid=103209) process_request /opt/stack/glance/glance/api/middleware/version_negotiation.py:57}}
Jul 27 14:00:00.585957 np0000005912 devstack@g-api.service[103209]: DEBUG glance.api.middleware.version_negotiation [None req-2a97adc0-d2b6-4c2c-96a5-e08fb3ba494c None None] Matched version: v2 {{(pid=103209) process_request /opt/stack/glance/glance/api/middleware/version_negotiation.py:69}}
Jul 27 14:00:00.585957 np0000005912 devstack@g-api.service[103209]: DEBUG glance.api.middleware.version_negotiation [None req-2a97adc0-d2b6-4c2c-96a5-e08fb3ba494c None None] new path /v2/images/f4745996-c835-423a-a3f3-77f5cc780e57 {{(pid=103209) process_request /opt/stack/glance/glance/api/middleware/version_negotiation.py:70}}
Jul 27 14:00:00.591725 np0000005912 devstack@g-api.service[103211]: DEBUG glance.async_.taskflow_executor [-] Taskflow executor picked up the execution of task ID 12f2e42e-ad53-4757-97de-be46fbc0f8a6 of task type api_image_import {{(pid=103211) _run /opt/stack/glance/glance/async_/taskflow_executor.py:175}}
Jul 27 14:00:00.612838 np0000005912 devstack@g-api.service[103211]: DEBUG glance_store.backend [-] Attempting to import store cinder {{(pid=103211) _load_store /opt/stack/data/venv/lib/python3.12/site-packages/glance_store/backend.py:215}}
Jul 27 14:00:00.612942 np0000005912 devstack@g-api.service[103211]: DEBUG glance_store.backend [-] Attempting to import store file {{(pid=103211) _load_store /opt/stack/data/venv/lib/python3.12/site-packages/glance_store/backend.py:215}}
Jul 27 14:00:00.613017 np0000005912 devstack@g-api.service[103211]: DEBUG glance_store.backend [-] Attempting to import store glance.store.cinder.Store {{(pid=103211) _load_store /opt/stack/data/venv/lib/python3.12/site-packages/glance_store/backend.py:215}}
Jul 27 14:00:00.613118 np0000005912 devstack@g-api.service[103211]: DEBUG glance_store.backend [-] Attempting to import store glance.store.filesystem.Store {{(pid=103211) _load_store /opt/stack/data/venv/lib/python3.12/site-packages/glance_store/backend.py:215}}
Jul 27 14:00:00.613206 np0000005912 devstack@g-api.service[103211]: DEBUG glance_store.backend [-] Attempting to import store glance.store.http.Store {{(pid=103211) _load_store /opt/stack/data/venv/lib/python3.12/site-packages/glance_store/backend.py:215}}
Jul 27 14:00:00.613282 np0000005912 devstack@g-api.service[103211]: DEBUG glance_store.backend [-] Attempting to import store glance.store.rbd.Store {{(pid=103211) _load_store /opt/stack/data/venv/lib/python3.12/site-packages/glance_store/backend.py:215}}
Jul 27 14:00:00.613386 np0000005912 devstack@g-api.service[103211]: DEBUG glance_store.backend [-] Attempting to import store glance.store.s3.Store {{(pid=103211) _load_store /opt/stack/data/venv/lib/python3.12/site-packages/glance_store/backend.py:215}}
Jul 27 14:00:00.613461 np0000005912 devstack@g-api.service[103211]: DEBUG glance_store.backend [-] Attempting to import store glance.store.swift.Store {{(pid=103211) _load_store /opt/stack/data/venv/lib/python3.12/site-packages/glance_store/backend.py:215}}
Jul 27 14:00:00.613533 np0000005912 devstack@g-api.service[103211]: DEBUG glance_store.backend [-] Attempting to import store glance.store.vmware_datastore.Store {{(pid=103211) _load_store /opt/stack/data/venv/lib/python3.12/site-packages/glance_store/backend.py:215}}
Jul 27 14:00:00.613618 np0000005912 devstack@g-api.service[103211]: DEBUG glance_store.backend [-] Attempting to import store http {{(pid=103211) _load_store /opt/stack/data/venv/lib/python3.12/site-packages/glance_store/backend.py:215}}
Jul 27 14:00:00.613689 np0000005912 devstack@g-api.service[103211]: DEBUG glance_store.backend [-] Attempting to import store no_conf {{(pid=103211) _load_store /opt/stack/data/venv/lib/python3.12/site-packages/glance_store/backend.py:215}}
Jul 27 14:00:00.613769 np0000005912 devstack@g-api.service[103211]: DEBUG glance_store.backend [-] Attempting to import store rbd {{(pid=103211) _load_store /opt/stack/data/venv/lib/python3.12/site-packages/glance_store/backend.py:215}}
Jul 27 14:00:00.613867 np0000005912 devstack@g-api.service[103211]: DEBUG glance_store.backend [-] Attempting to import store s3 {{(pid=103211) _load_store /opt/stack/data/venv/lib/python3.12/site-packages/glance_store/backend.py:215}}
Jul 27 14:00:00.613945 np0000005912 devstack@g-api.service[103211]: DEBUG glance_store.backend [-] Attempting to import store swift {{(pid=103211) _load_store /opt/stack/data/venv/lib/python3.12/site-packages/glance_store/backend.py:215}}
Jul 27 14:00:00.614010 np0000005912 devstack@g-api.service[103211]: DEBUG glance_store.backend [-] Attempting to import store vmware {{(pid=103211) _load_store /opt/stack/data/venv/lib/python3.12/site-packages/glance_store/backend.py:215}}
Jul 27 14:00:00.614120 np0000005912 devstack@g-api.service[103211]: DEBUG glance_store.backend [-] Registering options for group glance_store {{(pid=103211) register_opts /opt/stack/data/venv/lib/python3.12/site-packages/glance_store/backend.py:144}}
Jul 27 14:00:00.614211 np0000005912 devstack@g-api.service[103211]: DEBUG glance_store.backend [-] Registering options for group glance_store {{(pid=103211) register_opts /opt/stack/data/venv/lib/python3.12/site-packages/glance_store/backend.py:144}}
Jul 27 14:00:00.614457 np0000005912 devstack@g-api.service[103211]: DEBUG glance_store.backend [-] Attempting to import store file {{(pid=103211) _load_store /opt/stack/data/venv/lib/python3.12/site-packages/glance_store/backend.py:215}}
Jul 27 14:00:00.614787 np0000005912 devstack@g-api.service[103211]: DEBUG glance_store.capabilities [-] Store glance_store._drivers.filesystem.Store doesn't support updating dynamic storage capabilities. Please overwrite 'update_capabilities' method of the store to implement updating logics if needed. {{(pid=103211) update_capabilities /opt/stack/data/venv/lib/python3.12/site-packages/glance_store/capabilities.py:91}}
Jul 27 14:00:00.621253 np0000005912 devstack@g-api.service[103211]: DEBUG glance.async_.flows.api_image_import [-] Image f4745996-c835-423a-a3f3-77f5cc780e57 os_glance_importing_to_stores= {{(pid=103211) merge_store_list /opt/stack/glance/glance/async_/flows/api_image_import.py:297}}
Jul 27 14:00:00.621384 np0000005912 devstack@g-api.service[103211]: DEBUG glance.async_.flows.api_image_import [-] Image f4745996-c835-423a-a3f3-77f5cc780e57 os_glance_failed_import= {{(pid=103211) merge_store_list /opt/stack/glance/glance/async_/flows/api_image_import.py:297}}
Jul 27 14:00:00.625599 np0000005912 devstack@g-api.service[103211]: DEBUG glance.async_.flows.api_image_import [-] Image f4745996-c835-423a-a3f3-77f5cc780e57 status changing from uploading to importing {{(pid=103211) __exit__ /opt/stack/glance/glance/async_/flows/api_image_import.py:184}}
Jul 27 14:00:00.632113 np0000005912 devstack@g-api.service[103209]: [pid: 103209|app: 0|req: 3/6] 127.0.0.1 () {38 vars in 856 bytes} [Mon Jul 27 14:00:00 2026] GET /v2/images/f4745996-c835-423a-a3f3-77f5cc780e57 => generated 879 bytes in 49 msecs (HTTP/1.1 200) 4 headers in 157 bytes (1 switches on core 0)
Jul 27 14:00:01.095892 np0000005912 devstack@g-api.service[103211]: DEBUG glance.async_ [-] Creating threadpool model 'ThreadPoolExecutor' with size 10 {{(pid=103211) __init__ /opt/stack/glance/glance/async_/__init__.py:100}}
Jul 27 14:00:01.111763 np0000005912 devstack@g-api.service[103211]: DEBUG glance.async_.taskflow_executor [-] Flow 'api_image_import' (aabae657-1db2-4d75-9c30-3fdd12b86e6e) transitioned into state 'RUNNING' from state 'PENDING' {{(pid=103211) _flow_receiver /opt/stack/data/venv/lib/python3.12/site-packages/taskflow/listeners/logging.py:160}}
Jul 27 14:00:01.113504 np0000005912 devstack@g-api.service[103211]: DEBUG glance.async_.taskflow_executor [-] Task 'api_image_import-ImageLock-12f2e42e-ad53-4757-97de-be46fbc0f8a6' (9467251c-eeb9-49bf-a965-eb7d9772f57a) transitioned into state 'RUNNING' from state 'PENDING' {{(pid=103211) _task_receiver /opt/stack/data/venv/lib/python3.12/site-packages/taskflow/listeners/logging.py:242}}
Jul 27 14:00:01.118971 np0000005912 devstack@g-api.service[103211]: DEBUG glance.async_.flows.api_image_import [-] Image f4745996-c835-423a-a3f3-77f5cc780e57 import task 12f2e42e-ad53-4757-97de-be46fbc0f8a6 lock confirmed {{(pid=103211) execute /opt/stack/glance/glance/async_/flows/api_image_import.py:497}}
Jul 27 14:00:01.119622 np0000005912 devstack@g-api.service[103211]: DEBUG glance.async_.taskflow_executor [-] Task 'api_image_import-ImageLock-12f2e42e-ad53-4757-97de-be46fbc0f8a6' (9467251c-eeb9-49bf-a965-eb7d9772f57a) transitioned into state 'SUCCESS' from state 'RUNNING' with result 'None' {{(pid=103211) _task_receiver /opt/stack/data/venv/lib/python3.12/site-packages/taskflow/listeners/logging.py:218}}
Jul 27 14:00:01.120360 np0000005912 devstack@g-api.service[103211]: DEBUG glance.async_.taskflow_executor [-] Task 'api_image_import-ConfigureStaging-12f2e42e-ad53-4757-97de-be46fbc0f8a6' (8a217c94-371e-4e73-a8af-0cad0429feb3) transitioned into state 'RUNNING' from state 'PENDING' {{(pid=103211) _task_receiver /opt/stack/data/venv/lib/python3.12/site-packages/taskflow/listeners/logging.py:242}}
Jul 27 14:00:01.120964 np0000005912 devstack@g-api.service[103211]: DEBUG glance.async_.taskflow_executor [-] Task 'api_image_import-ConfigureStaging-12f2e42e-ad53-4757-97de-be46fbc0f8a6' (8a217c94-371e-4e73-a8af-0cad0429feb3) transitioned into state 'SUCCESS' from state 'RUNNING' with result 'file:///tmp/staging/f4745996-c835-423a-a3f3-77f5cc780e57' {{(pid=103211) _task_receiver /opt/stack/data/venv/lib/python3.12/site-packages/taskflow/listeners/logging.py:218}}
Jul 27 14:00:01.121622 np0000005912 devstack@g-api.service[103211]: DEBUG glance.async_.taskflow_executor [-] Task 'api_image_import--ImportToStore-12f2e42e-ad53-4757-97de-be46fbc0f8a6' (4f4a5093-0919-4c0f-8379-0cc7526d0ecd) transitioned into state 'RUNNING' from state 'PENDING' {{(pid=103211) _task_receiver /opt/stack/data/venv/lib/python3.12/site-packages/taskflow/listeners/logging.py:242}}
Jul 27 14:00:01.126276 np0000005912 devstack@g-api.service[103211]: INFO glance.common.scripts.image_import.main [-] Task 12f2e42e-ad53-4757-97de-be46fbc0f8a6: Got image data uri file:///tmp/staging/f4745996-c835-423a-a3f3-77f5cc780e57 to be imported
Jul 27 14:00:01.127668 np0000005912 devstack@g-api.service[103211]: DEBUG glance.location [-] Enabling in-flight format inspection for qcow2 {{(pid=103211) set_data /opt/stack/glance/glance/location.py:596}}
Jul 27 14:00:01.128028 np0000005912 devstack@g-api.service[103211]: DEBUG glance_store.backend [-] Attempting to import store swift {{(pid=103211) _load_store /opt/stack/data/venv/lib/python3.12/site-packages/glance_store/backend.py:215}}
Jul 27 14:00:01.129282 np0000005912 devstack@g-api.service[103211]: DEBUG glance_store.capabilities [-] Store glance_store._drivers.swift.store.SingleTenantStore doesn't support updating dynamic storage capabilities. Please overwrite 'update_capabilities' method of the store to implement updating logics if needed. {{(pid=103211) update_capabilities /opt/stack/data/venv/lib/python3.12/site-packages/glance_store/capabilities.py:91}}
Jul 27 14:00:01.129369 np0000005912 devstack@g-api.service[103211]: DEBUG glance_store.driver [-] Late loading location class glance_store._drivers.swift.store.StoreLocation {{(pid=103211) get_store_location_class /opt/stack/data/venv/lib/python3.12/site-packages/glance_store/driver.py:134}}
Jul 27 14:00:01.129481 np0000005912 devstack@g-api.service[103211]: DEBUG glance_store.location [-] Registering scheme swift+https with {'store': , 'location_class': , 'store_entry': 'swift'} {{(pid=103211) register_scheme_map /opt/stack/data/venv/lib/python3.12/site-packages/glance_store/location.py:146}}
Jul 27 14:00:01.129560 np0000005912 devstack@g-api.service[103211]: DEBUG glance_store.location [-] Registering scheme swift+https with {'store': , 'location_class': , 'store_entry': 'swift'} {{(pid=103211) register_scheme_map /opt/stack/data/venv/lib/python3.12/site-packages/glance_store/location.py:146}}
Jul 27 14:00:01.129657 np0000005912 devstack@g-api.service[103211]: DEBUG glance_store.location [-] Registering scheme swift with {'store': , 'location_class': , 'store_entry': 'swift'} {{(pid=103211) register_scheme_map /opt/stack/data/venv/lib/python3.12/site-packages/glance_store/location.py:146}}
Jul 27 14:00:01.129742 np0000005912 devstack@g-api.service[103211]: DEBUG glance_store.location [-] Registering scheme swift+https with {'store': , 'location_class': , 'store_entry': 'swift'} {{(pid=103211) register_scheme_map /opt/stack/data/venv/lib/python3.12/site-packages/glance_store/location.py:146}}
Jul 27 14:00:01.129823 np0000005912 devstack@g-api.service[103211]: DEBUG glance_store.location [-] Registering scheme swift with {'store': , 'location_class': , 'store_entry': 'swift'} {{(pid=103211) register_scheme_map /opt/stack/data/venv/lib/python3.12/site-packages/glance_store/location.py:146}}
Jul 27 14:00:01.129905 np0000005912 devstack@g-api.service[103211]: DEBUG glance_store.location [-] Registering scheme swift+http with {'store': , 'location_class': , 'store_entry': 'swift'} {{(pid=103211) register_scheme_map /opt/stack/data/venv/lib/python3.12/site-packages/glance_store/location.py:146}}
Jul 27 14:00:01.129974 np0000005912 devstack@g-api.service[103211]: DEBUG glance_store.location [-] Registering scheme swift+https with {'store': , 'location_class': , 'store_entry': 'swift'} {{(pid=103211) register_scheme_map /opt/stack/data/venv/lib/python3.12/site-packages/glance_store/location.py:146}}
Jul 27 14:00:01.130086 np0000005912 devstack@g-api.service[103211]: DEBUG glance_store.location [-] Registering scheme swift with {'store': , 'location_class': , 'store_entry': 'swift'} {{(pid=103211) register_scheme_map /opt/stack/data/venv/lib/python3.12/site-packages/glance_store/location.py:146}}
Jul 27 14:00:01.130159 np0000005912 devstack@g-api.service[103211]: DEBUG glance_store.location [-] Registering scheme swift+http with {'store': , 'location_class': , 'store_entry': 'swift'} {{(pid=103211) register_scheme_map /opt/stack/data/venv/lib/python3.12/site-packages/glance_store/location.py:146}}
Jul 27 14:00:01.130244 np0000005912 devstack@g-api.service[103211]: DEBUG glance_store.location [-] Registering scheme swift+config with {'store': , 'location_class': , 'store_entry': 'swift'} {{(pid=103211) register_scheme_map /opt/stack/data/venv/lib/python3.12/site-packages/glance_store/location.py:146}}
Jul 27 14:00:01.629009 np0000005912 devstack@g-api.service[103211]: INFO swiftclient [-] REQ: curl -i https://10.4.3.132:8080/v1/AUTH_c2b78fe4b7a644108130732382c963e3/glance -I -H "X-Auth-Token: gAAAAABqZ2RhxHSK..."
Jul 27 14:00:01.629139 np0000005912 devstack@g-api.service[103211]: INFO swiftclient [-] RESP STATUS: 404 Not Found
Jul 27 14:00:01.629220 np0000005912 devstack@g-api.service[103211]: INFO swiftclient [-] RESP HEADERS: {'Date': 'Mon, 27 Jul 2026 14:00:01 GMT', 'Server': 'Apache/2.4.58 (Ubuntu)', 'Content-Type': 'text/html; charset=UTF-8', 'X-Trans-Id': 'tx2dd2d8caff0448e9b7186-006a676461', 'X-Openstack-Request-Id': 'tx2dd2d8caff0448e9b7186-006a676461', 'Connection': 'close'}
Jul 27 14:00:01.629473 np0000005912 devstack@g-api.service[103211]: INFO glance_store._drivers.swift.store [-] Creating swift container glance
Jul 27 14:00:01.699714 np0000005912 devstack@g-api.service[103211]: DEBUG swiftclient [-] REQ: curl -i https://10.4.3.132:8080/v1/AUTH_c2b78fe4b7a644108130732382c963e3/glance -X PUT -H "X-Auth-Token: gAAAAABqZ2RhxHSK..." -H "Content-Length: 0" {{(pid=103211) http_log /opt/stack/data/venv/lib/python3.12/site-packages/swiftclient/client.py:160}}
Jul 27 14:00:01.699814 np0000005912 devstack@g-api.service[103211]: DEBUG swiftclient [-] RESP STATUS: 201 Created {{(pid=103211) http_log /opt/stack/data/venv/lib/python3.12/site-packages/swiftclient/client.py:161}}
Jul 27 14:00:01.699952 np0000005912 devstack@g-api.service[103211]: DEBUG swiftclient [-] RESP HEADERS: {'Date': 'Mon, 27 Jul 2026 14:00:01 GMT', 'Server': 'Apache/2.4.58 (Ubuntu)', 'Content-Type': 'text/html; charset=UTF-8', 'Content-Length': '0', 'X-Trans-Id': 'txc27d2b48399f4b5692bb7-006a676461', 'X-Openstack-Request-Id': 'txc27d2b48399f4b5692bb7-006a676461', 'Connection': 'close'} {{(pid=103211) http_log /opt/stack/data/venv/lib/python3.12/site-packages/swiftclient/client.py:162}}
Jul 27 14:00:01.700098 np0000005912 devstack@g-api.service[103211]: DEBUG glance_store._drivers.swift.store [-] Adding image object 'f4745996-c835-423a-a3f3-77f5cc780e57' to Swift {{(pid=103211) add /opt/stack/data/venv/lib/python3.12/site-packages/glance_store/_drivers/swift/store.py:970}}
Jul 27 14:00:01.706405 np0000005912 devstack@g-api.service[103211]: DEBUG oslo_utils.imageutils.format_inspector [-] Format inspector for vmdk does not match, excluding from consideration (Signature KDMV not found: b'QFI\xfb') {{(pid=103211) _process_chunk /opt/stack/data/venv/lib/python3.12/site-packages/oslo_utils/imageutils/format_inspector.py:1758}}
Jul 27 14:00:01.709882 np0000005912 devstack@g-api.service[103211]: DEBUG oslo_utils.imageutils.format_inspector [-] Format inspector for vhdx does not match, excluding from consideration (Region signature not found at 30000) {{(pid=103211) _process_chunk /opt/stack/data/venv/lib/python3.12/site-packages/oslo_utils/imageutils/format_inspector.py:1758}}
Jul 27 14:00:02.025554 np0000005912 devstack@g-api.service[103211]: DEBUG swiftclient [-] REQ: curl -i https://10.4.3.132:8080/v1/AUTH_c2b78fe4b7a644108130732382c963e3/glance/f4745996-c835-423a-a3f3-77f5cc780e57 -X PUT -H "X-Auth-Token: gAAAAABqZ2RhxHSK..." -H "Content-Length: 21430272" {{(pid=103211) http_log /opt/stack/data/venv/lib/python3.12/site-packages/swiftclient/client.py:160}}
Jul 27 14:00:02.025702 np0000005912 devstack@g-api.service[103211]: DEBUG swiftclient [-] RESP STATUS: 201 Created {{(pid=103211) http_log /opt/stack/data/venv/lib/python3.12/site-packages/swiftclient/client.py:161}}
Jul 27 14:00:02.025894 np0000005912 devstack@g-api.service[103211]: DEBUG swiftclient [-] RESP HEADERS: {'Date': 'Mon, 27 Jul 2026 14:00:02 GMT', 'Server': 'Apache/2.4.58 (Ubuntu)', 'Content-Type': 'text/html; charset=UTF-8', 'Content-Length': '0', 'Etag': 'c8fc807773e5354afe61636071771906', 'Last-Modified': 'Mon, 27 Jul 2026 14:00:02 GMT', 'X-Trans-Id': 'tx260ca49faede497c89b5f-006a676461', 'X-Openstack-Request-Id': 'tx260ca49faede497c89b5f-006a676461', 'Connection': 'close'} {{(pid=103211) http_log /opt/stack/data/venv/lib/python3.12/site-packages/swiftclient/client.py:162}}
Jul 27 14:00:02.047631 np0000005912 devstack@g-api.service[103211]: INFO glance.location [-] Image format matched and virtual size computed: 117440512
Jul 27 14:00:02.059324 np0000005912 devstack@g-api.service[103211]: DEBUG glance.async_.flows.api_image_import [-] Image f4745996-c835-423a-a3f3-77f5cc780e57 status changing from importing to active {{(pid=103211) __exit__ /opt/stack/glance/glance/async_/flows/api_image_import.py:184}}
Jul 27 14:00:02.091731 np0000005912 devstack@g-api.service[103211]: DEBUG glance_store.backend [-] Attempting to import store swift {{(pid=103211) _load_store /opt/stack/data/venv/lib/python3.12/site-packages/glance_store/backend.py:215}}
Jul 27 14:00:02.092991 np0000005912 devstack@g-api.service[103211]: DEBUG glance_store.capabilities [-] Store glance_store._drivers.swift.store.SingleTenantStore doesn't support updating dynamic storage capabilities. Please overwrite 'update_capabilities' method of the store to implement updating logics if needed. {{(pid=103211) update_capabilities /opt/stack/data/venv/lib/python3.12/site-packages/glance_store/capabilities.py:91}}
Jul 27 14:00:02.092991 np0000005912 devstack@g-api.service[103211]: DEBUG glance_store.driver [-] Late loading location class glance_store._drivers.swift.store.StoreLocation {{(pid=103211) get_store_location_class /opt/stack/data/venv/lib/python3.12/site-packages/glance_store/driver.py:134}}
Jul 27 14:00:02.093148 np0000005912 devstack@g-api.service[103211]: DEBUG glance_store.location [-] Registering scheme swift+https with {'store': , 'location_class': , 'store_entry': 'swift'} {{(pid=103211) register_scheme_map /opt/stack/data/venv/lib/python3.12/site-packages/glance_store/location.py:146}}
Jul 27 14:00:02.093209 np0000005912 devstack@g-api.service[103211]: DEBUG glance_store.location [-] Registering scheme swift+https with {'store': , 'location_class': , 'store_entry': 'swift'} {{(pid=103211) register_scheme_map /opt/stack/data/venv/lib/python3.12/site-packages/glance_store/location.py:146}}
Jul 27 14:00:02.093209 np0000005912 devstack@g-api.service[103211]: DEBUG glance_store.location [-] Registering scheme swift with {'store': , 'location_class': , 'store_entry': 'swift'} {{(pid=103211) register_scheme_map /opt/stack/data/venv/lib/python3.12/site-packages/glance_store/location.py:146}}
Jul 27 14:00:02.093279 np0000005912 devstack@g-api.service[103211]: DEBUG glance_store.location [-] Registering scheme swift+https with {'store': , 'location_class': , 'store_entry': 'swift'} {{(pid=103211) register_scheme_map /opt/stack/data/venv/lib/python3.12/site-packages/glance_store/location.py:146}}
Jul 27 14:00:02.093315 np0000005912 devstack@g-api.service[103211]: DEBUG glance_store.location [-] Registering scheme swift with {'store': , 'location_class': , 'store_entry': 'swift'} {{(pid=103211) register_scheme_map /opt/stack/data/venv/lib/python3.12/site-packages/glance_store/location.py:146}}
Jul 27 14:00:02.093353 np0000005912 devstack@g-api.service[103211]: DEBUG glance_store.location [-] Registering scheme swift+http with {'store': , 'location_class': , 'store_entry': 'swift'} {{(pid=103211) register_scheme_map /opt/stack/data/venv/lib/python3.12/site-packages/glance_store/location.py:146}}
Jul 27 14:00:02.093398 np0000005912 devstack@g-api.service[103211]: DEBUG glance_store.location [-] Registering scheme swift+https with {'store': , 'location_class': , 'store_entry': 'swift'} {{(pid=103211) register_scheme_map /opt/stack/data/venv/lib/python3.12/site-packages/glance_store/location.py:146}}
Jul 27 14:00:02.093440 np0000005912 devstack@g-api.service[103211]: DEBUG glance_store.location [-] Registering scheme swift with {'store': , 'location_class': , 'store_entry': 'swift'} {{(pid=103211) register_scheme_map /opt/stack/data/venv/lib/python3.12/site-packages/glance_store/location.py:146}}
Jul 27 14:00:02.093483 np0000005912 devstack@g-api.service[103211]: DEBUG glance_store.location [-] Registering scheme swift+http with {'store': , 'location_class': , 'store_entry': 'swift'} {{(pid=103211) register_scheme_map /opt/stack/data/venv/lib/python3.12/site-packages/glance_store/location.py:146}}
