Aug 18 11:51:12.405794 np0000007646 devstack@g-api.service[103019]: DEBUG glance.api.middleware.version_negotiation [None req-86643fc3-10fb-4188-8360-9b163225cc7b tempest-TaggedBootDevicesTest-707772574 tempest-TaggedBootDevicesTest-707772574-project-member] Determining version of request: GET /v2/schemas/image Accept: */* {{(pid=103019) process_request /opt/stack/glance/glance/api/middleware/version_negotiation.py:44}}
Aug 18 11:51:12.406001 np0000007646 devstack@g-api.service[103019]: DEBUG glance.api.middleware.version_negotiation [None req-86643fc3-10fb-4188-8360-9b163225cc7b tempest-TaggedBootDevicesTest-707772574 tempest-TaggedBootDevicesTest-707772574-project-member] Using url versioning {{(pid=103019) process_request /opt/stack/glance/glance/api/middleware/version_negotiation.py:57}}
Aug 18 11:51:12.406185 np0000007646 devstack@g-api.service[103019]: DEBUG glance.api.middleware.version_negotiation [None req-86643fc3-10fb-4188-8360-9b163225cc7b tempest-TaggedBootDevicesTest-707772574 tempest-TaggedBootDevicesTest-707772574-project-member] Matched version: v2 {{(pid=103019) process_request /opt/stack/glance/glance/api/middleware/version_negotiation.py:69}}
Aug 18 11:51:12.406359 np0000007646 devstack@g-api.service[103019]: DEBUG glance.api.middleware.version_negotiation [None req-86643fc3-10fb-4188-8360-9b163225cc7b tempest-TaggedBootDevicesTest-707772574 tempest-TaggedBootDevicesTest-707772574-project-member] new path /v2/schemas/image {{(pid=103019) process_request /opt/stack/glance/glance/api/middleware/version_negotiation.py:70}}
Aug 18 11:51:12.409439 np0000007646 devstack@g-api.service[103019]: [pid: 103019|app: 0|req: 9/36] 127.0.0.1 () {44 vars in 1055 bytes} [Tue Aug 18 11:51:12 2026] GET /v2/schemas/image => generated 6083 bytes in 3 msecs (HTTP/1.1 200) 4 headers in 158 bytes (1 switches on core 0)
Aug 18 11:51:12.952070 np0000007646 devstack@g-api.service[103018]: DEBUG glance.location [None req-a7da78dc-b4a6-4609-a4c9-801483c332a8 tempest-AttachSCSIVolumeTestJSON-1257219085 tempest-AttachSCSIVolumeTestJSON-1257219085-project-admin] Enabling in-flight format inspection for qcow2 {{(pid=103018) set_data /opt/stack/glance/glance/location.py:596}}
Aug 18 11:51:12.952498 np0000007646 devstack@g-api.service[103018]: DEBUG glance_store.backend [None req-a7da78dc-b4a6-4609-a4c9-801483c332a8 tempest-AttachSCSIVolumeTestJSON-1257219085 tempest-AttachSCSIVolumeTestJSON-1257219085-project-admin] Attempting to import store swift {{(pid=103018) _load_store /opt/stack/data/venv/lib/python3.12/site-packages/glance_store/backend.py:215}}
Aug 18 11:51:12.954292 np0000007646 devstack@g-api.service[103018]: DEBUG glance_store.capabilities [None req-a7da78dc-b4a6-4609-a4c9-801483c332a8 tempest-AttachSCSIVolumeTestJSON-1257219085 tempest-AttachSCSIVolumeTestJSON-1257219085-project-admin] Store glance_store._drivers.swift.store.SingleTenantStore doesn't support updating dynamic storage capabilities. Please overwrite 'update_capabilities' method of the store to implement updating logics if needed. {{(pid=103018) update_capabilities /opt/stack/data/venv/lib/python3.12/site-packages/glance_store/capabilities.py:91}}
Aug 18 11:51:12.954292 np0000007646 devstack@g-api.service[103018]: DEBUG glance_store.driver [None req-a7da78dc-b4a6-4609-a4c9-801483c332a8 tempest-AttachSCSIVolumeTestJSON-1257219085 tempest-AttachSCSIVolumeTestJSON-1257219085-project-admin] Late loading location class glance_store._drivers.swift.store.StoreLocation {{(pid=103018) get_store_location_class /opt/stack/data/venv/lib/python3.12/site-packages/glance_store/driver.py:134}}
Aug 18 11:51:12.954292 np0000007646 devstack@g-api.service[103018]: DEBUG glance_store.location [None req-a7da78dc-b4a6-4609-a4c9-801483c332a8 tempest-AttachSCSIVolumeTestJSON-1257219085 tempest-AttachSCSIVolumeTestJSON-1257219085-project-admin] Registering scheme swift+https with {'store': , 'location_class': , 'store_entry': 'swift'} {{(pid=103018) register_scheme_map /opt/stack/data/venv/lib/python3.12/site-packages/glance_store/location.py:146}}
Aug 18 11:51:12.954487 np0000007646 devstack@g-api.service[103018]: DEBUG glance_store.location [None req-a7da78dc-b4a6-4609-a4c9-801483c332a8 tempest-AttachSCSIVolumeTestJSON-1257219085 tempest-AttachSCSIVolumeTestJSON-1257219085-project-admin] Registering scheme swift+https with {'store': , 'location_class': , 'store_entry': 'swift'} {{(pid=103018) register_scheme_map /opt/stack/data/venv/lib/python3.12/site-packages/glance_store/location.py:146}}
Aug 18 11:51:12.954487 np0000007646 devstack@g-api.service[103018]: DEBUG glance_store.location [None req-a7da78dc-b4a6-4609-a4c9-801483c332a8 tempest-AttachSCSIVolumeTestJSON-1257219085 tempest-AttachSCSIVolumeTestJSON-1257219085-project-admin] Registering scheme swift with {'store': , 'location_class': , 'store_entry': 'swift'} {{(pid=103018) register_scheme_map /opt/stack/data/venv/lib/python3.12/site-packages/glance_store/location.py:146}}
Aug 18 11:51:12.954487 np0000007646 devstack@g-api.service[103018]: DEBUG glance_store.location [None req-a7da78dc-b4a6-4609-a4c9-801483c332a8 tempest-AttachSCSIVolumeTestJSON-1257219085 tempest-AttachSCSIVolumeTestJSON-1257219085-project-admin] Registering scheme swift+https with {'store': , 'location_class': , 'store_entry': 'swift'} {{(pid=103018) register_scheme_map /opt/stack/data/venv/lib/python3.12/site-packages/glance_store/location.py:146}}
Aug 18 11:51:12.954670 np0000007646 devstack@g-api.service[103018]: DEBUG glance_store.location [None req-a7da78dc-b4a6-4609-a4c9-801483c332a8 tempest-AttachSCSIVolumeTestJSON-1257219085 tempest-AttachSCSIVolumeTestJSON-1257219085-project-admin] Registering scheme swift with {'store': , 'location_class': , 'store_entry': 'swift'} {{(pid=103018) register_scheme_map /opt/stack/data/venv/lib/python3.12/site-packages/glance_store/location.py:146}}
Aug 18 11:51:12.954670 np0000007646 devstack@g-api.service[103018]: DEBUG glance_store.location [None req-a7da78dc-b4a6-4609-a4c9-801483c332a8 tempest-AttachSCSIVolumeTestJSON-1257219085 tempest-AttachSCSIVolumeTestJSON-1257219085-project-admin] Registering scheme swift+http with {'store': , 'location_class': , 'store_entry': 'swift'} {{(pid=103018) register_scheme_map /opt/stack/data/venv/lib/python3.12/site-packages/glance_store/location.py:146}}
Aug 18 11:51:12.954670 np0000007646 devstack@g-api.service[103018]: DEBUG glance_store.location [None req-a7da78dc-b4a6-4609-a4c9-801483c332a8 tempest-AttachSCSIVolumeTestJSON-1257219085 tempest-AttachSCSIVolumeTestJSON-1257219085-project-admin] Registering scheme swift+https with {'store': , 'location_class': , 'store_entry': 'swift'} {{(pid=103018) register_scheme_map /opt/stack/data/venv/lib/python3.12/site-packages/glance_store/location.py:146}}
Aug 18 11:51:12.954771 np0000007646 devstack@g-api.service[103018]: DEBUG glance_store.location [None req-a7da78dc-b4a6-4609-a4c9-801483c332a8 tempest-AttachSCSIVolumeTestJSON-1257219085 tempest-AttachSCSIVolumeTestJSON-1257219085-project-admin] Registering scheme swift with {'store': , 'location_class': , 'store_entry': 'swift'} {{(pid=103018) register_scheme_map /opt/stack/data/venv/lib/python3.12/site-packages/glance_store/location.py:146}}
Aug 18 11:51:12.954771 np0000007646 devstack@g-api.service[103018]: DEBUG glance_store.location [None req-a7da78dc-b4a6-4609-a4c9-801483c332a8 tempest-AttachSCSIVolumeTestJSON-1257219085 tempest-AttachSCSIVolumeTestJSON-1257219085-project-admin] Registering scheme swift+http with {'store': , 'location_class': , 'store_entry': 'swift'} {{(pid=103018) register_scheme_map /opt/stack/data/venv/lib/python3.12/site-packages/glance_store/location.py:146}}
Aug 18 11:51:12.954771 np0000007646 devstack@g-api.service[103018]: DEBUG glance_store.location [None req-a7da78dc-b4a6-4609-a4c9-801483c332a8 tempest-AttachSCSIVolumeTestJSON-1257219085 tempest-AttachSCSIVolumeTestJSON-1257219085-project-admin] Registering scheme swift+config with {'store': , 'location_class': , 'store_entry': 'swift'} {{(pid=103018) register_scheme_map /opt/stack/data/venv/lib/python3.12/site-packages/glance_store/location.py:146}}
Aug 18 11:51:13.236328 np0000007646 devstack@g-api.service[103020]: DEBUG glance.api.middleware.version_negotiation [None req-86643fc3-10fb-4188-8360-9b163225cc7b tempest-TaggedBootDevicesTest-707772574 tempest-TaggedBootDevicesTest-707772574-project-member] Determining version of request: GET /versions Accept: */* {{(pid=103020) process_request /opt/stack/glance/glance/api/middleware/version_negotiation.py:44}}
Aug 18 11:51:13.237297 np0000007646 devstack@g-api.service[103020]: [pid: 103020|app: 0|req: 12/37] 127.0.0.1 () {44 vars in 1039 bytes} [Tue Aug 18 11:51:13 2026] GET /versions => generated 1515 bytes in 1 msecs (HTTP/1.1 200) 3 headers in 92 bytes (1 switches on core 0)
Aug 18 11:51:13.247201 np0000007646 devstack@g-api.service[103017]: DEBUG glance.api.middleware.version_negotiation [None req-86643fc3-10fb-4188-8360-9b163225cc7b tempest-TaggedBootDevicesTest-707772574 tempest-TaggedBootDevicesTest-707772574-project-member] Determining version of request: GET /v2/images/b88a184d-b92b-4aa5-9ab0-952969540a0d/locations Accept: */* {{(pid=103017) process_request /opt/stack/glance/glance/api/middleware/version_negotiation.py:44}}
Aug 18 11:51:13.247496 np0000007646 devstack@g-api.service[103017]: DEBUG glance.api.middleware.version_negotiation [None req-86643fc3-10fb-4188-8360-9b163225cc7b tempest-TaggedBootDevicesTest-707772574 tempest-TaggedBootDevicesTest-707772574-project-member] Using url versioning {{(pid=103017) process_request /opt/stack/glance/glance/api/middleware/version_negotiation.py:57}}
Aug 18 11:51:13.247699 np0000007646 devstack@g-api.service[103017]: DEBUG glance.api.middleware.version_negotiation [None req-86643fc3-10fb-4188-8360-9b163225cc7b tempest-TaggedBootDevicesTest-707772574 tempest-TaggedBootDevicesTest-707772574-project-member] Matched version: v2 {{(pid=103017) process_request /opt/stack/glance/glance/api/middleware/version_negotiation.py:69}}
Aug 18 11:51:13.247834 np0000007646 devstack@g-api.service[103017]: DEBUG glance.api.middleware.version_negotiation [None req-86643fc3-10fb-4188-8360-9b163225cc7b tempest-TaggedBootDevicesTest-707772574 tempest-TaggedBootDevicesTest-707772574-project-member] new path /v2/images/b88a184d-b92b-4aa5-9ab0-952969540a0d/locations {{(pid=103017) process_request /opt/stack/glance/glance/api/middleware/version_negotiation.py:70}}
Aug 18 11:51:13.419378 np0000007646 devstack@g-api.service[103018]: DEBUG swiftclient [None req-a7da78dc-b4a6-4609-a4c9-801483c332a8 tempest-AttachSCSIVolumeTestJSON-1257219085 tempest-AttachSCSIVolumeTestJSON-1257219085-project-admin] REQ: curl -i https://10.4.3.217:8080/v1/AUTH_4e80a070d17b45e5a23beb67c35504c6/glance -I -H "X-Auth-Token: gAAAAABqhEcxtTB8..." {{(pid=103018) http_log /opt/stack/data/venv/lib/python3.12/site-packages/swiftclient/client.py:160}}
Aug 18 11:51:13.419543 np0000007646 devstack@g-api.service[103018]: DEBUG swiftclient [None req-a7da78dc-b4a6-4609-a4c9-801483c332a8 tempest-AttachSCSIVolumeTestJSON-1257219085 tempest-AttachSCSIVolumeTestJSON-1257219085-project-admin] RESP STATUS: 204 No Content {{(pid=103018) http_log /opt/stack/data/venv/lib/python3.12/site-packages/swiftclient/client.py:161}}
Aug 18 11:51:13.419858 np0000007646 devstack@g-api.service[103018]: DEBUG swiftclient [None req-a7da78dc-b4a6-4609-a4c9-801483c332a8 tempest-AttachSCSIVolumeTestJSON-1257219085 tempest-AttachSCSIVolumeTestJSON-1257219085-project-admin] RESP HEADERS: {'Date': 'Tue, 18 Aug 2026 11:51:13 GMT', 'Server': 'Apache/2.4.58 (Ubuntu)', 'Content-Type': 'text/plain; charset=utf-8', 'X-Container-Object-Count': '3', 'X-Container-Bytes-Used': '64356352', 'X-Timestamp': '1787053752.12202', 'Last-Modified': 'Tue, 18 Aug 2026 11:49:13 GMT', 'Accept-Ranges': 'bytes', 'X-Storage-Policy': 'Policy-0', 'X-Container-Sharding': 'False', 'Vary': 'Accept', 'X-Trans-Id': 'txa0d47408c3be420c839fb-006a844731', 'X-Openstack-Request-Id': 'txa0d47408c3be420c839fb-006a844731', 'Connection': 'close'} {{(pid=103018) http_log /opt/stack/data/venv/lib/python3.12/site-packages/swiftclient/client.py:162}}
Aug 18 11:51:13.420125 np0000007646 devstack@g-api.service[103018]: DEBUG glance_store._drivers.swift.store [None req-a7da78dc-b4a6-4609-a4c9-801483c332a8 tempest-AttachSCSIVolumeTestJSON-1257219085 tempest-AttachSCSIVolumeTestJSON-1257219085-project-admin] Adding image object '6acf761f-ff48-49f4-87b0-998d09dcb97b' to Swift {{(pid=103018) add /opt/stack/data/venv/lib/python3.12/site-packages/glance_store/_drivers/swift/store.py:970}}
Aug 18 11:51:13.420264 np0000007646 devstack@g-api.service[103018]: DEBUG glance_store._drivers.swift.store [None req-a7da78dc-b4a6-4609-a4c9-801483c332a8 tempest-AttachSCSIVolumeTestJSON-1257219085 tempest-AttachSCSIVolumeTestJSON-1257219085-project-admin] Cannot determine image size because it is either not provided in the request or chunked-transfer encoding is used. Adding image as a segmented object to Swift. {{(pid=103018) add /opt/stack/data/venv/lib/python3.12/site-packages/glance_store/_drivers/swift/store.py:994}}
Aug 18 11:51:13.428442 np0000007646 devstack@g-api.service[103018]: DEBUG oslo_utils.imageutils.format_inspector [None req-a7da78dc-b4a6-4609-a4c9-801483c332a8 tempest-AttachSCSIVolumeTestJSON-1257219085 tempest-AttachSCSIVolumeTestJSON-1257219085-project-admin] Format inspector for vmdk does not match, excluding from consideration (Signature KDMV not found: b'QFI\xfb') {{(pid=103018) _process_chunk /opt/stack/data/venv/lib/python3.12/site-packages/oslo_utils/imageutils/format_inspector.py:1758}}
Aug 18 11:51:13.431262 np0000007646 devstack@g-api.service[103018]: DEBUG oslo_utils.imageutils.format_inspector [None req-a7da78dc-b4a6-4609-a4c9-801483c332a8 tempest-AttachSCSIVolumeTestJSON-1257219085 tempest-AttachSCSIVolumeTestJSON-1257219085-project-admin] Format inspector for vhdx does not match, excluding from consideration (Region signature not found at 30000) {{(pid=103018) _process_chunk /opt/stack/data/venv/lib/python3.12/site-packages/oslo_utils/imageutils/format_inspector.py:1758}}
Aug 18 11:51:13.689251 np0000007646 devstack@g-api.service[103017]: [pid: 103017|app: 0|req: 11/38] 127.0.0.1 () {44 vars in 1135 bytes} [Tue Aug 18 11:51:13 2026] GET /v2/images/b88a184d-b92b-4aa5-9ab0-952969540a0d/locations => generated 92 bytes in 442 msecs (HTTP/1.1 200) 4 headers in 156 bytes (1 switches on core 0)
Aug 18 11:51:13.708132 np0000007646 devstack@g-api.service[103019]: DEBUG glance.api.middleware.version_negotiation [None req-86643fc3-10fb-4188-8360-9b163225cc7b tempest-TaggedBootDevicesTest-707772574 tempest-TaggedBootDevicesTest-707772574-project-member] Determining version of request: GET /v2/images/b88a184d-b92b-4aa5-9ab0-952969540a0d Accept: */* {{(pid=103019) process_request /opt/stack/glance/glance/api/middleware/version_negotiation.py:44}}
Aug 18 11:51:13.708537 np0000007646 devstack@g-api.service[103019]: DEBUG glance.api.middleware.version_negotiation [None req-86643fc3-10fb-4188-8360-9b163225cc7b tempest-TaggedBootDevicesTest-707772574 tempest-TaggedBootDevicesTest-707772574-project-member] Using url versioning {{(pid=103019) process_request /opt/stack/glance/glance/api/middleware/version_negotiation.py:57}}
Aug 18 11:51:13.708676 np0000007646 devstack@g-api.service[103019]: DEBUG glance.api.middleware.version_negotiation [None req-86643fc3-10fb-4188-8360-9b163225cc7b tempest-TaggedBootDevicesTest-707772574 tempest-TaggedBootDevicesTest-707772574-project-member] Matched version: v2 {{(pid=103019) process_request /opt/stack/glance/glance/api/middleware/version_negotiation.py:69}}
Aug 18 11:51:13.708880 np0000007646 devstack@g-api.service[103019]: DEBUG glance.api.middleware.version_negotiation [None req-86643fc3-10fb-4188-8360-9b163225cc7b tempest-TaggedBootDevicesTest-707772574 tempest-TaggedBootDevicesTest-707772574-project-member] new path /v2/images/b88a184d-b92b-4aa5-9ab0-952969540a0d {{(pid=103019) process_request /opt/stack/glance/glance/api/middleware/version_negotiation.py:70}}
Aug 18 11:51:13.710400 np0000007646 devstack@g-api.service[103018]: DEBUG swiftclient [None req-a7da78dc-b4a6-4609-a4c9-801483c332a8 tempest-AttachSCSIVolumeTestJSON-1257219085 tempest-AttachSCSIVolumeTestJSON-1257219085-project-admin] REQ: curl -i https://10.4.3.217:8080/v1/AUTH_4e80a070d17b45e5a23beb67c35504c6/glance/6acf761f-ff48-49f4-87b0-998d09dcb97b-00001 -X PUT -H "X-Auth-Token: gAAAAABqhEcxtTB8..." {{(pid=103018) http_log /opt/stack/data/venv/lib/python3.12/site-packages/swiftclient/client.py:160}}
Aug 18 11:51:13.710512 np0000007646 devstack@g-api.service[103018]: DEBUG swiftclient [None req-a7da78dc-b4a6-4609-a4c9-801483c332a8 tempest-AttachSCSIVolumeTestJSON-1257219085 tempest-AttachSCSIVolumeTestJSON-1257219085-project-admin] RESP STATUS: 201 Created {{(pid=103018) http_log /opt/stack/data/venv/lib/python3.12/site-packages/swiftclient/client.py:161}}
Aug 18 11:51:13.710727 np0000007646 devstack@g-api.service[103018]: DEBUG swiftclient [None req-a7da78dc-b4a6-4609-a4c9-801483c332a8 tempest-AttachSCSIVolumeTestJSON-1257219085 tempest-AttachSCSIVolumeTestJSON-1257219085-project-admin] RESP HEADERS: {'Date': 'Tue, 18 Aug 2026 11:51:13 GMT', 'Server': 'Apache/2.4.58 (Ubuntu)', 'Content-Type': 'text/html; charset=UTF-8', 'Content-Length': '0', 'Etag': '87617e24a5e30cb3b87fda8c0764838f', 'Last-Modified': 'Tue, 18 Aug 2026 11:51:14 GMT', 'X-Trans-Id': 'tx4de36d7c294b401daebe7-006a844731', 'X-Openstack-Request-Id': 'tx4de36d7c294b401daebe7-006a844731', 'Connection': 'close'} {{(pid=103018) http_log /opt/stack/data/venv/lib/python3.12/site-packages/swiftclient/client.py:162}}
Aug 18 11:51:13.710885 np0000007646 devstack@g-api.service[103018]: DEBUG glance_store._drivers.swift.store [None req-a7da78dc-b4a6-4609-a4c9-801483c332a8 tempest-AttachSCSIVolumeTestJSON-1257219085 tempest-AttachSCSIVolumeTestJSON-1257219085-project-admin] Wrote chunk 6acf761f-ff48-49f4-87b0-998d09dcb97b-00001 (1/?) of length 21692416 to Swift returning MD5 of content: 87617e24a5e30cb3b87fda8c0764838f {{(pid=103018) add /opt/stack/data/venv/lib/python3.12/site-packages/glance_store/_drivers/swift/store.py:1059}}
Aug 18 11:51:13.711285 np0000007646 devstack@g-api.service[103018]: DEBUG glance_store._drivers.swift.store [None req-a7da78dc-b4a6-4609-a4c9-801483c332a8 tempest-AttachSCSIVolumeTestJSON-1257219085 tempest-AttachSCSIVolumeTestJSON-1257219085-project-admin] Not writing zero-length chunk. {{(pid=103018) add /opt/stack/data/venv/lib/python3.12/site-packages/glance_store/_drivers/swift/store.py:1028}}
Aug 18 11:51:13.729986 np0000007646 devstack@g-api.service[103019]: [pid: 103019|app: 0|req: 10/39] 127.0.0.1 () {44 vars in 1115 bytes} [Tue Aug 18 11:51:13 2026] GET /v2/images/b88a184d-b92b-4aa5-9ab0-952969540a0d => generated 1044 bytes in 22 msecs (HTTP/1.1 200) 4 headers in 158 bytes (1 switches on core 0)
Aug 18 11:51:13.739253 np0000007646 devstack@g-api.service[103020]: DEBUG glance.api.middleware.version_negotiation [None req-86643fc3-10fb-4188-8360-9b163225cc7b tempest-TaggedBootDevicesTest-707772574 tempest-TaggedBootDevicesTest-707772574-project-member] Determining version of request: GET /v2/schemas/image Accept: */* {{(pid=103020) process_request /opt/stack/glance/glance/api/middleware/version_negotiation.py:44}}
Aug 18 11:51:13.739431 np0000007646 devstack@g-api.service[103020]: DEBUG glance.api.middleware.version_negotiation [None req-86643fc3-10fb-4188-8360-9b163225cc7b tempest-TaggedBootDevicesTest-707772574 tempest-TaggedBootDevicesTest-707772574-project-member] Using url versioning {{(pid=103020) process_request /opt/stack/glance/glance/api/middleware/version_negotiation.py:57}}
Aug 18 11:51:13.739597 np0000007646 devstack@g-api.service[103020]: DEBUG glance.api.middleware.version_negotiation [None req-86643fc3-10fb-4188-8360-9b163225cc7b tempest-TaggedBootDevicesTest-707772574 tempest-TaggedBootDevicesTest-707772574-project-member] Matched version: v2 {{(pid=103020) process_request /opt/stack/glance/glance/api/middleware/version_negotiation.py:69}}
Aug 18 11:51:13.739689 np0000007646 devstack@g-api.service[103020]: DEBUG glance.api.middleware.version_negotiation [None req-86643fc3-10fb-4188-8360-9b163225cc7b tempest-TaggedBootDevicesTest-707772574 tempest-TaggedBootDevicesTest-707772574-project-member] new path /v2/schemas/image {{(pid=103020) process_request /opt/stack/glance/glance/api/middleware/version_negotiation.py:70}}
Aug 18 11:51:13.741928 np0000007646 devstack@g-api.service[103020]: [pid: 103020|app: 0|req: 13/40] 127.0.0.1 () {44 vars in 1055 bytes} [Tue Aug 18 11:51:13 2026] GET /v2/schemas/image => generated 6083 bytes in 3 msecs (HTTP/1.1 200) 4 headers in 158 bytes (1 switches on core 0)
Aug 18 11:51:13.751315 np0000007646 devstack@g-api.service[103018]: DEBUG swiftclient [None req-a7da78dc-b4a6-4609-a4c9-801483c332a8 tempest-AttachSCSIVolumeTestJSON-1257219085 tempest-AttachSCSIVolumeTestJSON-1257219085-project-admin] REQ: curl -i https://10.4.3.217:8080/v1/AUTH_4e80a070d17b45e5a23beb67c35504c6/glance/6acf761f-ff48-49f4-87b0-998d09dcb97b -X PUT -H "X-Object-Manifest: glance/6acf761f-ff48-49f4-87b0-998d09dcb97b-" -H "X-Auth-Token: gAAAAABqhEcxtTB8..." -H "Content-Length: 0" {{(pid=103018) http_log /opt/stack/data/venv/lib/python3.12/site-packages/swiftclient/client.py:160}}
Aug 18 11:51:13.751467 np0000007646 devstack@g-api.service[103018]: DEBUG swiftclient [None req-a7da78dc-b4a6-4609-a4c9-801483c332a8 tempest-AttachSCSIVolumeTestJSON-1257219085 tempest-AttachSCSIVolumeTestJSON-1257219085-project-admin] RESP STATUS: 201 Created {{(pid=103018) http_log /opt/stack/data/venv/lib/python3.12/site-packages/swiftclient/client.py:161}}
Aug 18 11:51:13.751678 np0000007646 devstack@g-api.service[103018]: DEBUG swiftclient [None req-a7da78dc-b4a6-4609-a4c9-801483c332a8 tempest-AttachSCSIVolumeTestJSON-1257219085 tempest-AttachSCSIVolumeTestJSON-1257219085-project-admin] RESP HEADERS: {'Date': 'Tue, 18 Aug 2026 11:51:13 GMT', 'Server': 'Apache/2.4.58 (Ubuntu)', 'Content-Type': 'text/html; charset=UTF-8', 'Content-Length': '0', 'Etag': 'd41d8cd98f00b204e9800998ecf8427e', 'Last-Modified': 'Tue, 18 Aug 2026 11:51:14 GMT', 'X-Trans-Id': 'tx9303a7aaeb084c8abdc95-006a844731', 'X-Openstack-Request-Id': 'tx9303a7aaeb084c8abdc95-006a844731', 'Connection': 'close'} {{(pid=103018) http_log /opt/stack/data/venv/lib/python3.12/site-packages/swiftclient/client.py:162}}
Aug 18 11:51:13.752801 np0000007646 devstack@g-api.service[103018]: INFO glance.location [None req-a7da78dc-b4a6-4609-a4c9-801483c332a8 tempest-AttachSCSIVolumeTestJSON-1257219085 tempest-AttachSCSIVolumeTestJSON-1257219085-project-admin] Image format matched and virtual size computed: 117440512
Aug 18 11:51:13.756223 np0000007646 devstack@g-api.service[103017]: DEBUG glance.api.middleware.version_negotiation [None req-86643fc3-10fb-4188-8360-9b163225cc7b service glance] Determining version of request: GET /v2/schemas/image Accept: */* {{(pid=103017) process_request /opt/stack/glance/glance/api/middleware/version_negotiation.py:44}}
Aug 18 11:51:13.756416 np0000007646 devstack@g-api.service[103017]: DEBUG glance.api.middleware.version_negotiation [None req-86643fc3-10fb-4188-8360-9b163225cc7b service glance] Using url versioning {{(pid=103017) process_request /opt/stack/glance/glance/api/middleware/version_negotiation.py:57}}
Aug 18 11:51:13.756561 np0000007646 devstack@g-api.service[103017]: DEBUG glance.api.middleware.version_negotiation [None req-86643fc3-10fb-4188-8360-9b163225cc7b service glance] Matched version: v2 {{(pid=103017) process_request /opt/stack/glance/glance/api/middleware/version_negotiation.py:69}}
Aug 18 11:51:13.756701 np0000007646 devstack@g-api.service[103017]: DEBUG glance.api.middleware.version_negotiation [None req-86643fc3-10fb-4188-8360-9b163225cc7b service glance] new path /v2/schemas/image {{(pid=103017) process_request /opt/stack/glance/glance/api/middleware/version_negotiation.py:70}}
Aug 18 11:51:13.760401 np0000007646 devstack@g-api.service[103017]: [pid: 103017|app: 0|req: 12/41] 127.0.0.1 () {44 vars in 1055 bytes} [Tue Aug 18 11:51:13 2026] GET /v2/schemas/image => generated 6083 bytes in 4 msecs (HTTP/1.1 200) 4 headers in 158 bytes (1 switches on core 0)
Aug 18 11:51:13.802868 np0000007646 devstack@g-api.service[103018]: DEBUG glance_store.backend [None req-a7da78dc-b4a6-4609-a4c9-801483c332a8 tempest-AttachSCSIVolumeTestJSON-1257219085 tempest-AttachSCSIVolumeTestJSON-1257219085-project-admin] Attempting to import store swift {{(pid=103018) _load_store /opt/stack/data/venv/lib/python3.12/site-packages/glance_store/backend.py:215}}
Aug 18 11:51:13.803986 np0000007646 devstack@g-api.service[103018]: DEBUG glance_store.capabilities [None req-a7da78dc-b4a6-4609-a4c9-801483c332a8 tempest-AttachSCSIVolumeTestJSON-1257219085 tempest-AttachSCSIVolumeTestJSON-1257219085-project-admin] Store glance_store._drivers.swift.store.SingleTenantStore doesn't support updating dynamic storage capabilities. Please overwrite 'update_capabilities' method of the store to implement updating logics if needed. {{(pid=103018) update_capabilities /opt/stack/data/venv/lib/python3.12/site-packages/glance_store/capabilities.py:91}}
Aug 18 11:51:13.804128 np0000007646 devstack@g-api.service[103018]: DEBUG glance_store.driver [None req-a7da78dc-b4a6-4609-a4c9-801483c332a8 tempest-AttachSCSIVolumeTestJSON-1257219085 tempest-AttachSCSIVolumeTestJSON-1257219085-project-admin] Late loading location class glance_store._drivers.swift.store.StoreLocation {{(pid=103018) get_store_location_class /opt/stack/data/venv/lib/python3.12/site-packages/glance_store/driver.py:134}}
Aug 18 11:51:13.804184 np0000007646 devstack@g-api.service[103019]: DEBUG glance.api.middleware.version_negotiation [None req-86643fc3-10fb-4188-8360-9b163225cc7b tempest-TaggedBootDevicesTest-707772574 tempest-TaggedBootDevicesTest-707772574-project-member] Determining version of request: GET /v2/images/b88a184d-b92b-4aa5-9ab0-952969540a0d Accept: */* {{(pid=103019) process_request /opt/stack/glance/glance/api/middleware/version_negotiation.py:44}}
Aug 18 11:51:13.804301 np0000007646 devstack@g-api.service[103018]: DEBUG glance_store.location [None req-a7da78dc-b4a6-4609-a4c9-801483c332a8 tempest-AttachSCSIVolumeTestJSON-1257219085 tempest-AttachSCSIVolumeTestJSON-1257219085-project-admin] Registering scheme swift+https with {'store': , 'location_class': , 'store_entry': 'swift'} {{(pid=103018) register_scheme_map /opt/stack/data/venv/lib/python3.12/site-packages/glance_store/location.py:146}}
Aug 18 11:51:13.804393 np0000007646 devstack@g-api.service[103019]: DEBUG glance.api.middleware.version_negotiation [None req-86643fc3-10fb-4188-8360-9b163225cc7b tempest-TaggedBootDevicesTest-707772574 tempest-TaggedBootDevicesTest-707772574-project-member] Using url versioning {{(pid=103019) process_request /opt/stack/glance/glance/api/middleware/version_negotiation.py:57}}
Aug 18 11:51:13.804450 np0000007646 devstack@g-api.service[103018]: DEBUG glance_store.location [None req-a7da78dc-b4a6-4609-a4c9-801483c332a8 tempest-AttachSCSIVolumeTestJSON-1257219085 tempest-AttachSCSIVolumeTestJSON-1257219085-project-admin] Registering scheme swift+https with {'store': , 'location_class': , 'store_entry': 'swift'} {{(pid=103018) register_scheme_map /opt/stack/data/venv/lib/python3.12/site-packages/glance_store/location.py:146}}
Aug 18 11:51:13.804505 np0000007646 devstack@g-api.service[103019]: DEBUG glance.api.middleware.version_negotiation [None req-86643fc3-10fb-4188-8360-9b163225cc7b tempest-TaggedBootDevicesTest-707772574 tempest-TaggedBootDevicesTest-707772574-project-member] Matched version: v2 {{(pid=103019) process_request /opt/stack/glance/glance/api/middleware/version_negotiation.py:69}}
Aug 18 11:51:13.804550 np0000007646 devstack@g-api.service[103018]: DEBUG glance_store.location [None req-a7da78dc-b4a6-4609-a4c9-801483c332a8 tempest-AttachSCSIVolumeTestJSON-1257219085 tempest-AttachSCSIVolumeTestJSON-1257219085-project-admin] Registering scheme swift with {'store': , 'location_class': , 'store_entry': 'swift'} {{(pid=103018) register_scheme_map /opt/stack/data/venv/lib/python3.12/site-packages/glance_store/location.py:146}}
Aug 18 11:51:13.804714 np0000007646 devstack@g-api.service[103019]: DEBUG glance.api.middleware.version_negotiation [None req-86643fc3-10fb-4188-8360-9b163225cc7b tempest-TaggedBootDevicesTest-707772574 tempest-TaggedBootDevicesTest-707772574-project-member] new path /v2/images/b88a184d-b92b-4aa5-9ab0-952969540a0d {{(pid=103019) process_request /opt/stack/glance/glance/api/middleware/version_negotiation.py:70}}
Aug 18 11:51:13.804788 np0000007646 devstack@g-api.service[103018]: DEBUG glance_store.location [None req-a7da78dc-b4a6-4609-a4c9-801483c332a8 tempest-AttachSCSIVolumeTestJSON-1257219085 tempest-AttachSCSIVolumeTestJSON-1257219085-project-admin] Registering scheme swift+https with {'store': , 'location_class': , 'store_entry': 'swift'} {{(pid=103018) register_scheme_map /opt/stack/data/venv/lib/python3.12/site-packages/glance_store/location.py:146}}
Aug 18 11:51:13.804788 np0000007646 devstack@g-api.service[103018]: DEBUG glance_store.location [None req-a7da78dc-b4a6-4609-a4c9-801483c332a8 tempest-AttachSCSIVolumeTestJSON-1257219085 tempest-AttachSCSIVolumeTestJSON-1257219085-project-admin] Registering scheme swift with {'store': , 'location_class': , 'store_entry': 'swift'} {{(pid=103018) register_scheme_map /opt/stack/data/venv/lib/python3.12/site-packages/glance_store/location.py:146}}
Aug 18 11:51:13.805020 np0000007646 devstack@g-api.service[103018]: DEBUG glance_store.location [None req-a7da78dc-b4a6-4609-a4c9-801483c332a8 tempest-AttachSCSIVolumeTestJSON-1257219085 tempest-AttachSCSIVolumeTestJSON-1257219085-project-admin] Registering scheme swift+http with {'store': , 'location_class': , 'store_entry': 'swift'} {{(pid=103018) register_scheme_map /opt/stack/data/venv/lib/python3.12/site-packages/glance_store/location.py:146}}
Aug 18 11:51:13.805020 np0000007646 devstack@g-api.service[103018]: DEBUG glance_store.location [None req-a7da78dc-b4a6-4609-a4c9-801483c332a8 tempest-AttachSCSIVolumeTestJSON-1257219085 tempest-AttachSCSIVolumeTestJSON-1257219085-project-admin] Registering scheme swift+https with {'store': , 'location_class': , 'store_entry': 'swift'} {{(pid=103018) register_scheme_map /opt/stack/data/venv/lib/python3.12/site-packages/glance_store/location.py:146}}
Aug 18 11:51:13.805185 np0000007646 devstack@g-api.service[103018]: DEBUG glance_store.location [None req-a7da78dc-b4a6-4609-a4c9-801483c332a8 tempest-AttachSCSIVolumeTestJSON-1257219085 tempest-AttachSCSIVolumeTestJSON-1257219085-project-admin] Registering scheme swift with {'store': , 'location_class': , 'store_entry': 'swift'} {{(pid=103018) register_scheme_map /opt/stack/data/venv/lib/python3.12/site-packages/glance_store/location.py:146}}
Aug 18 11:51:13.805185 np0000007646 devstack@g-api.service[103018]: DEBUG glance_store.location [None req-a7da78dc-b4a6-4609-a4c9-801483c332a8 tempest-AttachSCSIVolumeTestJSON-1257219085 tempest-AttachSCSIVolumeTestJSON-1257219085-project-admin] Registering scheme swift+http with {'store': , 'location_class': , 'store_entry': 'swift'} {{(pid=103018) register_scheme_map /opt/stack/data/venv/lib/python3.12/site-packages/glance_store/location.py:146}}
Aug 18 11:51:13.805324 np0000007646 devstack@g-api.service[103018]: DEBUG glance_store.location [None req-a7da78dc-b4a6-4609-a4c9-801483c332a8 tempest-AttachSCSIVolumeTestJSON-1257219085 tempest-AttachSCSIVolumeTestJSON-1257219085-project-admin] Registering scheme swift+config with {'store': , 'location_class': , 'store_entry': 'swift'} {{(pid=103018) register_scheme_map /opt/stack/data/venv/lib/python3.12/site-packages/glance_store/location.py:146}}
Aug 18 11:51:13.805446 np0000007646 devstack@g-api.service[103018]: DEBUG glance_store.backend [None req-a7da78dc-b4a6-4609-a4c9-801483c332a8 tempest-AttachSCSIVolumeTestJSON-1257219085 tempest-AttachSCSIVolumeTestJSON-1257219085-project-admin] Skipping store.set_acls... not implemented. {{(pid=103018) set_acls /opt/stack/data/venv/lib/python3.12/site-packages/glance_store/backend.py:507}}
Aug 18 11:51:13.807402 np0000007646 devstack@g-api.service[103018]: [pid: 103018|app: 0|req: 7/42] 127.0.0.1 () {40 vars in 858 bytes} [Tue Aug 18 11:51:11 2026] PUT /v2/images/6acf761f-ff48-49f4-87b0-998d09dcb97b/file => generated 0 bytes in 2255 msecs (HTTP/1.1 204) 4 headers in 171 bytes (1 switches on core 0)
Aug 18 11:51:13.815062 np0000007646 devstack@g-api.service[103019]: [pid: 103019|app: 0|req: 11/43] 127.0.0.1 () {44 vars in 1115 bytes} [Tue Aug 18 11:51:13 2026] GET /v2/images/b88a184d-b92b-4aa5-9ab0-952969540a0d => generated 1044 bytes in 11 msecs (HTTP/1.1 200) 4 headers in 158 bytes (1 switches on core 0)
Aug 18 11:51:13.825507 np0000007646 devstack@g-api.service[103020]: DEBUG glance.api.middleware.version_negotiation [None req-86643fc3-10fb-4188-8360-9b163225cc7b tempest-TaggedBootDevicesTest-707772574 tempest-TaggedBootDevicesTest-707772574-project-member] Determining version of request: GET /v2/images/b88a184d-b92b-4aa5-9ab0-952969540a0d/file Accept: */* {{(pid=103020) process_request /opt/stack/glance/glance/api/middleware/version_negotiation.py:44}}
Aug 18 11:51:13.825735 np0000007646 devstack@g-api.service[103020]: DEBUG glance.api.middleware.version_negotiation [None req-86643fc3-10fb-4188-8360-9b163225cc7b tempest-TaggedBootDevicesTest-707772574 tempest-TaggedBootDevicesTest-707772574-project-member] Using url versioning {{(pid=103020) process_request /opt/stack/glance/glance/api/middleware/version_negotiation.py:57}}
Aug 18 11:51:13.826367 np0000007646 devstack@g-api.service[103020]: DEBUG glance.api.middleware.version_negotiation [None req-86643fc3-10fb-4188-8360-9b163225cc7b tempest-TaggedBootDevicesTest-707772574 tempest-TaggedBootDevicesTest-707772574-project-member] Matched version: v2 {{(pid=103020) process_request /opt/stack/glance/glance/api/middleware/version_negotiation.py:69}}
Aug 18 11:51:13.826367 np0000007646 devstack@g-api.service[103020]: DEBUG glance.api.middleware.version_negotiation [None req-86643fc3-10fb-4188-8360-9b163225cc7b tempest-TaggedBootDevicesTest-707772574 tempest-TaggedBootDevicesTest-707772574-project-member] new path /v2/images/b88a184d-b92b-4aa5-9ab0-952969540a0d/file {{(pid=103020) process_request /opt/stack/glance/glance/api/middleware/version_negotiation.py:70}}
Aug 18 11:51:13.839105 np0000007646 devstack@g-api.service[103020]: DEBUG glance.api.middleware.cache [None req-86643fc3-10fb-4188-8360-9b163225cc7b tempest-TaggedBootDevicesTest-707772574 tempest-TaggedBootDevicesTest-707772574-project-member] Cache hit for image 'b88a184d-b92b-4aa5-9ab0-952969540a0d' {{(pid=103020) process_request /opt/stack/glance/glance/api/middleware/cache.py:160}}
Aug 18 11:51:13.912520 np0000007646 devstack@g-api.service[103020]: [pid: 103020|app: 0|req: 14/44] 127.0.0.1 () {44 vars in 1125 bytes} [Tue Aug 18 11:51:13 2026] GET /v2/images/b88a184d-b92b-4aa5-9ab0-952969540a0d/file => generated 21692416 bytes in 88 msecs (HTTP/1.1 200) 5 headers in 217 bytes (337 switches on core 0)
Aug 18 11:51:14.011494 np0000007646 devstack@g-api.service[103017]: DEBUG glance.api.middleware.version_negotiation [None req-86643fc3-10fb-4188-8360-9b163225cc7b tempest-TaggedBootDevicesTest-707772574 tempest-TaggedBootDevicesTest-707772574-project-member] Determining version of request: GET /v2/images/b88a184d-b92b-4aa5-9ab0-952969540a0d Accept: */* {{(pid=103017) process_request /opt/stack/glance/glance/api/middleware/version_negotiation.py:44}}
Aug 18 11:51:14.011711 np0000007646 devstack@g-api.service[103017]: DEBUG glance.api.middleware.version_negotiation [None req-86643fc3-10fb-4188-8360-9b163225cc7b tempest-TaggedBootDevicesTest-707772574 tempest-TaggedBootDevicesTest-707772574-project-member] Using url versioning {{(pid=103017) process_request /opt/stack/glance/glance/api/middleware/version_negotiation.py:57}}
Aug 18 11:51:14.011851 np0000007646 devstack@g-api.service[103017]: DEBUG glance.api.middleware.version_negotiation [None req-86643fc3-10fb-4188-8360-9b163225cc7b tempest-TaggedBootDevicesTest-707772574 tempest-TaggedBootDevicesTest-707772574-project-member] Matched version: v2 {{(pid=103017) process_request /opt/stack/glance/glance/api/middleware/version_negotiation.py:69}}
Aug 18 11:51:14.011990 np0000007646 devstack@g-api.service[103017]: DEBUG glance.api.middleware.version_negotiation [None req-86643fc3-10fb-4188-8360-9b163225cc7b tempest-TaggedBootDevicesTest-707772574 tempest-TaggedBootDevicesTest-707772574-project-member] new path /v2/images/b88a184d-b92b-4aa5-9ab0-952969540a0d {{(pid=103017) process_request /opt/stack/glance/glance/api/middleware/version_negotiation.py:70}}
Aug 18 11:51:14.032587 np0000007646 devstack@g-api.service[103017]: [pid: 103017|app: 0|req: 13/45] 127.0.0.1 () {44 vars in 1115 bytes} [Tue Aug 18 11:51:14 2026] GET /v2/images/b88a184d-b92b-4aa5-9ab0-952969540a0d => generated 1044 bytes in 21 msecs (HTTP/1.1 200) 4 headers in 158 bytes (1 switches on core 0)
Aug 18 11:51:14.041136 np0000007646 devstack@g-api.service[103018]: DEBUG glance.api.middleware.version_negotiation [None req-a7da78dc-b4a6-4609-a4c9-801483c332a8 tempest-AttachSCSIVolumeTestJSON-1257219085 tempest-AttachSCSIVolumeTestJSON-1257219085-project-admin] Determining version of request: GET /v2/schemas/image Accept: */* {{(pid=103018) process_request /opt/stack/glance/glance/api/middleware/version_negotiation.py:44}}
Aug 18 11:51:14.041566 np0000007646 devstack@g-api.service[103018]: DEBUG glance.api.middleware.version_negotiation [None req-a7da78dc-b4a6-4609-a4c9-801483c332a8 tempest-AttachSCSIVolumeTestJSON-1257219085 tempest-AttachSCSIVolumeTestJSON-1257219085-project-admin] Using url versioning {{(pid=103018) process_request /opt/stack/glance/glance/api/middleware/version_negotiation.py:57}}
Aug 18 11:51:14.041566 np0000007646 devstack@g-api.service[103018]: DEBUG glance.api.middleware.version_negotiation [None req-a7da78dc-b4a6-4609-a4c9-801483c332a8 tempest-AttachSCSIVolumeTestJSON-1257219085 tempest-AttachSCSIVolumeTestJSON-1257219085-project-admin] Matched version: v2 {{(pid=103018) process_request /opt/stack/glance/glance/api/middleware/version_negotiation.py:69}}
Aug 18 11:51:14.041566 np0000007646 devstack@g-api.service[103018]: DEBUG glance.api.middleware.version_negotiation [None req-a7da78dc-b4a6-4609-a4c9-801483c332a8 tempest-AttachSCSIVolumeTestJSON-1257219085 tempest-AttachSCSIVolumeTestJSON-1257219085-project-admin] new path /v2/schemas/image {{(pid=103018) process_request /opt/stack/glance/glance/api/middleware/version_negotiation.py:70}}
Aug 18 11:51:14.043966 np0000007646 devstack@g-api.service[103018]: [pid: 103018|app: 0|req: 8/46] 127.0.0.1 () {44 vars in 1055 bytes} [Tue Aug 18 11:51:14 2026] GET /v2/schemas/image => generated 6083 bytes in 3 msecs (HTTP/1.1 200) 4 headers in 158 bytes (1 switches on core 0)
Aug 18 11:51:14.621549 np0000007646 devstack@g-api.service[103019]: DEBUG glance.api.middleware.version_negotiation [None req-86643fc3-10fb-4188-8360-9b163225cc7b tempest-TaggedBootDevicesTest-707772574 tempest-TaggedBootDevicesTest-707772574-project-member] Determining version of request: GET /v2/images/b88a184d-b92b-4aa5-9ab0-952969540a0d Accept: */* {{(pid=103019) process_request /opt/stack/glance/glance/api/middleware/version_negotiation.py:44}}
Aug 18 11:51:14.621774 np0000007646 devstack@g-api.service[103019]: DEBUG glance.api.middleware.version_negotiation [None req-86643fc3-10fb-4188-8360-9b163225cc7b tempest-TaggedBootDevicesTest-707772574 tempest-TaggedBootDevicesTest-707772574-project-member] Using url versioning {{(pid=103019) process_request /opt/stack/glance/glance/api/middleware/version_negotiation.py:57}}
Aug 18 11:51:14.621989 np0000007646 devstack@g-api.service[103019]: DEBUG glance.api.middleware.version_negotiation [None req-86643fc3-10fb-4188-8360-9b163225cc7b tempest-TaggedBootDevicesTest-707772574 tempest-TaggedBootDevicesTest-707772574-project-member] Matched version: v2 {{(pid=103019) process_request /opt/stack/glance/glance/api/middleware/version_negotiation.py:69}}
Aug 18 11:51:14.622144 np0000007646 devstack@g-api.service[103019]: DEBUG glance.api.middleware.version_negotiation [None req-86643fc3-10fb-4188-8360-9b163225cc7b tempest-TaggedBootDevicesTest-707772574 tempest-TaggedBootDevicesTest-707772574-project-member] new path /v2/images/b88a184d-b92b-4aa5-9ab0-952969540a0d {{(pid=103019) process_request /opt/stack/glance/glance/api/middleware/version_negotiation.py:70}}
Aug 18 11:51:14.888906 np0000007646 devstack@g-api.service[103019]: [pid: 103019|app: 0|req: 12/47] 127.0.0.1 () {44 vars in 1115 bytes} [Tue Aug 18 11:51:14 2026] GET /v2/images/b88a184d-b92b-4aa5-9ab0-952969540a0d => generated 1044 bytes in 267 msecs (HTTP/1.1 200) 4 headers in 158 bytes (1 switches on core 0)
Aug 18 11:51:14.924683 np0000007646 devstack@g-api.service[103020]: DEBUG glance.api.middleware.version_negotiation [None req-86643fc3-10fb-4188-8360-9b163225cc7b tempest-TaggedBootDevicesTest-707772574 tempest-TaggedBootDevicesTest-707772574-project-member] Determining version of request: GET /v2/images/b88a184d-b92b-4aa5-9ab0-952969540a0d Accept: */* {{(pid=103020) process_request /opt/stack/glance/glance/api/middleware/version_negotiation.py:44}}
Aug 18 11:51:14.924985 np0000007646 devstack@g-api.service[103020]: DEBUG glance.api.middleware.version_negotiation [None req-86643fc3-10fb-4188-8360-9b163225cc7b tempest-TaggedBootDevicesTest-707772574 tempest-TaggedBootDevicesTest-707772574-project-member] Using url versioning {{(pid=103020) process_request /opt/stack/glance/glance/api/middleware/version_negotiation.py:57}}
Aug 18 11:51:14.924985 np0000007646 devstack@g-api.service[103020]: DEBUG glance.api.middleware.version_negotiation [None req-86643fc3-10fb-4188-8360-9b163225cc7b tempest-TaggedBootDevicesTest-707772574 tempest-TaggedBootDevicesTest-707772574-project-member] Matched version: v2 {{(pid=103020) process_request /opt/stack/glance/glance/api/middleware/version_negotiation.py:69}}
Aug 18 11:51:14.925038 np0000007646 devstack@g-api.service[103020]: DEBUG glance.api.middleware.version_negotiation [None req-86643fc3-10fb-4188-8360-9b163225cc7b tempest-TaggedBootDevicesTest-707772574 tempest-TaggedBootDevicesTest-707772574-project-member] new path /v2/images/b88a184d-b92b-4aa5-9ab0-952969540a0d {{(pid=103020) process_request /opt/stack/glance/glance/api/middleware/version_negotiation.py:70}}
Aug 18 11:51:14.940866 np0000007646 devstack@g-api.service[103020]: [pid: 103020|app: 0|req: 15/48] 127.0.0.1 () {44 vars in 1115 bytes} [Tue Aug 18 11:51:14 2026] GET /v2/images/b88a184d-b92b-4aa5-9ab0-952969540a0d => generated 1044 bytes in 16 msecs (HTTP/1.1 200) 4 headers in 158 bytes (1 switches on core 0)
Aug 18 11:51:14.946326 np0000007646 devstack@g-api.service[103017]: DEBUG glance.api.middleware.version_negotiation [None req-86643fc3-10fb-4188-8360-9b163225cc7b tempest-TaggedBootDevicesTest-707772574 tempest-TaggedBootDevicesTest-707772574-project-member] Determining version of request: GET /v2/images/b88a184d-b92b-4aa5-9ab0-952969540a0d/file Accept: */* {{(pid=103017) process_request /opt/stack/glance/glance/api/middleware/version_negotiation.py:44}}
Aug 18 11:51:14.946705 np0000007646 devstack@g-api.service[103017]: DEBUG glance.api.middleware.version_negotiation [None req-86643fc3-10fb-4188-8360-9b163225cc7b tempest-TaggedBootDevicesTest-707772574 tempest-TaggedBootDevicesTest-707772574-project-member] Using url versioning {{(pid=103017) process_request /opt/stack/glance/glance/api/middleware/version_negotiation.py:57}}
Aug 18 11:51:14.946705 np0000007646 devstack@g-api.service[103017]: DEBUG glance.api.middleware.version_negotiation [None req-86643fc3-10fb-4188-8360-9b163225cc7b tempest-TaggedBootDevicesTest-707772574 tempest-TaggedBootDevicesTest-707772574-project-member] Matched version: v2 {{(pid=103017) process_request /opt/stack/glance/glance/api/middleware/version_negotiation.py:69}}
Aug 18 11:51:14.946705 np0000007646 devstack@g-api.service[103017]: DEBUG glance.api.middleware.version_negotiation [None req-86643fc3-10fb-4188-8360-9b163225cc7b tempest-TaggedBootDevicesTest-707772574 tempest-TaggedBootDevicesTest-707772574-project-member] new path /v2/images/b88a184d-b92b-4aa5-9ab0-952969540a0d/file {{(pid=103017) process_request /opt/stack/glance/glance/api/middleware/version_negotiation.py:70}}
Aug 18 11:51:14.949115 np0000007646 devstack@g-api.service[103018]: DEBUG glance.api.middleware.version_negotiation [None req-86643fc3-10fb-4188-8360-9b163225cc7b tempest-TaggedBootDevicesTest-707772574 tempest-TaggedBootDevicesTest-707772574-project-member] Determining version of request: GET /v2/schemas/image Accept: */* {{(pid=103018) process_request /opt/stack/glance/glance/api/middleware/version_negotiation.py:44}}
Aug 18 11:51:14.949297 np0000007646 devstack@g-api.service[103018]: DEBUG glance.api.middleware.version_negotiation [None req-86643fc3-10fb-4188-8360-9b163225cc7b tempest-TaggedBootDevicesTest-707772574 tempest-TaggedBootDevicesTest-707772574-project-member] Using url versioning {{(pid=103018) process_request /opt/stack/glance/glance/api/middleware/version_negotiation.py:57}}
Aug 18 11:51:14.949436 np0000007646 devstack@g-api.service[103018]: DEBUG glance.api.middleware.version_negotiation [None req-86643fc3-10fb-4188-8360-9b163225cc7b tempest-TaggedBootDevicesTest-707772574 tempest-TaggedBootDevicesTest-707772574-project-member] Matched version: v2 {{(pid=103018) process_request /opt/stack/glance/glance/api/middleware/version_negotiation.py:69}}
Aug 18 11:51:14.949541 np0000007646 devstack@g-api.service[103018]: DEBUG glance.api.middleware.version_negotiation [None req-86643fc3-10fb-4188-8360-9b163225cc7b tempest-TaggedBootDevicesTest-707772574 tempest-TaggedBootDevicesTest-707772574-project-member] new path /v2/schemas/image {{(pid=103018) process_request /opt/stack/glance/glance/api/middleware/version_negotiation.py:70}}
Aug 18 11:51:14.952874 np0000007646 devstack@g-api.service[103018]: [pid: 103018|app: 0|req: 9/49] 127.0.0.1 () {44 vars in 1055 bytes} [Tue Aug 18 11:51:14 2026] GET /v2/schemas/image => generated 6083 bytes in 4 msecs (HTTP/1.1 200) 4 headers in 158 bytes (1 switches on core 0)
Aug 18 11:51:14.955245 np0000007646 devstack@g-api.service[103017]: DEBUG glance.api.middleware.cache [None req-d3714b7b-214a-442a-bb49-352e8871c024 tempest-ServerBootFromVolumeStableRescueTest-946225001 tempest-ServerBootFromVolumeStableRescueTest-946225001-project-member] Cache hit for image 'b88a184d-b92b-4aa5-9ab0-952969540a0d' {{(pid=103017) process_request /opt/stack/glance/glance/api/middleware/cache.py:160}}
Aug 18 11:51:15.009275 np0000007646 devstack@g-api.service[103017]: [pid: 103017|app: 0|req: 14/50] 127.0.0.1 () {44 vars in 1125 bytes} [Tue Aug 18 11:51:14 2026] GET /v2/images/b88a184d-b92b-4aa5-9ab0-952969540a0d/file => generated 21692416 bytes in 61 msecs (HTTP/1.1 200) 5 headers in 217 bytes (337 switches on core 0)
Aug 18 11:51:15.121774 np0000007646 devstack@g-api.service[103019]: DEBUG glance.api.middleware.version_negotiation [None req-d3714b7b-214a-442a-bb49-352e8871c024 tempest-ServerBootFromVolumeStableRescueTest-946225001 tempest-ServerBootFromVolumeStableRescueTest-946225001-project-member] Determining version of request: GET /v2/images/b88a184d-b92b-4aa5-9ab0-952969540a0d Accept: */* {{(pid=103019) process_request /opt/stack/glance/glance/api/middleware/version_negotiation.py:44}}
Aug 18 11:51:15.121897 np0000007646 devstack@g-api.service[103019]: DEBUG glance.api.middleware.version_negotiation [None req-d3714b7b-214a-442a-bb49-352e8871c024 tempest-ServerBootFromVolumeStableRescueTest-946225001 tempest-ServerBootFromVolumeStableRescueTest-946225001-project-member] Using url versioning {{(pid=103019) process_request /opt/stack/glance/glance/api/middleware/version_negotiation.py:57}}
Aug 18 11:51:15.122008 np0000007646 devstack@g-api.service[103019]: DEBUG glance.api.middleware.version_negotiation [None req-d3714b7b-214a-442a-bb49-352e8871c024 tempest-ServerBootFromVolumeStableRescueTest-946225001 tempest-ServerBootFromVolumeStableRescueTest-946225001-project-member] Matched version: v2 {{(pid=103019) process_request /opt/stack/glance/glance/api/middleware/version_negotiation.py:69}}
Aug 18 11:51:15.122093 np0000007646 devstack@g-api.service[103019]: DEBUG glance.api.middleware.version_negotiation [None req-d3714b7b-214a-442a-bb49-352e8871c024 tempest-ServerBootFromVolumeStableRescueTest-946225001 tempest-ServerBootFromVolumeStableRescueTest-946225001-project-member] new path /v2/images/b88a184d-b92b-4aa5-9ab0-952969540a0d {{(pid=103019) process_request /opt/stack/glance/glance/api/middleware/version_negotiation.py:70}}
Aug 18 11:51:15.133428 np0000007646 devstack@g-api.service[103019]: [pid: 103019|app: 0|req: 13/51] 127.0.0.1 () {44 vars in 1115 bytes} [Tue Aug 18 11:51:15 2026] GET /v2/images/b88a184d-b92b-4aa5-9ab0-952969540a0d => generated 1044 bytes in 10 msecs (HTTP/1.1 200) 4 headers in 158 bytes (1 switches on core 0)
Aug 18 11:51:15.165508 np0000007646 devstack@g-api.service[103020]: DEBUG glance.api.middleware.version_negotiation [None req-86643fc3-10fb-4188-8360-9b163225cc7b tempest-TaggedBootDevicesTest-707772574 tempest-TaggedBootDevicesTest-707772574-project-member] Determining version of request: GET /v2/schemas/image Accept: */* {{(pid=103020) process_request /opt/stack/glance/glance/api/middleware/version_negotiation.py:44}}
Aug 18 11:51:15.165508 np0000007646 devstack@g-api.service[103020]: DEBUG glance.api.middleware.version_negotiation [None req-86643fc3-10fb-4188-8360-9b163225cc7b tempest-TaggedBootDevicesTest-707772574 tempest-TaggedBootDevicesTest-707772574-project-member] Using url versioning {{(pid=103020) process_request /opt/stack/glance/glance/api/middleware/version_negotiation.py:57}}
