Aug 18 11:48:41.177605 np0000007646 systemd[1]: Starting devstack@n-api-meta.service - Devstack devstack@n-api-meta.service...
Aug 18 11:48:41.183450 np0000007646 devstack@n-api-meta.service[96051]: [uWSGI] getting INI configuration from /etc/nova/nova-metadata-uwsgi.ini
Aug 18 11:48:41.186113 np0000007646 devstack@n-api-meta.service[96051]: *** Starting uWSGI 2.0.24-debian (64bit) on [Tue Aug 18 11:48:41 2026] ***
Aug 18 11:48:41.186113 np0000007646 devstack@n-api-meta.service[96051]: compiled with version: 13.2.0 on 17 April 2024 16:23:48
Aug 18 11:48:41.186113 np0000007646 devstack@n-api-meta.service[96051]: os: Linux-6.8.0-100-generic #100-Ubuntu SMP PREEMPT_DYNAMIC Tue Jan 13 16:40:06 UTC 2026
Aug 18 11:48:41.186113 np0000007646 devstack@n-api-meta.service[96051]: nodename: np0000007646
Aug 18 11:48:41.186113 np0000007646 devstack@n-api-meta.service[96051]: machine: x86_64
Aug 18 11:48:41.186113 np0000007646 devstack@n-api-meta.service[96051]: clock source: unix
Aug 18 11:48:41.186113 np0000007646 devstack@n-api-meta.service[96051]: pcre jit disabled
Aug 18 11:48:41.186113 np0000007646 devstack@n-api-meta.service[96051]: detected number of CPU cores: 16
Aug 18 11:48:41.186113 np0000007646 devstack@n-api-meta.service[96051]: current working directory: /
Aug 18 11:48:41.186113 np0000007646 devstack@n-api-meta.service[96051]: detected binary path: /usr/bin/uwsgi-core
Aug 18 11:48:41.186113 np0000007646 devstack@n-api-meta.service[96051]: your processes number limit is 257052
Aug 18 11:48:41.186113 np0000007646 devstack@n-api-meta.service[96051]: your memory page size is 4096 bytes
Aug 18 11:48:41.186113 np0000007646 devstack@n-api-meta.service[96051]: detected max file descriptor number: 2048
Aug 18 11:48:41.186113 np0000007646 devstack@n-api-meta.service[96051]: lock engine: pthread robust mutexes
Aug 18 11:48:41.186481 np0000007646 devstack@n-api-meta.service[96051]: thunder lock: enabled
Aug 18 11:48:41.186594 np0000007646 devstack@n-api-meta.service[96051]: uWSGI http bound on 0.0.0.0:8775 fd 5
Aug 18 11:48:41.186594 np0000007646 devstack@n-api-meta.service[96051]: uwsgi socket 0 bound to TCP address 127.0.0.1:33655 (port auto-assigned) fd 4
Aug 18 11:48:41.186677 np0000007646 devstack@n-api-meta.service[96051]: Python version: 3.12.3 (main, Jun 19 2026, 12:46:00) [GCC 13.3.0]
Aug 18 11:48:41.186677 np0000007646 devstack@n-api-meta.service[96051]: PEP 405 virtualenv detected: /opt/stack/data/venv
Aug 18 11:48:41.186677 np0000007646 devstack@n-api-meta.service[96051]: Set PythonHome to /opt/stack/data/venv
Aug 18 11:48:41.219717 np0000007646 devstack@n-api-meta.service[96051]: Python main interpreter initialized at 0x7f17362a4668
Aug 18 11:48:41.219717 np0000007646 devstack@n-api-meta.service[96051]: python threads support enabled
Aug 18 11:48:41.219717 np0000007646 devstack@n-api-meta.service[96051]: your server socket listen backlog is limited to 100 connections
Aug 18 11:48:41.219717 np0000007646 devstack@n-api-meta.service[96051]: your mercy for graceful operations on workers is 80 seconds
Aug 18 11:48:41.220229 np0000007646 devstack@n-api-meta.service[96051]: mapped 671795 bytes (656 KB) for 4 cores
Aug 18 11:48:41.220365 np0000007646 devstack@n-api-meta.service[96051]: *** Operational MODE: preforking ***
Aug 18 11:48:41.220541 np0000007646 devstack@n-api-meta.service[96051]: *** uWSGI is running in multiple interpreter mode ***
Aug 18 11:48:41.220541 np0000007646 devstack@n-api-meta.service[96051]: spawned uWSGI master process (pid: 96051)
Aug 18 11:48:41.220733 np0000007646 systemd[1]: Started devstack@n-api-meta.service - Devstack devstack@n-api-meta.service.
Aug 18 11:48:41.221107 np0000007646 devstack@n-api-meta.service[96051]: spawned uWSGI worker 1 (pid: 96052, cores: 1)
Aug 18 11:48:41.221889 np0000007646 devstack@n-api-meta.service[96051]: spawned uWSGI worker 2 (pid: 96053, cores: 1)
Aug 18 11:48:41.222322 np0000007646 devstack@n-api-meta.service[96051]: spawned uWSGI worker 3 (pid: 96054, cores: 1)
Aug 18 11:48:41.222953 np0000007646 devstack@n-api-meta.service[96051]: spawned uWSGI worker 4 (pid: 96055, cores: 1)
Aug 18 11:48:41.223499 np0000007646 devstack@n-api-meta.service[96051]: spawned uWSGI http 1 (pid: 96056)
Aug 18 11:48:41.223499 np0000007646 devstack@n-api-meta.service[96051]: running "unix_signal:15 gracefully_kill_them_all" (master-start)...
Aug 18 11:48:42.939397 np0000007646 devstack@n-api-meta.service[96054]: INFO dbcounter [None req-4fadba75-498a-4488-b3ef-cd711530d8b0 None None] Registered counter for database nova_api
Aug 18 11:48:42.985019 np0000007646 devstack@n-api-meta.service[96054]: DEBUG oslo_db.sqlalchemy.engines [None req-4fadba75-498a-4488-b3ef-cd711530d8b0 None None] MySQL server mode set to STRICT_TRANS_TABLES,STRICT_ALL_TABLES,NO_ZERO_IN_DATE,NO_ZERO_DATE,ERROR_FOR_DIVISION_BY_ZERO,TRADITIONAL,NO_ENGINE_SUBSTITUTION {{(pid=96054) _check_effective_sql_mode /opt/stack/data/venv/lib/python3.12/site-packages/oslo_db/sqlalchemy/engines.py:325}}
Aug 18 11:48:43.017536 np0000007646 devstack@n-api-meta.service[96054]: DEBUG dbcounter [-] [96054] Writer thread running {{(pid=96054) stat_writer /opt/stack/data/venv/lib/python3.12/site-packages/dbcounter.py:102}}
Aug 18 11:48:43.020421 np0000007646 devstack@n-api-meta.service[96054]: DEBUG nova.context [None req-4fadba75-498a-4488-b3ef-cd711530d8b0 None None] Found 2 cells: 00000000-0000-0000-0000-000000000000(cell0),f03ef225-e7d6-42d6-ba09-8e4c0826192f(cell1) {{(pid=96054) load_cells /opt/stack/nova/nova/context.py:509}}
Aug 18 11:48:43.020671 np0000007646 devstack@n-api-meta.service[96053]: INFO dbcounter [None req-2f2468a5-4f06-4754-a008-dc55224de29a None None] Registered counter for database nova_api
Aug 18 11:48:43.020961 np0000007646 devstack@n-api-meta.service[96054]: INFO nova.utils [None req-4fadba75-498a-4488-b3ef-cd711530d8b0 None None] The cell worker thread pool MainProcess.cell_worker is initialized
Aug 18 11:48:43.022509 np0000007646 devstack@n-api-meta.service[96054]: DEBUG oslo_concurrency.lockutils [None req-4fadba75-498a-4488-b3ef-cd711530d8b0 None None] Acquiring lock "00000000-0000-0000-0000-000000000000" by "nova.context.set_target_cell..get_or_set_cached_cell_and_set_connections" {{(pid=96054) inner /opt/stack/data/venv/lib/python3.12/site-packages/oslo_concurrency/lockutils.py:512}}
Aug 18 11:48:43.022685 np0000007646 devstack@n-api-meta.service[96054]: DEBUG oslo_concurrency.lockutils [None req-4fadba75-498a-4488-b3ef-cd711530d8b0 None None] Lock "00000000-0000-0000-0000-000000000000" acquired by "nova.context.set_target_cell..get_or_set_cached_cell_and_set_connections" :: waited 0.000s {{(pid=96054) inner /opt/stack/data/venv/lib/python3.12/site-packages/oslo_concurrency/lockutils.py:525}}
Aug 18 11:48:43.023086 np0000007646 devstack@n-api-meta.service[96054]: DEBUG oslo_concurrency.lockutils [None req-4fadba75-498a-4488-b3ef-cd711530d8b0 None None] Lock "00000000-0000-0000-0000-000000000000" "released" by "nova.context.set_target_cell..get_or_set_cached_cell_and_set_connections" :: held 0.000s {{(pid=96054) inner /opt/stack/data/venv/lib/python3.12/site-packages/oslo_concurrency/lockutils.py:544}}
Aug 18 11:48:43.023771 np0000007646 devstack@n-api-meta.service[96054]: DEBUG oslo_concurrency.lockutils [None req-4fadba75-498a-4488-b3ef-cd711530d8b0 None None] Acquiring lock "f03ef225-e7d6-42d6-ba09-8e4c0826192f" by "nova.context.set_target_cell..get_or_set_cached_cell_and_set_connections" {{(pid=96054) inner /opt/stack/data/venv/lib/python3.12/site-packages/oslo_concurrency/lockutils.py:512}}
Aug 18 11:48:43.023934 np0000007646 devstack@n-api-meta.service[96054]: DEBUG oslo_concurrency.lockutils [None req-4fadba75-498a-4488-b3ef-cd711530d8b0 None None] Lock "f03ef225-e7d6-42d6-ba09-8e4c0826192f" acquired by "nova.context.set_target_cell..get_or_set_cached_cell_and_set_connections" :: waited 0.000s {{(pid=96054) inner /opt/stack/data/venv/lib/python3.12/site-packages/oslo_concurrency/lockutils.py:525}}
Aug 18 11:48:43.026635 np0000007646 devstack@n-api-meta.service[96054]: INFO dbcounter [None req-4fadba75-498a-4488-b3ef-cd711530d8b0 None None] Registered counter for database nova_cell0
Aug 18 11:48:43.027997 np0000007646 devstack@n-api-meta.service[96055]: INFO dbcounter [None req-dd801210-4cc1-4013-b576-ae9303740e39 None None] Registered counter for database nova_api
Aug 18 11:48:43.028467 np0000007646 devstack@n-api-meta.service[96054]: DEBUG oslo_concurrency.lockutils [None req-4fadba75-498a-4488-b3ef-cd711530d8b0 None None] Lock "f03ef225-e7d6-42d6-ba09-8e4c0826192f" "released" by "nova.context.set_target_cell..get_or_set_cached_cell_and_set_connections" :: held 0.002s {{(pid=96054) inner /opt/stack/data/venv/lib/python3.12/site-packages/oslo_concurrency/lockutils.py:544}}
Aug 18 11:48:43.030811 np0000007646 devstack@n-api-meta.service[96054]: INFO dbcounter [None req-4fadba75-498a-4488-b3ef-cd711530d8b0 None None] Registered counter for database nova_cell1
Aug 18 11:48:43.058093 np0000007646 devstack@n-api-meta.service[96052]: INFO dbcounter [None req-42032de6-7a4d-41e9-b4a6-a8443542a8b6 None None] Registered counter for database nova_api
Aug 18 11:48:43.072494 np0000007646 devstack@n-api-meta.service[96055]: DEBUG oslo_db.sqlalchemy.engines [None req-dd801210-4cc1-4013-b576-ae9303740e39 None None] MySQL server mode set to STRICT_TRANS_TABLES,STRICT_ALL_TABLES,NO_ZERO_IN_DATE,NO_ZERO_DATE,ERROR_FOR_DIVISION_BY_ZERO,TRADITIONAL,NO_ENGINE_SUBSTITUTION {{(pid=96055) _check_effective_sql_mode /opt/stack/data/venv/lib/python3.12/site-packages/oslo_db/sqlalchemy/engines.py:325}}
Aug 18 11:48:43.078034 np0000007646 devstack@n-api-meta.service[96053]: DEBUG oslo_db.sqlalchemy.engines [None req-2f2468a5-4f06-4754-a008-dc55224de29a None None] MySQL server mode set to STRICT_TRANS_TABLES,STRICT_ALL_TABLES,NO_ZERO_IN_DATE,NO_ZERO_DATE,ERROR_FOR_DIVISION_BY_ZERO,TRADITIONAL,NO_ENGINE_SUBSTITUTION {{(pid=96053) _check_effective_sql_mode /opt/stack/data/venv/lib/python3.12/site-packages/oslo_db/sqlalchemy/engines.py:325}}
Aug 18 11:48:43.091759 np0000007646 devstack@n-api-meta.service[96054]: DEBUG oslo_db.sqlalchemy.engines [None req-4fadba75-498a-4488-b3ef-cd711530d8b0 None None] MySQL server mode set to STRICT_TRANS_TABLES,STRICT_ALL_TABLES,NO_ZERO_IN_DATE,NO_ZERO_DATE,ERROR_FOR_DIVISION_BY_ZERO,TRADITIONAL,NO_ENGINE_SUBSTITUTION {{(pid=96054) _check_effective_sql_mode /opt/stack/data/venv/lib/python3.12/site-packages/oslo_db/sqlalchemy/engines.py:325}}
Aug 18 11:48:43.106175 np0000007646 devstack@n-api-meta.service[96052]: DEBUG oslo_db.sqlalchemy.engines [None req-42032de6-7a4d-41e9-b4a6-a8443542a8b6 None None] MySQL server mode set to STRICT_TRANS_TABLES,STRICT_ALL_TABLES,NO_ZERO_IN_DATE,NO_ZERO_DATE,ERROR_FOR_DIVISION_BY_ZERO,TRADITIONAL,NO_ENGINE_SUBSTITUTION {{(pid=96052) _check_effective_sql_mode /opt/stack/data/venv/lib/python3.12/site-packages/oslo_db/sqlalchemy/engines.py:325}}
Aug 18 11:48:43.108357 np0000007646 devstack@n-api-meta.service[96055]: DEBUG dbcounter [-] [96055] Writer thread running {{(pid=96055) stat_writer /opt/stack/data/venv/lib/python3.12/site-packages/dbcounter.py:102}}
Aug 18 11:48:43.109765 np0000007646 devstack@n-api-meta.service[96053]: DEBUG dbcounter [-] [96053] Writer thread running {{(pid=96053) stat_writer /opt/stack/data/venv/lib/python3.12/site-packages/dbcounter.py:102}}
Aug 18 11:48:43.110028 np0000007646 devstack@n-api-meta.service[96055]: DEBUG nova.context [None req-dd801210-4cc1-4013-b576-ae9303740e39 None None] Found 2 cells: 00000000-0000-0000-0000-000000000000(cell0),f03ef225-e7d6-42d6-ba09-8e4c0826192f(cell1) {{(pid=96055) load_cells /opt/stack/nova/nova/context.py:509}}
Aug 18 11:48:43.110353 np0000007646 devstack@n-api-meta.service[96055]: INFO nova.utils [None req-dd801210-4cc1-4013-b576-ae9303740e39 None None] The cell worker thread pool MainProcess.cell_worker is initialized
Aug 18 11:48:43.111927 np0000007646 devstack@n-api-meta.service[96053]: DEBUG nova.context [None req-2f2468a5-4f06-4754-a008-dc55224de29a None None] Found 2 cells: 00000000-0000-0000-0000-000000000000(cell0),f03ef225-e7d6-42d6-ba09-8e4c0826192f(cell1) {{(pid=96053) load_cells /opt/stack/nova/nova/context.py:509}}
Aug 18 11:48:43.112145 np0000007646 devstack@n-api-meta.service[96055]: DEBUG oslo_concurrency.lockutils [None req-dd801210-4cc1-4013-b576-ae9303740e39 None None] Acquiring lock "00000000-0000-0000-0000-000000000000" by "nova.context.set_target_cell..get_or_set_cached_cell_and_set_connections" {{(pid=96055) inner /opt/stack/data/venv/lib/python3.12/site-packages/oslo_concurrency/lockutils.py:512}}
Aug 18 11:48:43.112248 np0000007646 devstack@n-api-meta.service[96053]: INFO nova.utils [None req-2f2468a5-4f06-4754-a008-dc55224de29a None None] The cell worker thread pool MainProcess.cell_worker is initialized
Aug 18 11:48:43.112460 np0000007646 devstack@n-api-meta.service[96055]: DEBUG oslo_concurrency.lockutils [None req-dd801210-4cc1-4013-b576-ae9303740e39 None None] Lock "00000000-0000-0000-0000-000000000000" acquired by "nova.context.set_target_cell..get_or_set_cached_cell_and_set_connections" :: waited 0.000s {{(pid=96055) inner /opt/stack/data/venv/lib/python3.12/site-packages/oslo_concurrency/lockutils.py:525}}
Aug 18 11:48:43.112857 np0000007646 devstack@n-api-meta.service[96055]: DEBUG oslo_concurrency.lockutils [None req-dd801210-4cc1-4013-b576-ae9303740e39 None None] Lock "00000000-0000-0000-0000-000000000000" "released" by "nova.context.set_target_cell..get_or_set_cached_cell_and_set_connections" :: held 0.001s {{(pid=96055) inner /opt/stack/data/venv/lib/python3.12/site-packages/oslo_concurrency/lockutils.py:544}}
Aug 18 11:48:43.113726 np0000007646 devstack@n-api-meta.service[96055]: DEBUG oslo_concurrency.lockutils [None req-dd801210-4cc1-4013-b576-ae9303740e39 None None] Acquiring lock "f03ef225-e7d6-42d6-ba09-8e4c0826192f" by "nova.context.set_target_cell..get_or_set_cached_cell_and_set_connections" {{(pid=96055) inner /opt/stack/data/venv/lib/python3.12/site-packages/oslo_concurrency/lockutils.py:512}}
Aug 18 11:48:43.113879 np0000007646 devstack@n-api-meta.service[96055]: DEBUG oslo_concurrency.lockutils [None req-dd801210-4cc1-4013-b576-ae9303740e39 None None] Lock "f03ef225-e7d6-42d6-ba09-8e4c0826192f" acquired by "nova.context.set_target_cell..get_or_set_cached_cell_and_set_connections" :: waited 0.000s {{(pid=96055) inner /opt/stack/data/venv/lib/python3.12/site-packages/oslo_concurrency/lockutils.py:525}}
Aug 18 11:48:43.113985 np0000007646 devstack@n-api-meta.service[96053]: DEBUG oslo_concurrency.lockutils [None req-2f2468a5-4f06-4754-a008-dc55224de29a None None] Acquiring lock "00000000-0000-0000-0000-000000000000" by "nova.context.set_target_cell..get_or_set_cached_cell_and_set_connections" {{(pid=96053) inner /opt/stack/data/venv/lib/python3.12/site-packages/oslo_concurrency/lockutils.py:512}}
Aug 18 11:48:43.114191 np0000007646 devstack@n-api-meta.service[96053]: DEBUG oslo_concurrency.lockutils [None req-2f2468a5-4f06-4754-a008-dc55224de29a None None] Lock "00000000-0000-0000-0000-000000000000" acquired by "nova.context.set_target_cell..get_or_set_cached_cell_and_set_connections" :: waited 0.000s {{(pid=96053) inner /opt/stack/data/venv/lib/python3.12/site-packages/oslo_concurrency/lockutils.py:525}}
Aug 18 11:48:43.114549 np0000007646 devstack@n-api-meta.service[96053]: DEBUG oslo_concurrency.lockutils [None req-2f2468a5-4f06-4754-a008-dc55224de29a None None] Lock "00000000-0000-0000-0000-000000000000" "released" by "nova.context.set_target_cell..get_or_set_cached_cell_and_set_connections" :: held 0.000s {{(pid=96053) inner /opt/stack/data/venv/lib/python3.12/site-packages/oslo_concurrency/lockutils.py:544}}
Aug 18 11:48:43.114745 np0000007646 devstack@n-api-meta.service[96055]: DEBUG oslo_concurrency.lockutils [None req-dd801210-4cc1-4013-b576-ae9303740e39 None None] Lock "f03ef225-e7d6-42d6-ba09-8e4c0826192f" "released" by "nova.context.set_target_cell..get_or_set_cached_cell_and_set_connections" :: held 0.001s {{(pid=96055) inner /opt/stack/data/venv/lib/python3.12/site-packages/oslo_concurrency/lockutils.py:544}}
Aug 18 11:48:43.115148 np0000007646 devstack@n-api-meta.service[96053]: DEBUG oslo_concurrency.lockutils [None req-2f2468a5-4f06-4754-a008-dc55224de29a None None] Acquiring lock "f03ef225-e7d6-42d6-ba09-8e4c0826192f" by "nova.context.set_target_cell..get_or_set_cached_cell_and_set_connections" {{(pid=96053) inner /opt/stack/data/venv/lib/python3.12/site-packages/oslo_concurrency/lockutils.py:512}}
Aug 18 11:48:43.115330 np0000007646 devstack@n-api-meta.service[96053]: DEBUG oslo_concurrency.lockutils [None req-2f2468a5-4f06-4754-a008-dc55224de29a None None] Lock "f03ef225-e7d6-42d6-ba09-8e4c0826192f" acquired by "nova.context.set_target_cell..get_or_set_cached_cell_and_set_connections" :: waited 0.000s {{(pid=96053) inner /opt/stack/data/venv/lib/python3.12/site-packages/oslo_concurrency/lockutils.py:525}}
Aug 18 11:48:43.116385 np0000007646 devstack@n-api-meta.service[96053]: DEBUG oslo_concurrency.lockutils [None req-2f2468a5-4f06-4754-a008-dc55224de29a None None] Lock "f03ef225-e7d6-42d6-ba09-8e4c0826192f" "released" by "nova.context.set_target_cell..get_or_set_cached_cell_and_set_connections" :: held 0.001s {{(pid=96053) inner /opt/stack/data/venv/lib/python3.12/site-packages/oslo_concurrency/lockutils.py:544}}
Aug 18 11:48:43.116946 np0000007646 devstack@n-api-meta.service[96055]: INFO dbcounter [None req-dd801210-4cc1-4013-b576-ae9303740e39 None None] Registered counter for database nova_cell0
Aug 18 11:48:43.117507 np0000007646 devstack@n-api-meta.service[96053]: INFO dbcounter [None req-2f2468a5-4f06-4754-a008-dc55224de29a None None] Registered counter for database nova_cell0
Aug 18 11:48:43.120310 np0000007646 devstack@n-api-meta.service[96055]: INFO dbcounter [None req-dd801210-4cc1-4013-b576-ae9303740e39 None None] Registered counter for database nova_cell1
Aug 18 11:48:43.121331 np0000007646 devstack@n-api-meta.service[96053]: INFO dbcounter [None req-2f2468a5-4f06-4754-a008-dc55224de29a None None] Registered counter for database nova_cell1
Aug 18 11:48:43.138640 np0000007646 devstack@n-api-meta.service[96054]: DEBUG oslo_db.sqlalchemy.engines [None req-4fadba75-498a-4488-b3ef-cd711530d8b0 None None] MySQL server mode set to STRICT_TRANS_TABLES,STRICT_ALL_TABLES,NO_ZERO_IN_DATE,NO_ZERO_DATE,ERROR_FOR_DIVISION_BY_ZERO,TRADITIONAL,NO_ENGINE_SUBSTITUTION {{(pid=96054) _check_effective_sql_mode /opt/stack/data/venv/lib/python3.12/site-packages/oslo_db/sqlalchemy/engines.py:325}}
Aug 18 11:48:43.142541 np0000007646 devstack@n-api-meta.service[96052]: DEBUG dbcounter [-] [96052] Writer thread running {{(pid=96052) stat_writer /opt/stack/data/venv/lib/python3.12/site-packages/dbcounter.py:102}}
Aug 18 11:48:43.147171 np0000007646 devstack@n-api-meta.service[96052]: DEBUG nova.context [None req-42032de6-7a4d-41e9-b4a6-a8443542a8b6 None None] Found 2 cells: 00000000-0000-0000-0000-000000000000(cell0),f03ef225-e7d6-42d6-ba09-8e4c0826192f(cell1) {{(pid=96052) load_cells /opt/stack/nova/nova/context.py:509}}
Aug 18 11:48:43.147538 np0000007646 devstack@n-api-meta.service[96052]: INFO nova.utils [None req-42032de6-7a4d-41e9-b4a6-a8443542a8b6 None None] The cell worker thread pool MainProcess.cell_worker is initialized
Aug 18 11:48:43.150166 np0000007646 devstack@n-api-meta.service[96052]: DEBUG oslo_concurrency.lockutils [None req-42032de6-7a4d-41e9-b4a6-a8443542a8b6 None None] Acquiring lock "00000000-0000-0000-0000-000000000000" by "nova.context.set_target_cell..get_or_set_cached_cell_and_set_connections" {{(pid=96052) inner /opt/stack/data/venv/lib/python3.12/site-packages/oslo_concurrency/lockutils.py:512}}
Aug 18 11:48:43.150454 np0000007646 devstack@n-api-meta.service[96052]: DEBUG oslo_concurrency.lockutils [None req-42032de6-7a4d-41e9-b4a6-a8443542a8b6 None None] Lock "00000000-0000-0000-0000-000000000000" acquired by "nova.context.set_target_cell..get_or_set_cached_cell_and_set_connections" :: waited 0.000s {{(pid=96052) inner /opt/stack/data/venv/lib/python3.12/site-packages/oslo_concurrency/lockutils.py:525}}
Aug 18 11:48:43.151744 np0000007646 devstack@n-api-meta.service[96052]: DEBUG oslo_concurrency.lockutils [None req-42032de6-7a4d-41e9-b4a6-a8443542a8b6 None None] Lock "00000000-0000-0000-0000-000000000000" "released" by "nova.context.set_target_cell..get_or_set_cached_cell_and_set_connections" :: held 0.001s {{(pid=96052) inner /opt/stack/data/venv/lib/python3.12/site-packages/oslo_concurrency/lockutils.py:544}}
Aug 18 11:48:43.151983 np0000007646 devstack@n-api-meta.service[96052]: DEBUG oslo_concurrency.lockutils [None req-42032de6-7a4d-41e9-b4a6-a8443542a8b6 None None] Acquiring lock "f03ef225-e7d6-42d6-ba09-8e4c0826192f" by "nova.context.set_target_cell..get_or_set_cached_cell_and_set_connections" {{(pid=96052) inner /opt/stack/data/venv/lib/python3.12/site-packages/oslo_concurrency/lockutils.py:512}}
Aug 18 11:48:43.154225 np0000007646 devstack@n-api-meta.service[96052]: INFO dbcounter [None req-42032de6-7a4d-41e9-b4a6-a8443542a8b6 None None] Registered counter for database nova_cell0
Aug 18 11:48:43.155644 np0000007646 devstack@n-api-meta.service[96052]: DEBUG oslo_concurrency.lockutils [None req-42032de6-7a4d-41e9-b4a6-a8443542a8b6 None None] Lock "f03ef225-e7d6-42d6-ba09-8e4c0826192f" acquired by "nova.context.set_target_cell..get_or_set_cached_cell_and_set_connections" :: waited 0.002s {{(pid=96052) inner /opt/stack/data/venv/lib/python3.12/site-packages/oslo_concurrency/lockutils.py:525}}
Aug 18 11:48:43.157456 np0000007646 devstack@n-api-meta.service[96052]: DEBUG oslo_concurrency.lockutils [None req-42032de6-7a4d-41e9-b4a6-a8443542a8b6 None None] Lock "f03ef225-e7d6-42d6-ba09-8e4c0826192f" "released" by "nova.context.set_target_cell..get_or_set_cached_cell_and_set_connections" :: held 0.003s {{(pid=96052) inner /opt/stack/data/venv/lib/python3.12/site-packages/oslo_concurrency/lockutils.py:544}}
Aug 18 11:48:43.160272 np0000007646 devstack@n-api-meta.service[96052]: INFO dbcounter [None req-42032de6-7a4d-41e9-b4a6-a8443542a8b6 None None] Registered counter for database nova_cell1
Aug 18 11:48:43.166177 np0000007646 devstack@n-api-meta.service[96055]: DEBUG oslo_db.sqlalchemy.engines [None req-dd801210-4cc1-4013-b576-ae9303740e39 None None] MySQL server mode set to STRICT_TRANS_TABLES,STRICT_ALL_TABLES,NO_ZERO_IN_DATE,NO_ZERO_DATE,ERROR_FOR_DIVISION_BY_ZERO,TRADITIONAL,NO_ENGINE_SUBSTITUTION {{(pid=96055) _check_effective_sql_mode /opt/stack/data/venv/lib/python3.12/site-packages/oslo_db/sqlalchemy/engines.py:325}}
Aug 18 11:48:43.171763 np0000007646 devstack@n-api-meta.service[96055]: DEBUG oslo_db.sqlalchemy.engines [None req-dd801210-4cc1-4013-b576-ae9303740e39 None None] MySQL server mode set to STRICT_TRANS_TABLES,STRICT_ALL_TABLES,NO_ZERO_IN_DATE,NO_ZERO_DATE,ERROR_FOR_DIVISION_BY_ZERO,TRADITIONAL,NO_ENGINE_SUBSTITUTION {{(pid=96055) _check_effective_sql_mode /opt/stack/data/venv/lib/python3.12/site-packages/oslo_db/sqlalchemy/engines.py:325}}
Aug 18 11:48:43.175537 np0000007646 devstack@n-api-meta.service[96053]: DEBUG oslo_db.sqlalchemy.engines [None req-2f2468a5-4f06-4754-a008-dc55224de29a None None] MySQL server mode set to STRICT_TRANS_TABLES,STRICT_ALL_TABLES,NO_ZERO_IN_DATE,NO_ZERO_DATE,ERROR_FOR_DIVISION_BY_ZERO,TRADITIONAL,NO_ENGINE_SUBSTITUTION {{(pid=96053) _check_effective_sql_mode /opt/stack/data/venv/lib/python3.12/site-packages/oslo_db/sqlalchemy/engines.py:325}}
Aug 18 11:48:43.179242 np0000007646 devstack@n-api-meta.service[96053]: DEBUG oslo_db.sqlalchemy.engines [None req-2f2468a5-4f06-4754-a008-dc55224de29a None None] MySQL server mode set to STRICT_TRANS_TABLES,STRICT_ALL_TABLES,NO_ZERO_IN_DATE,NO_ZERO_DATE,ERROR_FOR_DIVISION_BY_ZERO,TRADITIONAL,NO_ENGINE_SUBSTITUTION {{(pid=96053) _check_effective_sql_mode /opt/stack/data/venv/lib/python3.12/site-packages/oslo_db/sqlalchemy/engines.py:325}}
Aug 18 11:48:43.192245 np0000007646 devstack@n-api-meta.service[96054]: DEBUG dbcounter [-] [96054] Writer thread running {{(pid=96054) stat_writer /opt/stack/data/venv/lib/python3.12/site-packages/dbcounter.py:102}}
Aug 18 11:48:43.195578 np0000007646 devstack@n-api-meta.service[96054]: DEBUG dbcounter [-] [96054] Writer thread running {{(pid=96054) stat_writer /opt/stack/data/venv/lib/python3.12/site-packages/dbcounter.py:102}}
Aug 18 11:48:43.199984 np0000007646 devstack@n-api-meta.service[96054]: INFO dbcounter [None req-4fadba75-498a-4488-b3ef-cd711530d8b0 None None] Registered counter for database nova_cell0
Aug 18 11:48:43.214905 np0000007646 devstack@n-api-meta.service[96052]: DEBUG oslo_db.sqlalchemy.engines [None req-42032de6-7a4d-41e9-b4a6-a8443542a8b6 None None] MySQL server mode set to STRICT_TRANS_TABLES,STRICT_ALL_TABLES,NO_ZERO_IN_DATE,NO_ZERO_DATE,ERROR_FOR_DIVISION_BY_ZERO,TRADITIONAL,NO_ENGINE_SUBSTITUTION {{(pid=96052) _check_effective_sql_mode /opt/stack/data/venv/lib/python3.12/site-packages/oslo_db/sqlalchemy/engines.py:325}}
Aug 18 11:48:43.226882 np0000007646 devstack@n-api-meta.service[96052]: DEBUG oslo_db.sqlalchemy.engines [None req-42032de6-7a4d-41e9-b4a6-a8443542a8b6 None None] MySQL server mode set to STRICT_TRANS_TABLES,STRICT_ALL_TABLES,NO_ZERO_IN_DATE,NO_ZERO_DATE,ERROR_FOR_DIVISION_BY_ZERO,TRADITIONAL,NO_ENGINE_SUBSTITUTION {{(pid=96052) _check_effective_sql_mode /opt/stack/data/venv/lib/python3.12/site-packages/oslo_db/sqlalchemy/engines.py:325}}
Aug 18 11:48:43.249189 np0000007646 devstack@n-api-meta.service[96054]: DEBUG oslo_db.sqlalchemy.engines [None req-4fadba75-498a-4488-b3ef-cd711530d8b0 None None] MySQL server mode set to STRICT_TRANS_TABLES,STRICT_ALL_TABLES,NO_ZERO_IN_DATE,NO_ZERO_DATE,ERROR_FOR_DIVISION_BY_ZERO,TRADITIONAL,NO_ENGINE_SUBSTITUTION {{(pid=96054) _check_effective_sql_mode /opt/stack/data/venv/lib/python3.12/site-packages/oslo_db/sqlalchemy/engines.py:325}}
Aug 18 11:48:43.256682 np0000007646 devstack@n-api-meta.service[96054]: DEBUG dbcounter [-] [96054] Writer thread running {{(pid=96054) stat_writer /opt/stack/data/venv/lib/python3.12/site-packages/dbcounter.py:102}}
Aug 18 11:48:43.269978 np0000007646 devstack@n-api-meta.service[96055]: DEBUG dbcounter [-] [96055] Writer thread running {{(pid=96055) stat_writer /opt/stack/data/venv/lib/python3.12/site-packages/dbcounter.py:102}}
Aug 18 11:48:43.271830 np0000007646 devstack@n-api-meta.service[96055]: DEBUG dbcounter [-] [96055] Writer thread running {{(pid=96055) stat_writer /opt/stack/data/venv/lib/python3.12/site-packages/dbcounter.py:102}}
Aug 18 11:48:43.276561 np0000007646 devstack@n-api-meta.service[96055]: INFO dbcounter [None req-dd801210-4cc1-4013-b576-ae9303740e39 None None] Registered counter for database nova_cell0
Aug 18 11:48:43.303402 np0000007646 devstack@n-api-meta.service[96053]: DEBUG dbcounter [-] [96053] Writer thread running {{(pid=96053) stat_writer /opt/stack/data/venv/lib/python3.12/site-packages/dbcounter.py:102}}
Aug 18 11:48:43.304463 np0000007646 devstack@n-api-meta.service[96053]: DEBUG dbcounter [-] [96053] Writer thread running {{(pid=96053) stat_writer /opt/stack/data/venv/lib/python3.12/site-packages/dbcounter.py:102}}
Aug 18 11:48:43.305393 np0000007646 devstack@n-api-meta.service[96054]: WARNING nova.api.metadata.handler [None req-4fadba75-498a-4488-b3ef-cd711530d8b0 None None] metadata_proxy_shared_secret is not configured, the metadata information returned by the proxy cannot be trusted
Aug 18 11:48:43.308281 np0000007646 devstack@n-api-meta.service[96054]: DEBUG nova.api.openstack.wsgi_app [None req-4fadba75-498a-4488-b3ef-cd711530d8b0 None None] ******************************************************************************** {{(pid=96054) log_opt_values /opt/stack/data/venv/lib/python3.12/site-packages/oslo_config/cfg.py:3533}}
Aug 18 11:48:43.308281 np0000007646 devstack@n-api-meta.service[96054]: DEBUG nova.api.openstack.wsgi_app [None req-4fadba75-498a-4488-b3ef-cd711530d8b0 None None] Configuration options gathered from: {{(pid=96054) log_opt_values /opt/stack/data/venv/lib/python3.12/site-packages/oslo_config/cfg.py:3534}}
Aug 18 11:48:43.308379 np0000007646 devstack@n-api-meta.service[96053]: INFO dbcounter [None req-2f2468a5-4f06-4754-a008-dc55224de29a None None] Registered counter for database nova_cell0
Aug 18 11:48:43.308405 np0000007646 devstack@n-api-meta.service[96054]: DEBUG nova.api.openstack.wsgi_app [None req-4fadba75-498a-4488-b3ef-cd711530d8b0 None None] command line args: [] {{(pid=96054) log_opt_values /opt/stack/data/venv/lib/python3.12/site-packages/oslo_config/cfg.py:3535}}
Aug 18 11:48:43.308488 np0000007646 devstack@n-api-meta.service[96054]: DEBUG nova.api.openstack.wsgi_app [None req-4fadba75-498a-4488-b3ef-cd711530d8b0 None None] config files: ['/etc/nova/api-paste.ini', '/etc/nova/nova.conf'] {{(pid=96054) log_opt_values /opt/stack/data/venv/lib/python3.12/site-packages/oslo_config/cfg.py:3536}}
Aug 18 11:48:43.308625 np0000007646 devstack@n-api-meta.service[96054]: DEBUG nova.api.openstack.wsgi_app [None req-4fadba75-498a-4488-b3ef-cd711530d8b0 None None] ================================================================================ {{(pid=96054) log_opt_values /opt/stack/data/venv/lib/python3.12/site-packages/oslo_config/cfg.py:3541}}
Aug 18 11:48:43.308860 np0000007646 devstack@n-api-meta.service[96054]: DEBUG nova.api.openstack.wsgi_app [None req-4fadba75-498a-4488-b3ef-cd711530d8b0 None None] allow_resize_to_same_host = True {{(pid=96054) log_opt_values /opt/stack/data/venv/lib/python3.12/site-packages/oslo_config/cfg.py:3549}}
Aug 18 11:48:43.309057 np0000007646 devstack@n-api-meta.service[96054]: DEBUG nova.api.openstack.wsgi_app [None req-4fadba75-498a-4488-b3ef-cd711530d8b0 None None] arq_binding_timeout = 300 {{(pid=96054) log_opt_values /opt/stack/data/venv/lib/python3.12/site-packages/oslo_config/cfg.py:3549}}
Aug 18 11:48:43.309251 np0000007646 devstack@n-api-meta.service[96054]: DEBUG nova.api.openstack.wsgi_app [None req-4fadba75-498a-4488-b3ef-cd711530d8b0 None None] block_device_allocate_retries = 60 {{(pid=96054) log_opt_values /opt/stack/data/venv/lib/python3.12/site-packages/oslo_config/cfg.py:3549}}
Aug 18 11:48:43.309440 np0000007646 devstack@n-api-meta.service[96054]: DEBUG nova.api.openstack.wsgi_app [None req-4fadba75-498a-4488-b3ef-cd711530d8b0 None None] block_device_allocate_retries_interval = 3 {{(pid=96054) log_opt_values /opt/stack/data/venv/lib/python3.12/site-packages/oslo_config/cfg.py:3549}}
Aug 18 11:48:43.309623 np0000007646 devstack@n-api-meta.service[96054]: DEBUG nova.api.openstack.wsgi_app [None req-4fadba75-498a-4488-b3ef-cd711530d8b0 None None] cell_worker_thread_pool_size = 5 {{(pid=96054) log_opt_values /opt/stack/data/venv/lib/python3.12/site-packages/oslo_config/cfg.py:3549}}
Aug 18 11:48:43.309805 np0000007646 devstack@n-api-meta.service[96054]: DEBUG nova.api.openstack.wsgi_app [None req-4fadba75-498a-4488-b3ef-cd711530d8b0 None None] cert = self.pem {{(pid=96054) log_opt_values /opt/stack/data/venv/lib/python3.12/site-packages/oslo_config/cfg.py:3549}}
Aug 18 11:48:43.309983 np0000007646 devstack@n-api-meta.service[96054]: DEBUG nova.api.openstack.wsgi_app [None req-4fadba75-498a-4488-b3ef-cd711530d8b0 None None] compute_driver = libvirt.LibvirtDriver {{(pid=96054) log_opt_values /opt/stack/data/venv/lib/python3.12/site-packages/oslo_config/cfg.py:3549}}
Aug 18 11:48:43.310169 np0000007646 devstack@n-api-meta.service[96054]: DEBUG nova.api.openstack.wsgi_app [None req-4fadba75-498a-4488-b3ef-cd711530d8b0 None None] compute_monitors = [] {{(pid=96054) log_opt_values /opt/stack/data/venv/lib/python3.12/site-packages/oslo_config/cfg.py:3549}}
Aug 18 11:48:43.310383 np0000007646 devstack@n-api-meta.service[96054]: DEBUG nova.api.openstack.wsgi_app [None req-4fadba75-498a-4488-b3ef-cd711530d8b0 None None] concurrency_backend = auto {{(pid=96054) log_opt_values /opt/stack/data/venv/lib/python3.12/site-packages/oslo_config/cfg.py:3549}}
Aug 18 11:48:43.310561 np0000007646 devstack@n-api-meta.service[96054]: DEBUG nova.api.openstack.wsgi_app [None req-4fadba75-498a-4488-b3ef-cd711530d8b0 None None] config_dir = [] {{(pid=96054) log_opt_values /opt/stack/data/venv/lib/python3.12/site-packages/oslo_config/cfg.py:3549}}
Aug 18 11:48:43.310746 np0000007646 devstack@n-api-meta.service[96054]: DEBUG nova.api.openstack.wsgi_app [None req-4fadba75-498a-4488-b3ef-cd711530d8b0 None None] config_drive_format = iso9660 {{(pid=96054) log_opt_values /opt/stack/data/venv/lib/python3.12/site-packages/oslo_config/cfg.py:3549}}
Aug 18 11:48:43.310897 np0000007646 devstack@n-api-meta.service[96054]: DEBUG nova.api.openstack.wsgi_app [None req-4fadba75-498a-4488-b3ef-cd711530d8b0 None None] config_file = ['/etc/nova/api-paste.ini', '/etc/nova/nova.conf'] {{(pid=96054) log_opt_values /opt/stack/data/venv/lib/python3.12/site-packages/oslo_config/cfg.py:3549}}
Aug 18 11:48:43.311076 np0000007646 devstack@n-api-meta.service[96054]: DEBUG nova.api.openstack.wsgi_app [None req-4fadba75-498a-4488-b3ef-cd711530d8b0 None None] config_source = [] {{(pid=96054) log_opt_values /opt/stack/data/venv/lib/python3.12/site-packages/oslo_config/cfg.py:3549}}
Aug 18 11:48:43.311306 np0000007646 devstack@n-api-meta.service[96054]: DEBUG nova.api.openstack.wsgi_app [None req-4fadba75-498a-4488-b3ef-cd711530d8b0 None None] console_host = np0000007646 {{(pid=96054) log_opt_values /opt/stack/data/venv/lib/python3.12/site-packages/oslo_config/cfg.py:3549}}
Aug 18 11:48:43.311506 np0000007646 devstack@n-api-meta.service[96054]: DEBUG nova.api.openstack.wsgi_app [None req-4fadba75-498a-4488-b3ef-cd711530d8b0 None None] control_exchange = nova {{(pid=96054) log_opt_values /opt/stack/data/venv/lib/python3.12/site-packages/oslo_config/cfg.py:3549}}
Aug 18 11:48:43.311663 np0000007646 devstack@n-api-meta.service[96054]: DEBUG nova.api.openstack.wsgi_app [None req-4fadba75-498a-4488-b3ef-cd711530d8b0 None None] cpu_allocation_ratio = None {{(pid=96054) log_opt_values /opt/stack/data/venv/lib/python3.12/site-packages/oslo_config/cfg.py:3549}}
Aug 18 11:48:43.311835 np0000007646 devstack@n-api-meta.service[96054]: DEBUG nova.api.openstack.wsgi_app [None req-4fadba75-498a-4488-b3ef-cd711530d8b0 None None] daemon = False {{(pid=96054) log_opt_values /opt/stack/data/venv/lib/python3.12/site-packages/oslo_config/cfg.py:3549}}
Aug 18 11:48:43.312010 np0000007646 devstack@n-api-meta.service[96054]: DEBUG nova.api.openstack.wsgi_app [None req-4fadba75-498a-4488-b3ef-cd711530d8b0 None None] debug = True {{(pid=96054) log_opt_values /opt/stack/data/venv/lib/python3.12/site-packages/oslo_config/cfg.py:3549}}
Aug 18 11:48:43.312177 np0000007646 devstack@n-api-meta.service[96054]: DEBUG nova.api.openstack.wsgi_app [None req-4fadba75-498a-4488-b3ef-cd711530d8b0 None None] default_access_ip_network_name = None {{(pid=96054) log_opt_values /opt/stack/data/venv/lib/python3.12/site-packages/oslo_config/cfg.py:3549}}
Aug 18 11:48:43.312391 np0000007646 devstack@n-api-meta.service[96054]: DEBUG nova.api.openstack.wsgi_app [None req-4fadba75-498a-4488-b3ef-cd711530d8b0 None None] default_availability_zone = nova {{(pid=96054) log_opt_values /opt/stack/data/venv/lib/python3.12/site-packages/oslo_config/cfg.py:3549}}
Aug 18 11:48:43.312559 np0000007646 devstack@n-api-meta.service[96054]: DEBUG nova.api.openstack.wsgi_app [None req-4fadba75-498a-4488-b3ef-cd711530d8b0 None None] default_ephemeral_format = ext4 {{(pid=96054) log_opt_values /opt/stack/data/venv/lib/python3.12/site-packages/oslo_config/cfg.py:3549}}
Aug 18 11:48:43.312730 np0000007646 devstack@n-api-meta.service[96054]: DEBUG nova.api.openstack.wsgi_app [None req-4fadba75-498a-4488-b3ef-cd711530d8b0 None None] default_green_pool_size = 1000 {{(pid=96054) log_opt_values /opt/stack/data/venv/lib/python3.12/site-packages/oslo_config/cfg.py:3549}}
Aug 18 11:48:43.313018 np0000007646 devstack@n-api-meta.service[96054]: DEBUG nova.api.openstack.wsgi_app [None req-4fadba75-498a-4488-b3ef-cd711530d8b0 None None] default_log_levels = ['amqp=WARN', 'boto=WARN', 'sqlalchemy=WARN', 'suds=INFO', 'oslo.messaging=INFO', 'oslo_messaging=INFO', 'iso8601=WARN', 'requests.packages.urllib3.connectionpool=WARN', 'urllib3.connectionpool=WARN', 'websocket=WARN', 'requests.packages.urllib3.util.retry=WARN', 'urllib3.util.retry=WARN', 'keystonemiddleware=WARN', 'routes.middleware=WARN', 'stevedore=WARN', 'taskflow=WARN', 'keystoneauth=WARN', 'oslo.cache=INFO', 'oslo_policy=INFO', 'dogpile.core.dogpile=INFO', 'glanceclient=WARN', 'oslo.privsep.daemon=INFO'] {{(pid=96054) log_opt_values /opt/stack/data/venv/lib/python3.12/site-packages/oslo_config/cfg.py:3549}}
Aug 18 11:48:43.313193 np0000007646 devstack@n-api-meta.service[96054]: DEBUG nova.api.openstack.wsgi_app [None req-4fadba75-498a-4488-b3ef-cd711530d8b0 None None] default_schedule_zone = None {{(pid=96054) log_opt_values /opt/stack/data/venv/lib/python3.12/site-packages/oslo_config/cfg.py:3549}}
Aug 18 11:48:43.313397 np0000007646 devstack@n-api-meta.service[96054]: DEBUG nova.api.openstack.wsgi_app [None req-4fadba75-498a-4488-b3ef-cd711530d8b0 None None] default_thread_pool_size = 10 {{(pid=96054) log_opt_values /opt/stack/data/venv/lib/python3.12/site-packages/oslo_config/cfg.py:3549}}
Aug 18 11:48:43.313569 np0000007646 devstack@n-api-meta.service[96054]: DEBUG nova.api.openstack.wsgi_app [None req-4fadba75-498a-4488-b3ef-cd711530d8b0 None None] disk_allocation_ratio = None {{(pid=96054) log_opt_values /opt/stack/data/venv/lib/python3.12/site-packages/oslo_config/cfg.py:3549}}
Aug 18 11:48:43.313743 np0000007646 devstack@n-api-meta.service[96054]: DEBUG nova.api.openstack.wsgi_app [None req-4fadba75-498a-4488-b3ef-cd711530d8b0 None None] enable_new_services = True {{(pid=96054) log_opt_values /opt/stack/data/venv/lib/python3.12/site-packages/oslo_config/cfg.py:3549}}
Aug 18 11:48:43.313908 np0000007646 devstack@n-api-meta.service[96054]: DEBUG nova.api.openstack.wsgi_app [None req-4fadba75-498a-4488-b3ef-cd711530d8b0 None None] flat_injected = False {{(pid=96054) log_opt_values /opt/stack/data/venv/lib/python3.12/site-packages/oslo_config/cfg.py:3549}}
Aug 18 11:48:43.314086 np0000007646 devstack@n-api-meta.service[96054]: DEBUG nova.api.openstack.wsgi_app [None req-4fadba75-498a-4488-b3ef-cd711530d8b0 None None] force_config_drive = True {{(pid=96054) log_opt_values /opt/stack/data/venv/lib/python3.12/site-packages/oslo_config/cfg.py:3549}}
Aug 18 11:48:43.314281 np0000007646 devstack@n-api-meta.service[96054]: DEBUG nova.api.openstack.wsgi_app [None req-4fadba75-498a-4488-b3ef-cd711530d8b0 None None] force_raw_images = True {{(pid=96054) log_opt_values /opt/stack/data/venv/lib/python3.12/site-packages/oslo_config/cfg.py:3549}}
Aug 18 11:48:43.314474 np0000007646 devstack@n-api-meta.service[96054]: DEBUG nova.api.openstack.wsgi_app [None req-4fadba75-498a-4488-b3ef-cd711530d8b0 None None] graceful_shutdown_timeout = 5 {{(pid=96054) log_opt_values /opt/stack/data/venv/lib/python3.12/site-packages/oslo_config/cfg.py:3549}}
Aug 18 11:48:43.314648 np0000007646 devstack@n-api-meta.service[96054]: DEBUG nova.api.openstack.wsgi_app [None req-4fadba75-498a-4488-b3ef-cd711530d8b0 None None] heal_instance_info_cache_interval = -1 {{(pid=96054) log_opt_values /opt/stack/data/venv/lib/python3.12/site-packages/oslo_config/cfg.py:3549}}
Aug 18 11:48:43.314914 np0000007646 devstack@n-api-meta.service[96054]: DEBUG nova.api.openstack.wsgi_app [None req-4fadba75-498a-4488-b3ef-cd711530d8b0 None None] host = np0000007646 {{(pid=96054) log_opt_values /opt/stack/data/venv/lib/python3.12/site-packages/oslo_config/cfg.py:3549}}
Aug 18 11:48:43.315073 np0000007646 devstack@n-api-meta.service[96054]: DEBUG nova.api.openstack.wsgi_app [None req-4fadba75-498a-4488-b3ef-cd711530d8b0 None None] initial_cpu_allocation_ratio = 4.0 {{(pid=96054) log_opt_values /opt/stack/data/venv/lib/python3.12/site-packages/oslo_config/cfg.py:3549}}
Aug 18 11:48:43.315291 np0000007646 devstack@n-api-meta.service[96054]: DEBUG nova.api.openstack.wsgi_app [None req-4fadba75-498a-4488-b3ef-cd711530d8b0 None None] initial_disk_allocation_ratio = 1.0 {{(pid=96054) log_opt_values /opt/stack/data/venv/lib/python3.12/site-packages/oslo_config/cfg.py:3549}}
Aug 18 11:48:43.315455 np0000007646 devstack@n-api-meta.service[96054]: DEBUG nova.api.openstack.wsgi_app [None req-4fadba75-498a-4488-b3ef-cd711530d8b0 None None] initial_ram_allocation_ratio = 1.0 {{(pid=96054) log_opt_values /opt/stack/data/venv/lib/python3.12/site-packages/oslo_config/cfg.py:3549}}
Aug 18 11:48:43.315685 np0000007646 devstack@n-api-meta.service[96054]: DEBUG nova.api.openstack.wsgi_app [None req-4fadba75-498a-4488-b3ef-cd711530d8b0 None None] injected_network_template = /opt/stack/nova/nova/virt/interfaces.template {{(pid=96054) log_opt_values /opt/stack/data/venv/lib/python3.12/site-packages/oslo_config/cfg.py:3549}}
Aug 18 11:48:43.315860 np0000007646 devstack@n-api-meta.service[96054]: DEBUG nova.api.openstack.wsgi_app [None req-4fadba75-498a-4488-b3ef-cd711530d8b0 None None] instance_build_timeout = 0 {{(pid=96054) log_opt_values /opt/stack/data/venv/lib/python3.12/site-packages/oslo_config/cfg.py:3549}}
Aug 18 11:48:43.316032 np0000007646 devstack@n-api-meta.service[96054]: DEBUG nova.api.openstack.wsgi_app [None req-4fadba75-498a-4488-b3ef-cd711530d8b0 None None] instance_delete_interval = 300 {{(pid=96054) log_opt_values /opt/stack/data/venv/lib/python3.12/site-packages/oslo_config/cfg.py:3549}}
Aug 18 11:48:43.316223 np0000007646 devstack@n-api-meta.service[96054]: DEBUG nova.api.openstack.wsgi_app [None req-4fadba75-498a-4488-b3ef-cd711530d8b0 None None] instance_format = [instance: %(uuid)s] {{(pid=96054) log_opt_values /opt/stack/data/venv/lib/python3.12/site-packages/oslo_config/cfg.py:3549}}
Aug 18 11:48:43.316418 np0000007646 devstack@n-api-meta.service[96054]: DEBUG nova.api.openstack.wsgi_app [None req-4fadba75-498a-4488-b3ef-cd711530d8b0 None None] instance_name_template = instance-%08x {{(pid=96054) log_opt_values /opt/stack/data/venv/lib/python3.12/site-packages/oslo_config/cfg.py:3549}}
Aug 18 11:48:43.316590 np0000007646 devstack@n-api-meta.service[96054]: DEBUG nova.api.openstack.wsgi_app [None req-4fadba75-498a-4488-b3ef-cd711530d8b0 None None] instance_usage_audit = False {{(pid=96054) log_opt_values /opt/stack/data/venv/lib/python3.12/site-packages/oslo_config/cfg.py:3549}}
Aug 18 11:48:43.316774 np0000007646 devstack@n-api-meta.service[96054]: DEBUG nova.api.openstack.wsgi_app [None req-4fadba75-498a-4488-b3ef-cd711530d8b0 None None] instance_usage_audit_period = month {{(pid=96054) log_opt_values /opt/stack/data/venv/lib/python3.12/site-packages/oslo_config/cfg.py:3549}}
Aug 18 11:48:43.316955 np0000007646 devstack@n-api-meta.service[96054]: DEBUG nova.api.openstack.wsgi_app [None req-4fadba75-498a-4488-b3ef-cd711530d8b0 None None] instance_uuid_format = [instance: %(uuid)s] {{(pid=96054) log_opt_values /opt/stack/data/venv/lib/python3.12/site-packages/oslo_config/cfg.py:3549}}
Aug 18 11:48:43.317126 np0000007646 devstack@n-api-meta.service[96054]: DEBUG nova.api.openstack.wsgi_app [None req-4fadba75-498a-4488-b3ef-cd711530d8b0 None None] instances_path = /opt/stack/data/nova/instances {{(pid=96054) log_opt_values /opt/stack/data/venv/lib/python3.12/site-packages/oslo_config/cfg.py:3549}}
Aug 18 11:48:43.317343 np0000007646 devstack@n-api-meta.service[96054]: DEBUG nova.api.openstack.wsgi_app [None req-4fadba75-498a-4488-b3ef-cd711530d8b0 None None] internal_service_availability_zone = internal {{(pid=96054) log_opt_values /opt/stack/data/venv/lib/python3.12/site-packages/oslo_config/cfg.py:3549}}
Aug 18 11:48:43.317510 np0000007646 devstack@n-api-meta.service[96054]: DEBUG nova.api.openstack.wsgi_app [None req-4fadba75-498a-4488-b3ef-cd711530d8b0 None None] key = None {{(pid=96054) log_opt_values /opt/stack/data/venv/lib/python3.12/site-packages/oslo_config/cfg.py:3549}}
Aug 18 11:48:43.317673 np0000007646 devstack@n-api-meta.service[96054]: DEBUG nova.api.openstack.wsgi_app [None req-4fadba75-498a-4488-b3ef-cd711530d8b0 None None] live_migration_retry_count = 30 {{(pid=96054) log_opt_values /opt/stack/data/venv/lib/python3.12/site-packages/oslo_config/cfg.py:3549}}
Aug 18 11:48:43.317854 np0000007646 devstack@n-api-meta.service[96054]: DEBUG nova.api.openstack.wsgi_app [None req-4fadba75-498a-4488-b3ef-cd711530d8b0 None None] log_color = False {{(pid=96054) log_opt_values /opt/stack/data/venv/lib/python3.12/site-packages/oslo_config/cfg.py:3549}}
Aug 18 11:48:43.318025 np0000007646 devstack@n-api-meta.service[96054]: DEBUG nova.api.openstack.wsgi_app [None req-4fadba75-498a-4488-b3ef-cd711530d8b0 None None] log_config_append = None {{(pid=96054) log_opt_values /opt/stack/data/venv/lib/python3.12/site-packages/oslo_config/cfg.py:3549}}
Aug 18 11:48:43.318219 np0000007646 devstack@n-api-meta.service[96054]: DEBUG nova.api.openstack.wsgi_app [None req-4fadba75-498a-4488-b3ef-cd711530d8b0 None None] log_date_format = %Y-%m-%d %H:%M:%S {{(pid=96054) log_opt_values /opt/stack/data/venv/lib/python3.12/site-packages/oslo_config/cfg.py:3549}}
Aug 18 11:48:43.318404 np0000007646 devstack@n-api-meta.service[96054]: DEBUG nova.api.openstack.wsgi_app [None req-4fadba75-498a-4488-b3ef-cd711530d8b0 None None] log_dir = None {{(pid=96054) log_opt_values /opt/stack/data/venv/lib/python3.12/site-packages/oslo_config/cfg.py:3549}}
Aug 18 11:48:43.318566 np0000007646 devstack@n-api-meta.service[96054]: DEBUG nova.api.openstack.wsgi_app [None req-4fadba75-498a-4488-b3ef-cd711530d8b0 None None] log_file = None {{(pid=96054) log_opt_values /opt/stack/data/venv/lib/python3.12/site-packages/oslo_config/cfg.py:3549}}
Aug 18 11:48:43.318706 np0000007646 devstack@n-api-meta.service[96054]: DEBUG nova.api.openstack.wsgi_app [None req-4fadba75-498a-4488-b3ef-cd711530d8b0 None None] log_options = True {{(pid=96054) log_opt_values /opt/stack/data/venv/lib/python3.12/site-packages/oslo_config/cfg.py:3549}}
Aug 18 11:48:43.318869 np0000007646 devstack@n-api-meta.service[96054]: DEBUG nova.api.openstack.wsgi_app [None req-4fadba75-498a-4488-b3ef-cd711530d8b0 None None] log_rotate_interval = 1 {{(pid=96054) log_opt_values /opt/stack/data/venv/lib/python3.12/site-packages/oslo_config/cfg.py:3549}}
Aug 18 11:48:43.319048 np0000007646 devstack@n-api-meta.service[96054]: DEBUG nova.api.openstack.wsgi_app [None req-4fadba75-498a-4488-b3ef-cd711530d8b0 None None] log_rotate_interval_type = days {{(pid=96054) log_opt_values /opt/stack/data/venv/lib/python3.12/site-packages/oslo_config/cfg.py:3549}}
Aug 18 11:48:43.319238 np0000007646 devstack@n-api-meta.service[96054]: DEBUG nova.api.openstack.wsgi_app [None req-4fadba75-498a-4488-b3ef-cd711530d8b0 None None] log_rotation_type = none {{(pid=96054) log_opt_values /opt/stack/data/venv/lib/python3.12/site-packages/oslo_config/cfg.py:3549}}
Aug 18 11:48:43.319393 np0000007646 devstack@n-api-meta.service[96054]: DEBUG nova.api.openstack.wsgi_app [None req-4fadba75-498a-4488-b3ef-cd711530d8b0 None None] logging_context_format_string = %(color)s%(levelname)s %(name)s [%(global_request_id)s %(request_id)s %(project_name)s %(user_name)s%(color)s] %(instance)s%(color)s%(message)s {{(pid=96054) log_opt_values /opt/stack/data/venv/lib/python3.12/site-packages/oslo_config/cfg.py:3549}}
Aug 18 11:48:43.319536 np0000007646 devstack@n-api-meta.service[96054]: DEBUG nova.api.openstack.wsgi_app [None req-4fadba75-498a-4488-b3ef-cd711530d8b0 None None] logging_debug_format_suffix = {{(pid=%(process)d) %(funcName)s %(pathname)s:%(lineno)d}} {{(pid=96054) log_opt_values /opt/stack/data/venv/lib/python3.12/site-packages/oslo_config/cfg.py:3549}}
Aug 18 11:48:43.319718 np0000007646 devstack@n-api-meta.service[96054]: DEBUG nova.api.openstack.wsgi_app [None req-4fadba75-498a-4488-b3ef-cd711530d8b0 None None] logging_default_format_string = %(color)s%(levelname)s %(name)s [-%(color)s] %(instance)s%(color)s%(message)s {{(pid=96054) log_opt_values /opt/stack/data/venv/lib/python3.12/site-packages/oslo_config/cfg.py:3549}}
Aug 18 11:48:43.319896 np0000007646 devstack@n-api-meta.service[96054]: DEBUG nova.api.openstack.wsgi_app [None req-4fadba75-498a-4488-b3ef-cd711530d8b0 None None] logging_exception_prefix = ERROR %(name)s %(instance)s {{(pid=96054) log_opt_values /opt/stack/data/venv/lib/python3.12/site-packages/oslo_config/cfg.py:3549}}
Aug 18 11:48:43.320030 np0000007646 devstack@n-api-meta.service[96054]: DEBUG nova.api.openstack.wsgi_app [None req-4fadba75-498a-4488-b3ef-cd711530d8b0 None None] logging_user_identity_format = %(user)s %(project)s %(domain)s %(system_scope)s %(user_domain)s %(project_domain)s {{(pid=96054) log_opt_values /opt/stack/data/venv/lib/python3.12/site-packages/oslo_config/cfg.py:3549}}
Aug 18 11:48:43.320222 np0000007646 devstack@n-api-meta.service[96054]: DEBUG nova.api.openstack.wsgi_app [None req-4fadba75-498a-4488-b3ef-cd711530d8b0 None None] long_rpc_timeout = 1800 {{(pid=96054) log_opt_values /opt/stack/data/venv/lib/python3.12/site-packages/oslo_config/cfg.py:3549}}
Aug 18 11:48:43.320412 np0000007646 devstack@n-api-meta.service[96054]: DEBUG nova.api.openstack.wsgi_app [None req-4fadba75-498a-4488-b3ef-cd711530d8b0 None None] manager_shutdown_timeout = 160 {{(pid=96054) log_opt_values /opt/stack/data/venv/lib/python3.12/site-packages/oslo_config/cfg.py:3549}}
Aug 18 11:48:43.320578 np0000007646 devstack@n-api-meta.service[96054]: DEBUG nova.api.openstack.wsgi_app [None req-4fadba75-498a-4488-b3ef-cd711530d8b0 None None] max_concurrent_builds = 10 {{(pid=96054) log_opt_values /opt/stack/data/venv/lib/python3.12/site-packages/oslo_config/cfg.py:3549}}
Aug 18 11:48:43.320748 np0000007646 devstack@n-api-meta.service[96054]: DEBUG nova.api.openstack.wsgi_app [None req-4fadba75-498a-4488-b3ef-cd711530d8b0 None None] max_concurrent_live_migrations = 1 {{(pid=96054) log_opt_values /opt/stack/data/venv/lib/python3.12/site-packages/oslo_config/cfg.py:3549}}
