Aug 25 11:41:46.762777 np0000008078 devstack@g-api.service[99824]: DEBUG glance.api.middleware.version_negotiation [None req-cb4ba3b4-966c-41e3-8f6b-30ef7a82cc4b tempest-VolumesExtendAttachedTest-1789181326 tempest-VolumesExtendAttachedTest-1789181326-project-member] Determining version of request: POST /v2/images Accept: */* {{(pid=99824) process_request /opt/stack/glance/glance/api/middleware/version_negotiation.py:44}}
Aug 25 11:41:46.762777 np0000008078 devstack@g-api.service[99824]: DEBUG glance.api.middleware.version_negotiation [None req-cb4ba3b4-966c-41e3-8f6b-30ef7a82cc4b tempest-VolumesExtendAttachedTest-1789181326 tempest-VolumesExtendAttachedTest-1789181326-project-member] Using url versioning {{(pid=99824) process_request /opt/stack/glance/glance/api/middleware/version_negotiation.py:57}}
Aug 25 11:41:46.763031 np0000008078 devstack@g-api.service[99824]: DEBUG glance.api.middleware.version_negotiation [None req-cb4ba3b4-966c-41e3-8f6b-30ef7a82cc4b tempest-VolumesExtendAttachedTest-1789181326 tempest-VolumesExtendAttachedTest-1789181326-project-member] Matched version: v2 {{(pid=99824) process_request /opt/stack/glance/glance/api/middleware/version_negotiation.py:69}}
Aug 25 11:41:46.763031 np0000008078 devstack@g-api.service[99824]: DEBUG glance.api.middleware.version_negotiation [None req-cb4ba3b4-966c-41e3-8f6b-30ef7a82cc4b tempest-VolumesExtendAttachedTest-1789181326 tempest-VolumesExtendAttachedTest-1789181326-project-member] new path /v2/images {{(pid=99824) process_request /opt/stack/glance/glance/api/middleware/version_negotiation.py:70}}
Aug 25 11:41:47.496034 np0000008078 devstack@g-api.service[99824]: [pid: 99824|app: 0|req: 25/79] 127.0.0.1 () {46 vars in 1055 bytes} [Tue Aug 25 11:41:46 2026] POST /v2/images => generated 650 bytes in 733 msecs (HTTP/1.1 201) 6 headers in 315 bytes (1 switches on core 0)
Aug 25 11:41:47.507454 np0000008078 devstack@g-api.service[99822]: DEBUG glance.api.middleware.version_negotiation [None req-cb4ba3b4-966c-41e3-8f6b-30ef7a82cc4b tempest-VolumesExtendAttachedTest-1789181326 tempest-VolumesExtendAttachedTest-1789181326-project-member] Determining version of request: GET /v2/schemas/image Accept: */* {{(pid=99822) process_request /opt/stack/glance/glance/api/middleware/version_negotiation.py:44}}
Aug 25 11:41:47.507823 np0000008078 devstack@g-api.service[99822]: DEBUG glance.api.middleware.version_negotiation [None req-cb4ba3b4-966c-41e3-8f6b-30ef7a82cc4b tempest-VolumesExtendAttachedTest-1789181326 tempest-VolumesExtendAttachedTest-1789181326-project-member] Using url versioning {{(pid=99822) process_request /opt/stack/glance/glance/api/middleware/version_negotiation.py:57}}
Aug 25 11:41:47.507823 np0000008078 devstack@g-api.service[99822]: DEBUG glance.api.middleware.version_negotiation [None req-cb4ba3b4-966c-41e3-8f6b-30ef7a82cc4b tempest-VolumesExtendAttachedTest-1789181326 tempest-VolumesExtendAttachedTest-1789181326-project-member] Matched version: v2 {{(pid=99822) process_request /opt/stack/glance/glance/api/middleware/version_negotiation.py:69}}
Aug 25 11:41:47.507925 np0000008078 devstack@g-api.service[99822]: DEBUG glance.api.middleware.version_negotiation [None req-cb4ba3b4-966c-41e3-8f6b-30ef7a82cc4b tempest-VolumesExtendAttachedTest-1789181326 tempest-VolumesExtendAttachedTest-1789181326-project-member] new path /v2/schemas/image {{(pid=99822) process_request /opt/stack/glance/glance/api/middleware/version_negotiation.py:70}}
Aug 25 11:41:47.510618 np0000008078 devstack@g-api.service[99822]: [pid: 99822|app: 0|req: 29/80] 127.0.0.1 () {44 vars in 1055 bytes} [Tue Aug 25 11:41:47 2026] GET /v2/schemas/image => generated 6083 bytes in 3 msecs (HTTP/1.1 200) 4 headers in 158 bytes (1 switches on core 0)
Aug 25 11:41:47.528896 np0000008078 devstack@g-api.service[99823]: DEBUG glance.api.middleware.version_negotiation [None req-692f344e-46f8-48c2-9b43-6d654ccd3a8f tempest-VolumesActionsTest-1836298800 tempest-VolumesActionsTest-1836298800-project-member] Determining version of request: GET /v2/images/57ace715-9818-4c1b-b299-d0c8c8527fe0 Accept: application/json {{(pid=99823) process_request /opt/stack/glance/glance/api/middleware/version_negotiation.py:44}}
Aug 25 11:41:47.529022 np0000008078 devstack@g-api.service[99823]: DEBUG glance.api.middleware.version_negotiation [None req-692f344e-46f8-48c2-9b43-6d654ccd3a8f tempest-VolumesActionsTest-1836298800 tempest-VolumesActionsTest-1836298800-project-member] Using url versioning {{(pid=99823) process_request /opt/stack/glance/glance/api/middleware/version_negotiation.py:57}}
Aug 25 11:41:47.529123 np0000008078 devstack@g-api.service[99823]: DEBUG glance.api.middleware.version_negotiation [None req-692f344e-46f8-48c2-9b43-6d654ccd3a8f tempest-VolumesActionsTest-1836298800 tempest-VolumesActionsTest-1836298800-project-member] Matched version: v2 {{(pid=99823) process_request /opt/stack/glance/glance/api/middleware/version_negotiation.py:69}}
Aug 25 11:41:47.529233 np0000008078 devstack@g-api.service[99823]: DEBUG glance.api.middleware.version_negotiation [None req-692f344e-46f8-48c2-9b43-6d654ccd3a8f tempest-VolumesActionsTest-1836298800 tempest-VolumesActionsTest-1836298800-project-member] new path /v2/images/57ace715-9818-4c1b-b299-d0c8c8527fe0 {{(pid=99823) process_request /opt/stack/glance/glance/api/middleware/version_negotiation.py:70}}
Aug 25 11:41:47.546505 np0000008078 devstack@g-api.service[99823]: [pid: 99823|app: 0|req: 27/81] 127.0.0.1 () {40 vars in 838 bytes} [Tue Aug 25 11:41:47 2026] GET /v2/images/57ace715-9818-4c1b-b299-d0c8c8527fe0 => generated 650 bytes in 17 msecs (HTTP/1.1 200) 4 headers in 157 bytes (1 switches on core 0)
Aug 25 11:41:47.781587 np0000008078 devstack@g-api.service[99824]: DEBUG glance.api.middleware.version_negotiation [None req-692f344e-46f8-48c2-9b43-6d654ccd3a8f tempest-VolumesActionsTest-1836298800 tempest-VolumesActionsTest-1836298800-project-member] Determining version of request: PUT /v2/images/57ace715-9818-4c1b-b299-d0c8c8527fe0/file Accept: */* {{(pid=99824) process_request /opt/stack/glance/glance/api/middleware/version_negotiation.py:44}}
Aug 25 11:41:47.783706 np0000008078 devstack@g-api.service[99824]: DEBUG glance.api.middleware.version_negotiation [None req-692f344e-46f8-48c2-9b43-6d654ccd3a8f tempest-VolumesActionsTest-1836298800 tempest-VolumesActionsTest-1836298800-project-member] Using url versioning {{(pid=99824) process_request /opt/stack/glance/glance/api/middleware/version_negotiation.py:57}}
Aug 25 11:41:47.783706 np0000008078 devstack@g-api.service[99824]: DEBUG glance.api.middleware.version_negotiation [None req-692f344e-46f8-48c2-9b43-6d654ccd3a8f tempest-VolumesActionsTest-1836298800 tempest-VolumesActionsTest-1836298800-project-member] Matched version: v2 {{(pid=99824) process_request /opt/stack/glance/glance/api/middleware/version_negotiation.py:69}}
Aug 25 11:41:47.783706 np0000008078 devstack@g-api.service[99824]: DEBUG glance.api.middleware.version_negotiation [None req-692f344e-46f8-48c2-9b43-6d654ccd3a8f tempest-VolumesActionsTest-1836298800 tempest-VolumesActionsTest-1836298800-project-member] new path /v2/images/57ace715-9818-4c1b-b299-d0c8c8527fe0/file {{(pid=99824) process_request /opt/stack/glance/glance/api/middleware/version_negotiation.py:70}}
Aug 25 11:41:48.355981 np0000008078 devstack@g-api.service[99824]: INFO glance.api.v2.image_data [None req-692f344e-46f8-48c2-9b43-6d654ccd3a8f tempest-VolumesActionsTest-1836298800 tempest-VolumesActionsTest-1836298800-project-member] Unable to create trust: no such option collect_timing in group [keystone_authtoken] Use the existing user token.
Aug 25 11:41:48.553928 np0000008078 devstack@g-api.service[99822]: DEBUG glance.api.middleware.version_negotiation [None req-692f344e-46f8-48c2-9b43-6d654ccd3a8f tempest-VolumesActionsTest-1836298800 tempest-VolumesActionsTest-1836298800-project-member] Determining version of request: GET /v2/images/57ace715-9818-4c1b-b299-d0c8c8527fe0 Accept: application/json {{(pid=99822) process_request /opt/stack/glance/glance/api/middleware/version_negotiation.py:44}}
Aug 25 11:41:48.554214 np0000008078 devstack@g-api.service[99822]: DEBUG glance.api.middleware.version_negotiation [None req-692f344e-46f8-48c2-9b43-6d654ccd3a8f tempest-VolumesActionsTest-1836298800 tempest-VolumesActionsTest-1836298800-project-member] Using url versioning {{(pid=99822) process_request /opt/stack/glance/glance/api/middleware/version_negotiation.py:57}}
Aug 25 11:41:48.554214 np0000008078 devstack@g-api.service[99822]: DEBUG glance.api.middleware.version_negotiation [None req-692f344e-46f8-48c2-9b43-6d654ccd3a8f tempest-VolumesActionsTest-1836298800 tempest-VolumesActionsTest-1836298800-project-member] Matched version: v2 {{(pid=99822) process_request /opt/stack/glance/glance/api/middleware/version_negotiation.py:69}}
Aug 25 11:41:48.554214 np0000008078 devstack@g-api.service[99822]: DEBUG glance.api.middleware.version_negotiation [None req-692f344e-46f8-48c2-9b43-6d654ccd3a8f tempest-VolumesActionsTest-1836298800 tempest-VolumesActionsTest-1836298800-project-member] new path /v2/images/57ace715-9818-4c1b-b299-d0c8c8527fe0 {{(pid=99822) process_request /opt/stack/glance/glance/api/middleware/version_negotiation.py:70}}
Aug 25 11:41:48.563195 np0000008078 devstack@g-api.service[99822]: [pid: 99822|app: 0|req: 30/82] 127.0.0.1 () {40 vars in 838 bytes} [Tue Aug 25 11:41:48 2026] GET /v2/images/57ace715-9818-4c1b-b299-d0c8c8527fe0 => generated 650 bytes in 9 msecs (HTTP/1.1 200) 4 headers in 157 bytes (1 switches on core 0)
Aug 25 11:41:48.936062 np0000008078 devstack@g-api.service[99824]: DEBUG glance.location [None req-692f344e-46f8-48c2-9b43-6d654ccd3a8f tempest-VolumesActionsTest-1836298800 tempest-VolumesActionsTest-1836298800-project-member] Enabling in-flight format inspection for raw {{(pid=99824) set_data /opt/stack/glance/glance/location.py:596}}
Aug 25 11:41:48.936541 np0000008078 devstack@g-api.service[99824]: DEBUG glance_store.backend [None req-692f344e-46f8-48c2-9b43-6d654ccd3a8f tempest-VolumesActionsTest-1836298800 tempest-VolumesActionsTest-1836298800-project-member] Attempting to import store swift {{(pid=99824) _load_store /opt/stack/data/venv/lib/python3.12/site-packages/glance_store/backend.py:215}}
Aug 25 11:41:48.937777 np0000008078 devstack@g-api.service[99824]: DEBUG glance_store.capabilities [None req-692f344e-46f8-48c2-9b43-6d654ccd3a8f tempest-VolumesActionsTest-1836298800 tempest-VolumesActionsTest-1836298800-project-member] Store glance_store._drivers.swift.store.SingleTenantStore doesn't support updating dynamic storage capabilities. Please overwrite 'update_capabilities' method of the store to implement updating logics if needed. {{(pid=99824) update_capabilities /opt/stack/data/venv/lib/python3.12/site-packages/glance_store/capabilities.py:91}}
Aug 25 11:41:48.937870 np0000008078 devstack@g-api.service[99824]: DEBUG glance_store.driver [None req-692f344e-46f8-48c2-9b43-6d654ccd3a8f tempest-VolumesActionsTest-1836298800 tempest-VolumesActionsTest-1836298800-project-member] Late loading location class glance_store._drivers.swift.store.StoreLocation {{(pid=99824) get_store_location_class /opt/stack/data/venv/lib/python3.12/site-packages/glance_store/driver.py:134}}
Aug 25 11:41:48.937955 np0000008078 devstack@g-api.service[99824]: DEBUG glance_store.location [None req-692f344e-46f8-48c2-9b43-6d654ccd3a8f tempest-VolumesActionsTest-1836298800 tempest-VolumesActionsTest-1836298800-project-member] Registering scheme swift+https with {'store': , 'location_class': , 'store_entry': 'swift'} {{(pid=99824) register_scheme_map /opt/stack/data/venv/lib/python3.12/site-packages/glance_store/location.py:146}}
Aug 25 11:41:48.938050 np0000008078 devstack@g-api.service[99824]: DEBUG glance_store.location [None req-692f344e-46f8-48c2-9b43-6d654ccd3a8f tempest-VolumesActionsTest-1836298800 tempest-VolumesActionsTest-1836298800-project-member] Registering scheme swift+https with {'store': , 'location_class': , 'store_entry': 'swift'} {{(pid=99824) register_scheme_map /opt/stack/data/venv/lib/python3.12/site-packages/glance_store/location.py:146}}
Aug 25 11:41:48.938120 np0000008078 devstack@g-api.service[99824]: DEBUG glance_store.location [None req-692f344e-46f8-48c2-9b43-6d654ccd3a8f tempest-VolumesActionsTest-1836298800 tempest-VolumesActionsTest-1836298800-project-member] Registering scheme swift with {'store': , 'location_class': , 'store_entry': 'swift'} {{(pid=99824) register_scheme_map /opt/stack/data/venv/lib/python3.12/site-packages/glance_store/location.py:146}}
Aug 25 11:41:48.938211 np0000008078 devstack@g-api.service[99824]: DEBUG glance_store.location [None req-692f344e-46f8-48c2-9b43-6d654ccd3a8f tempest-VolumesActionsTest-1836298800 tempest-VolumesActionsTest-1836298800-project-member] Registering scheme swift+https with {'store': , 'location_class': , 'store_entry': 'swift'} {{(pid=99824) register_scheme_map /opt/stack/data/venv/lib/python3.12/site-packages/glance_store/location.py:146}}
Aug 25 11:41:48.938550 np0000008078 devstack@g-api.service[99824]: DEBUG glance_store.location [None req-692f344e-46f8-48c2-9b43-6d654ccd3a8f tempest-VolumesActionsTest-1836298800 tempest-VolumesActionsTest-1836298800-project-member] Registering scheme swift with {'store': , 'location_class': , 'store_entry': 'swift'} {{(pid=99824) register_scheme_map /opt/stack/data/venv/lib/python3.12/site-packages/glance_store/location.py:146}}
Aug 25 11:41:48.938636 np0000008078 devstack@g-api.service[99824]: DEBUG glance_store.location [None req-692f344e-46f8-48c2-9b43-6d654ccd3a8f tempest-VolumesActionsTest-1836298800 tempest-VolumesActionsTest-1836298800-project-member] Registering scheme swift+http with {'store': , 'location_class': , 'store_entry': 'swift'} {{(pid=99824) register_scheme_map /opt/stack/data/venv/lib/python3.12/site-packages/glance_store/location.py:146}}
Aug 25 11:41:48.938709 np0000008078 devstack@g-api.service[99824]: DEBUG glance_store.location [None req-692f344e-46f8-48c2-9b43-6d654ccd3a8f tempest-VolumesActionsTest-1836298800 tempest-VolumesActionsTest-1836298800-project-member] Registering scheme swift+https with {'store': , 'location_class': , 'store_entry': 'swift'} {{(pid=99824) register_scheme_map /opt/stack/data/venv/lib/python3.12/site-packages/glance_store/location.py:146}}
Aug 25 11:41:48.938783 np0000008078 devstack@g-api.service[99824]: DEBUG glance_store.location [None req-692f344e-46f8-48c2-9b43-6d654ccd3a8f tempest-VolumesActionsTest-1836298800 tempest-VolumesActionsTest-1836298800-project-member] Registering scheme swift with {'store': , 'location_class': , 'store_entry': 'swift'} {{(pid=99824) register_scheme_map /opt/stack/data/venv/lib/python3.12/site-packages/glance_store/location.py:146}}
Aug 25 11:41:48.939273 np0000008078 devstack@g-api.service[99824]: DEBUG glance_store.location [None req-692f344e-46f8-48c2-9b43-6d654ccd3a8f tempest-VolumesActionsTest-1836298800 tempest-VolumesActionsTest-1836298800-project-member] Registering scheme swift+http with {'store': , 'location_class': , 'store_entry': 'swift'} {{(pid=99824) register_scheme_map /opt/stack/data/venv/lib/python3.12/site-packages/glance_store/location.py:146}}
Aug 25 11:41:48.939767 np0000008078 devstack@g-api.service[99824]: DEBUG glance_store.location [None req-692f344e-46f8-48c2-9b43-6d654ccd3a8f tempest-VolumesActionsTest-1836298800 tempest-VolumesActionsTest-1836298800-project-member] Registering scheme swift+config with {'store': , 'location_class': , 'store_entry': 'swift'} {{(pid=99824) register_scheme_map /opt/stack/data/venv/lib/python3.12/site-packages/glance_store/location.py:146}}
Aug 25 11:41:49.350822 np0000008078 devstack@g-api.service[99824]: DEBUG swiftclient [None req-692f344e-46f8-48c2-9b43-6d654ccd3a8f tempest-VolumesActionsTest-1836298800 tempest-VolumesActionsTest-1836298800-project-member] REQ: curl -i https://10.4.3.130:8080/v1/AUTH_1891b556b09a4cae975459caf25151b1/glance -I -H "X-Auth-Token: gAAAAABqjX99TWuu..." {{(pid=99824) http_log /opt/stack/data/venv/lib/python3.12/site-packages/swiftclient/client.py:160}}
Aug 25 11:41:49.350950 np0000008078 devstack@g-api.service[99824]: DEBUG swiftclient [None req-692f344e-46f8-48c2-9b43-6d654ccd3a8f tempest-VolumesActionsTest-1836298800 tempest-VolumesActionsTest-1836298800-project-member] RESP STATUS: 204 No Content {{(pid=99824) http_log /opt/stack/data/venv/lib/python3.12/site-packages/swiftclient/client.py:161}}
Aug 25 11:41:49.351161 np0000008078 devstack@g-api.service[99824]: DEBUG swiftclient [None req-692f344e-46f8-48c2-9b43-6d654ccd3a8f tempest-VolumesActionsTest-1836298800 tempest-VolumesActionsTest-1836298800-project-member] RESP HEADERS: {'Date': 'Tue, 25 Aug 2026 11:41:49 GMT', 'Server': 'Apache/2.4.58 (Ubuntu)', 'Content-Type': 'text/plain; charset=utf-8', 'X-Container-Object-Count': '3', 'X-Container-Bytes-Used': '64356352', 'X-Timestamp': '1787657909.87864', 'Last-Modified': 'Tue, 25 Aug 2026 11:38:30 GMT', 'Accept-Ranges': 'bytes', 'X-Storage-Policy': 'Policy-0', 'X-Container-Sharding': 'False', 'Vary': 'Accept', 'X-Trans-Id': 'txa07d54d25d2d44849d7ba-006a8d7f7d', 'X-Openstack-Request-Id': 'txa07d54d25d2d44849d7ba-006a8d7f7d', 'Connection': 'close'} {{(pid=99824) http_log /opt/stack/data/venv/lib/python3.12/site-packages/swiftclient/client.py:162}}
Aug 25 11:41:49.351365 np0000008078 devstack@g-api.service[99824]: DEBUG glance_store._drivers.swift.store [None req-692f344e-46f8-48c2-9b43-6d654ccd3a8f tempest-VolumesActionsTest-1836298800 tempest-VolumesActionsTest-1836298800-project-member] Adding image object '57ace715-9818-4c1b-b299-d0c8c8527fe0' to Swift {{(pid=99824) add /opt/stack/data/venv/lib/python3.12/site-packages/glance_store/_drivers/swift/store.py:970}}
Aug 25 11:41:49.351468 np0000008078 devstack@g-api.service[99824]: DEBUG glance_store._drivers.swift.store [None req-692f344e-46f8-48c2-9b43-6d654ccd3a8f tempest-VolumesActionsTest-1836298800 tempest-VolumesActionsTest-1836298800-project-member] Cannot determine image size because it is either not provided in the request or chunked-transfer encoding is used. Adding image as a segmented object to Swift. {{(pid=99824) add /opt/stack/data/venv/lib/python3.12/site-packages/glance_store/_drivers/swift/store.py:994}}
Aug 25 11:41:49.358515 np0000008078 devstack@g-api.service[99824]: DEBUG oslo_utils.imageutils.format_inspector [None req-692f344e-46f8-48c2-9b43-6d654ccd3a8f tempest-VolumesActionsTest-1836298800 tempest-VolumesActionsTest-1836298800-project-member] Format inspector for vmdk does not match, excluding from consideration (Signature KDMV not found: b'\x00\x00\x00\x00') {{(pid=99824) _process_chunk /opt/stack/data/venv/lib/python3.12/site-packages/oslo_utils/imageutils/format_inspector.py:1758}}
Aug 25 11:41:49.360566 np0000008078 devstack@g-api.service[99824]: DEBUG oslo_utils.imageutils.format_inspector [None req-692f344e-46f8-48c2-9b43-6d654ccd3a8f tempest-VolumesActionsTest-1836298800 tempest-VolumesActionsTest-1836298800-project-member] Format inspector for vhdx does not match, excluding from consideration (Region signature not found at 30000) {{(pid=99824) _process_chunk /opt/stack/data/venv/lib/python3.12/site-packages/oslo_utils/imageutils/format_inspector.py:1758}}
Aug 25 11:41:49.573803 np0000008078 devstack@g-api.service[99823]: DEBUG glance.api.middleware.version_negotiation [None req-29ef146a-a4ad-46b4-8088-f1880605cb56 tempest-VolumesActionsTest-1836298800 tempest-VolumesActionsTest-1836298800-project-member] Determining version of request: GET /v2/images/57ace715-9818-4c1b-b299-d0c8c8527fe0 Accept: application/json {{(pid=99823) process_request /opt/stack/glance/glance/api/middleware/version_negotiation.py:44}}
Aug 25 11:41:49.574256 np0000008078 devstack@g-api.service[99823]: DEBUG glance.api.middleware.version_negotiation [None req-29ef146a-a4ad-46b4-8088-f1880605cb56 tempest-VolumesActionsTest-1836298800 tempest-VolumesActionsTest-1836298800-project-member] Using url versioning {{(pid=99823) process_request /opt/stack/glance/glance/api/middleware/version_negotiation.py:57}}
Aug 25 11:41:49.574256 np0000008078 devstack@g-api.service[99823]: DEBUG glance.api.middleware.version_negotiation [None req-29ef146a-a4ad-46b4-8088-f1880605cb56 tempest-VolumesActionsTest-1836298800 tempest-VolumesActionsTest-1836298800-project-member] Matched version: v2 {{(pid=99823) process_request /opt/stack/glance/glance/api/middleware/version_negotiation.py:69}}
Aug 25 11:41:49.574256 np0000008078 devstack@g-api.service[99823]: DEBUG glance.api.middleware.version_negotiation [None req-29ef146a-a4ad-46b4-8088-f1880605cb56 tempest-VolumesActionsTest-1836298800 tempest-VolumesActionsTest-1836298800-project-member] new path /v2/images/57ace715-9818-4c1b-b299-d0c8c8527fe0 {{(pid=99823) process_request /opt/stack/glance/glance/api/middleware/version_negotiation.py:70}}
Aug 25 11:41:49.593066 np0000008078 devstack@g-api.service[99823]: [pid: 99823|app: 0|req: 28/83] 127.0.0.1 () {40 vars in 838 bytes} [Tue Aug 25 11:41:49 2026] GET /v2/images/57ace715-9818-4c1b-b299-d0c8c8527fe0 => generated 650 bytes in 19 msecs (HTTP/1.1 200) 4 headers in 157 bytes (1 switches on core 0)
Aug 25 11:41:50.603168 np0000008078 devstack@g-api.service[99822]: DEBUG glance.api.middleware.version_negotiation [None req-02c39019-7fa9-4ed1-b12f-a7112fd2a0f5 tempest-VolumesActionsTest-1836298800 tempest-VolumesActionsTest-1836298800-project-member] Determining version of request: GET /v2/images/57ace715-9818-4c1b-b299-d0c8c8527fe0 Accept: application/json {{(pid=99822) process_request /opt/stack/glance/glance/api/middleware/version_negotiation.py:44}}
Aug 25 11:41:50.603542 np0000008078 devstack@g-api.service[99822]: DEBUG glance.api.middleware.version_negotiation [None req-02c39019-7fa9-4ed1-b12f-a7112fd2a0f5 tempest-VolumesActionsTest-1836298800 tempest-VolumesActionsTest-1836298800-project-member] Using url versioning {{(pid=99822) process_request /opt/stack/glance/glance/api/middleware/version_negotiation.py:57}}
Aug 25 11:41:50.603542 np0000008078 devstack@g-api.service[99822]: DEBUG glance.api.middleware.version_negotiation [None req-02c39019-7fa9-4ed1-b12f-a7112fd2a0f5 tempest-VolumesActionsTest-1836298800 tempest-VolumesActionsTest-1836298800-project-member] Matched version: v2 {{(pid=99822) process_request /opt/stack/glance/glance/api/middleware/version_negotiation.py:69}}
Aug 25 11:41:50.603542 np0000008078 devstack@g-api.service[99822]: DEBUG glance.api.middleware.version_negotiation [None req-02c39019-7fa9-4ed1-b12f-a7112fd2a0f5 tempest-VolumesActionsTest-1836298800 tempest-VolumesActionsTest-1836298800-project-member] new path /v2/images/57ace715-9818-4c1b-b299-d0c8c8527fe0 {{(pid=99822) process_request /opt/stack/glance/glance/api/middleware/version_negotiation.py:70}}
Aug 25 11:41:50.612214 np0000008078 devstack@g-api.service[99822]: [pid: 99822|app: 0|req: 31/84] 127.0.0.1 () {40 vars in 838 bytes} [Tue Aug 25 11:41:50 2026] GET /v2/images/57ace715-9818-4c1b-b299-d0c8c8527fe0 => generated 650 bytes in 9 msecs (HTTP/1.1 200) 4 headers in 157 bytes (1 switches on core 0)
Aug 25 11:41:51.324497 np0000008078 devstack@g-api.service[99824]: DEBUG swiftclient [None req-692f344e-46f8-48c2-9b43-6d654ccd3a8f tempest-VolumesActionsTest-1836298800 tempest-VolumesActionsTest-1836298800-project-member] REQ: curl -i https://10.4.3.130:8080/v1/AUTH_1891b556b09a4cae975459caf25151b1/glance/57ace715-9818-4c1b-b299-d0c8c8527fe0-00001 -X PUT -H "X-Auth-Token: gAAAAABqjX99TWuu..." {{(pid=99824) http_log /opt/stack/data/venv/lib/python3.12/site-packages/swiftclient/client.py:160}}
Aug 25 11:41:51.324815 np0000008078 devstack@g-api.service[99824]: DEBUG swiftclient [None req-692f344e-46f8-48c2-9b43-6d654ccd3a8f tempest-VolumesActionsTest-1836298800 tempest-VolumesActionsTest-1836298800-project-member] RESP STATUS: 201 Created {{(pid=99824) http_log /opt/stack/data/venv/lib/python3.12/site-packages/swiftclient/client.py:161}}
Aug 25 11:41:51.324815 np0000008078 devstack@g-api.service[99824]: DEBUG swiftclient [None req-692f344e-46f8-48c2-9b43-6d654ccd3a8f tempest-VolumesActionsTest-1836298800 tempest-VolumesActionsTest-1836298800-project-member] RESP HEADERS: {'Date': 'Tue, 25 Aug 2026 11:41:51 GMT', 'Server': 'Apache/2.4.58 (Ubuntu)', 'Content-Type': 'text/html; charset=UTF-8', 'Content-Length': '0', 'Etag': 'eda9a9889837ac4bc81d6387d92c1bec', 'Last-Modified': 'Tue, 25 Aug 2026 11:41:50 GMT', 'X-Trans-Id': 'tx7616b8ceec6c4efa9e61e-006a8d7f7d', 'X-Openstack-Request-Id': 'tx7616b8ceec6c4efa9e61e-006a8d7f7d', 'Connection': 'close'} {{(pid=99824) http_log /opt/stack/data/venv/lib/python3.12/site-packages/swiftclient/client.py:162}}
Aug 25 11:41:51.324815 np0000008078 devstack@g-api.service[99824]: DEBUG glance_store._drivers.swift.store [None req-692f344e-46f8-48c2-9b43-6d654ccd3a8f tempest-VolumesActionsTest-1836298800 tempest-VolumesActionsTest-1836298800-project-member] Wrote chunk 57ace715-9818-4c1b-b299-d0c8c8527fe0-00001 (1/?) of length 204800000 to Swift returning MD5 of content: eda9a9889837ac4bc81d6387d92c1bec {{(pid=99824) add /opt/stack/data/venv/lib/python3.12/site-packages/glance_store/_drivers/swift/store.py:1059}}
Aug 25 11:41:51.627408 np0000008078 devstack@g-api.service[99823]: DEBUG glance.api.middleware.version_negotiation [None req-71b67708-8ee0-4504-9cb3-90a511d8147f tempest-VolumesActionsTest-1836298800 tempest-VolumesActionsTest-1836298800-project-member] Determining version of request: GET /v2/images/57ace715-9818-4c1b-b299-d0c8c8527fe0 Accept: application/json {{(pid=99823) process_request /opt/stack/glance/glance/api/middleware/version_negotiation.py:44}}
Aug 25 11:41:51.627792 np0000008078 devstack@g-api.service[99823]: DEBUG glance.api.middleware.version_negotiation [None req-71b67708-8ee0-4504-9cb3-90a511d8147f tempest-VolumesActionsTest-1836298800 tempest-VolumesActionsTest-1836298800-project-member] Using url versioning {{(pid=99823) process_request /opt/stack/glance/glance/api/middleware/version_negotiation.py:57}}
Aug 25 11:41:51.627792 np0000008078 devstack@g-api.service[99823]: DEBUG glance.api.middleware.version_negotiation [None req-71b67708-8ee0-4504-9cb3-90a511d8147f tempest-VolumesActionsTest-1836298800 tempest-VolumesActionsTest-1836298800-project-member] Matched version: v2 {{(pid=99823) process_request /opt/stack/glance/glance/api/middleware/version_negotiation.py:69}}
Aug 25 11:41:51.628259 np0000008078 devstack@g-api.service[99823]: DEBUG glance.api.middleware.version_negotiation [None req-71b67708-8ee0-4504-9cb3-90a511d8147f tempest-VolumesActionsTest-1836298800 tempest-VolumesActionsTest-1836298800-project-member] new path /v2/images/57ace715-9818-4c1b-b299-d0c8c8527fe0 {{(pid=99823) process_request /opt/stack/glance/glance/api/middleware/version_negotiation.py:70}}
Aug 25 11:41:51.652882 np0000008078 devstack@g-api.service[99823]: [pid: 99823|app: 0|req: 29/85] 127.0.0.1 () {40 vars in 838 bytes} [Tue Aug 25 11:41:51 2026] GET /v2/images/57ace715-9818-4c1b-b299-d0c8c8527fe0 => generated 650 bytes in 26 msecs (HTTP/1.1 200) 4 headers in 157 bytes (1 switches on core 0)
Aug 25 11:41:52.663917 np0000008078 devstack@g-api.service[99822]: DEBUG glance.api.middleware.version_negotiation [None req-58cca430-55d6-4b36-bd52-7f22cf9703da tempest-VolumesActionsTest-1836298800 tempest-VolumesActionsTest-1836298800-project-member] Determining version of request: GET /v2/images/57ace715-9818-4c1b-b299-d0c8c8527fe0 Accept: application/json {{(pid=99822) process_request /opt/stack/glance/glance/api/middleware/version_negotiation.py:44}}
Aug 25 11:41:52.664265 np0000008078 devstack@g-api.service[99822]: DEBUG glance.api.middleware.version_negotiation [None req-58cca430-55d6-4b36-bd52-7f22cf9703da tempest-VolumesActionsTest-1836298800 tempest-VolumesActionsTest-1836298800-project-member] Using url versioning {{(pid=99822) process_request /opt/stack/glance/glance/api/middleware/version_negotiation.py:57}}
Aug 25 11:41:52.664265 np0000008078 devstack@g-api.service[99822]: DEBUG glance.api.middleware.version_negotiation [None req-58cca430-55d6-4b36-bd52-7f22cf9703da tempest-VolumesActionsTest-1836298800 tempest-VolumesActionsTest-1836298800-project-member] Matched version: v2 {{(pid=99822) process_request /opt/stack/glance/glance/api/middleware/version_negotiation.py:69}}
Aug 25 11:41:52.664385 np0000008078 devstack@g-api.service[99822]: DEBUG glance.api.middleware.version_negotiation [None req-58cca430-55d6-4b36-bd52-7f22cf9703da tempest-VolumesActionsTest-1836298800 tempest-VolumesActionsTest-1836298800-project-member] new path /v2/images/57ace715-9818-4c1b-b299-d0c8c8527fe0 {{(pid=99822) process_request /opt/stack/glance/glance/api/middleware/version_negotiation.py:70}}
Aug 25 11:41:52.682516 np0000008078 devstack@g-api.service[99822]: [pid: 99822|app: 0|req: 32/86] 127.0.0.1 () {40 vars in 838 bytes} [Tue Aug 25 11:41:52 2026] GET /v2/images/57ace715-9818-4c1b-b299-d0c8c8527fe0 => generated 650 bytes in 19 msecs (HTTP/1.1 200) 4 headers in 157 bytes (1 switches on core 0)
Aug 25 11:41:53.458189 np0000008078 devstack@g-api.service[99824]: DEBUG swiftclient [None req-692f344e-46f8-48c2-9b43-6d654ccd3a8f tempest-VolumesActionsTest-1836298800 tempest-VolumesActionsTest-1836298800-project-member] REQ: curl -i https://10.4.3.130:8080/v1/AUTH_1891b556b09a4cae975459caf25151b1/glance/57ace715-9818-4c1b-b299-d0c8c8527fe0-00002 -X PUT -H "X-Auth-Token: gAAAAABqjX99TWuu..." {{(pid=99824) http_log /opt/stack/data/venv/lib/python3.12/site-packages/swiftclient/client.py:160}}
Aug 25 11:41:53.458189 np0000008078 devstack@g-api.service[99824]: DEBUG swiftclient [None req-692f344e-46f8-48c2-9b43-6d654ccd3a8f tempest-VolumesActionsTest-1836298800 tempest-VolumesActionsTest-1836298800-project-member] RESP STATUS: 201 Created {{(pid=99824) http_log /opt/stack/data/venv/lib/python3.12/site-packages/swiftclient/client.py:161}}
Aug 25 11:41:53.458189 np0000008078 devstack@g-api.service[99824]: DEBUG swiftclient [None req-692f344e-46f8-48c2-9b43-6d654ccd3a8f tempest-VolumesActionsTest-1836298800 tempest-VolumesActionsTest-1836298800-project-member] RESP HEADERS: {'Date': 'Tue, 25 Aug 2026 11:41:53 GMT', 'Server': 'Apache/2.4.58 (Ubuntu)', 'Content-Type': 'text/html; charset=UTF-8', 'Content-Length': '0', 'Etag': 'eda9a9889837ac4bc81d6387d92c1bec', 'Last-Modified': 'Tue, 25 Aug 2026 11:41:52 GMT', 'X-Trans-Id': 'tx3d3d37201c68424b9f744-006a8d7f7f', 'X-Openstack-Request-Id': 'tx3d3d37201c68424b9f744-006a8d7f7f', 'Connection': 'close'} {{(pid=99824) http_log /opt/stack/data/venv/lib/python3.12/site-packages/swiftclient/client.py:162}}
Aug 25 11:41:53.458189 np0000008078 devstack@g-api.service[99824]: DEBUG glance_store._drivers.swift.store [None req-692f344e-46f8-48c2-9b43-6d654ccd3a8f tempest-VolumesActionsTest-1836298800 tempest-VolumesActionsTest-1836298800-project-member] Wrote chunk 57ace715-9818-4c1b-b299-d0c8c8527fe0-00002 (2/?) of length 204800000 to Swift returning MD5 of content: eda9a9889837ac4bc81d6387d92c1bec {{(pid=99824) add /opt/stack/data/venv/lib/python3.12/site-packages/glance_store/_drivers/swift/store.py:1059}}
Aug 25 11:41:53.697468 np0000008078 devstack@g-api.service[99823]: DEBUG glance.api.middleware.version_negotiation [None req-3960548c-772f-46d0-95af-db7f4a364934 tempest-VolumesActionsTest-1836298800 tempest-VolumesActionsTest-1836298800-project-member] Determining version of request: GET /v2/images/57ace715-9818-4c1b-b299-d0c8c8527fe0 Accept: application/json {{(pid=99823) process_request /opt/stack/glance/glance/api/middleware/version_negotiation.py:44}}
Aug 25 11:41:53.697468 np0000008078 devstack@g-api.service[99823]: DEBUG glance.api.middleware.version_negotiation [None req-3960548c-772f-46d0-95af-db7f4a364934 tempest-VolumesActionsTest-1836298800 tempest-VolumesActionsTest-1836298800-project-member] Using url versioning {{(pid=99823) process_request /opt/stack/glance/glance/api/middleware/version_negotiation.py:57}}
Aug 25 11:41:53.697468 np0000008078 devstack@g-api.service[99823]: DEBUG glance.api.middleware.version_negotiation [None req-3960548c-772f-46d0-95af-db7f4a364934 tempest-VolumesActionsTest-1836298800 tempest-VolumesActionsTest-1836298800-project-member] Matched version: v2 {{(pid=99823) process_request /opt/stack/glance/glance/api/middleware/version_negotiation.py:69}}
Aug 25 11:41:53.697468 np0000008078 devstack@g-api.service[99823]: DEBUG glance.api.middleware.version_negotiation [None req-3960548c-772f-46d0-95af-db7f4a364934 tempest-VolumesActionsTest-1836298800 tempest-VolumesActionsTest-1836298800-project-member] new path /v2/images/57ace715-9818-4c1b-b299-d0c8c8527fe0 {{(pid=99823) process_request /opt/stack/glance/glance/api/middleware/version_negotiation.py:70}}
Aug 25 11:41:53.714024 np0000008078 devstack@g-api.service[99823]: [pid: 99823|app: 0|req: 30/87] 127.0.0.1 () {40 vars in 838 bytes} [Tue Aug 25 11:41:53 2026] GET /v2/images/57ace715-9818-4c1b-b299-d0c8c8527fe0 => generated 650 bytes in 19 msecs (HTTP/1.1 200) 4 headers in 157 bytes (1 switches on core 0)
Aug 25 11:41:54.723156 np0000008078 devstack@g-api.service[99822]: DEBUG glance.api.middleware.version_negotiation [None req-60c57555-419d-49c8-8d3f-d39ce8e6bdce tempest-VolumesActionsTest-1836298800 tempest-VolumesActionsTest-1836298800-project-member] Determining version of request: GET /v2/images/57ace715-9818-4c1b-b299-d0c8c8527fe0 Accept: application/json {{(pid=99822) process_request /opt/stack/glance/glance/api/middleware/version_negotiation.py:44}}
Aug 25 11:41:54.723621 np0000008078 devstack@g-api.service[99822]: DEBUG glance.api.middleware.version_negotiation [None req-60c57555-419d-49c8-8d3f-d39ce8e6bdce tempest-VolumesActionsTest-1836298800 tempest-VolumesActionsTest-1836298800-project-member] Using url versioning {{(pid=99822) process_request /opt/stack/glance/glance/api/middleware/version_negotiation.py:57}}
Aug 25 11:41:54.723621 np0000008078 devstack@g-api.service[99822]: DEBUG glance.api.middleware.version_negotiation [None req-60c57555-419d-49c8-8d3f-d39ce8e6bdce tempest-VolumesActionsTest-1836298800 tempest-VolumesActionsTest-1836298800-project-member] Matched version: v2 {{(pid=99822) process_request /opt/stack/glance/glance/api/middleware/version_negotiation.py:69}}
Aug 25 11:41:54.723621 np0000008078 devstack@g-api.service[99822]: DEBUG glance.api.middleware.version_negotiation [None req-60c57555-419d-49c8-8d3f-d39ce8e6bdce tempest-VolumesActionsTest-1836298800 tempest-VolumesActionsTest-1836298800-project-member] new path /v2/images/57ace715-9818-4c1b-b299-d0c8c8527fe0 {{(pid=99822) process_request /opt/stack/glance/glance/api/middleware/version_negotiation.py:70}}
Aug 25 11:41:54.743264 np0000008078 devstack@g-api.service[99822]: [pid: 99822|app: 0|req: 33/88] 127.0.0.1 () {40 vars in 838 bytes} [Tue Aug 25 11:41:54 2026] GET /v2/images/57ace715-9818-4c1b-b299-d0c8c8527fe0 => generated 650 bytes in 20 msecs (HTTP/1.1 200) 4 headers in 157 bytes (1 switches on core 0)
Aug 25 11:41:55.559448 np0000008078 devstack@g-api.service[99824]: DEBUG swiftclient [None req-692f344e-46f8-48c2-9b43-6d654ccd3a8f tempest-VolumesActionsTest-1836298800 tempest-VolumesActionsTest-1836298800-project-member] REQ: curl -i https://10.4.3.130:8080/v1/AUTH_1891b556b09a4cae975459caf25151b1/glance/57ace715-9818-4c1b-b299-d0c8c8527fe0-00003 -X PUT -H "X-Auth-Token: gAAAAABqjX99TWuu..." {{(pid=99824) http_log /opt/stack/data/venv/lib/python3.12/site-packages/swiftclient/client.py:160}}
Aug 25 11:41:55.560387 np0000008078 devstack@g-api.service[99824]: DEBUG swiftclient [None req-692f344e-46f8-48c2-9b43-6d654ccd3a8f tempest-VolumesActionsTest-1836298800 tempest-VolumesActionsTest-1836298800-project-member] RESP STATUS: 201 Created {{(pid=99824) http_log /opt/stack/data/venv/lib/python3.12/site-packages/swiftclient/client.py:161}}
Aug 25 11:41:55.560387 np0000008078 devstack@g-api.service[99824]: DEBUG swiftclient [None req-692f344e-46f8-48c2-9b43-6d654ccd3a8f tempest-VolumesActionsTest-1836298800 tempest-VolumesActionsTest-1836298800-project-member] RESP HEADERS: {'Date': 'Tue, 25 Aug 2026 11:41:55 GMT', 'Server': 'Apache/2.4.58 (Ubuntu)', 'Content-Type': 'text/html; charset=UTF-8', 'Content-Length': '0', 'Etag': 'eda9a9889837ac4bc81d6387d92c1bec', 'Last-Modified': 'Tue, 25 Aug 2026 11:41:54 GMT', 'X-Trans-Id': 'txc4559e6eb0ea468f9861c-006a8d7f81', 'X-Openstack-Request-Id': 'txc4559e6eb0ea468f9861c-006a8d7f81', 'Connection': 'close'} {{(pid=99824) http_log /opt/stack/data/venv/lib/python3.12/site-packages/swiftclient/client.py:162}}
Aug 25 11:41:55.560387 np0000008078 devstack@g-api.service[99824]: DEBUG glance_store._drivers.swift.store [None req-692f344e-46f8-48c2-9b43-6d654ccd3a8f tempest-VolumesActionsTest-1836298800 tempest-VolumesActionsTest-1836298800-project-member] Wrote chunk 57ace715-9818-4c1b-b299-d0c8c8527fe0-00003 (3/?) of length 204800000 to Swift returning MD5 of content: eda9a9889837ac4bc81d6387d92c1bec {{(pid=99824) add /opt/stack/data/venv/lib/python3.12/site-packages/glance_store/_drivers/swift/store.py:1059}}
Aug 25 11:41:55.753224 np0000008078 devstack@g-api.service[99823]: DEBUG glance.api.middleware.version_negotiation [None req-c0e7a60a-98f9-4c3f-b9d2-693ac81beb17 tempest-VolumesActionsTest-1836298800 tempest-VolumesActionsTest-1836298800-project-member] Determining version of request: GET /v2/images/57ace715-9818-4c1b-b299-d0c8c8527fe0 Accept: application/json {{(pid=99823) process_request /opt/stack/glance/glance/api/middleware/version_negotiation.py:44}}
Aug 25 11:41:55.753224 np0000008078 devstack@g-api.service[99823]: DEBUG glance.api.middleware.version_negotiation [None req-c0e7a60a-98f9-4c3f-b9d2-693ac81beb17 tempest-VolumesActionsTest-1836298800 tempest-VolumesActionsTest-1836298800-project-member] Using url versioning {{(pid=99823) process_request /opt/stack/glance/glance/api/middleware/version_negotiation.py:57}}
Aug 25 11:41:55.753797 np0000008078 devstack@g-api.service[99823]: DEBUG glance.api.middleware.version_negotiation [None req-c0e7a60a-98f9-4c3f-b9d2-693ac81beb17 tempest-VolumesActionsTest-1836298800 tempest-VolumesActionsTest-1836298800-project-member] Matched version: v2 {{(pid=99823) process_request /opt/stack/glance/glance/api/middleware/version_negotiation.py:69}}
Aug 25 11:41:55.753797 np0000008078 devstack@g-api.service[99823]: DEBUG glance.api.middleware.version_negotiation [None req-c0e7a60a-98f9-4c3f-b9d2-693ac81beb17 tempest-VolumesActionsTest-1836298800 tempest-VolumesActionsTest-1836298800-project-member] new path /v2/images/57ace715-9818-4c1b-b299-d0c8c8527fe0 {{(pid=99823) process_request /opt/stack/glance/glance/api/middleware/version_negotiation.py:70}}
Aug 25 11:41:55.768642 np0000008078 devstack@g-api.service[99823]: [pid: 99823|app: 0|req: 31/89] 127.0.0.1 () {40 vars in 838 bytes} [Tue Aug 25 11:41:55 2026] GET /v2/images/57ace715-9818-4c1b-b299-d0c8c8527fe0 => generated 650 bytes in 16 msecs (HTTP/1.1 200) 4 headers in 157 bytes (1 switches on core 0)
Aug 25 11:41:57.393493 np0000008078 devstack@g-api.service[99822]: DEBUG glance.api.middleware.version_negotiation [None req-e9743663-e898-449b-a35f-bf6a9088b491 tempest-VolumesActionsTest-1836298800 tempest-VolumesActionsTest-1836298800-project-member] Determining version of request: GET /v2/images/57ace715-9818-4c1b-b299-d0c8c8527fe0 Accept: application/json {{(pid=99822) process_request /opt/stack/glance/glance/api/middleware/version_negotiation.py:44}}
Aug 25 11:41:57.393493 np0000008078 devstack@g-api.service[99822]: DEBUG glance.api.middleware.version_negotiation [None req-e9743663-e898-449b-a35f-bf6a9088b491 tempest-VolumesActionsTest-1836298800 tempest-VolumesActionsTest-1836298800-project-member] Using url versioning {{(pid=99822) process_request /opt/stack/glance/glance/api/middleware/version_negotiation.py:57}}
Aug 25 11:41:57.393493 np0000008078 devstack@g-api.service[99822]: DEBUG glance.api.middleware.version_negotiation [None req-e9743663-e898-449b-a35f-bf6a9088b491 tempest-VolumesActionsTest-1836298800 tempest-VolumesActionsTest-1836298800-project-member] Matched version: v2 {{(pid=99822) process_request /opt/stack/glance/glance/api/middleware/version_negotiation.py:69}}
Aug 25 11:41:57.393493 np0000008078 devstack@g-api.service[99822]: DEBUG glance.api.middleware.version_negotiation [None req-e9743663-e898-449b-a35f-bf6a9088b491 tempest-VolumesActionsTest-1836298800 tempest-VolumesActionsTest-1836298800-project-member] new path /v2/images/57ace715-9818-4c1b-b299-d0c8c8527fe0 {{(pid=99822) process_request /opt/stack/glance/glance/api/middleware/version_negotiation.py:70}}
Aug 25 11:41:57.393493 np0000008078 devstack@g-api.service[99822]: [pid: 99822|app: 0|req: 34/90] 127.0.0.1 () {40 vars in 838 bytes} [Tue Aug 25 11:41:56 2026] GET /v2/images/57ace715-9818-4c1b-b299-d0c8c8527fe0 => generated 650 bytes in 19 msecs (HTTP/1.1 200) 4 headers in 157 bytes (1 switches on core 0)
Aug 25 11:41:57.724740 np0000008078 devstack@g-api.service[99824]: DEBUG swiftclient [None req-692f344e-46f8-48c2-9b43-6d654ccd3a8f tempest-VolumesActionsTest-1836298800 tempest-VolumesActionsTest-1836298800-project-member] REQ: curl -i https://10.4.3.130:8080/v1/AUTH_1891b556b09a4cae975459caf25151b1/glance/57ace715-9818-4c1b-b299-d0c8c8527fe0-00004 -X PUT -H "X-Auth-Token: gAAAAABqjX99TWuu..." {{(pid=99824) http_log /opt/stack/data/venv/lib/python3.12/site-packages/swiftclient/client.py:160}}
Aug 25 11:41:57.725067 np0000008078 devstack@g-api.service[99824]: DEBUG swiftclient [None req-692f344e-46f8-48c2-9b43-6d654ccd3a8f tempest-VolumesActionsTest-1836298800 tempest-VolumesActionsTest-1836298800-project-member] RESP STATUS: 201 Created {{(pid=99824) http_log /opt/stack/data/venv/lib/python3.12/site-packages/swiftclient/client.py:161}}
Aug 25 11:41:57.725113 np0000008078 devstack@g-api.service[99824]: DEBUG swiftclient [None req-692f344e-46f8-48c2-9b43-6d654ccd3a8f tempest-VolumesActionsTest-1836298800 tempest-VolumesActionsTest-1836298800-project-member] RESP HEADERS: {'Date': 'Tue, 25 Aug 2026 11:41:57 GMT', 'Server': 'Apache/2.4.58 (Ubuntu)', 'Content-Type': 'text/html; charset=UTF-8', 'Content-Length': '0', 'Etag': 'eda9a9889837ac4bc81d6387d92c1bec', 'Last-Modified': 'Tue, 25 Aug 2026 11:41:56 GMT', 'X-Trans-Id': 'tx44b72a6711144098ac61a-006a8d7f83', 'X-Openstack-Request-Id': 'tx44b72a6711144098ac61a-006a8d7f83', 'Connection': 'close'} {{(pid=99824) http_log /opt/stack/data/venv/lib/python3.12/site-packages/swiftclient/client.py:162}}
Aug 25 11:41:57.725260 np0000008078 devstack@g-api.service[99824]: DEBUG glance_store._drivers.swift.store [None req-692f344e-46f8-48c2-9b43-6d654ccd3a8f tempest-VolumesActionsTest-1836298800 tempest-VolumesActionsTest-1836298800-project-member] Wrote chunk 57ace715-9818-4c1b-b299-d0c8c8527fe0-00004 (4/?) of length 204800000 to Swift returning MD5 of content: eda9a9889837ac4bc81d6387d92c1bec {{(pid=99824) add /opt/stack/data/venv/lib/python3.12/site-packages/glance_store/_drivers/swift/store.py:1059}}
Aug 25 11:41:57.809904 np0000008078 devstack@g-api.service[99823]: DEBUG glance.api.middleware.version_negotiation [None req-b36ec032-ecd4-4355-8b9d-04bdc8d9b50c tempest-VolumesActionsTest-1836298800 tempest-VolumesActionsTest-1836298800-project-member] Determining version of request: GET /v2/images/57ace715-9818-4c1b-b299-d0c8c8527fe0 Accept: application/json {{(pid=99823) process_request /opt/stack/glance/glance/api/middleware/version_negotiation.py:44}}
Aug 25 11:41:57.810490 np0000008078 devstack@g-api.service[99823]: DEBUG glance.api.middleware.version_negotiation [None req-b36ec032-ecd4-4355-8b9d-04bdc8d9b50c tempest-VolumesActionsTest-1836298800 tempest-VolumesActionsTest-1836298800-project-member] Using url versioning {{(pid=99823) process_request /opt/stack/glance/glance/api/middleware/version_negotiation.py:57}}
Aug 25 11:41:57.810490 np0000008078 devstack@g-api.service[99823]: DEBUG glance.api.middleware.version_negotiation [None req-b36ec032-ecd4-4355-8b9d-04bdc8d9b50c tempest-VolumesActionsTest-1836298800 tempest-VolumesActionsTest-1836298800-project-member] Matched version: v2 {{(pid=99823) process_request /opt/stack/glance/glance/api/middleware/version_negotiation.py:69}}
Aug 25 11:41:57.810490 np0000008078 devstack@g-api.service[99823]: DEBUG glance.api.middleware.version_negotiation [None req-b36ec032-ecd4-4355-8b9d-04bdc8d9b50c tempest-VolumesActionsTest-1836298800 tempest-VolumesActionsTest-1836298800-project-member] new path /v2/images/57ace715-9818-4c1b-b299-d0c8c8527fe0 {{(pid=99823) process_request /opt/stack/glance/glance/api/middleware/version_negotiation.py:70}}
Aug 25 11:41:57.831019 np0000008078 devstack@g-api.service[99823]: [pid: 99823|app: 0|req: 32/91] 127.0.0.1 () {40 vars in 838 bytes} [Tue Aug 25 11:41:57 2026] GET /v2/images/57ace715-9818-4c1b-b299-d0c8c8527fe0 => generated 650 bytes in 21 msecs (HTTP/1.1 200) 4 headers in 157 bytes (1 switches on core 0)
Aug 25 11:41:58.521986 np0000008078 devstack@g-api.service[99822]: DEBUG glance.api.middleware.version_negotiation [None req-e5aae97a-6ed7-40aa-8cfd-59361eca810e tempest-VolumesActionsTest-1836298800 tempest-VolumesActionsTest-1836298800-project-member] Determining version of request: GET /v2/images/e1e23c40-2685-48c3-a702-009b271d0873 Accept: */* {{(pid=99822) process_request /opt/stack/glance/glance/api/middleware/version_negotiation.py:44}}
Aug 25 11:41:58.522427 np0000008078 devstack@g-api.service[99822]: DEBUG glance.api.middleware.version_negotiation [None req-e5aae97a-6ed7-40aa-8cfd-59361eca810e tempest-VolumesActionsTest-1836298800 tempest-VolumesActionsTest-1836298800-project-member] Using url versioning {{(pid=99822) process_request /opt/stack/glance/glance/api/middleware/version_negotiation.py:57}}
Aug 25 11:41:58.522427 np0000008078 devstack@g-api.service[99822]: DEBUG glance.api.middleware.version_negotiation [None req-e5aae97a-6ed7-40aa-8cfd-59361eca810e tempest-VolumesActionsTest-1836298800 tempest-VolumesActionsTest-1836298800-project-member] Matched version: v2 {{(pid=99822) process_request /opt/stack/glance/glance/api/middleware/version_negotiation.py:69}}
Aug 25 11:41:58.522427 np0000008078 devstack@g-api.service[99822]: DEBUG glance.api.middleware.version_negotiation [None req-e5aae97a-6ed7-40aa-8cfd-59361eca810e tempest-VolumesActionsTest-1836298800 tempest-VolumesActionsTest-1836298800-project-member] new path /v2/images/e1e23c40-2685-48c3-a702-009b271d0873 {{(pid=99822) process_request /opt/stack/glance/glance/api/middleware/version_negotiation.py:70}}
Aug 25 11:41:58.822688 np0000008078 devstack@g-api.service[99822]: [pid: 99822|app: 0|req: 35/92] 127.0.0.1 () {44 vars in 1115 bytes} [Tue Aug 25 11:41:58 2026] GET /v2/images/e1e23c40-2685-48c3-a702-009b271d0873 => generated 1044 bytes in 301 msecs (HTTP/1.1 200) 4 headers in 158 bytes (1 switches on core 0)
Aug 25 11:41:58.835833 np0000008078 devstack@g-api.service[99823]: DEBUG glance.api.middleware.version_negotiation [None req-2e62b4f9-7a19-4d1e-9604-6ca5be6a9dda tempest-VolumesActionsTest-1836298800 tempest-VolumesActionsTest-1836298800-project-member] Determining version of request: GET /v2/schemas/image Accept: */* {{(pid=99823) process_request /opt/stack/glance/glance/api/middleware/version_negotiation.py:44}}
Aug 25 11:41:58.836273 np0000008078 devstack@g-api.service[99823]: DEBUG glance.api.middleware.version_negotiation [None req-2e62b4f9-7a19-4d1e-9604-6ca5be6a9dda tempest-VolumesActionsTest-1836298800 tempest-VolumesActionsTest-1836298800-project-member] Using url versioning {{(pid=99823) process_request /opt/stack/glance/glance/api/middleware/version_negotiation.py:57}}
Aug 25 11:41:58.836273 np0000008078 devstack@g-api.service[99823]: DEBUG glance.api.middleware.version_negotiation [None req-2e62b4f9-7a19-4d1e-9604-6ca5be6a9dda tempest-VolumesActionsTest-1836298800 tempest-VolumesActionsTest-1836298800-project-member] Matched version: v2 {{(pid=99823) process_request /opt/stack/glance/glance/api/middleware/version_negotiation.py:69}}
Aug 25 11:41:58.836273 np0000008078 devstack@g-api.service[99823]: DEBUG glance.api.middleware.version_negotiation [None req-2e62b4f9-7a19-4d1e-9604-6ca5be6a9dda tempest-VolumesActionsTest-1836298800 tempest-VolumesActionsTest-1836298800-project-member] new path /v2/schemas/image {{(pid=99823) process_request /opt/stack/glance/glance/api/middleware/version_negotiation.py:70}}
Aug 25 11:41:58.838169 np0000008078 devstack@g-api.service[99822]: DEBUG glance.api.middleware.version_negotiation [None req-2a1ac43f-7e1f-45dd-9124-119f484dab0b tempest-TaggedBootDevicesTest-2122204341 tempest-TaggedBootDevicesTest-2122204341-project-member] Determining version of request: GET /v2/images/57ace715-9818-4c1b-b299-d0c8c8527fe0 Accept: application/json {{(pid=99822) process_request /opt/stack/glance/glance/api/middleware/version_negotiation.py:44}}
Aug 25 11:41:58.838710 np0000008078 devstack@g-api.service[99822]: DEBUG glance.api.middleware.version_negotiation [None req-2a1ac43f-7e1f-45dd-9124-119f484dab0b tempest-TaggedBootDevicesTest-2122204341 tempest-TaggedBootDevicesTest-2122204341-project-member] Using url versioning {{(pid=99822) process_request /opt/stack/glance/glance/api/middleware/version_negotiation.py:57}}
Aug 25 11:41:58.838710 np0000008078 devstack@g-api.service[99822]: DEBUG glance.api.middleware.version_negotiation [None req-2a1ac43f-7e1f-45dd-9124-119f484dab0b tempest-TaggedBootDevicesTest-2122204341 tempest-TaggedBootDevicesTest-2122204341-project-member] Matched version: v2 {{(pid=99822) process_request /opt/stack/glance/glance/api/middleware/version_negotiation.py:69}}
Aug 25 11:41:58.838710 np0000008078 devstack@g-api.service[99822]: DEBUG glance.api.middleware.version_negotiation [None req-2a1ac43f-7e1f-45dd-9124-119f484dab0b tempest-TaggedBootDevicesTest-2122204341 tempest-TaggedBootDevicesTest-2122204341-project-member] new path /v2/images/57ace715-9818-4c1b-b299-d0c8c8527fe0 {{(pid=99822) process_request /opt/stack/glance/glance/api/middleware/version_negotiation.py:70}}
