Aug 25 11:44:11.744592 np0000008078 devstack@g-api.service[99822]: DEBUG glance.api.middleware.version_negotiation [None req-05b1decf-583f-4843-9037-0c5216df2a46 tempest-TestStampPattern-1253929994 tempest-TestStampPattern-1253929994-project-member] Using url versioning {{(pid=99822) process_request /opt/stack/glance/glance/api/middleware/version_negotiation.py:57}}
Aug 25 11:44:11.744592 np0000008078 devstack@g-api.service[99822]: DEBUG glance.api.middleware.version_negotiation [None req-05b1decf-583f-4843-9037-0c5216df2a46 tempest-TestStampPattern-1253929994 tempest-TestStampPattern-1253929994-project-member] Matched version: v2 {{(pid=99822) process_request /opt/stack/glance/glance/api/middleware/version_negotiation.py:69}}
Aug 25 11:44:11.744939 np0000008078 devstack@g-api.service[99822]: DEBUG glance.api.middleware.version_negotiation [None req-05b1decf-583f-4843-9037-0c5216df2a46 tempest-TestStampPattern-1253929994 tempest-TestStampPattern-1253929994-project-member] new path /v2/schemas/image {{(pid=99822) process_request /opt/stack/glance/glance/api/middleware/version_negotiation.py:70}}
Aug 25 11:44:11.749472 np0000008078 devstack@g-api.service[99822]: [pid: 99822|app: 0|req: 107/302] 127.0.0.1 () {44 vars in 1055 bytes} [Tue Aug 25 11:44:11 2026] GET /v2/schemas/image => generated 6083 bytes in 6 msecs (HTTP/1.1 200) 4 headers in 158 bytes (1 switches on core 0)
Aug 25 11:44:12.551296 np0000008078 devstack@g-api.service[99823]: DEBUG dbcounter [-] [99823] Writing DB stats glance:SELECT=61,glance:INSERT=19,glance:UPDATE=5 {{(pid=99823) stat_writer /opt/stack/data/venv/lib/python3.12/site-packages/dbcounter.py:115}}
Aug 25 11:44:13.030186 np0000008078 devstack@g-api.service[99822]: DEBUG dbcounter [-] [99822] Writing DB stats glance:SELECT=67,glance:UPDATE=10,glance:INSERT=9,glance:DELETE=1 {{(pid=99822) stat_writer /opt/stack/data/venv/lib/python3.12/site-packages/dbcounter.py:115}}
Aug 25 11:44:21.677232 np0000008078 devstack@g-api.service[99824]: DEBUG dbcounter [-] [99824] Writing DB stats glance:SELECT=44,glance:UPDATE=2,glance:INSERT=18 {{(pid=99824) stat_writer /opt/stack/data/venv/lib/python3.12/site-packages/dbcounter.py:115}}
Aug 25 11:44:23.740557 np0000008078 devstack@g-api.service[99823]: DEBUG glance.api.middleware.version_negotiation [None req-05b1decf-583f-4843-9037-0c5216df2a46 tempest-TestStampPattern-1253929994 tempest-TestStampPattern-1253929994-project-member] Determining version of request: POST /v2/images Accept: application/json {{(pid=99823) process_request /opt/stack/glance/glance/api/middleware/version_negotiation.py:44}}
Aug 25 11:44:23.741414 np0000008078 devstack@g-api.service[99823]: DEBUG glance.api.middleware.version_negotiation [None req-05b1decf-583f-4843-9037-0c5216df2a46 tempest-TestStampPattern-1253929994 tempest-TestStampPattern-1253929994-project-member] Using url versioning {{(pid=99823) process_request /opt/stack/glance/glance/api/middleware/version_negotiation.py:57}}
Aug 25 11:44:23.741414 np0000008078 devstack@g-api.service[99823]: DEBUG glance.api.middleware.version_negotiation [None req-05b1decf-583f-4843-9037-0c5216df2a46 tempest-TestStampPattern-1253929994 tempest-TestStampPattern-1253929994-project-member] Matched version: v2 {{(pid=99823) process_request /opt/stack/glance/glance/api/middleware/version_negotiation.py:69}}
Aug 25 11:44:23.741414 np0000008078 devstack@g-api.service[99823]: DEBUG glance.api.middleware.version_negotiation [None req-05b1decf-583f-4843-9037-0c5216df2a46 tempest-TestStampPattern-1253929994 tempest-TestStampPattern-1253929994-project-member] new path /v2/images {{(pid=99823) process_request /opt/stack/glance/glance/api/middleware/version_negotiation.py:70}}
Aug 25 11:44:23.921258 np0000008078 devstack@g-api.service[99824]: DEBUG glance.api.middleware.version_negotiation [None req-0aa5db3b-523a-4459-ae9b-5179dee5d877 tempest-ServerBootFromVolumeStableRescueTest-729846126 tempest-ServerBootFromVolumeStableRescueTest-729846126-project-member] Determining version of request: GET /v2/schemas/image Accept: */* {{(pid=99824) process_request /opt/stack/glance/glance/api/middleware/version_negotiation.py:44}}
Aug 25 11:44:23.921258 np0000008078 devstack@g-api.service[99824]: DEBUG glance.api.middleware.version_negotiation [None req-0aa5db3b-523a-4459-ae9b-5179dee5d877 tempest-ServerBootFromVolumeStableRescueTest-729846126 tempest-ServerBootFromVolumeStableRescueTest-729846126-project-member] Using url versioning {{(pid=99824) process_request /opt/stack/glance/glance/api/middleware/version_negotiation.py:57}}
Aug 25 11:44:23.921258 np0000008078 devstack@g-api.service[99824]: DEBUG glance.api.middleware.version_negotiation [None req-0aa5db3b-523a-4459-ae9b-5179dee5d877 tempest-ServerBootFromVolumeStableRescueTest-729846126 tempest-ServerBootFromVolumeStableRescueTest-729846126-project-member] Matched version: v2 {{(pid=99824) process_request /opt/stack/glance/glance/api/middleware/version_negotiation.py:69}}
Aug 25 11:44:23.921258 np0000008078 devstack@g-api.service[99824]: DEBUG glance.api.middleware.version_negotiation [None req-0aa5db3b-523a-4459-ae9b-5179dee5d877 tempest-ServerBootFromVolumeStableRescueTest-729846126 tempest-ServerBootFromVolumeStableRescueTest-729846126-project-member] new path /v2/schemas/image {{(pid=99824) process_request /opt/stack/glance/glance/api/middleware/version_negotiation.py:70}}
Aug 25 11:44:23.923265 np0000008078 devstack@g-api.service[99824]: [pid: 99824|app: 0|req: 93/303] 127.0.0.1 () {44 vars in 1055 bytes} [Tue Aug 25 11:44:23 2026] GET /v2/schemas/image => generated 6083 bytes in 5 msecs (HTTP/1.1 200) 4 headers in 158 bytes (1 switches on core 0)
Aug 25 11:44:23.974138 np0000008078 devstack@g-api.service[99822]: DEBUG glance.api.middleware.version_negotiation [None req-0aa5db3b-523a-4459-ae9b-5179dee5d877 tempest-ServerBootFromVolumeStableRescueTest-729846126 tempest-ServerBootFromVolumeStableRescueTest-729846126-project-member] Determining version of request: POST /v2/images Accept: */* {{(pid=99822) process_request /opt/stack/glance/glance/api/middleware/version_negotiation.py:44}}
Aug 25 11:44:23.974688 np0000008078 devstack@g-api.service[99822]: DEBUG glance.api.middleware.version_negotiation [None req-0aa5db3b-523a-4459-ae9b-5179dee5d877 tempest-ServerBootFromVolumeStableRescueTest-729846126 tempest-ServerBootFromVolumeStableRescueTest-729846126-project-member] Using url versioning {{(pid=99822) process_request /opt/stack/glance/glance/api/middleware/version_negotiation.py:57}}
Aug 25 11:44:23.974688 np0000008078 devstack@g-api.service[99822]: DEBUG glance.api.middleware.version_negotiation [None req-0aa5db3b-523a-4459-ae9b-5179dee5d877 tempest-ServerBootFromVolumeStableRescueTest-729846126 tempest-ServerBootFromVolumeStableRescueTest-729846126-project-member] Matched version: v2 {{(pid=99822) process_request /opt/stack/glance/glance/api/middleware/version_negotiation.py:69}}
Aug 25 11:44:23.974688 np0000008078 devstack@g-api.service[99822]: DEBUG glance.api.middleware.version_negotiation [None req-0aa5db3b-523a-4459-ae9b-5179dee5d877 tempest-ServerBootFromVolumeStableRescueTest-729846126 tempest-ServerBootFromVolumeStableRescueTest-729846126-project-member] new path /v2/images {{(pid=99822) process_request /opt/stack/glance/glance/api/middleware/version_negotiation.py:70}}
Aug 25 11:44:24.539903 np0000008078 devstack@g-api.service[99823]: [pid: 99823|app: 0|req: 104/304] 127.0.0.1 () {42 vars in 786 bytes} [Tue Aug 25 11:44:23 2026] POST /v2/images => generated 641 bytes in 799 msecs (HTTP/1.1 201) 6 headers in 315 bytes (1 switches on core 0)
Aug 25 11:44:24.553404 np0000008078 devstack@g-api.service[99824]: DEBUG glance.api.middleware.version_negotiation [None req-3127b89c-c04d-4422-95e7-a8b2a904f53b tempest-ServerBootFromVolumeStableRescueTest-729846126 tempest-ServerBootFromVolumeStableRescueTest-729846126-project-member] Determining version of request: PUT /v2/images/4350d3db-ab43-4886-b221-7b56f5d3f271/file Accept: {{(pid=99824) process_request /opt/stack/glance/glance/api/middleware/version_negotiation.py:44}}
Aug 25 11:44:24.553404 np0000008078 devstack@g-api.service[99824]: DEBUG glance.api.middleware.version_negotiation [None req-3127b89c-c04d-4422-95e7-a8b2a904f53b tempest-ServerBootFromVolumeStableRescueTest-729846126 tempest-ServerBootFromVolumeStableRescueTest-729846126-project-member] Using url versioning {{(pid=99824) process_request /opt/stack/glance/glance/api/middleware/version_negotiation.py:57}}
Aug 25 11:44:24.553404 np0000008078 devstack@g-api.service[99824]: DEBUG glance.api.middleware.version_negotiation [None req-3127b89c-c04d-4422-95e7-a8b2a904f53b tempest-ServerBootFromVolumeStableRescueTest-729846126 tempest-ServerBootFromVolumeStableRescueTest-729846126-project-member] Matched version: v2 {{(pid=99824) process_request /opt/stack/glance/glance/api/middleware/version_negotiation.py:69}}
Aug 25 11:44:24.553404 np0000008078 devstack@g-api.service[99824]: DEBUG glance.api.middleware.version_negotiation [None req-3127b89c-c04d-4422-95e7-a8b2a904f53b tempest-ServerBootFromVolumeStableRescueTest-729846126 tempest-ServerBootFromVolumeStableRescueTest-729846126-project-member] new path /v2/images/4350d3db-ab43-4886-b221-7b56f5d3f271/file {{(pid=99824) process_request /opt/stack/glance/glance/api/middleware/version_negotiation.py:70}}
Aug 25 11:44:24.649601 np0000008078 devstack@g-api.service[99822]: [pid: 99822|app: 0|req: 108/305] 127.0.0.1 () {46 vars in 1055 bytes} [Tue Aug 25 11:44:23 2026] POST /v2/images => generated 1357 bytes in 676 msecs (HTTP/1.1 201) 6 headers in 316 bytes (1 switches on core 0)
Aug 25 11:44:24.746244 np0000008078 devstack@g-api.service[99823]: DEBUG glance.api.middleware.version_negotiation [None req-aa4a0ce1-57f2-4392-b503-5a3a4f19ab93 tempest-TestMinimumBasicScenario-1627331234 tempest-TestMinimumBasicScenario-1627331234-project-member] Determining version of request: GET /v2/images/775ce648-d8f8-4877-ab40-41393b2cb763 Accept: application/json {{(pid=99823) process_request /opt/stack/glance/glance/api/middleware/version_negotiation.py:44}}
Aug 25 11:44:24.746244 np0000008078 devstack@g-api.service[99823]: DEBUG glance.api.middleware.version_negotiation [None req-aa4a0ce1-57f2-4392-b503-5a3a4f19ab93 tempest-TestMinimumBasicScenario-1627331234 tempest-TestMinimumBasicScenario-1627331234-project-member] Using url versioning {{(pid=99823) process_request /opt/stack/glance/glance/api/middleware/version_negotiation.py:57}}
Aug 25 11:44:24.747502 np0000008078 devstack@g-api.service[99823]: DEBUG glance.api.middleware.version_negotiation [None req-aa4a0ce1-57f2-4392-b503-5a3a4f19ab93 tempest-TestMinimumBasicScenario-1627331234 tempest-TestMinimumBasicScenario-1627331234-project-member] Matched version: v2 {{(pid=99823) process_request /opt/stack/glance/glance/api/middleware/version_negotiation.py:69}}
Aug 25 11:44:24.747502 np0000008078 devstack@g-api.service[99823]: DEBUG glance.api.middleware.version_negotiation [None req-aa4a0ce1-57f2-4392-b503-5a3a4f19ab93 tempest-TestMinimumBasicScenario-1627331234 tempest-TestMinimumBasicScenario-1627331234-project-member] new path /v2/images/775ce648-d8f8-4877-ab40-41393b2cb763 {{(pid=99823) process_request /opt/stack/glance/glance/api/middleware/version_negotiation.py:70}}
Aug 25 11:44:24.769296 np0000008078 devstack@g-api.service[99823]: [pid: 99823|app: 0|req: 105/306] 127.0.0.1 () {40 vars in 838 bytes} [Tue Aug 25 11:44:24 2026] GET /v2/images/775ce648-d8f8-4877-ab40-41393b2cb763 => generated 1357 bytes in 24 msecs (HTTP/1.1 200) 4 headers in 158 bytes (1 switches on core 0)
Aug 25 11:44:24.932726 np0000008078 devstack@g-api.service[99822]: DEBUG glance.api.middleware.version_negotiation [None req-3127b89c-c04d-4422-95e7-a8b2a904f53b tempest-ServerBootFromVolumeStableRescueTest-729846126 tempest-ServerBootFromVolumeStableRescueTest-729846126-project-member] Determining version of request: GET /v2/images/775ce648-d8f8-4877-ab40-41393b2cb763 Accept: */* {{(pid=99822) process_request /opt/stack/glance/glance/api/middleware/version_negotiation.py:44}}
Aug 25 11:44:24.933837 np0000008078 devstack@g-api.service[99822]: DEBUG glance.api.middleware.version_negotiation [None req-3127b89c-c04d-4422-95e7-a8b2a904f53b tempest-ServerBootFromVolumeStableRescueTest-729846126 tempest-ServerBootFromVolumeStableRescueTest-729846126-project-member] Using url versioning {{(pid=99822) process_request /opt/stack/glance/glance/api/middleware/version_negotiation.py:57}}
Aug 25 11:44:24.934009 np0000008078 devstack@g-api.service[99822]: DEBUG glance.api.middleware.version_negotiation [None req-3127b89c-c04d-4422-95e7-a8b2a904f53b tempest-ServerBootFromVolumeStableRescueTest-729846126 tempest-ServerBootFromVolumeStableRescueTest-729846126-project-member] Matched version: v2 {{(pid=99822) process_request /opt/stack/glance/glance/api/middleware/version_negotiation.py:69}}
Aug 25 11:44:24.934178 np0000008078 devstack@g-api.service[99822]: DEBUG glance.api.middleware.version_negotiation [None req-3127b89c-c04d-4422-95e7-a8b2a904f53b tempest-ServerBootFromVolumeStableRescueTest-729846126 tempest-ServerBootFromVolumeStableRescueTest-729846126-project-member] new path /v2/images/775ce648-d8f8-4877-ab40-41393b2cb763 {{(pid=99822) process_request /opt/stack/glance/glance/api/middleware/version_negotiation.py:70}}
Aug 25 11:44:24.966136 np0000008078 devstack@g-api.service[99822]: [pid: 99822|app: 0|req: 109/307] 127.0.0.1 () {44 vars in 1115 bytes} [Tue Aug 25 11:44:24 2026] GET /v2/images/775ce648-d8f8-4877-ab40-41393b2cb763 => generated 1357 bytes in 34 msecs (HTTP/1.1 200) 4 headers in 158 bytes (1 switches on core 0)
Aug 25 11:44:25.014019 np0000008078 devstack@g-api.service[99823]: DEBUG glance.api.middleware.version_negotiation [None req-6caac7a1-d131-4cdc-abc5-fadc3533c5fc tempest-ServerBootFromVolumeStableRescueTest-729846126 tempest-ServerBootFromVolumeStableRescueTest-729846126-project-member] Determining version of request: GET /v2/schemas/image Accept: */* {{(pid=99823) process_request /opt/stack/glance/glance/api/middleware/version_negotiation.py:44}}
Aug 25 11:44:25.014230 np0000008078 devstack@g-api.service[99823]: DEBUG glance.api.middleware.version_negotiation [None req-6caac7a1-d131-4cdc-abc5-fadc3533c5fc tempest-ServerBootFromVolumeStableRescueTest-729846126 tempest-ServerBootFromVolumeStableRescueTest-729846126-project-member] Using url versioning {{(pid=99823) process_request /opt/stack/glance/glance/api/middleware/version_negotiation.py:57}}
Aug 25 11:44:25.014395 np0000008078 devstack@g-api.service[99823]: DEBUG glance.api.middleware.version_negotiation [None req-6caac7a1-d131-4cdc-abc5-fadc3533c5fc tempest-ServerBootFromVolumeStableRescueTest-729846126 tempest-ServerBootFromVolumeStableRescueTest-729846126-project-member] Matched version: v2 {{(pid=99823) process_request /opt/stack/glance/glance/api/middleware/version_negotiation.py:69}}
Aug 25 11:44:25.014499 np0000008078 devstack@g-api.service[99823]: DEBUG glance.api.middleware.version_negotiation [None req-6caac7a1-d131-4cdc-abc5-fadc3533c5fc tempest-ServerBootFromVolumeStableRescueTest-729846126 tempest-ServerBootFromVolumeStableRescueTest-729846126-project-member] new path /v2/schemas/image {{(pid=99823) process_request /opt/stack/glance/glance/api/middleware/version_negotiation.py:70}}
Aug 25 11:44:25.017940 np0000008078 devstack@g-api.service[99823]: [pid: 99823|app: 0|req: 106/308] 127.0.0.1 () {44 vars in 1055 bytes} [Tue Aug 25 11:44:25 2026] GET /v2/schemas/image => generated 6083 bytes in 4 msecs (HTTP/1.1 200) 4 headers in 158 bytes (1 switches on core 0)
Aug 25 11:44:25.176521 np0000008078 devstack@g-api.service[99824]: INFO glance.api.v2.image_data [None req-b8a117b1-7dbf-4c4e-b53e-8de68708ab78 tempest-TestMinimumBasicScenario-1627331234 tempest-TestMinimumBasicScenario-1627331234-project-member] Unable to create trust: no such option collect_timing in group [keystone_authtoken] Use the existing user token.
Aug 25 11:44:25.783260 np0000008078 devstack@g-api.service[99822]: DEBUG glance.api.middleware.version_negotiation [None req-3127b89c-c04d-4422-95e7-a8b2a904f53b tempest-ServerBootFromVolumeStableRescueTest-729846126 tempest-ServerBootFromVolumeStableRescueTest-729846126-project-member] Determining version of request: GET /v2/images/775ce648-d8f8-4877-ab40-41393b2cb763 Accept: application/json {{(pid=99822) process_request /opt/stack/glance/glance/api/middleware/version_negotiation.py:44}}
Aug 25 11:44:25.783260 np0000008078 devstack@g-api.service[99822]: DEBUG glance.api.middleware.version_negotiation [None req-3127b89c-c04d-4422-95e7-a8b2a904f53b tempest-ServerBootFromVolumeStableRescueTest-729846126 tempest-ServerBootFromVolumeStableRescueTest-729846126-project-member] Using url versioning {{(pid=99822) process_request /opt/stack/glance/glance/api/middleware/version_negotiation.py:57}}
Aug 25 11:44:25.783260 np0000008078 devstack@g-api.service[99822]: DEBUG glance.api.middleware.version_negotiation [None req-3127b89c-c04d-4422-95e7-a8b2a904f53b tempest-ServerBootFromVolumeStableRescueTest-729846126 tempest-ServerBootFromVolumeStableRescueTest-729846126-project-member] Matched version: v2 {{(pid=99822) process_request /opt/stack/glance/glance/api/middleware/version_negotiation.py:69}}
Aug 25 11:44:25.783260 np0000008078 devstack@g-api.service[99822]: DEBUG glance.api.middleware.version_negotiation [None req-3127b89c-c04d-4422-95e7-a8b2a904f53b tempest-ServerBootFromVolumeStableRescueTest-729846126 tempest-ServerBootFromVolumeStableRescueTest-729846126-project-member] new path /v2/images/775ce648-d8f8-4877-ab40-41393b2cb763 {{(pid=99822) process_request /opt/stack/glance/glance/api/middleware/version_negotiation.py:70}}
Aug 25 11:44:25.802498 np0000008078 devstack@g-api.service[99824]: DEBUG glance.location [None req-b8a117b1-7dbf-4c4e-b53e-8de68708ab78 tempest-TestMinimumBasicScenario-1627331234 tempest-TestMinimumBasicScenario-1627331234-project-member] Enabling in-flight format inspection for qcow2 {{(pid=99824) set_data /opt/stack/glance/glance/location.py:596}}
Aug 25 11:44:25.803170 np0000008078 devstack@g-api.service[99824]: DEBUG glance_store.backend [None req-b8a117b1-7dbf-4c4e-b53e-8de68708ab78 tempest-TestMinimumBasicScenario-1627331234 tempest-TestMinimumBasicScenario-1627331234-project-member] Attempting to import store swift {{(pid=99824) _load_store /opt/stack/data/venv/lib/python3.12/site-packages/glance_store/backend.py:215}}
Aug 25 11:44:25.805691 np0000008078 devstack@g-api.service[99824]: DEBUG glance_store.capabilities [None req-b8a117b1-7dbf-4c4e-b53e-8de68708ab78 tempest-TestMinimumBasicScenario-1627331234 tempest-TestMinimumBasicScenario-1627331234-project-member] Store glance_store._drivers.swift.store.SingleTenantStore doesn't support updating dynamic storage capabilities. Please overwrite 'update_capabilities' method of the store to implement updating logics if needed. {{(pid=99824) update_capabilities /opt/stack/data/venv/lib/python3.12/site-packages/glance_store/capabilities.py:91}}
Aug 25 11:44:25.805691 np0000008078 devstack@g-api.service[99824]: DEBUG glance_store.driver [None req-b8a117b1-7dbf-4c4e-b53e-8de68708ab78 tempest-TestMinimumBasicScenario-1627331234 tempest-TestMinimumBasicScenario-1627331234-project-member] Late loading location class glance_store._drivers.swift.store.StoreLocation {{(pid=99824) get_store_location_class /opt/stack/data/venv/lib/python3.12/site-packages/glance_store/driver.py:134}}
Aug 25 11:44:25.805691 np0000008078 devstack@g-api.service[99824]: DEBUG glance_store.location [None req-b8a117b1-7dbf-4c4e-b53e-8de68708ab78 tempest-TestMinimumBasicScenario-1627331234 tempest-TestMinimumBasicScenario-1627331234-project-member] Registering scheme swift+https with {'store': , 'location_class': , 'store_entry': 'swift'} {{(pid=99824) register_scheme_map /opt/stack/data/venv/lib/python3.12/site-packages/glance_store/location.py:146}}
Aug 25 11:44:25.805691 np0000008078 devstack@g-api.service[99824]: DEBUG glance_store.location [None req-b8a117b1-7dbf-4c4e-b53e-8de68708ab78 tempest-TestMinimumBasicScenario-1627331234 tempest-TestMinimumBasicScenario-1627331234-project-member] Registering scheme swift+https with {'store': , 'location_class': , 'store_entry': 'swift'} {{(pid=99824) register_scheme_map /opt/stack/data/venv/lib/python3.12/site-packages/glance_store/location.py:146}}
Aug 25 11:44:25.806043 np0000008078 devstack@g-api.service[99824]: DEBUG glance_store.location [None req-b8a117b1-7dbf-4c4e-b53e-8de68708ab78 tempest-TestMinimumBasicScenario-1627331234 tempest-TestMinimumBasicScenario-1627331234-project-member] Registering scheme swift with {'store': , 'location_class': , 'store_entry': 'swift'} {{(pid=99824) register_scheme_map /opt/stack/data/venv/lib/python3.12/site-packages/glance_store/location.py:146}}
Aug 25 11:44:25.806230 np0000008078 devstack@g-api.service[99824]: DEBUG glance_store.location [None req-b8a117b1-7dbf-4c4e-b53e-8de68708ab78 tempest-TestMinimumBasicScenario-1627331234 tempest-TestMinimumBasicScenario-1627331234-project-member] Registering scheme swift+https with {'store': , 'location_class': , 'store_entry': 'swift'} {{(pid=99824) register_scheme_map /opt/stack/data/venv/lib/python3.12/site-packages/glance_store/location.py:146}}
Aug 25 11:44:25.806393 np0000008078 devstack@g-api.service[99824]: DEBUG glance_store.location [None req-b8a117b1-7dbf-4c4e-b53e-8de68708ab78 tempest-TestMinimumBasicScenario-1627331234 tempest-TestMinimumBasicScenario-1627331234-project-member] Registering scheme swift with {'store': , 'location_class': , 'store_entry': 'swift'} {{(pid=99824) register_scheme_map /opt/stack/data/venv/lib/python3.12/site-packages/glance_store/location.py:146}}
Aug 25 11:44:25.806570 np0000008078 devstack@g-api.service[99824]: DEBUG glance_store.location [None req-b8a117b1-7dbf-4c4e-b53e-8de68708ab78 tempest-TestMinimumBasicScenario-1627331234 tempest-TestMinimumBasicScenario-1627331234-project-member] Registering scheme swift+http with {'store': , 'location_class': , 'store_entry': 'swift'} {{(pid=99824) register_scheme_map /opt/stack/data/venv/lib/python3.12/site-packages/glance_store/location.py:146}}
Aug 25 11:44:25.807018 np0000008078 devstack@g-api.service[99824]: DEBUG glance_store.location [None req-b8a117b1-7dbf-4c4e-b53e-8de68708ab78 tempest-TestMinimumBasicScenario-1627331234 tempest-TestMinimumBasicScenario-1627331234-project-member] Registering scheme swift+https with {'store': , 'location_class': , 'store_entry': 'swift'} {{(pid=99824) register_scheme_map /opt/stack/data/venv/lib/python3.12/site-packages/glance_store/location.py:146}}
Aug 25 11:44:25.807018 np0000008078 devstack@g-api.service[99824]: DEBUG glance_store.location [None req-b8a117b1-7dbf-4c4e-b53e-8de68708ab78 tempest-TestMinimumBasicScenario-1627331234 tempest-TestMinimumBasicScenario-1627331234-project-member] Registering scheme swift with {'store': , 'location_class': , 'store_entry': 'swift'} {{(pid=99824) register_scheme_map /opt/stack/data/venv/lib/python3.12/site-packages/glance_store/location.py:146}}
Aug 25 11:44:25.807117 np0000008078 devstack@g-api.service[99824]: DEBUG glance_store.location [None req-b8a117b1-7dbf-4c4e-b53e-8de68708ab78 tempest-TestMinimumBasicScenario-1627331234 tempest-TestMinimumBasicScenario-1627331234-project-member] Registering scheme swift+http with {'store': , 'location_class': , 'store_entry': 'swift'} {{(pid=99824) register_scheme_map /opt/stack/data/venv/lib/python3.12/site-packages/glance_store/location.py:146}}
Aug 25 11:44:25.807193 np0000008078 devstack@g-api.service[99824]: DEBUG glance_store.location [None req-b8a117b1-7dbf-4c4e-b53e-8de68708ab78 tempest-TestMinimumBasicScenario-1627331234 tempest-TestMinimumBasicScenario-1627331234-project-member] Registering scheme swift+config with {'store': , 'location_class': , 'store_entry': 'swift'} {{(pid=99824) register_scheme_map /opt/stack/data/venv/lib/python3.12/site-packages/glance_store/location.py:146}}
Aug 25 11:44:25.808447 np0000008078 devstack@g-api.service[99822]: [pid: 99822|app: 0|req: 110/309] 127.0.0.1 () {40 vars in 838 bytes} [Tue Aug 25 11:44:25 2026] GET /v2/images/775ce648-d8f8-4877-ab40-41393b2cb763 => generated 1357 bytes in 27 msecs (HTTP/1.1 200) 4 headers in 158 bytes (1 switches on core 0)
Aug 25 11:44:26.043606 np0000008078 devstack@g-api.service[99824]: DEBUG swiftclient [None req-b8a117b1-7dbf-4c4e-b53e-8de68708ab78 tempest-TestMinimumBasicScenario-1627331234 tempest-TestMinimumBasicScenario-1627331234-project-member] REQ: curl -i https://10.4.3.130:8080/v1/AUTH_1891b556b09a4cae975459caf25151b1/glance -I -H "X-Auth-Token: gAAAAABqjYAZQowe..." {{(pid=99824) http_log /opt/stack/data/venv/lib/python3.12/site-packages/swiftclient/client.py:160}}
Aug 25 11:44:26.043903 np0000008078 devstack@g-api.service[99824]: DEBUG swiftclient [None req-b8a117b1-7dbf-4c4e-b53e-8de68708ab78 tempest-TestMinimumBasicScenario-1627331234 tempest-TestMinimumBasicScenario-1627331234-project-member] RESP STATUS: 204 No Content {{(pid=99824) http_log /opt/stack/data/venv/lib/python3.12/site-packages/swiftclient/client.py:161}}
Aug 25 11:44:26.044237 np0000008078 devstack@g-api.service[99824]: DEBUG swiftclient [None req-b8a117b1-7dbf-4c4e-b53e-8de68708ab78 tempest-TestMinimumBasicScenario-1627331234 tempest-TestMinimumBasicScenario-1627331234-project-member] RESP HEADERS: {'Date': 'Tue, 25 Aug 2026 11:44:26 GMT', 'Server': 'Apache/2.4.58 (Ubuntu)', 'Content-Type': 'text/plain; charset=utf-8', 'X-Container-Object-Count': '7', 'X-Container-Bytes-Used': '171638784', 'X-Timestamp': '1787657909.87864', 'Last-Modified': 'Tue, 25 Aug 2026 11:38:30 GMT', 'Accept-Ranges': 'bytes', 'X-Storage-Policy': 'Policy-0', 'X-Container-Sharding': 'False', 'Vary': 'Accept', 'X-Trans-Id': 'tx7dc8f3a37a6542adb1e19-006a8d8019', 'X-Openstack-Request-Id': 'tx7dc8f3a37a6542adb1e19-006a8d8019', 'Connection': 'close'} {{(pid=99824) http_log /opt/stack/data/venv/lib/python3.12/site-packages/swiftclient/client.py:162}}
Aug 25 11:44:26.046951 np0000008078 devstack@g-api.service[99824]: DEBUG glance_store._drivers.swift.store [None req-b8a117b1-7dbf-4c4e-b53e-8de68708ab78 tempest-TestMinimumBasicScenario-1627331234 tempest-TestMinimumBasicScenario-1627331234-project-member] Adding image object '4350d3db-ab43-4886-b221-7b56f5d3f271' to Swift {{(pid=99824) add /opt/stack/data/venv/lib/python3.12/site-packages/glance_store/_drivers/swift/store.py:970}}
Aug 25 11:44:26.046951 np0000008078 devstack@g-api.service[99824]: DEBUG glance_store._drivers.swift.store [None req-b8a117b1-7dbf-4c4e-b53e-8de68708ab78 tempest-TestMinimumBasicScenario-1627331234 tempest-TestMinimumBasicScenario-1627331234-project-member] Cannot determine image size because it is either not provided in the request or chunked-transfer encoding is used. Adding image as a segmented object to Swift. {{(pid=99824) add /opt/stack/data/venv/lib/python3.12/site-packages/glance_store/_drivers/swift/store.py:994}}
Aug 25 11:44:26.054303 np0000008078 devstack@g-api.service[99824]: DEBUG oslo_utils.imageutils.format_inspector [None req-b8a117b1-7dbf-4c4e-b53e-8de68708ab78 tempest-TestMinimumBasicScenario-1627331234 tempest-TestMinimumBasicScenario-1627331234-project-member] Format inspector for vmdk does not match, excluding from consideration (Signature KDMV not found: b'QFI\xfb') {{(pid=99824) _process_chunk /opt/stack/data/venv/lib/python3.12/site-packages/oslo_utils/imageutils/format_inspector.py:1758}}
Aug 25 11:44:26.062378 np0000008078 devstack@g-api.service[99824]: DEBUG oslo_utils.imageutils.format_inspector [None req-b8a117b1-7dbf-4c4e-b53e-8de68708ab78 tempest-TestMinimumBasicScenario-1627331234 tempest-TestMinimumBasicScenario-1627331234-project-member] Format inspector for vhdx does not match, excluding from consideration (Region signature not found at 30000) {{(pid=99824) _process_chunk /opt/stack/data/venv/lib/python3.12/site-packages/oslo_utils/imageutils/format_inspector.py:1758}}
Aug 25 11:44:26.334019 np0000008078 devstack@g-api.service[99823]: DEBUG glance.api.middleware.version_negotiation [None req-3127b89c-c04d-4422-95e7-a8b2a904f53b tempest-ServerBootFromVolumeStableRescueTest-729846126 tempest-ServerBootFromVolumeStableRescueTest-729846126-project-member] Determining version of request: GET /v2/images/775ce648-d8f8-4877-ab40-41393b2cb763 Accept: */* {{(pid=99823) process_request /opt/stack/glance/glance/api/middleware/version_negotiation.py:44}}
Aug 25 11:44:26.334019 np0000008078 devstack@g-api.service[99823]: DEBUG glance.api.middleware.version_negotiation [None req-3127b89c-c04d-4422-95e7-a8b2a904f53b tempest-ServerBootFromVolumeStableRescueTest-729846126 tempest-ServerBootFromVolumeStableRescueTest-729846126-project-member] Using url versioning {{(pid=99823) process_request /opt/stack/glance/glance/api/middleware/version_negotiation.py:57}}
Aug 25 11:44:26.334579 np0000008078 devstack@g-api.service[99823]: DEBUG glance.api.middleware.version_negotiation [None req-3127b89c-c04d-4422-95e7-a8b2a904f53b tempest-ServerBootFromVolumeStableRescueTest-729846126 tempest-ServerBootFromVolumeStableRescueTest-729846126-project-member] Matched version: v2 {{(pid=99823) process_request /opt/stack/glance/glance/api/middleware/version_negotiation.py:69}}
Aug 25 11:44:26.334579 np0000008078 devstack@g-api.service[99823]: DEBUG glance.api.middleware.version_negotiation [None req-3127b89c-c04d-4422-95e7-a8b2a904f53b tempest-ServerBootFromVolumeStableRescueTest-729846126 tempest-ServerBootFromVolumeStableRescueTest-729846126-project-member] new path /v2/images/775ce648-d8f8-4877-ab40-41393b2cb763 {{(pid=99823) process_request /opt/stack/glance/glance/api/middleware/version_negotiation.py:70}}
Aug 25 11:44:26.351163 np0000008078 devstack@g-api.service[99823]: [pid: 99823|app: 0|req: 107/310] 127.0.0.1 () {44 vars in 1115 bytes} [Tue Aug 25 11:44:26 2026] GET /v2/images/775ce648-d8f8-4877-ab40-41393b2cb763 => generated 1357 bytes in 17 msecs (HTTP/1.1 200) 4 headers in 158 bytes (1 switches on core 0)
Aug 25 11:44:26.360871 np0000008078 devstack@g-api.service[99824]: DEBUG swiftclient [None req-b8a117b1-7dbf-4c4e-b53e-8de68708ab78 tempest-TestMinimumBasicScenario-1627331234 tempest-TestMinimumBasicScenario-1627331234-project-member] REQ: curl -i https://10.4.3.130:8080/v1/AUTH_1891b556b09a4cae975459caf25151b1/glance/4350d3db-ab43-4886-b221-7b56f5d3f271-00001 -X PUT -H "X-Auth-Token: gAAAAABqjYAZQowe..." {{(pid=99824) http_log /opt/stack/data/venv/lib/python3.12/site-packages/swiftclient/client.py:160}}
Aug 25 11:44:26.361275 np0000008078 devstack@g-api.service[99824]: DEBUG swiftclient [None req-b8a117b1-7dbf-4c4e-b53e-8de68708ab78 tempest-TestMinimumBasicScenario-1627331234 tempest-TestMinimumBasicScenario-1627331234-project-member] RESP STATUS: 201 Created {{(pid=99824) http_log /opt/stack/data/venv/lib/python3.12/site-packages/swiftclient/client.py:161}}
Aug 25 11:44:26.361275 np0000008078 devstack@g-api.service[99824]: DEBUG swiftclient [None req-b8a117b1-7dbf-4c4e-b53e-8de68708ab78 tempest-TestMinimumBasicScenario-1627331234 tempest-TestMinimumBasicScenario-1627331234-project-member] RESP HEADERS: {'Date': 'Tue, 25 Aug 2026 11:44:26 GMT', 'Server': 'Apache/2.4.58 (Ubuntu)', 'Content-Type': 'text/html; charset=UTF-8', 'Content-Length': '0', 'Etag': '87617e24a5e30cb3b87fda8c0764838f', 'Last-Modified': 'Tue, 25 Aug 2026 11:44:27 GMT', 'X-Trans-Id': 'tx37e569497ba34e20a39a7-006a8d801a', 'X-Openstack-Request-Id': 'tx37e569497ba34e20a39a7-006a8d801a', 'Connection': 'close'} {{(pid=99824) http_log /opt/stack/data/venv/lib/python3.12/site-packages/swiftclient/client.py:162}}
Aug 25 11:44:26.361425 np0000008078 devstack@g-api.service[99824]: DEBUG glance_store._drivers.swift.store [None req-b8a117b1-7dbf-4c4e-b53e-8de68708ab78 tempest-TestMinimumBasicScenario-1627331234 tempest-TestMinimumBasicScenario-1627331234-project-member] Wrote chunk 4350d3db-ab43-4886-b221-7b56f5d3f271-00001 (1/?) of length 21692416 to Swift returning MD5 of content: 87617e24a5e30cb3b87fda8c0764838f {{(pid=99824) add /opt/stack/data/venv/lib/python3.12/site-packages/glance_store/_drivers/swift/store.py:1059}}
Aug 25 11:44:26.361652 np0000008078 devstack@g-api.service[99824]: DEBUG glance_store._drivers.swift.store [None req-b8a117b1-7dbf-4c4e-b53e-8de68708ab78 tempest-TestMinimumBasicScenario-1627331234 tempest-TestMinimumBasicScenario-1627331234-project-member] Not writing zero-length chunk. {{(pid=99824) add /opt/stack/data/venv/lib/python3.12/site-packages/glance_store/_drivers/swift/store.py:1028}}
Aug 25 11:44:26.402772 np0000008078 devstack@g-api.service[99822]: DEBUG glance.api.middleware.version_negotiation [None req-f1bff7c5-1075-4d3f-a419-f66fa8dff7e6 tempest-ServerBootFromVolumeStableRescueTest-729846126 tempest-ServerBootFromVolumeStableRescueTest-729846126-project-member] Determining version of request: GET /v2/schemas/image Accept: */* {{(pid=99822) process_request /opt/stack/glance/glance/api/middleware/version_negotiation.py:44}}
Aug 25 11:44:26.403063 np0000008078 devstack@g-api.service[99822]: DEBUG glance.api.middleware.version_negotiation [None req-f1bff7c5-1075-4d3f-a419-f66fa8dff7e6 tempest-ServerBootFromVolumeStableRescueTest-729846126 tempest-ServerBootFromVolumeStableRescueTest-729846126-project-member] Using url versioning {{(pid=99822) process_request /opt/stack/glance/glance/api/middleware/version_negotiation.py:57}}
Aug 25 11:44:26.403250 np0000008078 devstack@g-api.service[99822]: DEBUG glance.api.middleware.version_negotiation [None req-f1bff7c5-1075-4d3f-a419-f66fa8dff7e6 tempest-ServerBootFromVolumeStableRescueTest-729846126 tempest-ServerBootFromVolumeStableRescueTest-729846126-project-member] Matched version: v2 {{(pid=99822) process_request /opt/stack/glance/glance/api/middleware/version_negotiation.py:69}}
Aug 25 11:44:26.403312 np0000008078 devstack@g-api.service[99824]: DEBUG swiftclient [None req-b8a117b1-7dbf-4c4e-b53e-8de68708ab78 tempest-TestMinimumBasicScenario-1627331234 tempest-TestMinimumBasicScenario-1627331234-project-member] REQ: curl -i https://10.4.3.130:8080/v1/AUTH_1891b556b09a4cae975459caf25151b1/glance/4350d3db-ab43-4886-b221-7b56f5d3f271 -X PUT -H "X-Object-Manifest: glance/4350d3db-ab43-4886-b221-7b56f5d3f271-" -H "X-Auth-Token: gAAAAABqjYAZQowe..." -H "Content-Length: 0" {{(pid=99824) http_log /opt/stack/data/venv/lib/python3.12/site-packages/swiftclient/client.py:160}}
Aug 25 11:44:26.403467 np0000008078 devstack@g-api.service[99822]: DEBUG glance.api.middleware.version_negotiation [None req-f1bff7c5-1075-4d3f-a419-f66fa8dff7e6 tempest-ServerBootFromVolumeStableRescueTest-729846126 tempest-ServerBootFromVolumeStableRescueTest-729846126-project-member] new path /v2/schemas/image {{(pid=99822) process_request /opt/stack/glance/glance/api/middleware/version_negotiation.py:70}}
Aug 25 11:44:26.403512 np0000008078 devstack@g-api.service[99824]: DEBUG swiftclient [None req-b8a117b1-7dbf-4c4e-b53e-8de68708ab78 tempest-TestMinimumBasicScenario-1627331234 tempest-TestMinimumBasicScenario-1627331234-project-member] RESP STATUS: 201 Created {{(pid=99824) http_log /opt/stack/data/venv/lib/python3.12/site-packages/swiftclient/client.py:161}}
Aug 25 11:44:26.403635 np0000008078 devstack@g-api.service[99824]: DEBUG swiftclient [None req-b8a117b1-7dbf-4c4e-b53e-8de68708ab78 tempest-TestMinimumBasicScenario-1627331234 tempest-TestMinimumBasicScenario-1627331234-project-member] RESP HEADERS: {'Date': 'Tue, 25 Aug 2026 11:44:26 GMT', 'Server': 'Apache/2.4.58 (Ubuntu)', 'Content-Type': 'text/html; charset=UTF-8', 'Content-Length': '0', 'Etag': 'd41d8cd98f00b204e9800998ecf8427e', 'Last-Modified': 'Tue, 25 Aug 2026 11:44:27 GMT', 'X-Trans-Id': 'tx31d4528839074e078916b-006a8d801a', 'X-Openstack-Request-Id': 'tx31d4528839074e078916b-006a8d801a', 'Connection': 'close'} {{(pid=99824) http_log /opt/stack/data/venv/lib/python3.12/site-packages/swiftclient/client.py:162}}
Aug 25 11:44:26.404140 np0000008078 devstack@g-api.service[99824]: INFO glance.location [None req-b8a117b1-7dbf-4c4e-b53e-8de68708ab78 tempest-TestMinimumBasicScenario-1627331234 tempest-TestMinimumBasicScenario-1627331234-project-member] Image format matched and virtual size computed: 117440512
Aug 25 11:44:26.406758 np0000008078 devstack@g-api.service[99822]: [pid: 99822|app: 0|req: 111/311] 127.0.0.1 () {44 vars in 1055 bytes} [Tue Aug 25 11:44:26 2026] GET /v2/schemas/image => generated 6083 bytes in 4 msecs (HTTP/1.1 200) 4 headers in 158 bytes (1 switches on core 0)
Aug 25 11:44:26.441507 np0000008078 devstack@g-api.service[99824]: DEBUG glance_store.backend [None req-b8a117b1-7dbf-4c4e-b53e-8de68708ab78 tempest-TestMinimumBasicScenario-1627331234 tempest-TestMinimumBasicScenario-1627331234-project-member] Attempting to import store swift {{(pid=99824) _load_store /opt/stack/data/venv/lib/python3.12/site-packages/glance_store/backend.py:215}}
Aug 25 11:44:26.445350 np0000008078 devstack@g-api.service[99824]: DEBUG glance_store.capabilities [None req-b8a117b1-7dbf-4c4e-b53e-8de68708ab78 tempest-TestMinimumBasicScenario-1627331234 tempest-TestMinimumBasicScenario-1627331234-project-member] Store glance_store._drivers.swift.store.SingleTenantStore doesn't support updating dynamic storage capabilities. Please overwrite 'update_capabilities' method of the store to implement updating logics if needed. {{(pid=99824) update_capabilities /opt/stack/data/venv/lib/python3.12/site-packages/glance_store/capabilities.py:91}}
Aug 25 11:44:26.446352 np0000008078 devstack@g-api.service[99824]: DEBUG glance_store.driver [None req-b8a117b1-7dbf-4c4e-b53e-8de68708ab78 tempest-TestMinimumBasicScenario-1627331234 tempest-TestMinimumBasicScenario-1627331234-project-member] Late loading location class glance_store._drivers.swift.store.StoreLocation {{(pid=99824) get_store_location_class /opt/stack/data/venv/lib/python3.12/site-packages/glance_store/driver.py:134}}
Aug 25 11:44:26.446575 np0000008078 devstack@g-api.service[99824]: DEBUG glance_store.location [None req-b8a117b1-7dbf-4c4e-b53e-8de68708ab78 tempest-TestMinimumBasicScenario-1627331234 tempest-TestMinimumBasicScenario-1627331234-project-member] Registering scheme swift+https with {'store': , 'location_class': , 'store_entry': 'swift'} {{(pid=99824) register_scheme_map /opt/stack/data/venv/lib/python3.12/site-packages/glance_store/location.py:146}}
Aug 25 11:44:26.446918 np0000008078 devstack@g-api.service[99824]: DEBUG glance_store.location [None req-b8a117b1-7dbf-4c4e-b53e-8de68708ab78 tempest-TestMinimumBasicScenario-1627331234 tempest-TestMinimumBasicScenario-1627331234-project-member] Registering scheme swift+https with {'store': , 'location_class': , 'store_entry': 'swift'} {{(pid=99824) register_scheme_map /opt/stack/data/venv/lib/python3.12/site-packages/glance_store/location.py:146}}
Aug 25 11:44:26.447030 np0000008078 devstack@g-api.service[99824]: DEBUG glance_store.location [None req-b8a117b1-7dbf-4c4e-b53e-8de68708ab78 tempest-TestMinimumBasicScenario-1627331234 tempest-TestMinimumBasicScenario-1627331234-project-member] Registering scheme swift with {'store': , 'location_class': , 'store_entry': 'swift'} {{(pid=99824) register_scheme_map /opt/stack/data/venv/lib/python3.12/site-packages/glance_store/location.py:146}}
Aug 25 11:44:26.447156 np0000008078 devstack@g-api.service[99824]: DEBUG glance_store.location [None req-b8a117b1-7dbf-4c4e-b53e-8de68708ab78 tempest-TestMinimumBasicScenario-1627331234 tempest-TestMinimumBasicScenario-1627331234-project-member] Registering scheme swift+https with {'store': , 'location_class': , 'store_entry': 'swift'} {{(pid=99824) register_scheme_map /opt/stack/data/venv/lib/python3.12/site-packages/glance_store/location.py:146}}
Aug 25 11:44:26.447468 np0000008078 devstack@g-api.service[99824]: DEBUG glance_store.location [None req-b8a117b1-7dbf-4c4e-b53e-8de68708ab78 tempest-TestMinimumBasicScenario-1627331234 tempest-TestMinimumBasicScenario-1627331234-project-member] Registering scheme swift with {'store': , 'location_class': , 'store_entry': 'swift'} {{(pid=99824) register_scheme_map /opt/stack/data/venv/lib/python3.12/site-packages/glance_store/location.py:146}}
Aug 25 11:44:26.447583 np0000008078 devstack@g-api.service[99824]: DEBUG glance_store.location [None req-b8a117b1-7dbf-4c4e-b53e-8de68708ab78 tempest-TestMinimumBasicScenario-1627331234 tempest-TestMinimumBasicScenario-1627331234-project-member] Registering scheme swift+http with {'store': , 'location_class': , 'store_entry': 'swift'} {{(pid=99824) register_scheme_map /opt/stack/data/venv/lib/python3.12/site-packages/glance_store/location.py:146}}
Aug 25 11:44:26.447723 np0000008078 devstack@g-api.service[99824]: DEBUG glance_store.location [None req-b8a117b1-7dbf-4c4e-b53e-8de68708ab78 tempest-TestMinimumBasicScenario-1627331234 tempest-TestMinimumBasicScenario-1627331234-project-member] Registering scheme swift+https with {'store': , 'location_class': , 'store_entry': 'swift'} {{(pid=99824) register_scheme_map /opt/stack/data/venv/lib/python3.12/site-packages/glance_store/location.py:146}}
Aug 25 11:44:26.448145 np0000008078 devstack@g-api.service[99824]: DEBUG glance_store.location [None req-b8a117b1-7dbf-4c4e-b53e-8de68708ab78 tempest-TestMinimumBasicScenario-1627331234 tempest-TestMinimumBasicScenario-1627331234-project-member] Registering scheme swift with {'store': , 'location_class': , 'store_entry': 'swift'} {{(pid=99824) register_scheme_map /opt/stack/data/venv/lib/python3.12/site-packages/glance_store/location.py:146}}
Aug 25 11:44:26.448274 np0000008078 devstack@g-api.service[99824]: DEBUG glance_store.location [None req-b8a117b1-7dbf-4c4e-b53e-8de68708ab78 tempest-TestMinimumBasicScenario-1627331234 tempest-TestMinimumBasicScenario-1627331234-project-member] Registering scheme swift+http with {'store': , 'location_class': , 'store_entry': 'swift'} {{(pid=99824) register_scheme_map /opt/stack/data/venv/lib/python3.12/site-packages/glance_store/location.py:146}}
Aug 25 11:44:26.449824 np0000008078 devstack@g-api.service[99824]: DEBUG glance_store.location [None req-b8a117b1-7dbf-4c4e-b53e-8de68708ab78 tempest-TestMinimumBasicScenario-1627331234 tempest-TestMinimumBasicScenario-1627331234-project-member] Registering scheme swift+config with {'store': , 'location_class': , 'store_entry': 'swift'} {{(pid=99824) register_scheme_map /opt/stack/data/venv/lib/python3.12/site-packages/glance_store/location.py:146}}
Aug 25 11:44:26.449977 np0000008078 devstack@g-api.service[99824]: DEBUG glance_store.backend [None req-b8a117b1-7dbf-4c4e-b53e-8de68708ab78 tempest-TestMinimumBasicScenario-1627331234 tempest-TestMinimumBasicScenario-1627331234-project-member] Skipping store.set_acls... not implemented. {{(pid=99824) set_acls /opt/stack/data/venv/lib/python3.12/site-packages/glance_store/backend.py:507}}
Aug 25 11:44:26.456215 np0000008078 devstack@g-api.service[99823]: DEBUG glance.api.middleware.version_negotiation [None req-3127b89c-c04d-4422-95e7-a8b2a904f53b tempest-ServerBootFromVolumeStableRescueTest-729846126 tempest-ServerBootFromVolumeStableRescueTest-729846126-project-member] Determining version of request: GET /v2/schemas/image Accept: */* {{(pid=99823) process_request /opt/stack/glance/glance/api/middleware/version_negotiation.py:44}}
Aug 25 11:44:26.457386 np0000008078 devstack@g-api.service[99823]: DEBUG glance.api.middleware.version_negotiation [None req-3127b89c-c04d-4422-95e7-a8b2a904f53b tempest-ServerBootFromVolumeStableRescueTest-729846126 tempest-ServerBootFromVolumeStableRescueTest-729846126-project-member] Using url versioning {{(pid=99823) process_request /opt/stack/glance/glance/api/middleware/version_negotiation.py:57}}
Aug 25 11:44:26.457588 np0000008078 devstack@g-api.service[99824]: [pid: 99824|app: 0|req: 94/312] 127.0.0.1 () {40 vars in 858 bytes} [Tue Aug 25 11:44:24 2026] PUT /v2/images/4350d3db-ab43-4886-b221-7b56f5d3f271/file => generated 0 bytes in 1905 msecs (HTTP/1.1 204) 4 headers in 171 bytes (1 switches on core 0)
Aug 25 11:44:26.457631 np0000008078 devstack@g-api.service[99823]: DEBUG glance.api.middleware.version_negotiation [None req-3127b89c-c04d-4422-95e7-a8b2a904f53b tempest-ServerBootFromVolumeStableRescueTest-729846126 tempest-ServerBootFromVolumeStableRescueTest-729846126-project-member] Matched version: v2 {{(pid=99823) process_request /opt/stack/glance/glance/api/middleware/version_negotiation.py:69}}
Aug 25 11:44:26.457631 np0000008078 devstack@g-api.service[99823]: DEBUG glance.api.middleware.version_negotiation [None req-3127b89c-c04d-4422-95e7-a8b2a904f53b tempest-ServerBootFromVolumeStableRescueTest-729846126 tempest-ServerBootFromVolumeStableRescueTest-729846126-project-member] new path /v2/schemas/image {{(pid=99823) process_request /opt/stack/glance/glance/api/middleware/version_negotiation.py:70}}
Aug 25 11:44:26.462515 np0000008078 devstack@g-api.service[99823]: [pid: 99823|app: 0|req: 108/313] 127.0.0.1 () {44 vars in 1055 bytes} [Tue Aug 25 11:44:26 2026] GET /v2/schemas/image => generated 6083 bytes in 5 msecs (HTTP/1.1 200) 4 headers in 158 bytes (1 switches on core 0)
Aug 25 11:44:26.509172 np0000008078 devstack@g-api.service[99822]: DEBUG glance.api.middleware.version_negotiation [None req-3127b89c-c04d-4422-95e7-a8b2a904f53b tempest-ServerBootFromVolumeStableRescueTest-729846126 tempest-ServerBootFromVolumeStableRescueTest-729846126-project-member] Determining version of request: PATCH /v2/images/775ce648-d8f8-4877-ab40-41393b2cb763 Accept: */* {{(pid=99822) process_request /opt/stack/glance/glance/api/middleware/version_negotiation.py:44}}
Aug 25 11:44:26.509562 np0000008078 devstack@g-api.service[99822]: DEBUG glance.api.middleware.version_negotiation [None req-3127b89c-c04d-4422-95e7-a8b2a904f53b tempest-ServerBootFromVolumeStableRescueTest-729846126 tempest-ServerBootFromVolumeStableRescueTest-729846126-project-member] Using url versioning {{(pid=99822) process_request /opt/stack/glance/glance/api/middleware/version_negotiation.py:57}}
Aug 25 11:44:26.509645 np0000008078 devstack@g-api.service[99822]: DEBUG glance.api.middleware.version_negotiation [None req-3127b89c-c04d-4422-95e7-a8b2a904f53b tempest-ServerBootFromVolumeStableRescueTest-729846126 tempest-ServerBootFromVolumeStableRescueTest-729846126-project-member] Matched version: v2 {{(pid=99822) process_request /opt/stack/glance/glance/api/middleware/version_negotiation.py:69}}
Aug 25 11:44:26.509768 np0000008078 devstack@g-api.service[99822]: DEBUG glance.api.middleware.version_negotiation [None req-3127b89c-c04d-4422-95e7-a8b2a904f53b tempest-ServerBootFromVolumeStableRescueTest-729846126 tempest-ServerBootFromVolumeStableRescueTest-729846126-project-member] new path /v2/images/775ce648-d8f8-4877-ab40-41393b2cb763 {{(pid=99822) process_request /opt/stack/glance/glance/api/middleware/version_negotiation.py:70}}
Aug 25 11:44:26.711933 np0000008078 devstack@g-api.service[99822]: [pid: 99822|app: 0|req: 112/314] 127.0.0.1 () {46 vars in 1158 bytes} [Tue Aug 25 11:44:26 2026] PATCH /v2/images/775ce648-d8f8-4877-ab40-41393b2cb763 => generated 1468 bytes in 203 msecs (HTTP/1.1 200) 4 headers in 158 bytes (1 switches on core 0)
Aug 25 11:44:26.718162 np0000008078 devstack@g-api.service[99824]: DEBUG glance.api.middleware.version_negotiation [None req-b8a117b1-7dbf-4c4e-b53e-8de68708ab78 tempest-TestMinimumBasicScenario-1627331234 tempest-TestMinimumBasicScenario-1627331234-project-member] Determining version of request: GET /v2/images/4350d3db-ab43-4886-b221-7b56f5d3f271 Accept: */* {{(pid=99824) process_request /opt/stack/glance/glance/api/middleware/version_negotiation.py:44}}
Aug 25 11:44:26.718303 np0000008078 devstack@g-api.service[99824]: DEBUG glance.api.middleware.version_negotiation [None req-b8a117b1-7dbf-4c4e-b53e-8de68708ab78 tempest-TestMinimumBasicScenario-1627331234 tempest-TestMinimumBasicScenario-1627331234-project-member] Using url versioning {{(pid=99824) process_request /opt/stack/glance/glance/api/middleware/version_negotiation.py:57}}
Aug 25 11:44:26.718579 np0000008078 devstack@g-api.service[99824]: DEBUG glance.api.middleware.version_negotiation [None req-b8a117b1-7dbf-4c4e-b53e-8de68708ab78 tempest-TestMinimumBasicScenario-1627331234 tempest-TestMinimumBasicScenario-1627331234-project-member] Matched version: v2 {{(pid=99824) process_request /opt/stack/glance/glance/api/middleware/version_negotiation.py:69}}
Aug 25 11:44:26.718735 np0000008078 devstack@g-api.service[99824]: DEBUG glance.api.middleware.version_negotiation [None req-b8a117b1-7dbf-4c4e-b53e-8de68708ab78 tempest-TestMinimumBasicScenario-1627331234 tempest-TestMinimumBasicScenario-1627331234-project-member] new path /v2/images/4350d3db-ab43-4886-b221-7b56f5d3f271 {{(pid=99824) process_request /opt/stack/glance/glance/api/middleware/version_negotiation.py:70}}
Aug 25 11:44:26.732241 np0000008078 devstack@g-api.service[99824]: [pid: 99824|app: 0|req: 95/315] 127.0.0.1 () {44 vars in 1115 bytes} [Tue Aug 25 11:44:26 2026] GET /v2/images/4350d3db-ab43-4886-b221-7b56f5d3f271 => generated 810 bytes in 14 msecs (HTTP/1.1 200) 4 headers in 157 bytes (1 switches on core 0)
Aug 25 11:44:26.747333 np0000008078 devstack@g-api.service[99823]: DEBUG glance.api.middleware.version_negotiation [None req-3127b89c-c04d-4422-95e7-a8b2a904f53b tempest-ServerBootFromVolumeStableRescueTest-729846126 tempest-ServerBootFromVolumeStableRescueTest-729846126-project-member] Determining version of request: GET /v2/images/775ce648-d8f8-4877-ab40-41393b2cb763 Accept: */* {{(pid=99823) process_request /opt/stack/glance/glance/api/middleware/version_negotiation.py:44}}
Aug 25 11:44:26.749340 np0000008078 devstack@g-api.service[99823]: DEBUG glance.api.middleware.version_negotiation [None req-3127b89c-c04d-4422-95e7-a8b2a904f53b tempest-ServerBootFromVolumeStableRescueTest-729846126 tempest-ServerBootFromVolumeStableRescueTest-729846126-project-member] Using url versioning {{(pid=99823) process_request /opt/stack/glance/glance/api/middleware/version_negotiation.py:57}}
