Aug 25 11:38:06.327616 np0000008078 nova-conductor[95932]: DEBUG cotyledon.oslo_config_glue [-] oslo_messaging_rabbit.kombu_reconnect_splay = 0.0 {{(pid=95932) log_opt_values /opt/stack/data/venv/lib/python3.12/site-packages/oslo_config/cfg.py:3560}}
Aug 25 11:38:06.327616 np0000008078 nova-conductor[95932]: DEBUG cotyledon.oslo_config_glue [-] oslo_messaging_rabbit.processname = nova-conductor {{(pid=95932) log_opt_values /opt/stack/data/venv/lib/python3.12/site-packages/oslo_config/cfg.py:3560}}
Aug 25 11:38:06.327616 np0000008078 nova-conductor[95932]: DEBUG cotyledon.oslo_config_glue [-] oslo_messaging_rabbit.rabbit_ha_queues = False {{(pid=95932) log_opt_values /opt/stack/data/venv/lib/python3.12/site-packages/oslo_config/cfg.py:3560}}
Aug 25 11:38:06.327616 np0000008078 nova-conductor[95932]: DEBUG cotyledon.oslo_config_glue [-] oslo_messaging_rabbit.rabbit_interval_max = 30 {{(pid=95932) log_opt_values /opt/stack/data/venv/lib/python3.12/site-packages/oslo_config/cfg.py:3560}}
Aug 25 11:38:06.327616 np0000008078 nova-conductor[95932]: DEBUG cotyledon.oslo_config_glue [-] oslo_messaging_rabbit.rabbit_login_method = AMQPLAIN {{(pid=95932) log_opt_values /opt/stack/data/venv/lib/python3.12/site-packages/oslo_config/cfg.py:3560}}
Aug 25 11:38:06.327616 np0000008078 nova-conductor[95932]: DEBUG cotyledon.oslo_config_glue [-] oslo_messaging_rabbit.rabbit_qos_prefetch_count = 0 {{(pid=95932) log_opt_values /opt/stack/data/venv/lib/python3.12/site-packages/oslo_config/cfg.py:3560}}
Aug 25 11:38:06.327616 np0000008078 nova-conductor[95932]: DEBUG cotyledon.oslo_config_glue [-] oslo_messaging_rabbit.rabbit_quorum_delivery_limit = 0 {{(pid=95932) log_opt_values /opt/stack/data/venv/lib/python3.12/site-packages/oslo_config/cfg.py:3560}}
Aug 25 11:38:06.327616 np0000008078 nova-conductor[95932]: DEBUG cotyledon.oslo_config_glue [-] oslo_messaging_rabbit.rabbit_quorum_max_memory_bytes = 0 {{(pid=95932) log_opt_values /opt/stack/data/venv/lib/python3.12/site-packages/oslo_config/cfg.py:3560}}
Aug 25 11:38:06.327616 np0000008078 nova-conductor[95932]: DEBUG cotyledon.oslo_config_glue [-] oslo_messaging_rabbit.rabbit_quorum_max_memory_length = 0 {{(pid=95932) log_opt_values /opt/stack/data/venv/lib/python3.12/site-packages/oslo_config/cfg.py:3560}}
Aug 25 11:38:06.327825 np0000008078 nova-conductor[95932]: DEBUG cotyledon.oslo_config_glue [-] oslo_messaging_rabbit.rabbit_quorum_queue = False {{(pid=95932) log_opt_values /opt/stack/data/venv/lib/python3.12/site-packages/oslo_config/cfg.py:3560}}
Aug 25 11:38:06.327825 np0000008078 nova-conductor[95932]: DEBUG cotyledon.oslo_config_glue [-] oslo_messaging_rabbit.rabbit_retry_backoff = 2 {{(pid=95932) log_opt_values /opt/stack/data/venv/lib/python3.12/site-packages/oslo_config/cfg.py:3560}}
Aug 25 11:38:06.327825 np0000008078 nova-conductor[95932]: DEBUG cotyledon.oslo_config_glue [-] oslo_messaging_rabbit.rabbit_retry_interval = 1 {{(pid=95932) log_opt_values /opt/stack/data/venv/lib/python3.12/site-packages/oslo_config/cfg.py:3560}}
Aug 25 11:38:06.327825 np0000008078 nova-conductor[95932]: DEBUG cotyledon.oslo_config_glue [-] oslo_messaging_rabbit.rabbit_stream_fanout = False {{(pid=95932) log_opt_values /opt/stack/data/venv/lib/python3.12/site-packages/oslo_config/cfg.py:3560}}
Aug 25 11:38:06.327825 np0000008078 nova-conductor[95932]: DEBUG cotyledon.oslo_config_glue [-] oslo_messaging_rabbit.rabbit_transient_queues_ttl = 1800 {{(pid=95932) log_opt_values /opt/stack/data/venv/lib/python3.12/site-packages/oslo_config/cfg.py:3560}}
Aug 25 11:38:06.327825 np0000008078 nova-conductor[95932]: DEBUG cotyledon.oslo_config_glue [-] oslo_messaging_rabbit.rabbit_transient_quorum_queue = False {{(pid=95932) log_opt_values /opt/stack/data/venv/lib/python3.12/site-packages/oslo_config/cfg.py:3560}}
Aug 25 11:38:06.327825 np0000008078 nova-conductor[95932]: DEBUG cotyledon.oslo_config_glue [-] oslo_messaging_rabbit.rpc_conn_pool_size = 30 {{(pid=95932) log_opt_values /opt/stack/data/venv/lib/python3.12/site-packages/oslo_config/cfg.py:3560}}
Aug 25 11:38:06.327825 np0000008078 nova-conductor[95932]: DEBUG cotyledon.oslo_config_glue [-] oslo_messaging_rabbit.ssl = False {{(pid=95932) log_opt_values /opt/stack/data/venv/lib/python3.12/site-packages/oslo_config/cfg.py:3560}}
Aug 25 11:38:06.327825 np0000008078 nova-conductor[95932]: DEBUG cotyledon.oslo_config_glue [-] oslo_messaging_rabbit.ssl_ca_file = {{(pid=95932) log_opt_values /opt/stack/data/venv/lib/python3.12/site-packages/oslo_config/cfg.py:3560}}
Aug 25 11:38:06.328021 np0000008078 nova-conductor[95932]: DEBUG cotyledon.oslo_config_glue [-] oslo_messaging_rabbit.ssl_cert_file = {{(pid=95932) log_opt_values /opt/stack/data/venv/lib/python3.12/site-packages/oslo_config/cfg.py:3560}}
Aug 25 11:38:06.328021 np0000008078 nova-conductor[95932]: DEBUG cotyledon.oslo_config_glue [-] oslo_messaging_rabbit.ssl_enforce_fips_mode = False {{(pid=95932) log_opt_values /opt/stack/data/venv/lib/python3.12/site-packages/oslo_config/cfg.py:3560}}
Aug 25 11:38:06.328021 np0000008078 nova-conductor[95932]: DEBUG cotyledon.oslo_config_glue [-] oslo_messaging_rabbit.ssl_enforce_hostname_verification = True {{(pid=95932) log_opt_values /opt/stack/data/venv/lib/python3.12/site-packages/oslo_config/cfg.py:3560}}
Aug 25 11:38:06.328021 np0000008078 nova-conductor[95932]: DEBUG cotyledon.oslo_config_glue [-] oslo_messaging_rabbit.ssl_key_file = {{(pid=95932) log_opt_values /opt/stack/data/venv/lib/python3.12/site-packages/oslo_config/cfg.py:3560}}
Aug 25 11:38:06.328021 np0000008078 nova-conductor[95932]: DEBUG cotyledon.oslo_config_glue [-] oslo_messaging_rabbit.ssl_version = {{(pid=95932) log_opt_values /opt/stack/data/venv/lib/python3.12/site-packages/oslo_config/cfg.py:3560}}
Aug 25 11:38:06.328021 np0000008078 nova-conductor[95932]: DEBUG cotyledon.oslo_config_glue [-] oslo_messaging_rabbit.use_queue_manager = False {{(pid=95932) log_opt_values /opt/stack/data/venv/lib/python3.12/site-packages/oslo_config/cfg.py:3560}}
Aug 25 11:38:06.328021 np0000008078 nova-conductor[95932]: DEBUG cotyledon.oslo_config_glue [-] oslo_messaging_notifications.driver = ['messagingv2'] {{(pid=95932) log_opt_values /opt/stack/data/venv/lib/python3.12/site-packages/oslo_config/cfg.py:3560}}
Aug 25 11:38:06.328021 np0000008078 nova-conductor[95932]: DEBUG cotyledon.oslo_config_glue [-] oslo_messaging_notifications.retry = -1 {{(pid=95932) log_opt_values /opt/stack/data/venv/lib/python3.12/site-packages/oslo_config/cfg.py:3560}}
Aug 25 11:38:06.328021 np0000008078 nova-conductor[95932]: DEBUG cotyledon.oslo_config_glue [-] oslo_messaging_notifications.topics = ['notifications'] {{(pid=95932) log_opt_values /opt/stack/data/venv/lib/python3.12/site-packages/oslo_config/cfg.py:3560}}
Aug 25 11:38:06.328197 np0000008078 nova-conductor[95932]: DEBUG cotyledon.oslo_config_glue [-] oslo_messaging_notifications.transport_url = **** {{(pid=95932) log_opt_values /opt/stack/data/venv/lib/python3.12/site-packages/oslo_config/cfg.py:3560}}
Aug 25 11:38:06.328197 np0000008078 nova-conductor[95932]: DEBUG cotyledon.oslo_config_glue [-] oslo_limit.auth_section = None {{(pid=95932) log_opt_values /opt/stack/data/venv/lib/python3.12/site-packages/oslo_config/cfg.py:3560}}
Aug 25 11:38:06.328197 np0000008078 nova-conductor[95932]: DEBUG cotyledon.oslo_config_glue [-] oslo_limit.auth_type = None {{(pid=95932) log_opt_values /opt/stack/data/venv/lib/python3.12/site-packages/oslo_config/cfg.py:3560}}
Aug 25 11:38:06.328197 np0000008078 nova-conductor[95932]: DEBUG cotyledon.oslo_config_glue [-] oslo_limit.cafile = None {{(pid=95932) log_opt_values /opt/stack/data/venv/lib/python3.12/site-packages/oslo_config/cfg.py:3560}}
Aug 25 11:38:06.328197 np0000008078 nova-conductor[95932]: DEBUG cotyledon.oslo_config_glue [-] oslo_limit.certfile = None {{(pid=95932) log_opt_values /opt/stack/data/venv/lib/python3.12/site-packages/oslo_config/cfg.py:3560}}
Aug 25 11:38:06.328197 np0000008078 nova-conductor[95932]: DEBUG cotyledon.oslo_config_glue [-] oslo_limit.collect_timing = False {{(pid=95932) log_opt_values /opt/stack/data/venv/lib/python3.12/site-packages/oslo_config/cfg.py:3560}}
Aug 25 11:38:06.328197 np0000008078 nova-conductor[95932]: DEBUG cotyledon.oslo_config_glue [-] oslo_limit.connect_retries = None {{(pid=95932) log_opt_values /opt/stack/data/venv/lib/python3.12/site-packages/oslo_config/cfg.py:3560}}
Aug 25 11:38:06.328197 np0000008078 nova-conductor[95932]: DEBUG cotyledon.oslo_config_glue [-] oslo_limit.connect_retry_delay = None {{(pid=95932) log_opt_values /opt/stack/data/venv/lib/python3.12/site-packages/oslo_config/cfg.py:3560}}
Aug 25 11:38:06.328197 np0000008078 nova-conductor[95932]: DEBUG cotyledon.oslo_config_glue [-] oslo_limit.endpoint_id = None {{(pid=95932) log_opt_values /opt/stack/data/venv/lib/python3.12/site-packages/oslo_config/cfg.py:3560}}
Aug 25 11:38:06.328411 np0000008078 nova-conductor[95932]: DEBUG cotyledon.oslo_config_glue [-] oslo_limit.endpoint_interface = public {{(pid=95932) log_opt_values /opt/stack/data/venv/lib/python3.12/site-packages/oslo_config/cfg.py:3560}}
Aug 25 11:38:06.328411 np0000008078 nova-conductor[95932]: DEBUG cotyledon.oslo_config_glue [-] oslo_limit.endpoint_override = None {{(pid=95932) log_opt_values /opt/stack/data/venv/lib/python3.12/site-packages/oslo_config/cfg.py:3560}}
Aug 25 11:38:06.328411 np0000008078 nova-conductor[95932]: DEBUG cotyledon.oslo_config_glue [-] oslo_limit.endpoint_region_name = None {{(pid=95932) log_opt_values /opt/stack/data/venv/lib/python3.12/site-packages/oslo_config/cfg.py:3560}}
Aug 25 11:38:06.328411 np0000008078 nova-conductor[95932]: DEBUG cotyledon.oslo_config_glue [-] oslo_limit.endpoint_service_name = None {{(pid=95932) log_opt_values /opt/stack/data/venv/lib/python3.12/site-packages/oslo_config/cfg.py:3560}}
Aug 25 11:38:06.328411 np0000008078 nova-conductor[95932]: DEBUG cotyledon.oslo_config_glue [-] oslo_limit.endpoint_service_type = None {{(pid=95932) log_opt_values /opt/stack/data/venv/lib/python3.12/site-packages/oslo_config/cfg.py:3560}}
Aug 25 11:38:06.328411 np0000008078 nova-conductor[95932]: DEBUG cotyledon.oslo_config_glue [-] oslo_limit.insecure = False {{(pid=95932) log_opt_values /opt/stack/data/venv/lib/python3.12/site-packages/oslo_config/cfg.py:3560}}
Aug 25 11:38:06.328411 np0000008078 nova-conductor[95932]: DEBUG cotyledon.oslo_config_glue [-] oslo_limit.keyfile = None {{(pid=95932) log_opt_values /opt/stack/data/venv/lib/python3.12/site-packages/oslo_config/cfg.py:3560}}
Aug 25 11:38:06.328411 np0000008078 nova-conductor[95932]: DEBUG cotyledon.oslo_config_glue [-] oslo_limit.max_version = None {{(pid=95932) log_opt_values /opt/stack/data/venv/lib/python3.12/site-packages/oslo_config/cfg.py:3560}}
Aug 25 11:38:06.328411 np0000008078 nova-conductor[95932]: DEBUG cotyledon.oslo_config_glue [-] oslo_limit.min_version = None {{(pid=95932) log_opt_values /opt/stack/data/venv/lib/python3.12/site-packages/oslo_config/cfg.py:3560}}
Aug 25 11:38:06.328835 np0000008078 nova-conductor[95932]: DEBUG cotyledon.oslo_config_glue [-] oslo_limit.region_name = None {{(pid=95932) log_opt_values /opt/stack/data/venv/lib/python3.12/site-packages/oslo_config/cfg.py:3560}}
Aug 25 11:38:06.328835 np0000008078 nova-conductor[95932]: DEBUG cotyledon.oslo_config_glue [-] oslo_limit.retriable_status_codes = None {{(pid=95932) log_opt_values /opt/stack/data/venv/lib/python3.12/site-packages/oslo_config/cfg.py:3560}}
Aug 25 11:38:06.328835 np0000008078 nova-conductor[95932]: DEBUG cotyledon.oslo_config_glue [-] oslo_limit.service_name = None {{(pid=95932) log_opt_values /opt/stack/data/venv/lib/python3.12/site-packages/oslo_config/cfg.py:3560}}
Aug 25 11:38:06.328835 np0000008078 nova-conductor[95932]: DEBUG cotyledon.oslo_config_glue [-] oslo_limit.service_type = None {{(pid=95932) log_opt_values /opt/stack/data/venv/lib/python3.12/site-packages/oslo_config/cfg.py:3560}}
Aug 25 11:38:06.328835 np0000008078 nova-conductor[95932]: DEBUG cotyledon.oslo_config_glue [-] oslo_limit.split_loggers = False {{(pid=95932) log_opt_values /opt/stack/data/venv/lib/python3.12/site-packages/oslo_config/cfg.py:3560}}
Aug 25 11:38:06.328835 np0000008078 nova-conductor[95932]: DEBUG cotyledon.oslo_config_glue [-] oslo_limit.status_code_retries = None {{(pid=95932) log_opt_values /opt/stack/data/venv/lib/python3.12/site-packages/oslo_config/cfg.py:3560}}
Aug 25 11:38:06.328835 np0000008078 nova-conductor[95932]: DEBUG cotyledon.oslo_config_glue [-] oslo_limit.status_code_retry_delay = None {{(pid=95932) log_opt_values /opt/stack/data/venv/lib/python3.12/site-packages/oslo_config/cfg.py:3560}}
Aug 25 11:38:06.328835 np0000008078 nova-conductor[95932]: DEBUG cotyledon.oslo_config_glue [-] oslo_limit.timeout = None {{(pid=95932) log_opt_values /opt/stack/data/venv/lib/python3.12/site-packages/oslo_config/cfg.py:3560}}
Aug 25 11:38:06.328835 np0000008078 nova-conductor[95932]: DEBUG cotyledon.oslo_config_glue [-] oslo_limit.valid_interfaces = None {{(pid=95932) log_opt_values /opt/stack/data/venv/lib/python3.12/site-packages/oslo_config/cfg.py:3560}}
Aug 25 11:38:06.329012 np0000008078 nova-conductor[95932]: DEBUG cotyledon.oslo_config_glue [-] oslo_limit.version = None {{(pid=95932) log_opt_values /opt/stack/data/venv/lib/python3.12/site-packages/oslo_config/cfg.py:3560}}
Aug 25 11:38:06.329012 np0000008078 nova-conductor[95932]: DEBUG cotyledon.oslo_config_glue [-] oslo_reports.file_event_handler = None {{(pid=95932) log_opt_values /opt/stack/data/venv/lib/python3.12/site-packages/oslo_config/cfg.py:3560}}
Aug 25 11:38:06.329012 np0000008078 nova-conductor[95932]: DEBUG cotyledon.oslo_config_glue [-] oslo_reports.file_event_handler_interval = 1 {{(pid=95932) log_opt_values /opt/stack/data/venv/lib/python3.12/site-packages/oslo_config/cfg.py:3560}}
Aug 25 11:38:06.329012 np0000008078 nova-conductor[95932]: DEBUG cotyledon.oslo_config_glue [-] oslo_reports.log_dir = None {{(pid=95932) log_opt_values /opt/stack/data/venv/lib/python3.12/site-packages/oslo_config/cfg.py:3560}}
Aug 25 11:38:06.329012 np0000008078 nova-conductor[95932]: DEBUG cotyledon.oslo_config_glue [-] ******************************************************************************** {{(pid=95932) log_opt_values /opt/stack/data/venv/lib/python3.12/site-packages/oslo_config/cfg.py:3567}}
Aug 25 11:38:06.329012 np0000008078 nova-conductor[95932]: DEBUG cotyledon._service_worker [-] Run service ServiceWrapper(2) [95932] {{(pid=95932) wait_forever /opt/stack/data/venv/lib/python3.12/site-packages/cotyledon/_service_worker.py:218}}
Aug 25 11:38:06.329012 np0000008078 nova-conductor[95932]: INFO nova.service [-] Starting conductor node (version 33.1.0)
Aug 25 11:38:06.329012 np0000008078 nova-conductor[95932]: INFO dbcounter [None req-d988345a-d9d2-4b7a-a363-b02ac0811f1c None None] Registered counter for database nova_cell0
Aug 25 11:38:06.332541 np0000008078 nova-conductor[95918]: DEBUG oslo_db.sqlalchemy.engines [None req-f8d17878-e76d-4527-8757-b5009f9c3144 None None] MySQL server mode set to STRICT_TRANS_TABLES,STRICT_ALL_TABLES,NO_ZERO_IN_DATE,NO_ZERO_DATE,ERROR_FOR_DIVISION_BY_ZERO,TRADITIONAL,NO_ENGINE_SUBSTITUTION {{(pid=95918) _check_effective_sql_mode /opt/stack/data/venv/lib/python3.12/site-packages/oslo_db/sqlalchemy/engines.py:325}}
Aug 25 11:38:06.341173 np0000008078 nova-conductor[95918]: DEBUG dbcounter [-] [95918] Writer thread running {{(pid=95918) stat_writer /opt/stack/data/venv/lib/python3.12/site-packages/dbcounter.py:102}}
Aug 25 11:38:06.341688 np0000008078 nova-conductor[95925]: DEBUG oslo_db.sqlalchemy.engines [None req-53a85f7c-2191-405d-8359-a217f9f648ce None None] MySQL server mode set to STRICT_TRANS_TABLES,STRICT_ALL_TABLES,NO_ZERO_IN_DATE,NO_ZERO_DATE,ERROR_FOR_DIVISION_BY_ZERO,TRADITIONAL,NO_ENGINE_SUBSTITUTION {{(pid=95925) _check_effective_sql_mode /opt/stack/data/venv/lib/python3.12/site-packages/oslo_db/sqlalchemy/engines.py:325}}
Aug 25 11:38:06.352114 np0000008078 nova-conductor[95925]: DEBUG dbcounter [-] [95925] Writer thread running {{(pid=95925) stat_writer /opt/stack/data/venv/lib/python3.12/site-packages/dbcounter.py:102}}
Aug 25 11:38:06.357871 np0000008078 nova-conductor[95918]: DEBUG nova.service [None req-f8d17878-e76d-4527-8757-b5009f9c3144 None None] Creating RPC server for service: nova-conductor on topic: conductor {{(pid=95918) start /opt/stack/nova/nova/service.py:262}}
Aug 25 11:38:06.368061 np0000008078 nova-conductor[95932]: DEBUG oslo_db.sqlalchemy.engines [None req-d988345a-d9d2-4b7a-a363-b02ac0811f1c None None] MySQL server mode set to STRICT_TRANS_TABLES,STRICT_ALL_TABLES,NO_ZERO_IN_DATE,NO_ZERO_DATE,ERROR_FOR_DIVISION_BY_ZERO,TRADITIONAL,NO_ENGINE_SUBSTITUTION {{(pid=95932) _check_effective_sql_mode /opt/stack/data/venv/lib/python3.12/site-packages/oslo_db/sqlalchemy/engines.py:325}}
Aug 25 11:38:06.370055 np0000008078 nova-conductor[95925]: DEBUG nova.service [None req-53a85f7c-2191-405d-8359-a217f9f648ce None None] Creating RPC server for service: nova-conductor on topic: conductor {{(pid=95925) start /opt/stack/nova/nova/service.py:262}}
Aug 25 11:38:06.378525 np0000008078 nova-conductor[95932]: DEBUG dbcounter [-] [95932] Writer thread running {{(pid=95932) stat_writer /opt/stack/data/venv/lib/python3.12/site-packages/dbcounter.py:102}}
Aug 25 11:38:06.379392 np0000008078 nova-conductor[95918]: DEBUG nova.service [None req-f8d17878-e76d-4527-8757-b5009f9c3144 None None] Join ServiceGroup membership for this service conductor {{(pid=95918) start /opt/stack/nova/nova/service.py:288}}
Aug 25 11:38:06.379683 np0000008078 nova-conductor[95918]: DEBUG nova.servicegroup.drivers.db [None req-f8d17878-e76d-4527-8757-b5009f9c3144 None None] DB_Driver: join new ServiceGroup member np0000008078 to the conductor group, service = {{(pid=95918) join /opt/stack/nova/nova/servicegroup/drivers/db.py:44}}
Aug 25 11:38:06.381446 np0000008078 nova-conductor[95932]: DEBUG nova.service [None req-d988345a-d9d2-4b7a-a363-b02ac0811f1c None None] Creating RPC server for service: nova-conductor on topic: conductor {{(pid=95932) start /opt/stack/nova/nova/service.py:262}}
Aug 25 11:38:06.401711 np0000008078 nova-conductor[95932]: DEBUG nova.service [None req-d988345a-d9d2-4b7a-a363-b02ac0811f1c None None] Join ServiceGroup membership for this service conductor {{(pid=95932) start /opt/stack/nova/nova/service.py:288}}
Aug 25 11:38:06.401949 np0000008078 nova-conductor[95932]: DEBUG nova.servicegroup.drivers.db [None req-d988345a-d9d2-4b7a-a363-b02ac0811f1c None None] DB_Driver: join new ServiceGroup member np0000008078 to the conductor group, service = {{(pid=95932) join /opt/stack/nova/nova/servicegroup/drivers/db.py:44}}
Aug 25 11:38:06.403515 np0000008078 nova-conductor[95925]: DEBUG nova.service [None req-53a85f7c-2191-405d-8359-a217f9f648ce None None] Join ServiceGroup membership for this service conductor {{(pid=95925) start /opt/stack/nova/nova/service.py:288}}
Aug 25 11:38:06.403696 np0000008078 nova-conductor[95925]: DEBUG nova.servicegroup.drivers.db [None req-53a85f7c-2191-405d-8359-a217f9f648ce None None] DB_Driver: join new ServiceGroup member np0000008078 to the conductor group, service = {{(pid=95925) join /opt/stack/nova/nova/servicegroup/drivers/db.py:44}}
Aug 25 11:38:08.405683 np0000008078 nova-conductor[95925]: DEBUG oslo.service.backend._threading.loopingcall [None req-3c3e17cb-73a7-4455-968f-7870c114cc1d None None] Dynamic interval looping call 'nova.service.Service.periodic_tasks' sleeping for 60.00 seconds {{(pid=95925) _run_loop /opt/stack/data/venv/lib/python3.12/site-packages/oslo_service/backend/_threading/loopingcall.py:125}}
Aug 25 11:38:11.391805 np0000008078 nova-conductor[95918]: DEBUG oslo.service.backend._threading.loopingcall [-] Fixed interval looping call 'nova.servicegroup.drivers.db.DbDriver._report_state' sleeping for 119.99 seconds {{(pid=95918) _run_loop /opt/stack/data/venv/lib/python3.12/site-packages/oslo_service/backend/_threading/loopingcall.py:125}}
Aug 25 11:38:11.410935 np0000008078 nova-conductor[95932]: DEBUG oslo.service.backend._threading.loopingcall [-] Fixed interval looping call 'nova.servicegroup.drivers.db.DbDriver._report_state' sleeping for 119.99 seconds {{(pid=95932) _run_loop /opt/stack/data/venv/lib/python3.12/site-packages/oslo_service/backend/_threading/loopingcall.py:125}}
Aug 25 11:38:11.412594 np0000008078 nova-conductor[95925]: DEBUG oslo.service.backend._threading.loopingcall [-] Fixed interval looping call 'nova.servicegroup.drivers.db.DbDriver._report_state' sleeping for 119.99 seconds {{(pid=95925) _run_loop /opt/stack/data/venv/lib/python3.12/site-packages/oslo_service/backend/_threading/loopingcall.py:125}}
Aug 25 11:38:14.993274 np0000008078 nova-conductor[94454]: DEBUG dbcounter [-] [94454] Writing DB stats nova_api:SELECT=1 {{(pid=94454) stat_writer /opt/stack/data/venv/lib/python3.12/site-packages/dbcounter.py:115}}
Aug 25 11:38:15.117437 np0000008078 nova-conductor[94454]: DEBUG dbcounter [-] [94454] Writing DB stats nova_cell1:SELECT=1 {{(pid=94454) stat_writer /opt/stack/data/venv/lib/python3.12/site-packages/dbcounter.py:115}}
Aug 25 11:38:15.123931 np0000008078 nova-conductor[94454]: DEBUG dbcounter [-] [94454] Writing DB stats nova_cell0:SELECT=1 {{(pid=94454) stat_writer /opt/stack/data/venv/lib/python3.12/site-packages/dbcounter.py:115}}
Aug 25 11:38:16.404031 np0000008078 nova-conductor[95932]: DEBUG oslo.service.backend._threading.loopingcall [None req-df638003-6fd4-4e21-b6c1-86d9f27425e6 None None] Dynamic interval looping call 'nova.service.Service.periodic_tasks' sleeping for 60.00 seconds {{(pid=95932) _run_loop /opt/stack/data/venv/lib/python3.12/site-packages/oslo_service/backend/_threading/loopingcall.py:125}}
Aug 25 11:38:21.388279 np0000008078 nova-conductor[95918]: DEBUG dbcounter [-] [95918] Writing DB stats nova_cell0:SELECT=4,nova_cell0:INSERT=1,nova_cell0:UPDATE=1 {{(pid=95918) stat_writer /opt/stack/data/venv/lib/python3.12/site-packages/dbcounter.py:115}}
Aug 25 11:38:21.407596 np0000008078 nova-conductor[95925]: DEBUG dbcounter [-] [95925] Writing DB stats nova_cell0:SELECT=4,nova_cell0:INSERT=1 {{(pid=95925) stat_writer /opt/stack/data/venv/lib/python3.12/site-packages/dbcounter.py:115}}
Aug 25 11:38:21.408731 np0000008078 nova-conductor[95932]: DEBUG dbcounter [-] [95932] Writing DB stats nova_cell0:SELECT=3 {{(pid=95932) stat_writer /opt/stack/data/venv/lib/python3.12/site-packages/dbcounter.py:115}}
Aug 25 11:38:59.381507 np0000008078 nova-conductor[95918]: DEBUG oslo.service.backend._threading.loopingcall [None req-ecd4821c-fa83-46af-942d-ae0d4eacf5f5 None None] Dynamic interval looping call 'nova.service.Service.periodic_tasks' sleeping for 60.00 seconds {{(pid=95918) _run_loop /opt/stack/data/venv/lib/python3.12/site-packages/oslo_service/backend/_threading/loopingcall.py:125}}
Aug 25 11:39:08.406242 np0000008078 nova-conductor[95925]: DEBUG oslo.service.backend._threading.loopingcall [None req-3c3e17cb-73a7-4455-968f-7870c114cc1d None None] Dynamic interval looping call 'nova.service.Service.periodic_tasks' sleeping for 60.00 seconds {{(pid=95925) _run_loop /opt/stack/data/venv/lib/python3.12/site-packages/oslo_service/backend/_threading/loopingcall.py:125}}
Aug 25 11:39:16.404459 np0000008078 nova-conductor[95932]: DEBUG oslo.service.backend._threading.loopingcall [None req-df638003-6fd4-4e21-b6c1-86d9f27425e6 None None] Dynamic interval looping call 'nova.service.Service.periodic_tasks' sleeping for 60.00 seconds {{(pid=95932) _run_loop /opt/stack/data/venv/lib/python3.12/site-packages/oslo_service/backend/_threading/loopingcall.py:125}}
Aug 25 11:39:59.382098 np0000008078 nova-conductor[95918]: DEBUG oslo.service.backend._threading.loopingcall [None req-ecd4821c-fa83-46af-942d-ae0d4eacf5f5 None None] Dynamic interval looping call 'nova.service.Service.periodic_tasks' sleeping for 60.00 seconds {{(pid=95918) _run_loop /opt/stack/data/venv/lib/python3.12/site-packages/oslo_service/backend/_threading/loopingcall.py:125}}
Aug 25 11:40:08.406806 np0000008078 nova-conductor[95925]: DEBUG oslo.service.backend._threading.loopingcall [None req-3c3e17cb-73a7-4455-968f-7870c114cc1d None None] Dynamic interval looping call 'nova.service.Service.periodic_tasks' sleeping for 60.00 seconds {{(pid=95925) _run_loop /opt/stack/data/venv/lib/python3.12/site-packages/oslo_service/backend/_threading/loopingcall.py:125}}
Aug 25 11:40:11.389780 np0000008078 nova-conductor[95918]: DEBUG oslo.service.backend._threading.loopingcall [-] Fixed interval looping call 'nova.servicegroup.drivers.db.DbDriver._report_state' sleeping for 119.99 seconds {{(pid=95918) _run_loop /opt/stack/data/venv/lib/python3.12/site-packages/oslo_service/backend/_threading/loopingcall.py:125}}
Aug 25 11:40:11.406108 np0000008078 nova-conductor[95932]: DEBUG oslo.service.backend._threading.loopingcall [-] Fixed interval looping call 'nova.servicegroup.drivers.db.DbDriver._report_state' sleeping for 120.00 seconds {{(pid=95932) _run_loop /opt/stack/data/venv/lib/python3.12/site-packages/oslo_service/backend/_threading/loopingcall.py:125}}
Aug 25 11:40:11.406654 np0000008078 nova-conductor[95925]: DEBUG oslo.service.backend._threading.loopingcall [-] Fixed interval looping call 'nova.servicegroup.drivers.db.DbDriver._report_state' sleeping for 120.00 seconds {{(pid=95925) _run_loop /opt/stack/data/venv/lib/python3.12/site-packages/oslo_service/backend/_threading/loopingcall.py:125}}
Aug 25 11:40:16.405002 np0000008078 nova-conductor[95932]: DEBUG oslo.service.backend._threading.loopingcall [None req-df638003-6fd4-4e21-b6c1-86d9f27425e6 None None] Dynamic interval looping call 'nova.service.Service.periodic_tasks' sleeping for 60.00 seconds {{(pid=95932) _run_loop /opt/stack/data/venv/lib/python3.12/site-packages/oslo_service/backend/_threading/loopingcall.py:125}}
Aug 25 11:40:17.786912 np0000008078 nova-conductor[95918]: DEBUG oslo_db.sqlalchemy.engines [None req-c20c9c61-d6cd-482d-b4d2-c8267eb620b4 tempest-DeleteServersTestJSON-827044412 tempest-DeleteServersTestJSON-827044412-project-member] Parent process 94454 forked (95918) with an open database connection, which is being discarded and recreated. {{(pid=95918) checkout /opt/stack/data/venv/lib/python3.12/site-packages/oslo_db/sqlalchemy/engines.py:402}}
Aug 25 11:40:17.835684 np0000008078 nova-conductor[95918]: DEBUG dbcounter [-] [95918] Writer thread running {{(pid=95918) stat_writer /opt/stack/data/venv/lib/python3.12/site-packages/dbcounter.py:102}}
Aug 25 11:40:18.763886 np0000008078 nova-conductor[95918]: DEBUG nova.conductor.manager [None req-c20c9c61-d6cd-482d-b4d2-c8267eb620b4 tempest-DeleteServersTestJSON-827044412 tempest-DeleteServersTestJSON-827044412-project-member] Took 0.93 seconds to select destinations for 1 instance(s). {{(pid=95918) _schedule_instances /opt/stack/nova/nova/conductor/manager.py:957}}
Aug 25 11:40:18.791180 np0000008078 nova-conductor[95918]: DEBUG oslo_concurrency.lockutils [None req-c20c9c61-d6cd-482d-b4d2-c8267eb620b4 tempest-DeleteServersTestJSON-827044412 tempest-DeleteServersTestJSON-827044412-project-member] Acquiring lock "d7999ed5-3403-4e3e-b1ac-e51fcfb63f4f" by "nova.context.set_target_cell..get_or_set_cached_cell_and_set_connections" {{(pid=95918) inner /opt/stack/data/venv/lib/python3.12/site-packages/oslo_concurrency/lockutils.py:512}}
Aug 25 11:40:18.791676 np0000008078 nova-conductor[95918]: DEBUG oslo_concurrency.lockutils [None req-c20c9c61-d6cd-482d-b4d2-c8267eb620b4 tempest-DeleteServersTestJSON-827044412 tempest-DeleteServersTestJSON-827044412-project-member] Lock "d7999ed5-3403-4e3e-b1ac-e51fcfb63f4f" acquired by "nova.context.set_target_cell..get_or_set_cached_cell_and_set_connections" :: waited 0.000s {{(pid=95918) inner /opt/stack/data/venv/lib/python3.12/site-packages/oslo_concurrency/lockutils.py:525}}
Aug 25 11:40:18.792892 np0000008078 nova-conductor[95918]: DEBUG oslo_concurrency.lockutils [None req-c20c9c61-d6cd-482d-b4d2-c8267eb620b4 tempest-DeleteServersTestJSON-827044412 tempest-DeleteServersTestJSON-827044412-project-member] Lock "d7999ed5-3403-4e3e-b1ac-e51fcfb63f4f" "released" by "nova.context.set_target_cell..get_or_set_cached_cell_and_set_connections" :: held 0.001s {{(pid=95918) inner /opt/stack/data/venv/lib/python3.12/site-packages/oslo_concurrency/lockutils.py:544}}
Aug 25 11:40:18.794829 np0000008078 nova-conductor[95918]: INFO dbcounter [None req-c20c9c61-d6cd-482d-b4d2-c8267eb620b4 tempest-DeleteServersTestJSON-827044412 tempest-DeleteServersTestJSON-827044412-project-member] Registered counter for database nova_cell1
Aug 25 11:40:18.825941 np0000008078 nova-conductor[95918]: DEBUG oslo_db.sqlalchemy.engines [None req-c20c9c61-d6cd-482d-b4d2-c8267eb620b4 tempest-DeleteServersTestJSON-827044412 tempest-DeleteServersTestJSON-827044412-project-member] MySQL server mode set to STRICT_TRANS_TABLES,STRICT_ALL_TABLES,NO_ZERO_IN_DATE,NO_ZERO_DATE,ERROR_FOR_DIVISION_BY_ZERO,TRADITIONAL,NO_ENGINE_SUBSTITUTION {{(pid=95918) _check_effective_sql_mode /opt/stack/data/venv/lib/python3.12/site-packages/oslo_db/sqlalchemy/engines.py:325}}
Aug 25 11:40:18.831572 np0000008078 nova-conductor[95918]: DEBUG dbcounter [-] [95918] Writer thread running {{(pid=95918) stat_writer /opt/stack/data/venv/lib/python3.12/site-packages/dbcounter.py:102}}
Aug 25 11:40:18.888791 np0000008078 nova-conductor[95918]: DEBUG oslo_concurrency.lockutils [None req-c20c9c61-d6cd-482d-b4d2-c8267eb620b4 tempest-DeleteServersTestJSON-827044412 tempest-DeleteServersTestJSON-827044412-project-member] Acquiring lock "00000000-0000-0000-0000-000000000000" by "nova.context.set_target_cell..get_or_set_cached_cell_and_set_connections" {{(pid=95918) inner /opt/stack/data/venv/lib/python3.12/site-packages/oslo_concurrency/lockutils.py:512}}
Aug 25 11:40:18.888943 np0000008078 nova-conductor[95918]: DEBUG oslo_concurrency.lockutils [None req-c20c9c61-d6cd-482d-b4d2-c8267eb620b4 tempest-DeleteServersTestJSON-827044412 tempest-DeleteServersTestJSON-827044412-project-member] Lock "00000000-0000-0000-0000-000000000000" acquired by "nova.context.set_target_cell..get_or_set_cached_cell_and_set_connections" :: waited 0.000s {{(pid=95918) inner /opt/stack/data/venv/lib/python3.12/site-packages/oslo_concurrency/lockutils.py:525}}
Aug 25 11:40:18.889647 np0000008078 nova-conductor[95918]: DEBUG oslo_concurrency.lockutils [None req-c20c9c61-d6cd-482d-b4d2-c8267eb620b4 tempest-DeleteServersTestJSON-827044412 tempest-DeleteServersTestJSON-827044412-project-member] Lock "00000000-0000-0000-0000-000000000000" "released" by "nova.context.set_target_cell..get_or_set_cached_cell_and_set_connections" :: held 0.000s {{(pid=95918) inner /opt/stack/data/venv/lib/python3.12/site-packages/oslo_concurrency/lockutils.py:544}}
Aug 25 11:40:18.889647 np0000008078 nova-conductor[95918]: INFO nova.thread_pool_factory [None req-c20c9c61-d6cd-482d-b4d2-c8267eb620b4 tempest-DeleteServersTestJSON-827044412 tempest-DeleteServersTestJSON-827044412-project-member] The cell_worker thread pool ForkProcess-1.cell_worker is initialized
Aug 25 11:40:18.890149 np0000008078 nova-conductor[95918]: DEBUG oslo_concurrency.lockutils [None req-c20c9c61-d6cd-482d-b4d2-c8267eb620b4 tempest-DeleteServersTestJSON-827044412 tempest-DeleteServersTestJSON-827044412-project-member] Acquiring lock "d7999ed5-3403-4e3e-b1ac-e51fcfb63f4f" by "nova.context.set_target_cell..get_or_set_cached_cell_and_set_connections" {{(pid=95918) inner /opt/stack/data/venv/lib/python3.12/site-packages/oslo_concurrency/lockutils.py:512}}
Aug 25 11:40:18.891621 np0000008078 nova-conductor[95918]: INFO dbcounter [None req-c20c9c61-d6cd-482d-b4d2-c8267eb620b4 tempest-DeleteServersTestJSON-827044412 tempest-DeleteServersTestJSON-827044412-project-member] Registered counter for database nova_cell0
Aug 25 11:40:18.892837 np0000008078 nova-conductor[95918]: DEBUG oslo_concurrency.lockutils [None req-c20c9c61-d6cd-482d-b4d2-c8267eb620b4 tempest-DeleteServersTestJSON-827044412 tempest-DeleteServersTestJSON-827044412-project-member] Lock "d7999ed5-3403-4e3e-b1ac-e51fcfb63f4f" acquired by "nova.context.set_target_cell..get_or_set_cached_cell_and_set_connections" :: waited 0.001s {{(pid=95918) inner /opt/stack/data/venv/lib/python3.12/site-packages/oslo_concurrency/lockutils.py:525}}
Aug 25 11:40:18.892934 np0000008078 nova-conductor[95918]: DEBUG oslo_concurrency.lockutils [None req-c20c9c61-d6cd-482d-b4d2-c8267eb620b4 tempest-DeleteServersTestJSON-827044412 tempest-DeleteServersTestJSON-827044412-project-member] Lock "d7999ed5-3403-4e3e-b1ac-e51fcfb63f4f" "released" by "nova.context.set_target_cell..get_or_set_cached_cell_and_set_connections" :: held 0.001s {{(pid=95918) inner /opt/stack/data/venv/lib/python3.12/site-packages/oslo_concurrency/lockutils.py:544}}
Aug 25 11:40:18.927697 np0000008078 nova-conductor[95918]: DEBUG oslo_db.sqlalchemy.engines [None req-c20c9c61-d6cd-482d-b4d2-c8267eb620b4 tempest-DeleteServersTestJSON-827044412 tempest-DeleteServersTestJSON-827044412-project-member] MySQL server mode set to STRICT_TRANS_TABLES,STRICT_ALL_TABLES,NO_ZERO_IN_DATE,NO_ZERO_DATE,ERROR_FOR_DIVISION_BY_ZERO,TRADITIONAL,NO_ENGINE_SUBSTITUTION {{(pid=95918) _check_effective_sql_mode /opt/stack/data/venv/lib/python3.12/site-packages/oslo_db/sqlalchemy/engines.py:325}}
Aug 25 11:40:18.932927 np0000008078 nova-conductor[95918]: DEBUG dbcounter [-] [95918] Writer thread running {{(pid=95918) stat_writer /opt/stack/data/venv/lib/python3.12/site-packages/dbcounter.py:102}}
Aug 25 11:40:18.942337 np0000008078 nova-conductor[95918]: DEBUG nova.quota [None req-c20c9c61-d6cd-482d-b4d2-c8267eb620b4 tempest-DeleteServersTestJSON-827044412 tempest-DeleteServersTestJSON-827044412-project-member] Getting quotas for project 72dd3cd583454529a17db8b636bb18d0. Resources: {'cores', 'ram', 'instances'} {{(pid=95918) _get_quotas /opt/stack/nova/nova/quota.py:389}}
Aug 25 11:40:18.946335 np0000008078 nova-conductor[95918]: DEBUG nova.quota [None req-c20c9c61-d6cd-482d-b4d2-c8267eb620b4 tempest-DeleteServersTestJSON-827044412 tempest-DeleteServersTestJSON-827044412-project-member] Getting quotas for user 00c7201c97874b84b649d7a97dc3f15a and project 72dd3cd583454529a17db8b636bb18d0. Resources: {'cores', 'ram', 'instances'} {{(pid=95918) _get_quotas /opt/stack/nova/nova/quota.py:379}}
Aug 25 11:40:18.959087 np0000008078 nova-conductor[95918]: DEBUG nova.conductor.manager [None req-c20c9c61-d6cd-482d-b4d2-c8267eb620b4 tempest-DeleteServersTestJSON-827044412 tempest-DeleteServersTestJSON-827044412-project-member] [instance: 6f945f72-4e88-489b-8a0c-b9b756823fb1] Selected host: np0000008078; Selected node: np0000008078; Alternates: [] {{(pid=95918) schedule_and_build_instances /opt/stack/nova/nova/conductor/manager.py:1773}}
Aug 25 11:40:18.959600 np0000008078 nova-conductor[95918]: DEBUG oslo_concurrency.lockutils [None req-c20c9c61-d6cd-482d-b4d2-c8267eb620b4 tempest-DeleteServersTestJSON-827044412 tempest-DeleteServersTestJSON-827044412-project-member] Acquiring lock "d7999ed5-3403-4e3e-b1ac-e51fcfb63f4f" by "nova.context.set_target_cell..get_or_set_cached_cell_and_set_connections" {{(pid=95918) inner /opt/stack/data/venv/lib/python3.12/site-packages/oslo_concurrency/lockutils.py:512}}
Aug 25 11:40:18.959742 np0000008078 nova-conductor[95918]: DEBUG oslo_concurrency.lockutils [None req-c20c9c61-d6cd-482d-b4d2-c8267eb620b4 tempest-DeleteServersTestJSON-827044412 tempest-DeleteServersTestJSON-827044412-project-member] Lock "d7999ed5-3403-4e3e-b1ac-e51fcfb63f4f" acquired by "nova.context.set_target_cell..get_or_set_cached_cell_and_set_connections" :: waited 0.000s {{(pid=95918) inner /opt/stack/data/venv/lib/python3.12/site-packages/oslo_concurrency/lockutils.py:525}}
Aug 25 11:40:18.959742 np0000008078 nova-conductor[95918]: DEBUG oslo_concurrency.lockutils [None req-c20c9c61-d6cd-482d-b4d2-c8267eb620b4 tempest-DeleteServersTestJSON-827044412 tempest-DeleteServersTestJSON-827044412-project-member] Lock "d7999ed5-3403-4e3e-b1ac-e51fcfb63f4f" "released" by "nova.context.set_target_cell..get_or_set_cached_cell_and_set_connections" :: held 0.000s {{(pid=95918) inner /opt/stack/data/venv/lib/python3.12/site-packages/oslo_concurrency/lockutils.py:544}}
Aug 25 11:40:18.970831 np0000008078 nova-conductor[95918]: DEBUG nova.conductor.manager [None req-c20c9c61-d6cd-482d-b4d2-c8267eb620b4 tempest-DeleteServersTestJSON-827044412 tempest-DeleteServersTestJSON-827044412-project-member] [instance: 6f945f72-4e88-489b-8a0c-b9b756823fb1] block_device_mapping [BlockDeviceMapping(attachment_id=,boot_index=0,connection_info=None,created_at=,delete_on_termination=True,deleted=,deleted_at=,destination_type='local',device_name=None,device_type='disk',disk_bus=None,encrypted=False,encryption_format=None,encryption_options=None,encryption_secret_uuid=None,guest_format=None,id=,image_id='e1e23c40-2685-48c3-a702-009b271d0873',instance=,instance_uuid=,no_device=False,snapshot_id=None,source_type='image',tag=None,updated_at=,uuid=,volume_id=None,volume_size=None,volume_type=None)] {{(pid=95918) _create_block_device_mapping /opt/stack/nova/nova/conductor/manager.py:1518}}
Aug 25 11:40:18.972784 np0000008078 nova-conductor[95918]: DEBUG oslo_concurrency.lockutils [None req-c20c9c61-d6cd-482d-b4d2-c8267eb620b4 tempest-DeleteServersTestJSON-827044412 tempest-DeleteServersTestJSON-827044412-project-member] Acquiring lock "d7999ed5-3403-4e3e-b1ac-e51fcfb63f4f" by "nova.context.set_target_cell..get_or_set_cached_cell_and_set_connections" {{(pid=95918) inner /opt/stack/data/venv/lib/python3.12/site-packages/oslo_concurrency/lockutils.py:512}}
Aug 25 11:40:18.972914 np0000008078 nova-conductor[95918]: DEBUG oslo_concurrency.lockutils [None req-c20c9c61-d6cd-482d-b4d2-c8267eb620b4 tempest-DeleteServersTestJSON-827044412 tempest-DeleteServersTestJSON-827044412-project-member] Lock "d7999ed5-3403-4e3e-b1ac-e51fcfb63f4f" acquired by "nova.context.set_target_cell..get_or_set_cached_cell_and_set_connections" :: waited 0.000s {{(pid=95918) inner /opt/stack/data/venv/lib/python3.12/site-packages/oslo_concurrency/lockutils.py:525}}
Aug 25 11:40:18.972964 np0000008078 nova-conductor[95918]: DEBUG oslo_concurrency.lockutils [None req-c20c9c61-d6cd-482d-b4d2-c8267eb620b4 tempest-DeleteServersTestJSON-827044412 tempest-DeleteServersTestJSON-827044412-project-member] Lock "d7999ed5-3403-4e3e-b1ac-e51fcfb63f4f" "released" by "nova.context.set_target_cell..get_or_set_cached_cell_and_set_connections" :: held 0.000s {{(pid=95918) inner /opt/stack/data/venv/lib/python3.12/site-packages/oslo_concurrency/lockutils.py:544}}
Aug 25 11:40:19.012853 np0000008078 nova-conductor[95918]: DEBUG oslo_concurrency.lockutils [None req-c20c9c61-d6cd-482d-b4d2-c8267eb620b4 tempest-DeleteServersTestJSON-827044412 tempest-DeleteServersTestJSON-827044412-project-member] Acquiring lock "d7999ed5-3403-4e3e-b1ac-e51fcfb63f4f" by "nova.context.set_target_cell..get_or_set_cached_cell_and_set_connections" {{(pid=95918) inner /opt/stack/data/venv/lib/python3.12/site-packages/oslo_concurrency/lockutils.py:512}}
Aug 25 11:40:19.012923 np0000008078 nova-conductor[95918]: DEBUG oslo_concurrency.lockutils [None req-c20c9c61-d6cd-482d-b4d2-c8267eb620b4 tempest-DeleteServersTestJSON-827044412 tempest-DeleteServersTestJSON-827044412-project-member] Lock "d7999ed5-3403-4e3e-b1ac-e51fcfb63f4f" acquired by "nova.context.set_target_cell..get_or_set_cached_cell_and_set_connections" :: waited 0.000s {{(pid=95918) inner /opt/stack/data/venv/lib/python3.12/site-packages/oslo_concurrency/lockutils.py:525}}
Aug 25 11:40:19.013051 np0000008078 nova-conductor[95918]: DEBUG oslo_concurrency.lockutils [None req-c20c9c61-d6cd-482d-b4d2-c8267eb620b4 tempest-DeleteServersTestJSON-827044412 tempest-DeleteServersTestJSON-827044412-project-member] Lock "d7999ed5-3403-4e3e-b1ac-e51fcfb63f4f" "released" by "nova.context.set_target_cell..get_or_set_cached_cell_and_set_connections" :: held 0.000s {{(pid=95918) inner /opt/stack/data/venv/lib/python3.12/site-packages/oslo_concurrency/lockutils.py:544}}
Aug 25 11:40:19.013292 np0000008078 nova-conductor[95918]: DEBUG oslo_concurrency.lockutils [None req-c20c9c61-d6cd-482d-b4d2-c8267eb620b4 tempest-DeleteServersTestJSON-827044412 tempest-DeleteServersTestJSON-827044412-project-member] Acquiring lock "compute-rpcapi-router" {{(pid=95918) lock /opt/stack/data/venv/lib/python3.12/site-packages/oslo_concurrency/lockutils.py:396}}
Aug 25 11:40:19.013422 np0000008078 nova-conductor[95918]: DEBUG oslo_concurrency.lockutils [None req-c20c9c61-d6cd-482d-b4d2-c8267eb620b4 tempest-DeleteServersTestJSON-827044412 tempest-DeleteServersTestJSON-827044412-project-member] Acquired lock "compute-rpcapi-router" {{(pid=95918) lock /opt/stack/data/venv/lib/python3.12/site-packages/oslo_concurrency/lockutils.py:399}}
Aug 25 11:40:19.014308 np0000008078 nova-conductor[95918]: DEBUG oslo_concurrency.lockutils [None req-4f00d066-1db0-4d20-9f57-f82c735b4080 None None] Acquiring lock "00000000-0000-0000-0000-000000000000" by "nova.context.set_target_cell..get_or_set_cached_cell_and_set_connections" {{(pid=95918) inner /opt/stack/data/venv/lib/python3.12/site-packages/oslo_concurrency/lockutils.py:512}}
Aug 25 11:40:19.014413 np0000008078 nova-conductor[95918]: DEBUG oslo_concurrency.lockutils [None req-4f00d066-1db0-4d20-9f57-f82c735b4080 None None] Lock "00000000-0000-0000-0000-000000000000" acquired by "nova.context.set_target_cell..get_or_set_cached_cell_and_set_connections" :: waited 0.001s {{(pid=95918) inner /opt/stack/data/venv/lib/python3.12/site-packages/oslo_concurrency/lockutils.py:525}}
Aug 25 11:40:19.014544 np0000008078 nova-conductor[95918]: DEBUG oslo_concurrency.lockutils [None req-4f00d066-1db0-4d20-9f57-f82c735b4080 None None] Lock "00000000-0000-0000-0000-000000000000" "released" by "nova.context.set_target_cell..get_or_set_cached_cell_and_set_connections" :: held 0.000s {{(pid=95918) inner /opt/stack/data/venv/lib/python3.12/site-packages/oslo_concurrency/lockutils.py:544}}
Aug 25 11:40:19.015190 np0000008078 nova-conductor[95918]: DEBUG oslo_concurrency.lockutils [None req-4f00d066-1db0-4d20-9f57-f82c735b4080 None None] Acquiring lock "d7999ed5-3403-4e3e-b1ac-e51fcfb63f4f" by "nova.context.set_target_cell..get_or_set_cached_cell_and_set_connections" {{(pid=95918) inner /opt/stack/data/venv/lib/python3.12/site-packages/oslo_concurrency/lockutils.py:512}}
Aug 25 11:40:19.016051 np0000008078 nova-conductor[95918]: DEBUG oslo_concurrency.lockutils [None req-4f00d066-1db0-4d20-9f57-f82c735b4080 None None] Lock "d7999ed5-3403-4e3e-b1ac-e51fcfb63f4f" acquired by "nova.context.set_target_cell..get_or_set_cached_cell_and_set_connections" :: waited 0.001s {{(pid=95918) inner /opt/stack/data/venv/lib/python3.12/site-packages/oslo_concurrency/lockutils.py:525}}
Aug 25 11:40:19.016227 np0000008078 nova-conductor[95918]: DEBUG oslo_concurrency.lockutils [None req-4f00d066-1db0-4d20-9f57-f82c735b4080 None None] Lock "d7999ed5-3403-4e3e-b1ac-e51fcfb63f4f" "released" by "nova.context.set_target_cell..get_or_set_cached_cell_and_set_connections" :: held 0.000s {{(pid=95918) inner /opt/stack/data/venv/lib/python3.12/site-packages/oslo_concurrency/lockutils.py:544}}
Aug 25 11:40:19.022369 np0000008078 nova-conductor[95918]: INFO nova.compute.rpcapi [None req-4f00d066-1db0-4d20-9f57-f82c735b4080 None None] Automatically selected compute RPC version 6.5 from minimum service version 73
Aug 25 11:40:19.022667 np0000008078 nova-conductor[95918]: DEBUG oslo_concurrency.lockutils [None req-4f00d066-1db0-4d20-9f57-f82c735b4080 None None] Releasing lock "compute-rpcapi-router" {{(pid=95918) lock /opt/stack/data/venv/lib/python3.12/site-packages/oslo_concurrency/lockutils.py:419}}
Aug 25 11:40:21.403396 np0000008078 nova-conductor[95932]: DEBUG dbcounter [-] [95932] Writing DB stats nova_cell0:SELECT=1 {{(pid=95932) stat_writer /opt/stack/data/venv/lib/python3.12/site-packages/dbcounter.py:115}}
Aug 25 11:40:21.405401 np0000008078 nova-conductor[95925]: DEBUG dbcounter [-] [95925] Writing DB stats nova_cell0:SELECT=1 {{(pid=95925) stat_writer /opt/stack/data/venv/lib/python3.12/site-packages/dbcounter.py:115}}
Aug 25 11:40:28.952096 np0000008078 nova-conductor[95918]: DEBUG dbcounter [-] [95918] Writing DB stats nova_cell0:SELECT=4,nova_cell0:UPDATE=1 {{(pid=95918) stat_writer /opt/stack/data/venv/lib/python3.12/site-packages/dbcounter.py:115}}
Aug 25 11:40:29.005977 np0000008078 nova-conductor[95918]: DEBUG dbcounter [-] [95918] Writing DB stats nova_api:SELECT=12,nova_api:UPDATE=1,nova_api:DELETE=1 {{(pid=95918) stat_writer /opt/stack/data/venv/lib/python3.12/site-packages/dbcounter.py:115}}
Aug 25 11:40:29.018421 np0000008078 nova-conductor[95918]: DEBUG dbcounter [-] [95918] Writing DB stats nova_cell0:SELECT=2 {{(pid=95918) stat_writer /opt/stack/data/venv/lib/python3.12/site-packages/dbcounter.py:115}}
Aug 25 11:40:29.020769 np0000008078 nova-conductor[95918]: DEBUG dbcounter [-] [95918] Writing DB stats nova_cell1:SELECT=5,nova_cell1:SAVEPOINT=1,nova_cell1:INSERT=21,nova_cell1:RELEASE=1 {{(pid=95918) stat_writer /opt/stack/data/venv/lib/python3.12/site-packages/dbcounter.py:115}}
Aug 25 11:40:33.272386 np0000008078 nova-conductor[95932]: DEBUG dbcounter [-] [95932] Writer thread running {{(pid=95932) stat_writer /opt/stack/data/venv/lib/python3.12/site-packages/dbcounter.py:102}}
Aug 25 11:40:33.888605 np0000008078 nova-conductor[95932]: DEBUG nova.conductor.manager [None req-c36f372c-e49e-4510-9b5f-0b1198856b09 tempest-AttachSCSIVolumeTestJSON-2130400967 tempest-AttachSCSIVolumeTestJSON-2130400967-project-member] Took 0.61 seconds to select destinations for 1 instance(s). {{(pid=95932) _schedule_instances /opt/stack/nova/nova/conductor/manager.py:957}}
Aug 25 11:40:33.935329 np0000008078 nova-conductor[95932]: DEBUG oslo_concurrency.lockutils [None req-c36f372c-e49e-4510-9b5f-0b1198856b09 tempest-AttachSCSIVolumeTestJSON-2130400967 tempest-AttachSCSIVolumeTestJSON-2130400967-project-member] Acquiring lock "d7999ed5-3403-4e3e-b1ac-e51fcfb63f4f" by "nova.context.set_target_cell..get_or_set_cached_cell_and_set_connections" {{(pid=95932) inner /opt/stack/data/venv/lib/python3.12/site-packages/oslo_concurrency/lockutils.py:512}}
Aug 25 11:40:33.935591 np0000008078 nova-conductor[95932]: DEBUG oslo_concurrency.lockutils [None req-c36f372c-e49e-4510-9b5f-0b1198856b09 tempest-AttachSCSIVolumeTestJSON-2130400967 tempest-AttachSCSIVolumeTestJSON-2130400967-project-member] Lock "d7999ed5-3403-4e3e-b1ac-e51fcfb63f4f" acquired by "nova.context.set_target_cell..get_or_set_cached_cell_and_set_connections" :: waited 0.001s {{(pid=95932) inner /opt/stack/data/venv/lib/python3.12/site-packages/oslo_concurrency/lockutils.py:525}}
Aug 25 11:40:33.937462 np0000008078 nova-conductor[95932]: DEBUG oslo_concurrency.lockutils [None req-c36f372c-e49e-4510-9b5f-0b1198856b09 tempest-AttachSCSIVolumeTestJSON-2130400967 tempest-AttachSCSIVolumeTestJSON-2130400967-project-member] Lock "d7999ed5-3403-4e3e-b1ac-e51fcfb63f4f" "released" by "nova.context.set_target_cell..get_or_set_cached_cell_and_set_connections" :: held 0.002s {{(pid=95932) inner /opt/stack/data/venv/lib/python3.12/site-packages/oslo_concurrency/lockutils.py:544}}
Aug 25 11:40:33.940550 np0000008078 nova-conductor[95932]: INFO dbcounter [None req-c36f372c-e49e-4510-9b5f-0b1198856b09 tempest-AttachSCSIVolumeTestJSON-2130400967 tempest-AttachSCSIVolumeTestJSON-2130400967-project-member] Registered counter for database nova_cell1
Aug 25 11:40:34.001982 np0000008078 nova-conductor[95932]: DEBUG oslo_db.sqlalchemy.engines [None req-c36f372c-e49e-4510-9b5f-0b1198856b09 tempest-AttachSCSIVolumeTestJSON-2130400967 tempest-AttachSCSIVolumeTestJSON-2130400967-project-member] MySQL server mode set to STRICT_TRANS_TABLES,STRICT_ALL_TABLES,NO_ZERO_IN_DATE,NO_ZERO_DATE,ERROR_FOR_DIVISION_BY_ZERO,TRADITIONAL,NO_ENGINE_SUBSTITUTION {{(pid=95932) _check_effective_sql_mode /opt/stack/data/venv/lib/python3.12/site-packages/oslo_db/sqlalchemy/engines.py:325}}
Aug 25 11:40:34.015598 np0000008078 nova-conductor[95932]: DEBUG dbcounter [-] [95932] Writer thread running {{(pid=95932) stat_writer /opt/stack/data/venv/lib/python3.12/site-packages/dbcounter.py:102}}
Aug 25 11:40:34.128126 np0000008078 nova-conductor[95932]: DEBUG oslo_concurrency.lockutils [None req-c36f372c-e49e-4510-9b5f-0b1198856b09 tempest-AttachSCSIVolumeTestJSON-2130400967 tempest-AttachSCSIVolumeTestJSON-2130400967-project-member] Acquiring lock "00000000-0000-0000-0000-000000000000" by "nova.context.set_target_cell..get_or_set_cached_cell_and_set_connections" {{(pid=95932) inner /opt/stack/data/venv/lib/python3.12/site-packages/oslo_concurrency/lockutils.py:512}}
Aug 25 11:40:34.128271 np0000008078 nova-conductor[95932]: DEBUG oslo_concurrency.lockutils [None req-c36f372c-e49e-4510-9b5f-0b1198856b09 tempest-AttachSCSIVolumeTestJSON-2130400967 tempest-AttachSCSIVolumeTestJSON-2130400967-project-member] Lock "00000000-0000-0000-0000-000000000000" acquired by "nova.context.set_target_cell..get_or_set_cached_cell_and_set_connections" :: waited 0.000s {{(pid=95932) inner /opt/stack/data/venv/lib/python3.12/site-packages/oslo_concurrency/lockutils.py:525}}
Aug 25 11:40:34.128655 np0000008078 nova-conductor[95932]: DEBUG oslo_concurrency.lockutils [None req-c36f372c-e49e-4510-9b5f-0b1198856b09 tempest-AttachSCSIVolumeTestJSON-2130400967 tempest-AttachSCSIVolumeTestJSON-2130400967-project-member] Lock "00000000-0000-0000-0000-000000000000" "released" by "nova.context.set_target_cell..get_or_set_cached_cell_and_set_connections" :: held 0.000s {{(pid=95932) inner /opt/stack/data/venv/lib/python3.12/site-packages/oslo_concurrency/lockutils.py:544}}
Aug 25 11:40:34.128988 np0000008078 nova-conductor[95932]: INFO nova.thread_pool_factory [None req-c36f372c-e49e-4510-9b5f-0b1198856b09 tempest-AttachSCSIVolumeTestJSON-2130400967 tempest-AttachSCSIVolumeTestJSON-2130400967-project-member] The cell_worker thread pool ForkProcess-3.cell_worker is initialized
