Jul 05 04:05:46.162409 np0000004565 nova-scheduler[93299]: DEBUG cotyledon.oslo_config_glue [-] oslo_limit.certfile = None {{(pid=93299) log_opt_values /opt/stack/data/venv/lib/python3.12/site-packages/oslo_config/cfg.py:3253}}
Jul 05 04:05:46.162409 np0000004565 nova-scheduler[93299]: DEBUG cotyledon.oslo_config_glue [-] oslo_limit.collect_timing = False {{(pid=93299) log_opt_values /opt/stack/data/venv/lib/python3.12/site-packages/oslo_config/cfg.py:3253}}
Jul 05 04:05:46.162409 np0000004565 nova-scheduler[93299]: DEBUG cotyledon.oslo_config_glue [-] oslo_limit.connect_retries = None {{(pid=93299) log_opt_values /opt/stack/data/venv/lib/python3.12/site-packages/oslo_config/cfg.py:3253}}
Jul 05 04:05:46.162409 np0000004565 nova-scheduler[93299]: DEBUG cotyledon.oslo_config_glue [-] oslo_limit.connect_retry_delay = None {{(pid=93299) log_opt_values /opt/stack/data/venv/lib/python3.12/site-packages/oslo_config/cfg.py:3253}}
Jul 05 04:05:46.162409 np0000004565 nova-scheduler[93299]: DEBUG cotyledon.oslo_config_glue [-] oslo_limit.endpoint_id = None {{(pid=93299) log_opt_values /opt/stack/data/venv/lib/python3.12/site-packages/oslo_config/cfg.py:3253}}
Jul 05 04:05:46.162409 np0000004565 nova-scheduler[93299]: DEBUG cotyledon.oslo_config_glue [-] oslo_limit.endpoint_interface = public {{(pid=93299) log_opt_values /opt/stack/data/venv/lib/python3.12/site-packages/oslo_config/cfg.py:3253}}
Jul 05 04:05:46.162678 np0000004565 nova-scheduler[93299]: DEBUG cotyledon.oslo_config_glue [-] oslo_limit.endpoint_override = None {{(pid=93299) log_opt_values /opt/stack/data/venv/lib/python3.12/site-packages/oslo_config/cfg.py:3253}}
Jul 05 04:05:46.162678 np0000004565 nova-scheduler[93299]: DEBUG cotyledon.oslo_config_glue [-] oslo_limit.endpoint_region_name = None {{(pid=93299) log_opt_values /opt/stack/data/venv/lib/python3.12/site-packages/oslo_config/cfg.py:3253}}
Jul 05 04:05:46.162678 np0000004565 nova-scheduler[93299]: DEBUG cotyledon.oslo_config_glue [-] oslo_limit.endpoint_service_name = None {{(pid=93299) log_opt_values /opt/stack/data/venv/lib/python3.12/site-packages/oslo_config/cfg.py:3253}}
Jul 05 04:05:46.162678 np0000004565 nova-scheduler[93299]: DEBUG cotyledon.oslo_config_glue [-] oslo_limit.endpoint_service_type = None {{(pid=93299) log_opt_values /opt/stack/data/venv/lib/python3.12/site-packages/oslo_config/cfg.py:3253}}
Jul 05 04:05:46.162678 np0000004565 nova-scheduler[93299]: DEBUG cotyledon.oslo_config_glue [-] oslo_limit.insecure = False {{(pid=93299) log_opt_values /opt/stack/data/venv/lib/python3.12/site-packages/oslo_config/cfg.py:3253}}
Jul 05 04:05:46.162678 np0000004565 nova-scheduler[93299]: DEBUG cotyledon.oslo_config_glue [-] oslo_limit.keyfile = None {{(pid=93299) log_opt_values /opt/stack/data/venv/lib/python3.12/site-packages/oslo_config/cfg.py:3253}}
Jul 05 04:05:46.162678 np0000004565 nova-scheduler[93299]: DEBUG cotyledon.oslo_config_glue [-] oslo_limit.max_version = None {{(pid=93299) log_opt_values /opt/stack/data/venv/lib/python3.12/site-packages/oslo_config/cfg.py:3253}}
Jul 05 04:05:46.162905 np0000004565 nova-scheduler[93295]: INFO dbcounter [None req-607398d3-549c-454d-89ec-4614dc8433e1 None None] Registered counter for database nova_cell0
Jul 05 04:05:46.162948 np0000004565 nova-scheduler[93299]: DEBUG cotyledon.oslo_config_glue [-] oslo_limit.min_version = None {{(pid=93299) log_opt_values /opt/stack/data/venv/lib/python3.12/site-packages/oslo_config/cfg.py:3253}}
Jul 05 04:05:46.162948 np0000004565 nova-scheduler[93299]: DEBUG cotyledon.oslo_config_glue [-] oslo_limit.region_name = None {{(pid=93299) log_opt_values /opt/stack/data/venv/lib/python3.12/site-packages/oslo_config/cfg.py:3253}}
Jul 05 04:05:46.162948 np0000004565 nova-scheduler[93299]: DEBUG cotyledon.oslo_config_glue [-] oslo_limit.retriable_status_codes = None {{(pid=93299) log_opt_values /opt/stack/data/venv/lib/python3.12/site-packages/oslo_config/cfg.py:3253}}
Jul 05 04:05:46.162948 np0000004565 nova-scheduler[93299]: DEBUG cotyledon.oslo_config_glue [-] oslo_limit.service_name = None {{(pid=93299) log_opt_values /opt/stack/data/venv/lib/python3.12/site-packages/oslo_config/cfg.py:3253}}
Jul 05 04:05:46.162948 np0000004565 nova-scheduler[93299]: DEBUG cotyledon.oslo_config_glue [-] oslo_limit.service_type = None {{(pid=93299) log_opt_values /opt/stack/data/venv/lib/python3.12/site-packages/oslo_config/cfg.py:3253}}
Jul 05 04:05:46.162948 np0000004565 nova-scheduler[93299]: DEBUG cotyledon.oslo_config_glue [-] oslo_limit.split_loggers = False {{(pid=93299) log_opt_values /opt/stack/data/venv/lib/python3.12/site-packages/oslo_config/cfg.py:3253}}
Jul 05 04:05:46.162948 np0000004565 nova-scheduler[93299]: DEBUG cotyledon.oslo_config_glue [-] oslo_limit.status_code_retries = None {{(pid=93299) log_opt_values /opt/stack/data/venv/lib/python3.12/site-packages/oslo_config/cfg.py:3253}}
Jul 05 04:05:46.162948 np0000004565 nova-scheduler[93299]: DEBUG cotyledon.oslo_config_glue [-] oslo_limit.status_code_retry_delay = None {{(pid=93299) log_opt_values /opt/stack/data/venv/lib/python3.12/site-packages/oslo_config/cfg.py:3253}}
Jul 05 04:05:46.162948 np0000004565 nova-scheduler[93299]: DEBUG cotyledon.oslo_config_glue [-] oslo_limit.timeout = None {{(pid=93299) log_opt_values /opt/stack/data/venv/lib/python3.12/site-packages/oslo_config/cfg.py:3253}}
Jul 05 04:05:46.163240 np0000004565 nova-scheduler[93299]: DEBUG cotyledon.oslo_config_glue [-] oslo_limit.valid_interfaces = None {{(pid=93299) log_opt_values /opt/stack/data/venv/lib/python3.12/site-packages/oslo_config/cfg.py:3253}}
Jul 05 04:05:46.163240 np0000004565 nova-scheduler[93299]: DEBUG cotyledon.oslo_config_glue [-] oslo_limit.version = None {{(pid=93299) log_opt_values /opt/stack/data/venv/lib/python3.12/site-packages/oslo_config/cfg.py:3253}}
Jul 05 04:05:46.163240 np0000004565 nova-scheduler[93299]: DEBUG cotyledon.oslo_config_glue [-] oslo_reports.file_event_handler = None {{(pid=93299) log_opt_values /opt/stack/data/venv/lib/python3.12/site-packages/oslo_config/cfg.py:3253}}
Jul 05 04:05:46.163240 np0000004565 nova-scheduler[93299]: DEBUG cotyledon.oslo_config_glue [-] oslo_reports.file_event_handler_interval = 1 {{(pid=93299) log_opt_values /opt/stack/data/venv/lib/python3.12/site-packages/oslo_config/cfg.py:3253}}
Jul 05 04:05:46.163240 np0000004565 nova-scheduler[93299]: DEBUG cotyledon.oslo_config_glue [-] oslo_reports.log_dir = None {{(pid=93299) log_opt_values /opt/stack/data/venv/lib/python3.12/site-packages/oslo_config/cfg.py:3253}}
Jul 05 04:05:46.163240 np0000004565 nova-scheduler[93299]: DEBUG cotyledon.oslo_config_glue [-] ******************************************************************************** {{(pid=93299) log_opt_values /opt/stack/data/venv/lib/python3.12/site-packages/oslo_config/cfg.py:3260}}
Jul 05 04:05:46.163240 np0000004565 nova-scheduler[93299]: DEBUG cotyledon._service_worker [-] Run service ServiceWrapper(2) [93299] {{(pid=93299) wait_forever /opt/stack/data/venv/lib/python3.12/site-packages/cotyledon/_service_worker.py:218}}
Jul 05 04:05:46.163240 np0000004565 nova-scheduler[93299]: INFO nova.service [-] Starting scheduler node (version 33.1.0)
Jul 05 04:05:46.163240 np0000004565 nova-scheduler[93299]: INFO dbcounter [None req-094e4da5-7add-4d86-92d3-6ff9f4341ba4 None None] Registered counter for database nova_cell0
Jul 05 04:05:46.163494 np0000004565 nova-scheduler[93293]: DEBUG oslo_db.sqlalchemy.engines [None req-56831125-adf5-4d0e-bc0b-e942fde7aad7 None None] MySQL server mode set to STRICT_TRANS_TABLES,STRICT_ALL_TABLES,NO_ZERO_IN_DATE,NO_ZERO_DATE,ERROR_FOR_DIVISION_BY_ZERO,TRADITIONAL,NO_ENGINE_SUBSTITUTION {{(pid=93293) _check_effective_sql_mode /opt/stack/data/venv/lib/python3.12/site-packages/oslo_db/sqlalchemy/engines.py:325}}
Jul 05 04:05:46.168428 np0000004565 nova-scheduler[93293]: DEBUG dbcounter [-] [93293] Writer thread running {{(pid=93293) stat_writer /opt/stack/data/venv/lib/python3.12/site-packages/dbcounter.py:102}}
Jul 05 04:05:46.171000 np0000004565 nova-scheduler[93299]: DEBUG oslo_db.sqlalchemy.engines [None req-094e4da5-7add-4d86-92d3-6ff9f4341ba4 None None] MySQL server mode set to STRICT_TRANS_TABLES,STRICT_ALL_TABLES,NO_ZERO_IN_DATE,NO_ZERO_DATE,ERROR_FOR_DIVISION_BY_ZERO,TRADITIONAL,NO_ENGINE_SUBSTITUTION {{(pid=93299) _check_effective_sql_mode /opt/stack/data/venv/lib/python3.12/site-packages/oslo_db/sqlalchemy/engines.py:325}}
Jul 05 04:05:46.176729 np0000004565 nova-scheduler[93295]: DEBUG oslo_db.sqlalchemy.engines [None req-607398d3-549c-454d-89ec-4614dc8433e1 None None] MySQL server mode set to STRICT_TRANS_TABLES,STRICT_ALL_TABLES,NO_ZERO_IN_DATE,NO_ZERO_DATE,ERROR_FOR_DIVISION_BY_ZERO,TRADITIONAL,NO_ENGINE_SUBSTITUTION {{(pid=93295) _check_effective_sql_mode /opt/stack/data/venv/lib/python3.12/site-packages/oslo_db/sqlalchemy/engines.py:325}}
Jul 05 04:05:46.182113 np0000004565 nova-scheduler[93299]: DEBUG dbcounter [-] [93299] Writer thread running {{(pid=93299) stat_writer /opt/stack/data/venv/lib/python3.12/site-packages/dbcounter.py:102}}
Jul 05 04:05:46.186301 np0000004565 nova-scheduler[93293]: DEBUG nova.service [None req-56831125-adf5-4d0e-bc0b-e942fde7aad7 None None] Creating RPC server for service: nova-scheduler on topic: scheduler {{(pid=93293) start /opt/stack/nova/nova/service.py:196}}
Jul 05 04:05:46.187224 np0000004565 nova-scheduler[93295]: DEBUG dbcounter [-] [93295] Writer thread running {{(pid=93295) stat_writer /opt/stack/data/venv/lib/python3.12/site-packages/dbcounter.py:102}}
Jul 05 04:05:46.190338 np0000004565 nova-scheduler[93295]: DEBUG nova.service [None req-607398d3-549c-454d-89ec-4614dc8433e1 None None] Creating RPC server for service: nova-scheduler on topic: scheduler {{(pid=93295) start /opt/stack/nova/nova/service.py:196}}
Jul 05 04:05:46.203667 np0000004565 nova-scheduler[93299]: DEBUG nova.service [None req-094e4da5-7add-4d86-92d3-6ff9f4341ba4 None None] Creating RPC server for service: nova-scheduler on topic: scheduler {{(pid=93299) start /opt/stack/nova/nova/service.py:196}}
Jul 05 04:05:46.212613 np0000004565 nova-scheduler[93293]: DEBUG nova.service [None req-56831125-adf5-4d0e-bc0b-e942fde7aad7 None None] Join ServiceGroup membership for this service scheduler {{(pid=93293) start /opt/stack/nova/nova/service.py:222}}
Jul 05 04:05:46.212613 np0000004565 nova-scheduler[93293]: DEBUG nova.servicegroup.drivers.db [None req-56831125-adf5-4d0e-bc0b-e942fde7aad7 None None] DB_Driver: join new ServiceGroup member np0000004565 to the scheduler group, service = {{(pid=93293) join /opt/stack/nova/nova/servicegroup/drivers/db.py:44}}
Jul 05 04:05:46.229422 np0000004565 nova-scheduler[93295]: DEBUG nova.service [None req-607398d3-549c-454d-89ec-4614dc8433e1 None None] Join ServiceGroup membership for this service scheduler {{(pid=93295) start /opt/stack/nova/nova/service.py:222}}
Jul 05 04:05:46.231876 np0000004565 nova-scheduler[93295]: DEBUG nova.servicegroup.drivers.db [None req-607398d3-549c-454d-89ec-4614dc8433e1 None None] DB_Driver: join new ServiceGroup member np0000004565 to the scheduler group, service = {{(pid=93295) join /opt/stack/nova/nova/servicegroup/drivers/db.py:44}}
Jul 05 04:05:46.244932 np0000004565 nova-scheduler[93299]: DEBUG nova.service [None req-094e4da5-7add-4d86-92d3-6ff9f4341ba4 None None] Join ServiceGroup membership for this service scheduler {{(pid=93299) start /opt/stack/nova/nova/service.py:222}}
Jul 05 04:05:46.245187 np0000004565 nova-scheduler[93299]: DEBUG nova.servicegroup.drivers.db [None req-094e4da5-7add-4d86-92d3-6ff9f4341ba4 None None] DB_Driver: join new ServiceGroup member np0000004565 to the scheduler group, service = {{(pid=93299) join /opt/stack/nova/nova/servicegroup/drivers/db.py:44}}
Jul 05 04:05:51.224292 np0000004565 nova-scheduler[93293]: DEBUG oslo.service.backend._threading.loopingcall [-] Fixed interval looping call 'nova.servicegroup.drivers.db.DbDriver._report_state' sleeping for 119.99 seconds {{(pid=93293) _run_loop /opt/stack/data/venv/lib/python3.12/site-packages/oslo_service/backend/_threading/loopingcall.py:125}}
Jul 05 04:05:51.243684 np0000004565 nova-scheduler[93295]: DEBUG oslo.service.backend._threading.loopingcall [-] Fixed interval looping call 'nova.servicegroup.drivers.db.DbDriver._report_state' sleeping for 119.99 seconds {{(pid=93295) _run_loop /opt/stack/data/venv/lib/python3.12/site-packages/oslo_service/backend/_threading/loopingcall.py:125}}
Jul 05 04:05:51.251284 np0000004565 nova-scheduler[93299]: DEBUG oslo.service.backend._threading.loopingcall [-] Fixed interval looping call 'nova.servicegroup.drivers.db.DbDriver._report_state' sleeping for 120.00 seconds {{(pid=93299) _run_loop /opt/stack/data/venv/lib/python3.12/site-packages/oslo_service/backend/_threading/loopingcall.py:125}}
Jul 05 04:05:54.746150 np0000004565 nova-scheduler[92046]: DEBUG dbcounter [-] [92046] Writing DB stats nova_api:SELECT=3 {{(pid=92046) stat_writer /opt/stack/data/venv/lib/python3.12/site-packages/dbcounter.py:115}}
Jul 05 04:05:54.867915 np0000004565 nova-scheduler[92046]: DEBUG dbcounter [-] [92046] Writing DB stats nova_cell0:SELECT=1 {{(pid=92046) stat_writer /opt/stack/data/venv/lib/python3.12/site-packages/dbcounter.py:115}}
Jul 05 04:05:54.872088 np0000004565 nova-scheduler[92046]: DEBUG dbcounter [-] [92046] Writing DB stats nova_cell1:SELECT=1 {{(pid=92046) stat_writer /opt/stack/data/venv/lib/python3.12/site-packages/dbcounter.py:115}}
Jul 05 04:06:01.221464 np0000004565 nova-scheduler[93293]: DEBUG dbcounter [-] [93293] Writing DB stats nova_cell0:SELECT=4,nova_cell0:INSERT=1,nova_cell0:UPDATE=1 {{(pid=93293) stat_writer /opt/stack/data/venv/lib/python3.12/site-packages/dbcounter.py:115}}
Jul 05 04:06:01.241489 np0000004565 nova-scheduler[93295]: DEBUG dbcounter [-] [93295] Writing DB stats nova_cell0:SELECT=3 {{(pid=93295) stat_writer /opt/stack/data/venv/lib/python3.12/site-packages/dbcounter.py:115}}
Jul 05 04:06:01.250067 np0000004565 nova-scheduler[93299]: DEBUG dbcounter [-] [93299] Writing DB stats nova_cell0:SELECT=4,nova_cell0:INSERT=1 {{(pid=93299) stat_writer /opt/stack/data/venv/lib/python3.12/site-packages/dbcounter.py:115}}
Jul 05 04:06:02.236733 np0000004565 nova-scheduler[93295]: DEBUG oslo.service.backend._threading.loopingcall [None req-0b414934-db95-4d66-a7b3-603970b679b6 None None] Dynamic interval looping call 'nova.service.Service.periodic_tasks' sleeping for 60.00 seconds {{(pid=93295) _run_loop /opt/stack/data/venv/lib/python3.12/site-packages/oslo_service/backend/_threading/loopingcall.py:125}}
Jul 05 04:06:06.247540 np0000004565 nova-scheduler[93299]: DEBUG oslo.service.backend._threading.loopingcall [None req-2fd3661f-4afb-49c3-909b-5acfd6587b33 None None] Dynamic interval looping call 'nova.service.Service.periodic_tasks' sleeping for 60.00 seconds {{(pid=93299) _run_loop /opt/stack/data/venv/lib/python3.12/site-packages/oslo_service/backend/_threading/loopingcall.py:125}}
Jul 05 04:06:21.214365 np0000004565 nova-scheduler[93293]: DEBUG oslo.service.backend._threading.loopingcall [None req-de6277b7-4eaf-4be9-9262-aa597e5416d0 None None] Dynamic interval looping call 'nova.service.Service.periodic_tasks' sleeping for 60.00 seconds {{(pid=93293) _run_loop /opt/stack/data/venv/lib/python3.12/site-packages/oslo_service/backend/_threading/loopingcall.py:125}}
Jul 05 04:07:02.237267 np0000004565 nova-scheduler[93295]: DEBUG oslo.service.backend._threading.loopingcall [None req-0b414934-db95-4d66-a7b3-603970b679b6 None None] Dynamic interval looping call 'nova.service.Service.periodic_tasks' sleeping for 60.00 seconds {{(pid=93295) _run_loop /opt/stack/data/venv/lib/python3.12/site-packages/oslo_service/backend/_threading/loopingcall.py:125}}
Jul 05 04:07:06.248011 np0000004565 nova-scheduler[93299]: DEBUG oslo.service.backend._threading.loopingcall [None req-2fd3661f-4afb-49c3-909b-5acfd6587b33 None None] Dynamic interval looping call 'nova.service.Service.periodic_tasks' sleeping for 60.00 seconds {{(pid=93299) _run_loop /opt/stack/data/venv/lib/python3.12/site-packages/oslo_service/backend/_threading/loopingcall.py:125}}
Jul 05 04:07:21.214842 np0000004565 nova-scheduler[93293]: DEBUG oslo.service.backend._threading.loopingcall [None req-de6277b7-4eaf-4be9-9262-aa597e5416d0 None None] Dynamic interval looping call 'nova.service.Service.periodic_tasks' sleeping for 60.00 seconds {{(pid=93293) _run_loop /opt/stack/data/venv/lib/python3.12/site-packages/oslo_service/backend/_threading/loopingcall.py:125}}
Jul 05 04:07:51.220433 np0000004565 nova-scheduler[93293]: DEBUG oslo.service.backend._threading.loopingcall [-] Fixed interval looping call 'nova.servicegroup.drivers.db.DbDriver._report_state' sleeping for 119.99 seconds {{(pid=93293) _run_loop /opt/stack/data/venv/lib/python3.12/site-packages/oslo_service/backend/_threading/loopingcall.py:125}}
Jul 05 04:07:51.237862 np0000004565 nova-scheduler[93295]: DEBUG oslo.service.backend._threading.loopingcall [-] Fixed interval looping call 'nova.servicegroup.drivers.db.DbDriver._report_state' sleeping for 120.00 seconds {{(pid=93295) _run_loop /opt/stack/data/venv/lib/python3.12/site-packages/oslo_service/backend/_threading/loopingcall.py:125}}
Jul 05 04:07:51.258633 np0000004565 nova-scheduler[93299]: DEBUG oslo.service.backend._threading.loopingcall [-] Fixed interval looping call 'nova.servicegroup.drivers.db.DbDriver._report_state' sleeping for 119.99 seconds {{(pid=93299) _run_loop /opt/stack/data/venv/lib/python3.12/site-packages/oslo_service/backend/_threading/loopingcall.py:125}}
Jul 05 04:08:01.217289 np0000004565 nova-scheduler[93293]: DEBUG dbcounter [-] [93293] Writing DB stats nova_cell0:SELECT=1,nova_cell0:UPDATE=1 {{(pid=93293) stat_writer /opt/stack/data/venv/lib/python3.12/site-packages/dbcounter.py:115}}
Jul 05 04:08:01.235732 np0000004565 nova-scheduler[93295]: DEBUG dbcounter [-] [93295] Writing DB stats nova_cell0:SELECT=1 {{(pid=93295) stat_writer /opt/stack/data/venv/lib/python3.12/site-packages/dbcounter.py:115}}
Jul 05 04:08:01.255335 np0000004565 nova-scheduler[93299]: DEBUG dbcounter [-] [93299] Writing DB stats nova_cell0:SELECT=1 {{(pid=93299) stat_writer /opt/stack/data/venv/lib/python3.12/site-packages/dbcounter.py:115}}
Jul 05 04:08:02.238634 np0000004565 nova-scheduler[93295]: DEBUG oslo.service.backend._threading.loopingcall [None req-0b414934-db95-4d66-a7b3-603970b679b6 None None] Dynamic interval looping call 'nova.service.Service.periodic_tasks' sleeping for 60.00 seconds {{(pid=93295) _run_loop /opt/stack/data/venv/lib/python3.12/site-packages/oslo_service/backend/_threading/loopingcall.py:125}}
Jul 05 04:08:06.248473 np0000004565 nova-scheduler[93299]: DEBUG oslo.service.backend._threading.loopingcall [None req-2fd3661f-4afb-49c3-909b-5acfd6587b33 None None] Dynamic interval looping call 'nova.service.Service.periodic_tasks' sleeping for 60.00 seconds {{(pid=93299) _run_loop /opt/stack/data/venv/lib/python3.12/site-packages/oslo_service/backend/_threading/loopingcall.py:125}}
Jul 05 04:08:08.854400 np0000004565 nova-scheduler[93293]: DEBUG nova.scheduler.manager [None req-5b9a1d94-6f06-444d-983f-59124c8f099f tempest-DeleteServersTestJSON-979006844 tempest-DeleteServersTestJSON-979006844-project-member] Starting to schedule for instances: ['f4d773aa-a6f4-41a0-9e84-ec1e3628f5d8'] {{(pid=93293) select_destinations /opt/stack/nova/nova/scheduler/manager.py:209}}
Jul 05 04:08:08.861510 np0000004565 nova-scheduler[93293]: DEBUG nova.scheduler.request_filter [None req-5b9a1d94-6f06-444d-983f-59124c8f099f tempest-DeleteServersTestJSON-979006844 tempest-DeleteServersTestJSON-979006844-project-member] compute_status_filter request filter added forbidden trait COMPUTE_STATUS_DISABLED {{(pid=93293) compute_status_filter /opt/stack/nova/nova/scheduler/request_filter.py:253}}
Jul 05 04:08:08.861510 np0000004565 nova-scheduler[93293]: DEBUG nova.scheduler.request_filter [None req-5b9a1d94-6f06-444d-983f-59124c8f099f tempest-DeleteServersTestJSON-979006844 tempest-DeleteServersTestJSON-979006844-project-member] Request filter 'compute_status_filter' took 0.0 seconds {{(pid=93293) wrapper /opt/stack/nova/nova/scheduler/request_filter.py:46}}
Jul 05 04:08:08.861510 np0000004565 nova-scheduler[93293]: DEBUG nova.scheduler.request_filter [None req-5b9a1d94-6f06-444d-983f-59124c8f099f tempest-DeleteServersTestJSON-979006844 tempest-DeleteServersTestJSON-979006844-project-member] Request filter 'accelerators_filter' took 0.0 seconds {{(pid=93293) wrapper /opt/stack/nova/nova/scheduler/request_filter.py:46}}
Jul 05 04:08:08.862454 np0000004565 nova-scheduler[93293]: DEBUG nova.scheduler.request_filter [None req-5b9a1d94-6f06-444d-983f-59124c8f099f tempest-DeleteServersTestJSON-979006844 tempest-DeleteServersTestJSON-979006844-project-member] Request filter 'packed_virtqueue_filter' took 0.0 seconds {{(pid=93293) wrapper /opt/stack/nova/nova/scheduler/request_filter.py:46}}
Jul 05 04:08:08.862454 np0000004565 nova-scheduler[93293]: DEBUG nova.scheduler.request_filter [None req-5b9a1d94-6f06-444d-983f-59124c8f099f tempest-DeleteServersTestJSON-979006844 tempest-DeleteServersTestJSON-979006844-project-member] Request filter 'remote_managed_ports_filter' took 0.0 seconds {{(pid=93293) wrapper /opt/stack/nova/nova/scheduler/request_filter.py:46}}
Jul 05 04:08:08.862454 np0000004565 nova-scheduler[93293]: DEBUG nova.scheduler.request_filter [None req-5b9a1d94-6f06-444d-983f-59124c8f099f tempest-DeleteServersTestJSON-979006844 tempest-DeleteServersTestJSON-979006844-project-member] ephemeral_encryption_filter skipped {{(pid=93293) ephemeral_encryption_filter /opt/stack/nova/nova/scheduler/request_filter.py:426}}
Jul 05 04:08:08.863955 np0000004565 nova-scheduler[93293]: DEBUG nova.scheduler.request_filter [None req-5b9a1d94-6f06-444d-983f-59124c8f099f tempest-DeleteServersTestJSON-979006844 tempest-DeleteServersTestJSON-979006844-project-member] virtio_sound_filter skipped {{(pid=93293) virtio_sound_filter /opt/stack/nova/nova/scheduler/request_filter.py:460}}
Jul 05 04:08:08.863955 np0000004565 nova-scheduler[93293]: DEBUG nova.scheduler.request_filter [None req-5b9a1d94-6f06-444d-983f-59124c8f099f tempest-DeleteServersTestJSON-979006844 tempest-DeleteServersTestJSON-979006844-project-member] tpm_secret_security_filter skipped {{(pid=93293) tpm_secret_security_filter /opt/stack/nova/nova/scheduler/request_filter.py:477}}
Jul 05 04:08:09.354181 np0000004565 nova-scheduler[93293]: INFO nova.utils [None req-5b9a1d94-6f06-444d-983f-59124c8f099f tempest-DeleteServersTestJSON-979006844 tempest-DeleteServersTestJSON-979006844-project-member] The cell worker thread pool ForkProcess-1.cell_worker is initialized
Jul 05 04:08:09.354746 np0000004565 nova-scheduler[93293]: DEBUG oslo_concurrency.lockutils [None req-5b9a1d94-6f06-444d-983f-59124c8f099f tempest-DeleteServersTestJSON-979006844 tempest-DeleteServersTestJSON-979006844-project-member] Acquiring lock "4f232612-0e21-43e4-ae82-3487672ab4a7" by "nova.context.set_target_cell..get_or_set_cached_cell_and_set_connections" {{(pid=93293) inner /opt/stack/data/venv/lib/python3.12/site-packages/oslo_concurrency/lockutils.py:511}}
Jul 05 04:08:09.354960 np0000004565 nova-scheduler[93293]: DEBUG oslo_concurrency.lockutils [None req-5b9a1d94-6f06-444d-983f-59124c8f099f tempest-DeleteServersTestJSON-979006844 tempest-DeleteServersTestJSON-979006844-project-member] Lock "4f232612-0e21-43e4-ae82-3487672ab4a7" acquired by "nova.context.set_target_cell..get_or_set_cached_cell_and_set_connections" :: waited 0.000s {{(pid=93293) inner /opt/stack/data/venv/lib/python3.12/site-packages/oslo_concurrency/lockutils.py:524}}
Jul 05 04:08:09.357156 np0000004565 nova-scheduler[93293]: DEBUG oslo_concurrency.lockutils [None req-5b9a1d94-6f06-444d-983f-59124c8f099f tempest-DeleteServersTestJSON-979006844 tempest-DeleteServersTestJSON-979006844-project-member] Lock "4f232612-0e21-43e4-ae82-3487672ab4a7" "released" by "nova.context.set_target_cell..get_or_set_cached_cell_and_set_connections" :: held 0.002s {{(pid=93293) inner /opt/stack/data/venv/lib/python3.12/site-packages/oslo_concurrency/lockutils.py:543}}
Jul 05 04:08:09.359432 np0000004565 nova-scheduler[93293]: INFO dbcounter [None req-5b9a1d94-6f06-444d-983f-59124c8f099f tempest-DeleteServersTestJSON-979006844 tempest-DeleteServersTestJSON-979006844-project-member] Registered counter for database nova_cell1
Jul 05 04:08:09.391109 np0000004565 nova-scheduler[93293]: DEBUG oslo_db.sqlalchemy.engines [None req-5b9a1d94-6f06-444d-983f-59124c8f099f tempest-DeleteServersTestJSON-979006844 tempest-DeleteServersTestJSON-979006844-project-member] MySQL server mode set to STRICT_TRANS_TABLES,STRICT_ALL_TABLES,NO_ZERO_IN_DATE,NO_ZERO_DATE,ERROR_FOR_DIVISION_BY_ZERO,TRADITIONAL,NO_ENGINE_SUBSTITUTION {{(pid=93293) _check_effective_sql_mode /opt/stack/data/venv/lib/python3.12/site-packages/oslo_db/sqlalchemy/engines.py:325}}
Jul 05 04:08:09.397235 np0000004565 nova-scheduler[93293]: DEBUG dbcounter [-] [93293] Writer thread running {{(pid=93293) stat_writer /opt/stack/data/venv/lib/python3.12/site-packages/dbcounter.py:102}}
Jul 05 04:08:09.407822 np0000004565 nova-scheduler[93293]: DEBUG oslo_db.sqlalchemy.engines [None req-5b9a1d94-6f06-444d-983f-59124c8f099f tempest-DeleteServersTestJSON-979006844 tempest-DeleteServersTestJSON-979006844-project-member] Parent process 92046 forked (93293) with an open database connection, which is being discarded and recreated. {{(pid=93293) checkout /opt/stack/data/venv/lib/python3.12/site-packages/oslo_db/sqlalchemy/engines.py:402}}
Jul 05 04:08:09.451708 np0000004565 nova-scheduler[93293]: DEBUG dbcounter [-] [93293] Writer thread running {{(pid=93293) stat_writer /opt/stack/data/venv/lib/python3.12/site-packages/dbcounter.py:102}}
Jul 05 04:08:09.454319 np0000004565 nova-scheduler[93293]: DEBUG oslo_concurrency.lockutils [None req-5b9a1d94-6f06-444d-983f-59124c8f099f tempest-DeleteServersTestJSON-979006844 tempest-DeleteServersTestJSON-979006844-project-member] Acquiring lock "4f232612-0e21-43e4-ae82-3487672ab4a7" by "nova.context.set_target_cell..get_or_set_cached_cell_and_set_connections" {{(pid=93293) inner /opt/stack/data/venv/lib/python3.12/site-packages/oslo_concurrency/lockutils.py:511}}
Jul 05 04:08:09.454319 np0000004565 nova-scheduler[93293]: DEBUG oslo_concurrency.lockutils [None req-5b9a1d94-6f06-444d-983f-59124c8f099f tempest-DeleteServersTestJSON-979006844 tempest-DeleteServersTestJSON-979006844-project-member] Lock "4f232612-0e21-43e4-ae82-3487672ab4a7" acquired by "nova.context.set_target_cell..get_or_set_cached_cell_and_set_connections" :: waited 0.000s {{(pid=93293) inner /opt/stack/data/venv/lib/python3.12/site-packages/oslo_concurrency/lockutils.py:524}}
Jul 05 04:08:09.454319 np0000004565 nova-scheduler[93293]: DEBUG oslo_concurrency.lockutils [None req-5b9a1d94-6f06-444d-983f-59124c8f099f tempest-DeleteServersTestJSON-979006844 tempest-DeleteServersTestJSON-979006844-project-member] Lock "4f232612-0e21-43e4-ae82-3487672ab4a7" "released" by "nova.context.set_target_cell..get_or_set_cached_cell_and_set_connections" :: held 0.000s {{(pid=93293) inner /opt/stack/data/venv/lib/python3.12/site-packages/oslo_concurrency/lockutils.py:543}}
Jul 05 04:08:09.457140 np0000004565 nova-scheduler[93293]: DEBUG oslo_concurrency.lockutils [None req-5b9a1d94-6f06-444d-983f-59124c8f099f tempest-DeleteServersTestJSON-979006844 tempest-DeleteServersTestJSON-979006844-project-member] Acquiring lock "np0000004565-np0000004565" by "nova.scheduler.host_manager.HostState.update.._locked_update" {{(pid=93293) inner /opt/stack/data/venv/lib/python3.12/site-packages/oslo_concurrency/lockutils.py:511}}
Jul 05 04:08:09.457306 np0000004565 nova-scheduler[93293]: DEBUG oslo_concurrency.lockutils [None req-5b9a1d94-6f06-444d-983f-59124c8f099f tempest-DeleteServersTestJSON-979006844 tempest-DeleteServersTestJSON-979006844-project-member] Lock "np0000004565-np0000004565" acquired by "nova.scheduler.host_manager.HostState.update.._locked_update" :: waited 0.000s {{(pid=93293) inner /opt/stack/data/venv/lib/python3.12/site-packages/oslo_concurrency/lockutils.py:524}}
Jul 05 04:08:09.458410 np0000004565 nova-scheduler[93293]: DEBUG nova.scheduler.host_manager [None req-5b9a1d94-6f06-444d-983f-59124c8f099f tempest-DeleteServersTestJSON-979006844 tempest-DeleteServersTestJSON-979006844-project-member] Update host state from compute node: ComputeNode(cpu_allocation_ratio=4.0,cpu_info='{"arch": "x86_64", "model": "EPYC-Milan", "vendor": "AMD", "topology": {"cells": 1, "sockets": 16, "cores": 1, "threads": 1}, "maxphysaddr": {"mode": "emulate", "bits": 40}, "features": ["abm", "smep", "vme", "vpclmulqdq", "virt-ssbd", "rdseed", "mce", "movbe", "pause-filter", "pclmuldq", "fma", "stibp", "clflushopt", "bmi2", "fsrm", "osvw", "erms", "f16c", "rdrand", "smap", "pcid", "lm", "mtrr", "msr", "pschange-mc-no", "clwb", "sse4.1", "amd-ssbd", "tsc_adjust", "vaes", "aes", "invpcid", "mmx", "mmxext", "rdtscp", "sha-ni", "fsgsbase", "syscall", "ssse3", "rdpid", "nx", "pfthreshold", "lahf_lm", "no-nested-data-bp", "arch-capabilities", "sse4a", "avx2", "flushbyasid", "adx", "3dnowprefetch", "svme-addr-chk", "v-vmsave-vmload", "gds-no", "amd-stibp", "amd-psfd", "mca", "pku", "umip", "pse36", "vgif", "spec-ctrl", "sse2", "apic", "stibp-always-on", "clzero", "pse", "pni", "xgetbv1", "wbnoinvd", "pae", "cr8legacy", "bmi1", "xsaves", "xsave", "nrip-save", "null-sel-clr-base", "xsaveopt", "fxsr", "ibrs", "xsavec", "cmov", "tsc-scale", "skip-l1dfl-vmentry", "tsc-deadline", "npt", "misalignsse", "sse", "cx16", "fpu", "rdctl-no", "vmcb-clean", "hypervisor", "x2apic", "ssbd", "fxsr_opt", "lbrv", "pdpe1gb", "de", "arat", "sep", "pge", "ibpb", "popcnt", "avx", "sse4.2", "xsaveerptr", "mds-no", "cx8", "perfctr_core", "cmp_legacy", "tsc", "clflush", "lfence-always-serializing", "topoext", "svm", "pat"]}',created_at=2026-07-05T04:06:11Z,current_workload=0,deleted=False,deleted_at=None,disk_allocation_ratio=1.0,disk_available_least=73,free_disk_gb=95,free_ram_mb=62765,host='np0000004565',host_ip=10.4.3.125,hypervisor_hostname='np0000004565',hypervisor_type='QEMU',hypervisor_version=8002002,id=1,local_gb=95,local_gb_used=0,mapped=1,memory_mb=63277,memory_mb_used=512,metrics='[]',numa_topology='{"nova_object.name": "NUMATopology", "nova_object.namespace": "nova", "nova_object.version": "1.2", "nova_object.data": {"cells": [{"nova_object.name": "NUMACell", "nova_object.namespace": "nova", "nova_object.version": "1.5", "nova_object.data": {"id": 0, "cpuset": [0, 1, 2, 3, 4, 5, 6, 7, 8, 9, 10, 11, 12, 13, 14, 15], "pcpuset": [0, 1, 2, 3, 4, 5, 6, 7, 8, 9, 10, 11, 12, 13, 14, 15], "memory": 63277, "cpu_usage": 0, "memory_usage": 0, "pinned_cpus": [], "siblings": [[6], [12], [2], [15], [5], [11], [8], [14], [4], [1], [7], [10], [0], [13], [3], [9]], "mempages": [{"nova_object.name": "NUMAPagesTopology", "nova_object.namespace": "nova", "nova_object.version": "1.1", "nova_object.data": {"size_kb": 4, "total": 16177929, "used": 0, "reserved": 0}, "nova_object.changes": ["reserved", "size_kb", "used", "total"]}, {"nova_object.name": "NUMAPagesTopology", "nova_object.namespace": "nova", "nova_object.version": "1.1", "nova_object.data": {"size_kb": 2048, "total": 41, "used": 0, "reserved": 0}, "nova_object.changes": ["reserved", "size_kb", "used", "total"]}, {"nova_object.name": "NUMAPagesTopology", "nova_object.namespace": "nova", "nova_object.version": "1.1", "nova_object.data": {"size_kb": 1048576, "total": 0, "used": 0, "reserved": 0}, "nova_object.changes": ["reserved", "size_kb", "used", "total"]}], "network_metadata": {"nova_object.name": "NetworkMetadata", "nova_object.namespace": "nova", "nova_object.version": "1.0", "nova_object.data": {"physnets": [], "tunneled": false}, "nova_object.changes": ["physnets", "tunneled"]}, "socket": null}, "nova_object.changes": ["mempages", "pinned_cpus", "cpuset", "socket", "cpu_usage", "network_metadata", "pcpuset", "id", "memory", "siblings", "memory_usage"]}]}, "nova_object.changes": ["cells"]}',pci_device_pools=PciDevicePoolList,ram_allocation_ratio=1.0,running_vms=0,service_id=4,stats={failed_builds='0',uptime=' 04:07:56 up 13 min, 2 users, load average: 2.69, 1.72, 0.96
Jul 05 04:08:09.458410 np0000004565 nova-scheduler[93293]: '},supported_hv_specs=[HVSpec,HVSpec,HVSpec,HVSpec,HVSpec,HVSpec,HVSpec,HVSpec,HVSpec,HVSpec,HVSpec,HVSpec,HVSpec,HVSpec,HVSpec,HVSpec,HVSpec,HVSpec,HVSpec,HVSpec,HVSpec,HVSpec,HVSpec,HVSpec,HVSpec],updated_at=2026-07-05T04:07:58Z,uuid=6a370afd-cc8f-488d-8dd1-8a8dd614624a,vcpus=16,vcpus_used=0) {{(pid=93293) _locked_update /opt/stack/nova/nova/scheduler/host_manager.py:168}}
Jul 05 04:08:09.459139 np0000004565 nova-scheduler[93293]: DEBUG nova.scheduler.host_manager [None req-5b9a1d94-6f06-444d-983f-59124c8f099f tempest-DeleteServersTestJSON-979006844 tempest-DeleteServersTestJSON-979006844-project-member] Update host state with aggregates: [] {{(pid=93293) _locked_update /opt/stack/nova/nova/scheduler/host_manager.py:171}}
Jul 05 04:08:09.459244 np0000004565 nova-scheduler[93293]: DEBUG nova.scheduler.host_manager [None req-5b9a1d94-6f06-444d-983f-59124c8f099f tempest-DeleteServersTestJSON-979006844 tempest-DeleteServersTestJSON-979006844-project-member] Update host state with service dict: {'id': 4, 'uuid': '4c6686e5-f0c3-44bd-92ba-adccfe0302be', 'host': 'np0000004565', 'binary': 'nova-compute', 'topic': 'compute', 'report_count': 1, 'disabled': False, 'disabled_reason': None, 'last_seen_up': datetime.datetime(2026, 7, 5, 4, 6, 19, tzinfo=datetime.timezone.utc), 'forced_down': False, 'version': 72, 'created_at': datetime.datetime(2026, 7, 5, 4, 6, 9, tzinfo=datetime.timezone.utc), 'updated_at': datetime.datetime(2026, 7, 5, 4, 6, 19, tzinfo=datetime.timezone.utc), 'deleted_at': None, 'deleted': False} {{(pid=93293) _locked_update /opt/stack/nova/nova/scheduler/host_manager.py:174}}
Jul 05 04:08:09.459344 np0000004565 nova-scheduler[93293]: DEBUG nova.scheduler.host_manager [None req-5b9a1d94-6f06-444d-983f-59124c8f099f tempest-DeleteServersTestJSON-979006844 tempest-DeleteServersTestJSON-979006844-project-member] Update host state with instances: [] {{(pid=93293) _locked_update /opt/stack/nova/nova/scheduler/host_manager.py:177}}
Jul 05 04:08:09.459994 np0000004565 nova-scheduler[93293]: DEBUG oslo_concurrency.lockutils [None req-5b9a1d94-6f06-444d-983f-59124c8f099f tempest-DeleteServersTestJSON-979006844 tempest-DeleteServersTestJSON-979006844-project-member] Lock "np0000004565-np0000004565" "released" by "nova.scheduler.host_manager.HostState.update.._locked_update" :: held 0.002s {{(pid=93293) inner /opt/stack/data/venv/lib/python3.12/site-packages/oslo_concurrency/lockutils.py:543}}
Jul 05 04:08:09.459994 np0000004565 nova-scheduler[93293]: DEBUG nova.filters [None req-5b9a1d94-6f06-444d-983f-59124c8f099f tempest-DeleteServersTestJSON-979006844 tempest-DeleteServersTestJSON-979006844-project-member] Starting with 1 host(s) {{(pid=93293) get_filtered_objects /opt/stack/nova/nova/filters.py:70}}
Jul 05 04:08:09.460116 np0000004565 nova-scheduler[93293]: DEBUG nova.filters [None req-5b9a1d94-6f06-444d-983f-59124c8f099f tempest-DeleteServersTestJSON-979006844 tempest-DeleteServersTestJSON-979006844-project-member] Filter ComputeFilter returned 1 host(s) {{(pid=93293) get_filtered_objects /opt/stack/nova/nova/filters.py:102}}
Jul 05 04:08:09.460367 np0000004565 nova-scheduler[93293]: DEBUG nova.filters [None req-5b9a1d94-6f06-444d-983f-59124c8f099f tempest-DeleteServersTestJSON-979006844 tempest-DeleteServersTestJSON-979006844-project-member] Filter ComputeCapabilitiesFilter returned 1 host(s) {{(pid=93293) get_filtered_objects /opt/stack/nova/nova/filters.py:102}}
Jul 05 04:08:09.460501 np0000004565 nova-scheduler[93293]: DEBUG nova.filters [None req-5b9a1d94-6f06-444d-983f-59124c8f099f tempest-DeleteServersTestJSON-979006844 tempest-DeleteServersTestJSON-979006844-project-member] Filter ImagePropertiesFilter returned 1 host(s) {{(pid=93293) get_filtered_objects /opt/stack/nova/nova/filters.py:102}}
Jul 05 04:08:09.460601 np0000004565 nova-scheduler[93293]: DEBUG nova.filters [None req-5b9a1d94-6f06-444d-983f-59124c8f099f tempest-DeleteServersTestJSON-979006844 tempest-DeleteServersTestJSON-979006844-project-member] Filter ServerGroupAntiAffinityFilter returned 1 host(s) {{(pid=93293) get_filtered_objects /opt/stack/nova/nova/filters.py:102}}
Jul 05 04:08:09.460719 np0000004565 nova-scheduler[93293]: DEBUG nova.filters [None req-5b9a1d94-6f06-444d-983f-59124c8f099f tempest-DeleteServersTestJSON-979006844 tempest-DeleteServersTestJSON-979006844-project-member] Filter ServerGroupAffinityFilter returned 1 host(s) {{(pid=93293) get_filtered_objects /opt/stack/nova/nova/filters.py:102}}
Jul 05 04:08:09.460840 np0000004565 nova-scheduler[93293]: DEBUG nova.filters [None req-5b9a1d94-6f06-444d-983f-59124c8f099f tempest-DeleteServersTestJSON-979006844 tempest-DeleteServersTestJSON-979006844-project-member] Filter SameHostFilter returned 1 host(s) {{(pid=93293) get_filtered_objects /opt/stack/nova/nova/filters.py:102}}
Jul 05 04:08:09.460962 np0000004565 nova-scheduler[93293]: DEBUG nova.filters [None req-5b9a1d94-6f06-444d-983f-59124c8f099f tempest-DeleteServersTestJSON-979006844 tempest-DeleteServersTestJSON-979006844-project-member] Filter DifferentHostFilter returned 1 host(s) {{(pid=93293) get_filtered_objects /opt/stack/nova/nova/filters.py:102}}
Jul 05 04:08:09.461087 np0000004565 nova-scheduler[93293]: DEBUG nova.scheduler.manager [None req-5b9a1d94-6f06-444d-983f-59124c8f099f tempest-DeleteServersTestJSON-979006844 tempest-DeleteServersTestJSON-979006844-project-member] Filtered [(np0000004565, np0000004565) ram: 62765MB disk: 74752MB io_ops: 0 instances: 0, allocation_candidates: 1] {{(pid=93293) _get_sorted_hosts /opt/stack/nova/nova/scheduler/manager.py:742}}
Jul 05 04:08:09.461802 np0000004565 nova-scheduler[93293]: DEBUG nova.scheduler.manager [None req-5b9a1d94-6f06-444d-983f-59124c8f099f tempest-DeleteServersTestJSON-979006844 tempest-DeleteServersTestJSON-979006844-project-member] Weighed [WeighedHost [host: (np0000004565, np0000004565) ram: 62765MB disk: 74752MB io_ops: 0 instances: 0, allocation_candidates: 1, weight: 0.0]] {{(pid=93293) _get_sorted_hosts /opt/stack/nova/nova/scheduler/manager.py:764}}
Jul 05 04:08:09.461802 np0000004565 nova-scheduler[93293]: DEBUG nova.scheduler.utils [None req-5b9a1d94-6f06-444d-983f-59124c8f099f tempest-DeleteServersTestJSON-979006844 tempest-DeleteServersTestJSON-979006844-project-member] Attempting to claim resources in the placement API for instance f4d773aa-a6f4-41a0-9e84-ec1e3628f5d8 {{(pid=93293) claim_resources /opt/stack/nova/nova/scheduler/utils.py:1345}}
Jul 05 04:08:09.597670 np0000004565 nova-scheduler[93293]: DEBUG nova.scheduler.manager [None req-5b9a1d94-6f06-444d-983f-59124c8f099f tempest-DeleteServersTestJSON-979006844 tempest-DeleteServersTestJSON-979006844-project-member] [instance: f4d773aa-a6f4-41a0-9e84-ec1e3628f5d8] Selected host: (np0000004565, np0000004565) ram: 62765MB disk: 74752MB io_ops: 0 instances: 0, allocation_candidates: 1 {{(pid=93293) _consume_selected_host /opt/stack/nova/nova/scheduler/manager.py:624}}
Jul 05 04:08:09.597899 np0000004565 nova-scheduler[93293]: DEBUG oslo_concurrency.lockutils [None req-5b9a1d94-6f06-444d-983f-59124c8f099f tempest-DeleteServersTestJSON-979006844 tempest-DeleteServersTestJSON-979006844-project-member] Acquiring lock "np0000004565-np0000004565" by "nova.scheduler.host_manager.HostState.consume_from_request.._locked" {{(pid=93293) inner /opt/stack/data/venv/lib/python3.12/site-packages/oslo_concurrency/lockutils.py:511}}
Jul 05 04:08:09.598033 np0000004565 nova-scheduler[93293]: DEBUG oslo_concurrency.lockutils [None req-5b9a1d94-6f06-444d-983f-59124c8f099f tempest-DeleteServersTestJSON-979006844 tempest-DeleteServersTestJSON-979006844-project-member] Lock "np0000004565-np0000004565" acquired by "nova.scheduler.host_manager.HostState.consume_from_request.._locked" :: waited 0.000s {{(pid=93293) inner /opt/stack/data/venv/lib/python3.12/site-packages/oslo_concurrency/lockutils.py:524}}
Jul 05 04:08:09.598203 np0000004565 nova-scheduler[93293]: DEBUG oslo_concurrency.lockutils [None req-5b9a1d94-6f06-444d-983f-59124c8f099f tempest-DeleteServersTestJSON-979006844 tempest-DeleteServersTestJSON-979006844-project-member] Lock "np0000004565-np0000004565" "released" by "nova.scheduler.host_manager.HostState.consume_from_request.._locked" :: held 0.000s {{(pid=93293) inner /opt/stack/data/venv/lib/python3.12/site-packages/oslo_concurrency/lockutils.py:543}}
Jul 05 04:08:12.188210 np0000004565 nova-scheduler[93295]: DEBUG nova.scheduler.manager [None req-65d2e036-6705-4db8-91ed-b1962d713b85 tempest-ServerBootFromVolumeStableRescueTest-716485411 tempest-ServerBootFromVolumeStableRescueTest-716485411-project-member] Starting to schedule for instances: ['9b560b23-fc33-4633-ae8e-cc0dc7e8dc23'] {{(pid=93295) select_destinations /opt/stack/nova/nova/scheduler/manager.py:209}}
Jul 05 04:08:12.189967 np0000004565 nova-scheduler[93295]: DEBUG nova.scheduler.request_filter [None req-65d2e036-6705-4db8-91ed-b1962d713b85 tempest-ServerBootFromVolumeStableRescueTest-716485411 tempest-ServerBootFromVolumeStableRescueTest-716485411-project-member] compute_status_filter request filter added forbidden trait COMPUTE_STATUS_DISABLED {{(pid=93295) compute_status_filter /opt/stack/nova/nova/scheduler/request_filter.py:253}}
Jul 05 04:08:12.189967 np0000004565 nova-scheduler[93295]: DEBUG nova.scheduler.request_filter [None req-65d2e036-6705-4db8-91ed-b1962d713b85 tempest-ServerBootFromVolumeStableRescueTest-716485411 tempest-ServerBootFromVolumeStableRescueTest-716485411-project-member] Request filter 'compute_status_filter' took 0.0 seconds {{(pid=93295) wrapper /opt/stack/nova/nova/scheduler/request_filter.py:46}}
Jul 05 04:08:12.192256 np0000004565 nova-scheduler[93295]: DEBUG nova.scheduler.request_filter [None req-65d2e036-6705-4db8-91ed-b1962d713b85 tempest-ServerBootFromVolumeStableRescueTest-716485411 tempest-ServerBootFromVolumeStableRescueTest-716485411-project-member] Request filter 'accelerators_filter' took 0.0 seconds {{(pid=93295) wrapper /opt/stack/nova/nova/scheduler/request_filter.py:46}}
Jul 05 04:08:12.192506 np0000004565 nova-scheduler[93295]: DEBUG nova.scheduler.request_filter [None req-65d2e036-6705-4db8-91ed-b1962d713b85 tempest-ServerBootFromVolumeStableRescueTest-716485411 tempest-ServerBootFromVolumeStableRescueTest-716485411-project-member] Request filter 'packed_virtqueue_filter' took 0.0 seconds {{(pid=93295) wrapper /opt/stack/nova/nova/scheduler/request_filter.py:46}}
Jul 05 04:08:12.192822 np0000004565 nova-scheduler[93295]: DEBUG nova.scheduler.request_filter [None req-65d2e036-6705-4db8-91ed-b1962d713b85 tempest-ServerBootFromVolumeStableRescueTest-716485411 tempest-ServerBootFromVolumeStableRescueTest-716485411-project-member] Request filter 'remote_managed_ports_filter' took 0.0 seconds {{(pid=93295) wrapper /opt/stack/nova/nova/scheduler/request_filter.py:46}}
Jul 05 04:08:12.192997 np0000004565 nova-scheduler[93295]: DEBUG nova.scheduler.request_filter [None req-65d2e036-6705-4db8-91ed-b1962d713b85 tempest-ServerBootFromVolumeStableRescueTest-716485411 tempest-ServerBootFromVolumeStableRescueTest-716485411-project-member] ephemeral_encryption_filter skipped {{(pid=93295) ephemeral_encryption_filter /opt/stack/nova/nova/scheduler/request_filter.py:426}}
Jul 05 04:08:12.193715 np0000004565 nova-scheduler[93295]: DEBUG nova.scheduler.request_filter [None req-65d2e036-6705-4db8-91ed-b1962d713b85 tempest-ServerBootFromVolumeStableRescueTest-716485411 tempest-ServerBootFromVolumeStableRescueTest-716485411-project-member] virtio_sound_filter skipped {{(pid=93295) virtio_sound_filter /opt/stack/nova/nova/scheduler/request_filter.py:460}}
Jul 05 04:08:12.193715 np0000004565 nova-scheduler[93295]: DEBUG nova.scheduler.request_filter [None req-65d2e036-6705-4db8-91ed-b1962d713b85 tempest-ServerBootFromVolumeStableRescueTest-716485411 tempest-ServerBootFromVolumeStableRescueTest-716485411-project-member] tpm_secret_security_filter skipped {{(pid=93295) tpm_secret_security_filter /opt/stack/nova/nova/scheduler/request_filter.py:477}}
Jul 05 04:08:12.317117 np0000004565 nova-scheduler[93295]: INFO nova.utils [None req-65d2e036-6705-4db8-91ed-b1962d713b85 tempest-ServerBootFromVolumeStableRescueTest-716485411 tempest-ServerBootFromVolumeStableRescueTest-716485411-project-member] The cell worker thread pool ForkProcess-2.cell_worker is initialized
Jul 05 04:08:12.317568 np0000004565 nova-scheduler[93295]: DEBUG oslo_concurrency.lockutils [None req-65d2e036-6705-4db8-91ed-b1962d713b85 tempest-ServerBootFromVolumeStableRescueTest-716485411 tempest-ServerBootFromVolumeStableRescueTest-716485411-project-member] Acquiring lock "4f232612-0e21-43e4-ae82-3487672ab4a7" by "nova.context.set_target_cell..get_or_set_cached_cell_and_set_connections" {{(pid=93295) inner /opt/stack/data/venv/lib/python3.12/site-packages/oslo_concurrency/lockutils.py:511}}
Jul 05 04:08:12.318069 np0000004565 nova-scheduler[93295]: DEBUG oslo_concurrency.lockutils [None req-65d2e036-6705-4db8-91ed-b1962d713b85 tempest-ServerBootFromVolumeStableRescueTest-716485411 tempest-ServerBootFromVolumeStableRescueTest-716485411-project-member] Lock "4f232612-0e21-43e4-ae82-3487672ab4a7" acquired by "nova.context.set_target_cell..get_or_set_cached_cell_and_set_connections" :: waited 0.000s {{(pid=93295) inner /opt/stack/data/venv/lib/python3.12/site-packages/oslo_concurrency/lockutils.py:524}}
Jul 05 04:08:12.319757 np0000004565 nova-scheduler[93295]: DEBUG oslo_concurrency.lockutils [None req-65d2e036-6705-4db8-91ed-b1962d713b85 tempest-ServerBootFromVolumeStableRescueTest-716485411 tempest-ServerBootFromVolumeStableRescueTest-716485411-project-member] Lock "4f232612-0e21-43e4-ae82-3487672ab4a7" "released" by "nova.context.set_target_cell..get_or_set_cached_cell_and_set_connections" :: held 0.002s {{(pid=93295) inner /opt/stack/data/venv/lib/python3.12/site-packages/oslo_concurrency/lockutils.py:543}}
Jul 05 04:08:12.321398 np0000004565 nova-scheduler[93295]: INFO dbcounter [None req-65d2e036-6705-4db8-91ed-b1962d713b85 tempest-ServerBootFromVolumeStableRescueTest-716485411 tempest-ServerBootFromVolumeStableRescueTest-716485411-project-member] Registered counter for database nova_cell1
Jul 05 04:08:12.367966 np0000004565 nova-scheduler[93295]: DEBUG oslo_db.sqlalchemy.engines [None req-65d2e036-6705-4db8-91ed-b1962d713b85 tempest-ServerBootFromVolumeStableRescueTest-716485411 tempest-ServerBootFromVolumeStableRescueTest-716485411-project-member] MySQL server mode set to STRICT_TRANS_TABLES,STRICT_ALL_TABLES,NO_ZERO_IN_DATE,NO_ZERO_DATE,ERROR_FOR_DIVISION_BY_ZERO,TRADITIONAL,NO_ENGINE_SUBSTITUTION {{(pid=93295) _check_effective_sql_mode /opt/stack/data/venv/lib/python3.12/site-packages/oslo_db/sqlalchemy/engines.py:325}}
Jul 05 04:08:12.373519 np0000004565 nova-scheduler[93295]: DEBUG dbcounter [-] [93295] Writer thread running {{(pid=93295) stat_writer /opt/stack/data/venv/lib/python3.12/site-packages/dbcounter.py:102}}
Jul 05 04:08:12.452036 np0000004565 nova-scheduler[93295]: DEBUG dbcounter [-] [93295] Writer thread running {{(pid=93295) stat_writer /opt/stack/data/venv/lib/python3.12/site-packages/dbcounter.py:102}}
Jul 05 04:08:12.457501 np0000004565 nova-scheduler[93295]: DEBUG oslo_concurrency.lockutils [None req-65d2e036-6705-4db8-91ed-b1962d713b85 tempest-ServerBootFromVolumeStableRescueTest-716485411 tempest-ServerBootFromVolumeStableRescueTest-716485411-project-member] Acquiring lock "4f232612-0e21-43e4-ae82-3487672ab4a7" by "nova.context.set_target_cell..get_or_set_cached_cell_and_set_connections" {{(pid=93295) inner /opt/stack/data/venv/lib/python3.12/site-packages/oslo_concurrency/lockutils.py:511}}
Jul 05 04:08:12.461112 np0000004565 nova-scheduler[93295]: DEBUG oslo_concurrency.lockutils [None req-65d2e036-6705-4db8-91ed-b1962d713b85 tempest-ServerBootFromVolumeStableRescueTest-716485411 tempest-ServerBootFromVolumeStableRescueTest-716485411-project-member] Lock "4f232612-0e21-43e4-ae82-3487672ab4a7" acquired by "nova.context.set_target_cell..get_or_set_cached_cell_and_set_connections" :: waited 0.000s {{(pid=93295) inner /opt/stack/data/venv/lib/python3.12/site-packages/oslo_concurrency/lockutils.py:524}}
Jul 05 04:08:12.461112 np0000004565 nova-scheduler[93295]: DEBUG oslo_concurrency.lockutils [None req-65d2e036-6705-4db8-91ed-b1962d713b85 tempest-ServerBootFromVolumeStableRescueTest-716485411 tempest-ServerBootFromVolumeStableRescueTest-716485411-project-member] Lock "4f232612-0e21-43e4-ae82-3487672ab4a7" "released" by "nova.context.set_target_cell..get_or_set_cached_cell_and_set_connections" :: held 0.000s {{(pid=93295) inner /opt/stack/data/venv/lib/python3.12/site-packages/oslo_concurrency/lockutils.py:543}}
Jul 05 04:08:12.462940 np0000004565 nova-scheduler[93295]: DEBUG oslo_concurrency.lockutils [None req-65d2e036-6705-4db8-91ed-b1962d713b85 tempest-ServerBootFromVolumeStableRescueTest-716485411 tempest-ServerBootFromVolumeStableRescueTest-716485411-project-member] Acquiring lock "np0000004565-np0000004565" by "nova.scheduler.host_manager.HostState.update.._locked_update" {{(pid=93295) inner /opt/stack/data/venv/lib/python3.12/site-packages/oslo_concurrency/lockutils.py:511}}
Jul 05 04:08:12.462940 np0000004565 nova-scheduler[93295]: DEBUG oslo_concurrency.lockutils [None req-65d2e036-6705-4db8-91ed-b1962d713b85 tempest-ServerBootFromVolumeStableRescueTest-716485411 tempest-ServerBootFromVolumeStableRescueTest-716485411-project-member] Lock "np0000004565-np0000004565" acquired by "nova.scheduler.host_manager.HostState.update.._locked_update" :: waited 0.000s {{(pid=93295) inner /opt/stack/data/venv/lib/python3.12/site-packages/oslo_concurrency/lockutils.py:524}}
