Jul 14 05:18:17.559232 np0000005144 devstack@neutron-api.service[90805]: INFO neutron.api.extensions [None req-111960cf-3052-4dfc-ab38-1645d5f090b2 None None] Extension standard-attr-segment not supported by any of loaded plugins
Jul 14 05:18:17.559327 np0000005144 devstack@neutron-api.service[90805]: DEBUG neutron.api.extensions [None req-111960cf-3052-4dfc-ab38-1645d5f090b2 None None] Loading extension file: standardattrdescription.py {{(pid=90805) _load_all_extensions_from_path /opt/stack/neutron/neutron/api/extensions.py:449}}
Jul 14 05:18:17.559788 np0000005144 devstack@neutron-api.service[90803]: DEBUG oslo_concurrency.processutils [None req-7b6ea696-8b2c-42b3-b476-8646187aaaf7 None None] CMD "ovsdb-client transact ssl:10.4.3.235:6641 --timeout 180 -p /opt/stack/data/CA/int-ca/private/devstack-cert.key -c /opt/stack/data/CA/int-ca/devstack-cert.crt -C /opt/stack/data/CA/int-ca/ca-chain.pem ["OVN_Northbound", {"op": "wait", "timeout": 0, "table": "Port_Group", "where": [["name", "==", "neutron_pg_drop"]], "until": "==", "rows": []}, {"op": "insert", "table": "ACL", "row": {"action": "drop", "direction": "to-lport", "match": "outport == @neutron_pg_drop && ip", "priority": 1001}, "uuid-name": "droptoport"}, {"op": "insert", "table": "ACL", "row": {"action": "drop", "direction": "from-lport", "match": "inport == @neutron_pg_drop && ip", "priority": 1001}, "uuid-name": "dropfromport"}, {"op": "insert", "table": "Port_Group", "row": {"name": "neutron_pg_drop", "acls": ["set", [["named-uuid", "droptoport"], ["named-uuid", "dropfromport"]]]}}]" returned: 0 in 0.032s {{(pid=90803) execute /opt/stack/data/venv/lib/python3.12/site-packages/oslo_concurrency/processutils.py:468}}
Jul 14 05:18:17.559930 np0000005144 devstack@neutron-api.service[90805]: DEBUG neutron.api.extensions [None req-111960cf-3052-4dfc-ab38-1645d5f090b2 None None] Ext name="standard-attr-description" alias="standard-attr-description" description="Extension to add descriptions to standard attributes" updated="2016-02-10T10:00:00-00:00" {{(pid=90805) _check_extension /opt/stack/neutron/neutron/api/extensions.py:415}}
Jul 14 05:18:17.560028 np0000005144 devstack@neutron-api.service[90805]: INFO neutron.api.extensions [None req-111960cf-3052-4dfc-ab38-1645d5f090b2 None None] Loaded extension: standard-attr-description
Jul 14 05:18:17.560142 np0000005144 devstack@neutron-api.service[90805]: DEBUG neutron.api.extensions [None req-111960cf-3052-4dfc-ab38-1645d5f090b2 None None] Loading extension file: stateful_security_group.py {{(pid=90805) _load_all_extensions_from_path /opt/stack/neutron/neutron/api/extensions.py:449}}
Jul 14 05:18:17.560422 np0000005144 devstack@neutron-api.service[90805]: DEBUG neutron.api.extensions [None req-111960cf-3052-4dfc-ab38-1645d5f090b2 None None] Ext name="Stateful security group" alias="stateful-security-group" description="Indicates if the security group is stateful or not" updated="2019-11-26T09:00:00-00:00" {{(pid=90805) _check_extension /opt/stack/neutron/neutron/api/extensions.py:415}}
Jul 14 05:18:17.560510 np0000005144 devstack@neutron-api.service[90803]: DEBUG neutron_lib.callbacks.manager [None req-7b6ea696-8b2c-42b3-b476-8646187aaaf7 None None] Publish callbacks ['neutron.plugins.ml2.drivers.ovn.mech_driver.mech_driver.OVNMechanismDriver.post_fork_initialize-329373', 'neutron.services.pvlan.drivers.ovn.driver._initialize_pvlan_pg_drop-8365052436544', 'neutron.services.ovn_l3.plugin.OVNL3RouterPlugin._post_fork_initialize-41865'] for process (None), after_init {{(pid=90803) _notify_loop /opt/stack/data/venv/lib/python3.12/site-packages/neutron_lib/callbacks/manager.py:184}}
Jul 14 05:18:17.560622 np0000005144 devstack@neutron-api.service[90805]: INFO neutron.api.extensions [None req-111960cf-3052-4dfc-ab38-1645d5f090b2 None None] Loaded extension: stateful-security-group
Jul 14 05:18:17.560622 np0000005144 devstack@neutron-api.service[90805]: DEBUG neutron.api.extensions [None req-111960cf-3052-4dfc-ab38-1645d5f090b2 None None] Loading extension file: stdattrs_common.py {{(pid=90805) _load_all_extensions_from_path /opt/stack/neutron/neutron/api/extensions.py:449}}
Jul 14 05:18:17.560959 np0000005144 devstack@neutron-api.service[90805]: WARNING neutron.api.extensions [None req-111960cf-3052-4dfc-ab38-1645d5f090b2 None None] Did not find expected name "Stdattrs_common" in /opt/stack/neutron/neutron/extensions/stdattrs_common.py
Jul 14 05:18:17.560959 np0000005144 devstack@neutron-api.service[90805]: DEBUG neutron.api.extensions [None req-111960cf-3052-4dfc-ab38-1645d5f090b2 None None] Loading extension file: subnet_dns_publish_fixed_ip.py {{(pid=90805) _load_all_extensions_from_path /opt/stack/neutron/neutron/api/extensions.py:449}}
Jul 14 05:18:17.561284 np0000005144 devstack@neutron-api.service[90805]: DEBUG neutron.api.extensions [None req-111960cf-3052-4dfc-ab38-1645d5f090b2 None None] Ext name="Subnet DNS publish fixed IP" alias="subnet-dns-publish-fixed-ip" description="Support choosing to publish DNS records for IPs from a subnet" updated="2019-05-24T10:00:00-00:00" {{(pid=90805) _check_extension /opt/stack/neutron/neutron/api/extensions.py:415}}
Jul 14 05:18:17.561447 np0000005144 devstack@neutron-api.service[90805]: INFO neutron.api.extensions [None req-111960cf-3052-4dfc-ab38-1645d5f090b2 None None] Loaded extension: subnet-dns-publish-fixed-ip
Jul 14 05:18:17.561538 np0000005144 devstack@neutron-api.service[90805]: DEBUG neutron.api.extensions [None req-111960cf-3052-4dfc-ab38-1645d5f090b2 None None] Loading extension file: subnet_external_network.py {{(pid=90805) _load_all_extensions_from_path /opt/stack/neutron/neutron/api/extensions.py:449}}
Jul 14 05:18:17.561886 np0000005144 devstack@neutron-api.service[90805]: DEBUG neutron.api.extensions [None req-111960cf-3052-4dfc-ab38-1645d5f090b2 None None] Ext name="Subnet belongs to an external network" alias="subnet-external-network" description="Informs if the subnet belongs to an external network" updated="2024-02-05T18:00:00-00:00" {{(pid=90805) _check_extension /opt/stack/neutron/neutron/api/extensions.py:415}}
Jul 14 05:18:17.562036 np0000005144 devstack@neutron-api.service[90805]: INFO neutron.api.extensions [None req-111960cf-3052-4dfc-ab38-1645d5f090b2 None None] Loaded extension: subnet-external-network
Jul 14 05:18:17.562127 np0000005144 devstack@neutron-api.service[90805]: DEBUG neutron.api.extensions [None req-111960cf-3052-4dfc-ab38-1645d5f090b2 None None] Loading extension file: subnet_onboard.py {{(pid=90805) _load_all_extensions_from_path /opt/stack/neutron/neutron/api/extensions.py:449}}
Jul 14 05:18:17.562417 np0000005144 devstack@neutron-api.service[90805]: DEBUG neutron.api.extensions [None req-111960cf-3052-4dfc-ab38-1645d5f090b2 None None] Ext name="Subnet Onboard" alias="subnet_onboard" description="Provides support for onboarding subnets into subnet pools" updated="2018-12-18T09:00:00-00:00" {{(pid=90805) _check_extension /opt/stack/neutron/neutron/api/extensions.py:415}}
Jul 14 05:18:17.562554 np0000005144 devstack@neutron-api.service[90805]: INFO neutron.api.extensions [None req-111960cf-3052-4dfc-ab38-1645d5f090b2 None None] Loaded extension: subnet_onboard
Jul 14 05:18:17.562710 np0000005144 devstack@neutron-api.service[90805]: DEBUG neutron.api.extensions [None req-111960cf-3052-4dfc-ab38-1645d5f090b2 None None] Loading extension file: subnet_segmentid_writable.py {{(pid=90805) _load_all_extensions_from_path /opt/stack/neutron/neutron/api/extensions.py:449}}
Jul 14 05:18:17.563084 np0000005144 devstack@neutron-api.service[90805]: DEBUG neutron.api.extensions [None req-111960cf-3052-4dfc-ab38-1645d5f090b2 None None] Ext name="Subnet SegmentID (writable)" alias="subnet-segmentid-writable" description="Provides a writable segment_id attribute for a subnet resource." updated="2018-03-12T00:00:00-00:00" {{(pid=90805) _check_extension /opt/stack/neutron/neutron/api/extensions.py:415}}
Jul 14 05:18:17.563288 np0000005144 devstack@neutron-api.service[90803]: DEBUG oslo_concurrency.lockutils [None req-7b6ea696-8b2c-42b3-b476-8646187aaaf7 None None] Acquiring lock "singleton_lock" {{(pid=90803) lock /opt/stack/data/venv/lib/python3.12/site-packages/oslo_concurrency/lockutils.py:395}}
Jul 14 05:18:17.563384 np0000005144 devstack@neutron-api.service[90805]: INFO neutron.api.extensions [None req-111960cf-3052-4dfc-ab38-1645d5f090b2 None None] Extension subnet-segmentid-writable not supported by any of loaded plugins
Jul 14 05:18:17.563384 np0000005144 devstack@neutron-api.service[90805]: DEBUG neutron.api.extensions [None req-111960cf-3052-4dfc-ab38-1645d5f090b2 None None] Loading extension file: subnet_service_types.py {{(pid=90805) _load_all_extensions_from_path /opt/stack/neutron/neutron/api/extensions.py:449}}
Jul 14 05:18:17.563510 np0000005144 devstack@neutron-api.service[90803]: DEBUG oslo_concurrency.lockutils [None req-7b6ea696-8b2c-42b3-b476-8646187aaaf7 None None] Acquired lock "singleton_lock" {{(pid=90803) lock /opt/stack/data/venv/lib/python3.12/site-packages/oslo_concurrency/lockutils.py:398}}
Jul 14 05:18:17.563601 np0000005144 devstack@neutron-api.service[90805]: DEBUG neutron.api.extensions [None req-111960cf-3052-4dfc-ab38-1645d5f090b2 None None] Ext name="Subnet service types" alias="subnet-service-types" description="Provides ability to set the subnet service_types field" updated="2016-03-15T18:00:00-00:00" {{(pid=90805) _check_extension /opt/stack/neutron/neutron/api/extensions.py:415}}
Jul 14 05:18:17.563765 np0000005144 devstack@neutron-api.service[90803]: DEBUG oslo_concurrency.lockutils [None req-7b6ea696-8b2c-42b3-b476-8646187aaaf7 None None] Releasing lock "singleton_lock" {{(pid=90803) lock /opt/stack/data/venv/lib/python3.12/site-packages/oslo_concurrency/lockutils.py:418}}
Jul 14 05:18:17.563853 np0000005144 devstack@neutron-api.service[90805]: INFO neutron.api.extensions [None req-111960cf-3052-4dfc-ab38-1645d5f090b2 None None] Loaded extension: subnet-service-types
Jul 14 05:18:17.563853 np0000005144 devstack@neutron-api.service[90805]: DEBUG neutron.api.extensions [None req-111960cf-3052-4dfc-ab38-1645d5f090b2 None None] Loading extension file: subnetallocation.py {{(pid=90805) _load_all_extensions_from_path /opt/stack/neutron/neutron/api/extensions.py:449}}
Jul 14 05:18:17.564179 np0000005144 devstack@neutron-api.service[90805]: DEBUG neutron.api.extensions [None req-111960cf-3052-4dfc-ab38-1645d5f090b2 None None] Ext name="Subnet Allocation" alias="subnet_allocation" description="Enables allocation of subnets from a subnet pool" updated="2015-03-30T10:00:00-00:00" {{(pid=90805) _check_extension /opt/stack/neutron/neutron/api/extensions.py:415}}
Jul 14 05:18:17.564384 np0000005144 devstack@neutron-api.service[90805]: INFO neutron.api.extensions [None req-111960cf-3052-4dfc-ab38-1645d5f090b2 None None] Loaded extension: subnet_allocation
Jul 14 05:18:17.564469 np0000005144 devstack@neutron-api.service[90805]: DEBUG neutron.api.extensions [None req-111960cf-3052-4dfc-ab38-1645d5f090b2 None None] Loading extension file: subnetpool_prefix_ops.py {{(pid=90805) _load_all_extensions_from_path /opt/stack/neutron/neutron/api/extensions.py:449}}
Jul 14 05:18:17.564766 np0000005144 devstack@neutron-api.service[90805]: DEBUG neutron.api.extensions [None req-111960cf-3052-4dfc-ab38-1645d5f090b2 None None] Ext name="Subnet Pool Prefix Operations" alias="subnetpool-prefix-ops" description="Provides support for adjusting the prefix list of subnet pools" updated="2019-02-08T10:00:00-00:00" {{(pid=90805) _check_extension /opt/stack/neutron/neutron/api/extensions.py:415}}
Jul 14 05:18:17.565021 np0000005144 devstack@neutron-api.service[90805]: INFO neutron.api.extensions [None req-111960cf-3052-4dfc-ab38-1645d5f090b2 None None] Loaded extension: subnetpool-prefix-ops
Jul 14 05:18:17.565021 np0000005144 devstack@neutron-api.service[90805]: DEBUG neutron.api.extensions [None req-111960cf-3052-4dfc-ab38-1645d5f090b2 None None] Loading extension file: tag_creation.py {{(pid=90805) _load_all_extensions_from_path /opt/stack/neutron/neutron/api/extensions.py:449}}
Jul 14 05:18:17.565322 np0000005144 devstack@neutron-api.service[90805]: DEBUG neutron.api.extensions [None req-111960cf-3052-4dfc-ab38-1645d5f090b2 None None] Ext name="Tag creation extension" alias="tag-creation" description="Allow to create multiple tags for a resource" updated="2024-23-07T10:00:00-00:00" {{(pid=90805) _check_extension /opt/stack/neutron/neutron/api/extensions.py:415}}
Jul 14 05:18:17.565478 np0000005144 devstack@neutron-api.service[90805]: INFO neutron.api.extensions [None req-111960cf-3052-4dfc-ab38-1645d5f090b2 None None] Loaded extension: tag-creation
Jul 14 05:18:17.565598 np0000005144 devstack@neutron-api.service[90805]: DEBUG neutron.api.extensions [None req-111960cf-3052-4dfc-ab38-1645d5f090b2 None None] Loading extension file: tag_ports_during_bulk_creation.py {{(pid=90805) _load_all_extensions_from_path /opt/stack/neutron/neutron/api/extensions.py:449}}
Jul 14 05:18:17.565674 np0000005144 devstack@neutron-api.service[90803]: DEBUG neutron.plugins.ml2.drivers.ovn.mech_driver.mech_driver [None req-7b6ea696-8b2c-42b3-b476-8646187aaaf7 None None] Hash Ring setup using WSGI start time 2026-07-14 05:18:11+00:00 {{(pid=90803) _init_hash_ring /opt/stack/neutron/neutron/plugins/ml2/drivers/ovn/mech_driver/mech_driver.py:404}}
Jul 14 05:18:17.565879 np0000005144 devstack@neutron-api.service[90805]: DEBUG neutron.api.extensions [None req-111960cf-3052-4dfc-ab38-1645d5f090b2 None None] Ext name="Tag Ports During Bulk Creation" alias="tag-ports-during-bulk-creation" description="Allow to tag ports during bulk creation" updated="2019-12-29T19:00:00-00:00" {{(pid=90805) _check_extension /opt/stack/neutron/neutron/api/extensions.py:415}}
Jul 14 05:18:17.566032 np0000005144 devstack@neutron-api.service[90805]: INFO neutron.api.extensions [None req-111960cf-3052-4dfc-ab38-1645d5f090b2 None None] Extension tag-ports-during-bulk-creation not supported by any of loaded plugins
Jul 14 05:18:17.566204 np0000005144 devstack@neutron-api.service[90805]: DEBUG neutron.api.extensions [None req-111960cf-3052-4dfc-ab38-1645d5f090b2 None None] Loading extension file: tagging.py {{(pid=90805) _load_all_extensions_from_path /opt/stack/neutron/neutron/api/extensions.py:449}}
Jul 14 05:18:17.567207 np0000005144 devstack@neutron-api.service[90805]: DEBUG neutron.api.extensions [None req-111960cf-3052-4dfc-ab38-1645d5f090b2 None None] Ext name="Tag support for resources with standard attribute: port, subnet, subnetpool, network, security_group, router, floatingip, policy, trunk, network_segment_range" alias="standard-attr-tag" description="Enables to set tag on resources with standard attribute." updated="2017-01-01T00:00:00-00:00" {{(pid=90805) _check_extension /opt/stack/neutron/neutron/api/extensions.py:415}}
Jul 14 05:18:17.567362 np0000005144 devstack@neutron-api.service[90805]: INFO neutron.api.extensions [None req-111960cf-3052-4dfc-ab38-1645d5f090b2 None None] Loaded extension: standard-attr-tag
Jul 14 05:18:17.567485 np0000005144 devstack@neutron-api.service[90805]: DEBUG neutron.api.extensions [None req-111960cf-3052-4dfc-ab38-1645d5f090b2 None None] Loading extension file: timestamp.py {{(pid=90805) _load_all_extensions_from_path /opt/stack/neutron/neutron/api/extensions.py:449}}
Jul 14 05:18:17.568377 np0000005144 devstack@neutron-api.service[90805]: DEBUG neutron.api.extensions [None req-111960cf-3052-4dfc-ab38-1645d5f090b2 None None] Ext name="Resource timestamps" alias="standard-attr-timestamp" description="Adds created_at and updated_at fields to all Neutron resources that have Neutron standard attributes." updated="2016-09-12T10:00:00-00:00" {{(pid=90805) _check_extension /opt/stack/neutron/neutron/api/extensions.py:415}}
Jul 14 05:18:17.568377 np0000005144 devstack@neutron-api.service[90805]: INFO neutron.api.extensions [None req-111960cf-3052-4dfc-ab38-1645d5f090b2 None None] Loaded extension: standard-attr-timestamp
Jul 14 05:18:17.568377 np0000005144 devstack@neutron-api.service[90805]: DEBUG neutron.api.extensions [None req-111960cf-3052-4dfc-ab38-1645d5f090b2 None None] Loading extension file: trunk.py {{(pid=90805) _load_all_extensions_from_path /opt/stack/neutron/neutron/api/extensions.py:449}}
Jul 14 05:18:17.568377 np0000005144 devstack@neutron-api.service[90805]: DEBUG neutron.api.extensions [None req-111960cf-3052-4dfc-ab38-1645d5f090b2 None None] Ext name="Trunk Extension" alias="trunk" description="Provides support for trunk ports" updated="2016-01-01T10:00:00-00:00" {{(pid=90805) _check_extension /opt/stack/neutron/neutron/api/extensions.py:415}}
Jul 14 05:18:17.568622 np0000005144 devstack@neutron-api.service[90805]: INFO neutron.api.extensions [None req-111960cf-3052-4dfc-ab38-1645d5f090b2 None None] Extension trunk not supported by any of loaded plugins
Jul 14 05:18:17.568622 np0000005144 devstack@neutron-api.service[90805]: DEBUG neutron.api.extensions [None req-111960cf-3052-4dfc-ab38-1645d5f090b2 None None] Loading extension file: trunk_details.py {{(pid=90805) _load_all_extensions_from_path /opt/stack/neutron/neutron/api/extensions.py:449}}
Jul 14 05:18:17.568888 np0000005144 devstack@neutron-api.service[90805]: DEBUG neutron.api.extensions [None req-111960cf-3052-4dfc-ab38-1645d5f090b2 None None] Ext name="Trunk port details" alias="trunk-details" description="Expose trunk port details" updated="2016-01-01T10:00:00-00:00" {{(pid=90805) _check_extension /opt/stack/neutron/neutron/api/extensions.py:415}}
Jul 14 05:18:17.569198 np0000005144 devstack@neutron-api.service[90805]: INFO neutron.api.extensions [None req-111960cf-3052-4dfc-ab38-1645d5f090b2 None None] Extension trunk-details not supported by any of loaded plugins
Jul 14 05:18:17.569355 np0000005144 devstack@neutron-api.service[90805]: DEBUG neutron.api.extensions [None req-111960cf-3052-4dfc-ab38-1645d5f090b2 None None] Loading extension file: uplink_status_propagation.py {{(pid=90805) _load_all_extensions_from_path /opt/stack/neutron/neutron/api/extensions.py:449}}
Jul 14 05:18:17.569682 np0000005144 devstack@neutron-api.service[90805]: DEBUG neutron.api.extensions [None req-111960cf-3052-4dfc-ab38-1645d5f090b2 None None] Ext name="Uplink status propagation extension" alias="uplink-status-propagation" description="Provides ability to propagate port uplink status." updated="2018-05-31T18:00:00-00:00" {{(pid=90805) _check_extension /opt/stack/neutron/neutron/api/extensions.py:415}}
Jul 14 05:18:17.569911 np0000005144 devstack@neutron-api.service[90805]: INFO neutron.api.extensions [None req-111960cf-3052-4dfc-ab38-1645d5f090b2 None None] Extension uplink-status-propagation not supported by any of loaded plugins
Jul 14 05:18:17.569999 np0000005144 devstack@neutron-api.service[90805]: DEBUG neutron.api.extensions [None req-111960cf-3052-4dfc-ab38-1645d5f090b2 None None] Loading extension file: uplink_status_propagation_updatable.py {{(pid=90805) _load_all_extensions_from_path /opt/stack/neutron/neutron/api/extensions.py:449}}
Jul 14 05:18:17.570288 np0000005144 devstack@neutron-api.service[90805]: DEBUG neutron.api.extensions [None req-111960cf-3052-4dfc-ab38-1645d5f090b2 None None] Ext name="Uplink status propagation updatable extension" alias="uplink-status-propagation-updatable" description="Provides ability to update the port uplink status." updated="2024-09-03T18:00:00-00:00" {{(pid=90805) _check_extension /opt/stack/neutron/neutron/api/extensions.py:415}}
Jul 14 05:18:17.570484 np0000005144 devstack@neutron-api.service[90805]: INFO neutron.api.extensions [None req-111960cf-3052-4dfc-ab38-1645d5f090b2 None None] Extension uplink-status-propagation-updatable not supported by any of loaded plugins
Jul 14 05:18:17.570576 np0000005144 devstack@neutron-api.service[90805]: DEBUG neutron.api.extensions [None req-111960cf-3052-4dfc-ab38-1645d5f090b2 None None] Loading extension file: vlantransparent.py {{(pid=90805) _load_all_extensions_from_path /opt/stack/neutron/neutron/api/extensions.py:449}}
Jul 14 05:18:17.570983 np0000005144 devstack@neutron-api.service[90805]: DEBUG neutron.api.extensions [None req-111960cf-3052-4dfc-ab38-1645d5f090b2 None None] Ext name="Vlantransparent" alias="vlan-transparent" description="Provides Vlan Transparent Networks" updated="2015-03-23T09:00:00-00:00" {{(pid=90805) _check_extension /opt/stack/neutron/neutron/api/extensions.py:415}}
Jul 14 05:18:17.571222 np0000005144 devstack@neutron-api.service[90805]: INFO neutron.api.extensions [None req-111960cf-3052-4dfc-ab38-1645d5f090b2 None None] Loaded extension: vlan-transparent
Jul 14 05:18:17.572943 np0000005144 devstack@neutron-api.service[90805]: INFO neutron.quota.resource_registry [None req-111960cf-3052-4dfc-ab38-1645d5f090b2 None None] Creating instance of TrackedResource for resource:network
Jul 14 05:18:17.573228 np0000005144 devstack@neutron-api.service[90805]: INFO neutron.quota.resource_registry [None req-111960cf-3052-4dfc-ab38-1645d5f090b2 None None] Creating instance of TrackedResource for resource:subnet
Jul 14 05:18:17.573330 np0000005144 devstack@neutron-api.service[90805]: INFO neutron.quota.resource_registry [None req-111960cf-3052-4dfc-ab38-1645d5f090b2 None None] Creating instance of TrackedResource for resource:subnetpool
Jul 14 05:18:17.573421 np0000005144 devstack@neutron-api.service[90805]: INFO neutron.quota.resource_registry [None req-111960cf-3052-4dfc-ab38-1645d5f090b2 None None] Creating instance of TrackedResource for resource:port
Jul 14 05:18:17.575085 np0000005144 devstack@neutron-api.service[90805]: INFO neutron.quota.resource_registry [None req-111960cf-3052-4dfc-ab38-1645d5f090b2 None None] Creating instance of CountableResource for resource:router_route
Jul 14 05:18:17.575324 np0000005144 devstack@neutron-api.service[90805]: DEBUG neutron.api.v2.resource_helper [None req-111960cf-3052-4dfc-ab38-1645d5f090b2 None None] Service L3_ROUTER_NAT assigned prefix: {{(pid=90805) build_resource_info /opt/stack/neutron/neutron/api/v2/resource_helper.py:77}}
Jul 14 05:18:17.575589 np0000005144 devstack@neutron-api.service[90805]: DEBUG neutron.api.v2.resource_helper [None req-111960cf-3052-4dfc-ab38-1645d5f090b2 None None] Service FLAVORS assigned prefix: {{(pid=90805) build_resource_info /opt/stack/neutron/neutron/api/v2/resource_helper.py:77}}
Jul 14 05:18:17.576260 np0000005144 devstack@neutron-api.service[90803]: INFO neutron.db.ovn_hash_ring_db [None req-7b6ea696-8b2c-42b3-b476-8646187aaaf7 None None] Nodes from host "np0000005144" and group "mechanism_driver" removed from the Hash Ring created at 2026-07-14 05:18:11+00:00
Jul 14 05:18:17.576491 np0000005144 devstack@neutron-api.service[90805]: DEBUG neutron.api.v2.resource_helper [None req-111960cf-3052-4dfc-ab38-1645d5f090b2 None None] Service L3_ROUTER_NAT assigned prefix: {{(pid=90805) build_resource_info /opt/stack/neutron/neutron/api/v2/resource_helper.py:77}}
Jul 14 05:18:17.576852 np0000005144 devstack@neutron-api.service[90805]: DEBUG neutron.api.v2.resource_helper [None req-111960cf-3052-4dfc-ab38-1645d5f090b2 None None] Service L3_ROUTER_NAT assigned prefix: {{(pid=90805) build_resource_info /opt/stack/neutron/neutron/api/v2/resource_helper.py:77}}
Jul 14 05:18:17.576953 np0000005144 devstack@neutron-api.service[90805]: INFO neutron.quota.resource_registry [None req-111960cf-3052-4dfc-ab38-1645d5f090b2 None None] Creating instance of TrackedResource for resource:router
Jul 14 05:18:17.577379 np0000005144 devstack@neutron-api.service[90805]: INFO neutron.quota.resource_registry [None req-111960cf-3052-4dfc-ab38-1645d5f090b2 None None] Creating instance of TrackedResource for resource:floatingip
Jul 14 05:18:17.578819 np0000005144 devstack@neutron-api.service[90805]: INFO neutron.quota.resource_registry [None req-111960cf-3052-4dfc-ab38-1645d5f090b2 None None] Creating instance of CountableResource for resource:rbac_policy
Jul 14 05:18:17.579623 np0000005144 devstack@neutron-api.service[90805]: INFO neutron.quota.resource_registry [None req-111960cf-3052-4dfc-ab38-1645d5f090b2 None None] Creating instance of TrackedResource for resource:security_group
Jul 14 05:18:17.579789 np0000005144 devstack@neutron-api.service[90803]: INFO neutron.db.ovn_hash_ring_db [None req-7b6ea696-8b2c-42b3-b476-8646187aaaf7 None None] Node 5b6a540a182f5ec0a36f528eaba23047 from host "np0000005144" and group "mechanism_driver" added to the Hash Ring
Jul 14 05:18:17.580051 np0000005144 devstack@neutron-api.service[90805]: INFO neutron.quota.resource_registry [None req-111960cf-3052-4dfc-ab38-1645d5f090b2 None None] Creating instance of TrackedResource for resource:security_group_rule
Jul 14 05:18:17.580731 np0000005144 devstack@neutron-api.service[90805]: DEBUG neutron.api.v2.resource_helper [None req-111960cf-3052-4dfc-ab38-1645d5f090b2 None None] Service CORE assigned prefix: {{(pid=90805) build_resource_info /opt/stack/neutron/neutron/api/v2/resource_helper.py:77}}
Jul 14 05:18:17.581105 np0000005144 devstack@neutron-api.service[90805]: INFO neutron.quota.resource_registry [None req-111960cf-3052-4dfc-ab38-1645d5f090b2 None None] Creating instance of TrackedResource for resource:subnetpool
Jul 14 05:18:17.581105 np0000005144 devstack@neutron-api.service[90805]: WARNING neutron.quota.resource_registry [None req-111960cf-3052-4dfc-ab38-1645d5f090b2 None None] subnetpool is already registered
Jul 14 05:18:17.581387 np0000005144 devstack@neutron-api.service[90805]: DEBUG neutron.api.v2.resource_helper [None req-111960cf-3052-4dfc-ab38-1645d5f090b2 None None] Service CORE assigned prefix: {{(pid=90805) build_resource_info /opt/stack/neutron/neutron/api/v2/resource_helper.py:77}}
Jul 14 05:18:17.581491 np0000005144 devstack@neutron-api.service[90805]: INFO neutron.quota.resource_registry [None req-111960cf-3052-4dfc-ab38-1645d5f090b2 None None] Creating instance of TrackedResource for resource:subnetpool
Jul 14 05:18:17.581630 np0000005144 devstack@neutron-api.service[90805]: WARNING neutron.quota.resource_registry [None req-111960cf-3052-4dfc-ab38-1645d5f090b2 None None] subnetpool is already registered
Jul 14 05:18:17.584145 np0000005144 devstack@neutron-api.service[90805]: INFO neutron.quota.resource_registry [None req-111960cf-3052-4dfc-ab38-1645d5f090b2 None None] Creating instance of CountableResource for resource:router_route
Jul 14 05:18:17.584292 np0000005144 devstack@neutron-api.service[90805]: WARNING neutron.quota.resource_registry [None req-111960cf-3052-4dfc-ab38-1645d5f090b2 None None] router_route is already registered
Jul 14 05:18:17.584428 np0000005144 devstack@neutron-api.service[90805]: DEBUG neutron.api.v2.resource_helper [None req-111960cf-3052-4dfc-ab38-1645d5f090b2 None None] Service L3_ROUTER_NAT assigned prefix: {{(pid=90805) build_resource_info /opt/stack/neutron/neutron/api/v2/resource_helper.py:77}}
Jul 14 05:18:17.584545 np0000005144 devstack@neutron-api.service[90803]: DEBUG neutron.plugins.ml2.drivers.ovn.mech_driver.mech_driver [None req-7b6ea696-8b2c-42b3-b476-8646187aaaf7 None None] Hash Ring setup, this worker has detected 3 OVN hash ring registers in the database {{(pid=90803) _init_hash_ring /opt/stack/neutron/neutron/plugins/ml2/drivers/ovn/mech_driver/mech_driver.py:414}}
Jul 14 05:18:17.584893 np0000005144 devstack@neutron-api.service[90805]: DEBUG neutron.api.v2.resource_helper [None req-111960cf-3052-4dfc-ab38-1645d5f090b2 None None] Service FLAVORS assigned prefix: {{(pid=90805) build_resource_info /opt/stack/neutron/neutron/api/v2/resource_helper.py:77}}
Jul 14 05:18:17.585949 np0000005144 devstack@neutron-api.service[90805]: DEBUG neutron.api.v2.resource_helper [None req-111960cf-3052-4dfc-ab38-1645d5f090b2 None None] Service L3_ROUTER_NAT assigned prefix: {{(pid=90805) build_resource_info /opt/stack/neutron/neutron/api/v2/resource_helper.py:77}}
Jul 14 05:18:17.586311 np0000005144 devstack@neutron-api.service[90805]: DEBUG neutron.api.v2.resource_helper [None req-111960cf-3052-4dfc-ab38-1645d5f090b2 None None] Service L3_ROUTER_NAT assigned prefix: {{(pid=90805) build_resource_info /opt/stack/neutron/neutron/api/v2/resource_helper.py:77}}
Jul 14 05:18:17.586404 np0000005144 devstack@neutron-api.service[90805]: INFO neutron.quota.resource_registry [None req-111960cf-3052-4dfc-ab38-1645d5f090b2 None None] Creating instance of TrackedResource for resource:router
Jul 14 05:18:17.586590 np0000005144 devstack@neutron-api.service[90805]: WARNING neutron.quota.resource_registry [None req-111960cf-3052-4dfc-ab38-1645d5f090b2 None None] router is already registered
Jul 14 05:18:17.587135 np0000005144 devstack@neutron-api.service[90805]: INFO neutron.quota.resource_registry [None req-111960cf-3052-4dfc-ab38-1645d5f090b2 None None] Creating instance of TrackedResource for resource:floatingip
Jul 14 05:18:17.587233 np0000005144 devstack@neutron-api.service[90805]: WARNING neutron.quota.resource_registry [None req-111960cf-3052-4dfc-ab38-1645d5f090b2 None None] floatingip is already registered
Jul 14 05:18:17.588270 np0000005144 devstack@neutron-api.service[90805]: INFO neutron.quota.resource_registry [None req-111960cf-3052-4dfc-ab38-1645d5f090b2 None None] Creating instance of CountableResource for resource:rbac_policy
Jul 14 05:18:17.588414 np0000005144 devstack@neutron-api.service[90805]: WARNING neutron.quota.resource_registry [None req-111960cf-3052-4dfc-ab38-1645d5f090b2 None None] rbac_policy is already registered
Jul 14 05:18:17.589193 np0000005144 devstack@neutron-api.service[90805]: INFO neutron.quota.resource_registry [None req-111960cf-3052-4dfc-ab38-1645d5f090b2 None None] Creating instance of TrackedResource for resource:security_group
Jul 14 05:18:17.589339 np0000005144 devstack@neutron-api.service[90805]: WARNING neutron.quota.resource_registry [None req-111960cf-3052-4dfc-ab38-1645d5f090b2 None None] security_group is already registered
Jul 14 05:18:17.589634 np0000005144 devstack@neutron-api.service[90805]: INFO neutron.quota.resource_registry [None req-111960cf-3052-4dfc-ab38-1645d5f090b2 None None] Creating instance of TrackedResource for resource:security_group_rule
Jul 14 05:18:17.589802 np0000005144 devstack@neutron-api.service[90805]: WARNING neutron.quota.resource_registry [None req-111960cf-3052-4dfc-ab38-1645d5f090b2 None None] security_group_rule is already registered
Jul 14 05:18:17.590385 np0000005144 devstack@neutron-api.service[90805]: DEBUG neutron.api.v2.resource_helper [None req-111960cf-3052-4dfc-ab38-1645d5f090b2 None None] Service CORE assigned prefix: {{(pid=90805) build_resource_info /opt/stack/neutron/neutron/api/v2/resource_helper.py:77}}
Jul 14 05:18:17.590520 np0000005144 devstack@neutron-api.service[90805]: INFO neutron.quota.resource_registry [None req-111960cf-3052-4dfc-ab38-1645d5f090b2 None None] Creating instance of TrackedResource for resource:subnetpool
Jul 14 05:18:17.590661 np0000005144 devstack@neutron-api.service[90805]: WARNING neutron.quota.resource_registry [None req-111960cf-3052-4dfc-ab38-1645d5f090b2 None None] subnetpool is already registered
Jul 14 05:18:17.591025 np0000005144 devstack@neutron-api.service[90805]: DEBUG neutron.api.v2.resource_helper [None req-111960cf-3052-4dfc-ab38-1645d5f090b2 None None] Service CORE assigned prefix: {{(pid=90805) build_resource_info /opt/stack/neutron/neutron/api/v2/resource_helper.py:77}}
Jul 14 05:18:17.591123 np0000005144 devstack@neutron-api.service[90805]: INFO neutron.quota.resource_registry [None req-111960cf-3052-4dfc-ab38-1645d5f090b2 None None] Creating instance of TrackedResource for resource:subnetpool
Jul 14 05:18:17.591398 np0000005144 devstack@neutron-api.service[90805]: WARNING neutron.quota.resource_registry [None req-111960cf-3052-4dfc-ab38-1645d5f090b2 None None] subnetpool is already registered
Jul 14 05:18:17.591799 np0000005144 devstack@neutron-api.service[90802]: DEBUG ovsdbapp.backend.ovs_idl [None req-f50ef64f-6d8d-4081-b357-12be9f24030b None None] Created lookup_table index Logical_Switch.name {{(pid=90802) autocreate_indices /opt/stack/data/venv/lib/python3.12/site-packages/ovsdbapp/backend/ovs_idl/__init__.py:87}}
Jul 14 05:18:17.591898 np0000005144 devstack@neutron-api.service[90805]: DEBUG neutron.api.extensions [None req-111960cf-3052-4dfc-ab38-1645d5f090b2 None None] Extended resource: extensions {{(pid=90805) __init__ /opt/stack/neutron/neutron/api/extensions.py:156}}
Jul 14 05:18:17.592010 np0000005144 devstack@neutron-api.service[90802]: DEBUG ovsdbapp.backend.ovs_idl [None req-f50ef64f-6d8d-4081-b357-12be9f24030b None None] Created lookup_table index Logical_Router.name {{(pid=90802) autocreate_indices /opt/stack/data/venv/lib/python3.12/site-packages/ovsdbapp/backend/ovs_idl/__init__.py:87}}
Jul 14 05:18:17.592010 np0000005144 devstack@neutron-api.service[90802]: DEBUG ovsdbapp.backend.ovs_idl [None req-f50ef64f-6d8d-4081-b357-12be9f24030b None None] Created lookup_table index Load_Balancer.name {{(pid=90802) autocreate_indices /opt/stack/data/venv/lib/python3.12/site-packages/ovsdbapp/backend/ovs_idl/__init__.py:87}}
Jul 14 05:18:17.592169 np0000005144 devstack@neutron-api.service[90802]: DEBUG ovsdbapp.backend.ovs_idl [None req-f50ef64f-6d8d-4081-b357-12be9f24030b None None] Created schema index Copp.name {{(pid=90802) autocreate_indices /opt/stack/data/venv/lib/python3.12/site-packages/ovsdbapp/backend/ovs_idl/__init__.py:106}}
Jul 14 05:18:17.592209 np0000005144 devstack@neutron-api.service[90802]: DEBUG ovsdbapp.backend.ovs_idl [None req-f50ef64f-6d8d-4081-b357-12be9f24030b None None] Created schema index Meter.name {{(pid=90802) autocreate_indices /opt/stack/data/venv/lib/python3.12/site-packages/ovsdbapp/backend/ovs_idl/__init__.py:106}}
Jul 14 05:18:17.592338 np0000005144 devstack@neutron-api.service[90802]: DEBUG ovsdbapp.backend.ovs_idl [None req-f50ef64f-6d8d-4081-b357-12be9f24030b None None] Created schema index Load_Balancer_Group.name {{(pid=90802) autocreate_indices /opt/stack/data/venv/lib/python3.12/site-packages/ovsdbapp/backend/ovs_idl/__init__.py:106}}
Jul 14 05:18:17.592450 np0000005144 devstack@neutron-api.service[90802]: DEBUG ovsdbapp.backend.ovs_idl [None req-f50ef64f-6d8d-4081-b357-12be9f24030b None None] Created schema index HA_Chassis_Group.name {{(pid=90802) autocreate_indices /opt/stack/data/venv/lib/python3.12/site-packages/ovsdbapp/backend/ovs_idl/__init__.py:106}}
Jul 14 05:18:17.592567 np0000005144 devstack@neutron-api.service[90802]: DEBUG ovsdbapp.backend.ovs_idl [None req-f50ef64f-6d8d-4081-b357-12be9f24030b None None] Created schema index Address_Set.name {{(pid=90802) autocreate_indices /opt/stack/data/venv/lib/python3.12/site-packages/ovsdbapp/backend/ovs_idl/__init__.py:106}}
Jul 14 05:18:17.592643 np0000005144 devstack@neutron-api.service[90805]: DEBUG neutron.api.extensions [None req-111960cf-3052-4dfc-ab38-1645d5f090b2 None None] Extended resource: address-groups {{(pid=90805) __init__ /opt/stack/neutron/neutron/api/extensions.py:156}}
Jul 14 05:18:17.592744 np0000005144 devstack@neutron-api.service[90802]: DEBUG ovsdbapp.backend.ovs_idl [None req-f50ef64f-6d8d-4081-b357-12be9f24030b None None] Created schema index Connection.target {{(pid=90802) autocreate_indices /opt/stack/data/venv/lib/python3.12/site-packages/ovsdbapp/backend/ovs_idl/__init__.py:106}}
Jul 14 05:18:17.592825 np0000005144 devstack@neutron-api.service[90802]: DEBUG ovsdbapp.backend.ovs_idl [None req-f50ef64f-6d8d-4081-b357-12be9f24030b None None] Created schema index Gateway_Chassis.name {{(pid=90802) autocreate_indices /opt/stack/data/venv/lib/python3.12/site-packages/ovsdbapp/backend/ovs_idl/__init__.py:106}}
Jul 14 05:18:17.592898 np0000005144 devstack@neutron-api.service[90802]: DEBUG ovsdbapp.backend.ovs_idl [None req-f50ef64f-6d8d-4081-b357-12be9f24030b None None] Created schema index Mirror.name {{(pid=90802) autocreate_indices /opt/stack/data/venv/lib/python3.12/site-packages/ovsdbapp/backend/ovs_idl/__init__.py:106}}
Jul 14 05:18:17.592963 np0000005144 devstack@neutron-api.service[90802]: DEBUG ovsdbapp.backend.ovs_idl [None req-f50ef64f-6d8d-4081-b357-12be9f24030b None None] Created schema index Chassis_Template_Var.chassis {{(pid=90802) autocreate_indices /opt/stack/data/venv/lib/python3.12/site-packages/ovsdbapp/backend/ovs_idl/__init__.py:106}}
Jul 14 05:18:17.593044 np0000005144 devstack@neutron-api.service[90802]: DEBUG ovsdbapp.backend.ovs_idl [None req-f50ef64f-6d8d-4081-b357-12be9f24030b None None] Created schema index Logical_Router_Port.name {{(pid=90802) autocreate_indices /opt/stack/data/venv/lib/python3.12/site-packages/ovsdbapp/backend/ovs_idl/__init__.py:106}}
Jul 14 05:18:17.593130 np0000005144 devstack@neutron-api.service[90802]: DEBUG ovsdbapp.backend.ovs_idl [None req-f50ef64f-6d8d-4081-b357-12be9f24030b None None] Created schema index Port_Group.name {{(pid=90802) autocreate_indices /opt/stack/data/venv/lib/python3.12/site-packages/ovsdbapp/backend/ovs_idl/__init__.py:106}}
Jul 14 05:18:17.593163 np0000005144 devstack@neutron-api.service[90805]: DEBUG neutron.api.extensions [None req-111960cf-3052-4dfc-ab38-1645d5f090b2 None None] Extended resource: address-scopes {{(pid=90805) __init__ /opt/stack/neutron/neutron/api/extensions.py:156}}
Jul 14 05:18:17.593199 np0000005144 devstack@neutron-api.service[90802]: DEBUG ovsdbapp.backend.ovs_idl [None req-f50ef64f-6d8d-4081-b357-12be9f24030b None None] Created schema index Logical_Switch_Port.name {{(pid=90802) autocreate_indices /opt/stack/data/venv/lib/python3.12/site-packages/ovsdbapp/backend/ovs_idl/__init__.py:106}}
Jul 14 05:18:17.593798 np0000005144 devstack@neutron-api.service[90805]: DEBUG neutron.api.extensions [None req-111960cf-3052-4dfc-ab38-1645d5f090b2 None None] Extended resource: agents {{(pid=90805) __init__ /opt/stack/neutron/neutron/api/extensions.py:156}}
Jul 14 05:18:17.594317 np0000005144 devstack@neutron-api.service[90805]: DEBUG neutron.api.extensions [None req-111960cf-3052-4dfc-ab38-1645d5f090b2 None None] Extended resource: auto-allocated-topology {{(pid=90805) __init__ /opt/stack/neutron/neutron/api/extensions.py:156}}
Jul 14 05:18:17.594818 np0000005144 devstack@neutron-api.service[90805]: DEBUG neutron.api.extensions [None req-111960cf-3052-4dfc-ab38-1645d5f090b2 None None] Extended resource: availability_zones {{(pid=90805) __init__ /opt/stack/neutron/neutron/api/extensions.py:156}}
Jul 14 05:18:17.595232 np0000005144 devstack@neutron-api.service[90805]: DEBUG neutron.api.extensions [None req-111960cf-3052-4dfc-ab38-1645d5f090b2 None None] Extended resource: dhcp-networks {{(pid=90805) __init__ /opt/stack/neutron/neutron/api/extensions.py:156}}
Jul 14 05:18:17.596114 np0000005144 devstack@neutron-api.service[90805]: DEBUG neutron.api.extensions [None req-111960cf-3052-4dfc-ab38-1645d5f090b2 None None] Extended resource: dhcp-agents {{(pid=90805) __init__ /opt/stack/neutron/neutron/api/extensions.py:156}}
Jul 14 05:18:17.596450 np0000005144 devstack@neutron-api.service[90802]: INFO ovsdbapp.backend.ovs_idl.vlog [None req-f50ef64f-6d8d-4081-b357-12be9f24030b None None] ssl:10.4.3.235:6641: connecting...
Jul 14 05:18:17.596743 np0000005144 devstack@neutron-api.service[90805]: DEBUG neutron.api.extensions [None req-111960cf-3052-4dfc-ab38-1645d5f090b2 None None] Extended resource: routers {{(pid=90805) __init__ /opt/stack/neutron/neutron/api/extensions.py:156}}
Jul 14 05:18:17.598049 np0000005144 devstack@neutron-api.service[90805]: DEBUG neutron.api.extensions [None req-111960cf-3052-4dfc-ab38-1645d5f090b2 None None] Extended resource: flavors {{(pid=90805) __init__ /opt/stack/neutron/neutron/api/extensions.py:156}}
Jul 14 05:18:17.598739 np0000005144 devstack@neutron-api.service[90805]: DEBUG neutron.api.extensions [None req-111960cf-3052-4dfc-ab38-1645d5f090b2 None None] Extended resource: service_profiles {{(pid=90805) __init__ /opt/stack/neutron/neutron/api/extensions.py:156}}
Jul 14 05:18:17.599004 np0000005144 devstack@neutron-api.service[90803]: DEBUG neutron.plugins.ml2.drivers.ovn.mech_driver.ovsdb.maintenance [None req-7b6ea696-8b2c-42b3-b476-8646187aaaf7 None None] Periodic task found: HashRingHealthCheckPeriodics.touch_hash_ring_node {{(pid=90803) add_periodics /opt/stack/neutron/neutron/plugins/ml2/drivers/ovn/mech_driver/ovsdb/maintenance.py:146}}
Jul 14 05:18:17.599371 np0000005144 devstack@neutron-api.service[90805]: DEBUG neutron.api.extensions [None req-111960cf-3052-4dfc-ab38-1645d5f090b2 None None] Extended resource: next_providers {{(pid=90805) __init__ /opt/stack/neutron/neutron/api/extensions.py:156}}
Jul 14 05:18:17.599847 np0000005144 devstack@neutron-api.service[90803]: INFO neutron.plugins.ml2.drivers.ovn.mech_driver.mech_driver [None req-7b6ea696-8b2c-42b3-b476-8646187aaaf7 None None] Hash Ring probing thread for node 5b6a540a182f5ec0a36f528eaba23047 has started
Jul 14 05:18:17.600175 np0000005144 devstack@neutron-api.service[90805]: DEBUG neutron.api.extensions [None req-111960cf-3052-4dfc-ab38-1645d5f090b2 None None] Extended resource: service_profiles {{(pid=90805) __init__ /opt/stack/neutron/neutron/api/extensions.py:156}}
Jul 14 05:18:17.600490 np0000005144 devstack@neutron-api.service[90803]: INFO neutron.plugins.ml2.drivers.ovn.mech_driver.ovsdb.impl_idl_ovn [None req-7b6ea696-8b2c-42b3-b476-8646187aaaf7 None None] Getting OvsdbNbOvnIdl for WorkerService with retry
Jul 14 05:18:17.600882 np0000005144 devstack@neutron-api.service[90805]: DEBUG neutron.api.extensions [None req-111960cf-3052-4dfc-ab38-1645d5f090b2 None None] Extended resource: floatingip-pools {{(pid=90805) __init__ /opt/stack/neutron/neutron/api/extensions.py:156}}
Jul 14 05:18:17.601532 np0000005144 devstack@neutron-api.service[90805]: DEBUG neutron.api.extensions [None req-111960cf-3052-4dfc-ab38-1645d5f090b2 None None] Extended resource: routers {{(pid=90805) __init__ /opt/stack/neutron/neutron/api/extensions.py:156}}
Jul 14 05:18:17.602452 np0000005144 devstack@neutron-api.service[90802]: INFO ovsdbapp.backend.ovs_idl.vlog [None req-f50ef64f-6d8d-4081-b357-12be9f24030b None None] ssl:10.4.3.235:6641: connected
Jul 14 05:18:17.602726 np0000005144 devstack@neutron-api.service[90805]: DEBUG neutron.api.extensions [None req-111960cf-3052-4dfc-ab38-1645d5f090b2 None None] Extended resource: floatingips {{(pid=90805) __init__ /opt/stack/neutron/neutron/api/extensions.py:156}}
Jul 14 05:18:17.604471 np0000005144 devstack@neutron-api.service[90805]: DEBUG neutron.api.extensions [None req-111960cf-3052-4dfc-ab38-1645d5f090b2 None None] Extended resource: l3-routers {{(pid=90805) __init__ /opt/stack/neutron/neutron/api/extensions.py:156}}
Jul 14 05:18:17.604816 np0000005144 devstack@neutron-api.service[90805]: DEBUG neutron.api.extensions [None req-111960cf-3052-4dfc-ab38-1645d5f090b2 None None] Extended resource: l3-agents {{(pid=90805) __init__ /opt/stack/neutron/neutron/api/extensions.py:156}}
Jul 14 05:18:17.605335 np0000005144 devstack@neutron-api.service[90805]: DEBUG neutron.api.extensions [None req-111960cf-3052-4dfc-ab38-1645d5f090b2 None None] Extended resource: network-ip-availabilities {{(pid=90805) __init__ /opt/stack/neutron/neutron/api/extensions.py:156}}
Jul 14 05:18:17.605861 np0000005144 devstack@neutron-api.service[90805]: DEBUG neutron.api.extensions [None req-111960cf-3052-4dfc-ab38-1645d5f090b2 None None] Extended resource: network-ip-availabilities {{(pid=90805) __init__ /opt/stack/neutron/neutron/api/extensions.py:156}}
Jul 14 05:18:17.606297 np0000005144 devstack@neutron-api.service[90805]: DEBUG neutron.api.extensions [None req-111960cf-3052-4dfc-ab38-1645d5f090b2 None None] Extended resource: bindings {{(pid=90805) __init__ /opt/stack/neutron/neutron/api/extensions.py:156}}
Jul 14 05:18:17.606844 np0000005144 devstack@neutron-api.service[90805]: DEBUG neutron.api.extensions [None req-111960cf-3052-4dfc-ab38-1645d5f090b2 None None] Extended resource: quotas {{(pid=90805) __init__ /opt/stack/neutron/neutron/api/extensions.py:156}}
Jul 14 05:18:17.607551 np0000005144 devstack@neutron-api.service[90805]: DEBUG neutron.api.extensions [None req-111960cf-3052-4dfc-ab38-1645d5f090b2 None None] Extended resource: quotas {{(pid=90805) __init__ /opt/stack/neutron/neutron/api/extensions.py:156}}
Jul 14 05:18:17.608100 np0000005144 devstack@neutron-api.service[90805]: DEBUG neutron.api.extensions [None req-111960cf-3052-4dfc-ab38-1645d5f090b2 None None] Extended resource: rbac-policies {{(pid=90805) __init__ /opt/stack/neutron/neutron/api/extensions.py:156}}
Jul 14 05:18:17.608910 np0000005144 devstack@neutron-api.service[90805]: DEBUG neutron.api.extensions [None req-111960cf-3052-4dfc-ab38-1645d5f090b2 None None] Extended resource: default-security-group-rules {{(pid=90805) __init__ /opt/stack/neutron/neutron/api/extensions.py:156}}
Jul 14 05:18:17.609111 np0000005144 devstack@neutron-api.service[90805]: DEBUG neutron.api.extensions [None req-111960cf-3052-4dfc-ab38-1645d5f090b2 None None] Extended resource: security-groups-default-statefulness {{(pid=90805) __init__ /opt/stack/neutron/neutron/api/extensions.py:156}}
Jul 14 05:18:17.609561 np0000005144 devstack@neutron-api.service[90805]: DEBUG neutron.api.extensions [None req-111960cf-3052-4dfc-ab38-1645d5f090b2 None None] Extended resource: security-groups {{(pid=90805) __init__ /opt/stack/neutron/neutron/api/extensions.py:156}}
Jul 14 05:18:17.610214 np0000005144 devstack@neutron-api.service[90805]: DEBUG neutron.api.extensions [None req-111960cf-3052-4dfc-ab38-1645d5f090b2 None None] Extended resource: security-group-rules {{(pid=90805) __init__ /opt/stack/neutron/neutron/api/extensions.py:156}}
Jul 14 05:18:17.610632 np0000005144 devstack@neutron-api.service[90805]: DEBUG neutron.api.extensions [None req-111960cf-3052-4dfc-ab38-1645d5f090b2 None None] Extended resource: service-providers {{(pid=90805) __init__ /opt/stack/neutron/neutron/api/extensions.py:156}}
Jul 14 05:18:17.611147 np0000005144 devstack@neutron-api.service[90805]: DEBUG neutron.api.extensions [None req-111960cf-3052-4dfc-ab38-1645d5f090b2 None None] Extended resource: subnetpools {{(pid=90805) __init__ /opt/stack/neutron/neutron/api/extensions.py:156}}
Jul 14 05:18:17.611613 np0000005144 devstack@neutron-api.service[90805]: DEBUG neutron.api.extensions [None req-111960cf-3052-4dfc-ab38-1645d5f090b2 None None] Extended resource: subnetpools {{(pid=90805) __init__ /opt/stack/neutron/neutron/api/extensions.py:156}}
Jul 14 05:18:17.612248 np0000005144 devstack@neutron-api.service[90805]: DEBUG neutron.api.extensions [None req-111960cf-3052-4dfc-ab38-1645d5f090b2 None None] Extended resource: tags {{(pid=90805) __init__ /opt/stack/neutron/neutron/api/extensions.py:156}}
Jul 14 05:18:17.613139 np0000005144 devstack@neutron-api.service[90805]: DEBUG neutron.api.extensions [None req-111960cf-3052-4dfc-ab38-1645d5f090b2 None None] Extended resource: tags {{(pid=90805) __init__ /opt/stack/neutron/neutron/api/extensions.py:156}}
Jul 14 05:18:17.613741 np0000005144 devstack@neutron-api.service[90805]: DEBUG neutron.api.extensions [None req-111960cf-3052-4dfc-ab38-1645d5f090b2 None None] Extended resource: tags {{(pid=90805) __init__ /opt/stack/neutron/neutron/api/extensions.py:156}}
Jul 14 05:18:17.614652 np0000005144 devstack@neutron-api.service[90805]: DEBUG neutron.api.extensions [None req-111960cf-3052-4dfc-ab38-1645d5f090b2 None None] Extended resource: tags {{(pid=90805) __init__ /opt/stack/neutron/neutron/api/extensions.py:156}}
Jul 14 05:18:17.615536 np0000005144 devstack@neutron-api.service[90805]: DEBUG neutron.api.extensions [None req-111960cf-3052-4dfc-ab38-1645d5f090b2 None None] Extended resource: tags {{(pid=90805) __init__ /opt/stack/neutron/neutron/api/extensions.py:156}}
Jul 14 05:18:17.616440 np0000005144 devstack@neutron-api.service[90805]: DEBUG neutron.api.extensions [None req-111960cf-3052-4dfc-ab38-1645d5f090b2 None None] Extended resource: tags {{(pid=90805) __init__ /opt/stack/neutron/neutron/api/extensions.py:156}}
Jul 14 05:18:17.617238 np0000005144 devstack@neutron-api.service[90805]: DEBUG neutron.api.extensions [None req-111960cf-3052-4dfc-ab38-1645d5f090b2 None None] Extended resource: tags {{(pid=90805) __init__ /opt/stack/neutron/neutron/api/extensions.py:156}}
Jul 14 05:18:17.618051 np0000005144 devstack@neutron-api.service[90805]: DEBUG neutron.api.extensions [None req-111960cf-3052-4dfc-ab38-1645d5f090b2 None None] Extended resource: tags {{(pid=90805) __init__ /opt/stack/neutron/neutron/api/extensions.py:156}}
Jul 14 05:18:17.618788 np0000005144 devstack@neutron-api.service[90805]: DEBUG neutron.api.extensions [None req-111960cf-3052-4dfc-ab38-1645d5f090b2 None None] Extended resource: tags {{(pid=90805) __init__ /opt/stack/neutron/neutron/api/extensions.py:156}}
Jul 14 05:18:17.619520 np0000005144 devstack@neutron-api.service[90805]: DEBUG neutron.api.extensions [None req-111960cf-3052-4dfc-ab38-1645d5f090b2 None None] Extended resource: tags {{(pid=90805) __init__ /opt/stack/neutron/neutron/api/extensions.py:156}}
Jul 14 05:18:17.629391 np0000005144 devstack@neutron-api.service[90805]: DEBUG neutron_lib.callbacks.manager [None req-111960cf-3052-4dfc-ab38-1645d5f090b2 None None] Publish callbacks ['neutron.plugins.ml2.drivers.ovn.mech_driver.mech_driver.OVNMechanismDriver.pre_fork_initialize-267601'] for process (None), before_spawn {{(pid=90805) _notify_loop /opt/stack/data/venv/lib/python3.12/site-packages/neutron_lib/callbacks/manager.py:184}}
