Jul 08 09:34:31.272372 np0000004805 devstack@neutron-api.service[87438]: INFO neutron.db.ovn_revision_numbers_db [None req-7fc3f479-69de-4974-8a79-42f814062a64 admin admin] Successfully bumped revision number for resource bbf7ef5e-b5c4-47f0-81c5-cde239955df1 (type: security_groups) to 1
Jul 08 09:34:31.285600 np0000004805 devstack@neutron-api.service[87438]: INFO neutron.db.ovn_revision_numbers_db [None req-7fc3f479-69de-4974-8a79-42f814062a64 admin admin] Successfully bumped revision number for resource 7fcd2cb1-7a89-4dab-9bf2-39da60194e8c (type: security_group_rules) to 0
Jul 08 09:34:31.286729 np0000004805 devstack@neutron-api.service[87436]: INFO neutron.db.ovn_revision_numbers_db [None req-eeeca30e-d5e8-4a96-b8b1-833ed2309d95 admin admin] Successfully bumped revision number for resource 59b7f2fb-b0ac-41c9-940a-8aef330cda90 (type: security_group_rules) to 0
Jul 08 09:34:31.330073 np0000004805 devstack@neutron-api.service[87438]: INFO neutron.db.ovn_revision_numbers_db [None req-7fc3f479-69de-4974-8a79-42f814062a64 admin admin] Successfully bumped revision number for resource 87a152bb-4ef4-4b38-a9b4-bff9bee70428 (type: security_group_rules) to 0
Jul 08 09:34:31.330384 np0000004805 devstack@neutron-api.service[87436]: INFO neutron.db.ovn_revision_numbers_db [None req-eeeca30e-d5e8-4a96-b8b1-833ed2309d95 admin admin] Successfully bumped revision number for resource adceb88a-a9b6-4645-b0ae-820dbf54e38c (type: security_group_rules) to 0
Jul 08 09:34:31.354630 np0000004805 devstack@neutron-api.service[87438]: INFO neutron.db.ovn_revision_numbers_db [None req-7fc3f479-69de-4974-8a79-42f814062a64 admin admin] Successfully bumped revision number for resource a0d1707a-9493-4400-bec3-0e0563965de0 (type: security_group_rules) to 0
Jul 08 09:34:31.354762 np0000004805 devstack@neutron-api.service[87436]: INFO neutron.db.ovn_revision_numbers_db [None req-eeeca30e-d5e8-4a96-b8b1-833ed2309d95 admin admin] Successfully bumped revision number for resource dc0bb0b8-3c38-444f-a1f4-e3ac5dd56c2d (type: security_group_rules) to 0
Jul 08 09:34:31.372727 np0000004805 devstack@neutron-api.service[87438]: INFO neutron.db.ovn_revision_numbers_db [None req-7fc3f479-69de-4974-8a79-42f814062a64 admin admin] Successfully bumped revision number for resource c8f8aeac-aed5-4ef8-9a4c-0667e1f44229 (type: security_group_rules) to 0
Jul 08 09:34:31.374777 np0000004805 devstack@neutron-api.service[87436]: DEBUG neutron.api.rpc.handlers.resources_rpc [None req-eeeca30e-d5e8-4a96-b8b1-833ed2309d95 admin admin] Pushing event updated for resources: {'SecurityGroup': ['ID=32af3623-3ed1-44e3-8107-5b12577d8727,revision_number=1']} {{(pid=87436) push /opt/stack/neutron/neutron/api/rpc/handlers/resources_rpc.py:237}}
Jul 08 09:34:31.378979 np0000004805 devstack@neutron-api.service[87436]: DEBUG ovsdbapp.backend.ovs_idl.transaction [None req-a0c0d31e-8d7b-4fc8-bbb5-1b6d82128961 None None] Running txn n=1 command(idx=0): CheckLivenessCommand(_result=None) {{(pid=87436) do_commit /opt/stack/data/venv/lib/python3.12/site-packages/ovsdbapp/backend/ovs_idl/transaction.py:89}}
Jul 08 09:34:31.382760 np0000004805 devstack@neutron-api.service[87436]: DEBUG neutron.plugins.ml2.drivers.ovn.mech_driver.ovsdb.ovsdb_monitor [None req-a0c0d31e-8d7b-4fc8-bbb5-1b6d82128961 None None] Hash Ring: Node 35fe5f7c329b5af5a0c679b298d1ef70 (host: np0000004805) handling event "update" for row 453b49f5-cf21-4c4e-ada8-ac4a217fbd63 (table: NB_Global) {{(pid=87436) notify /opt/stack/neutron/neutron/plugins/ml2/drivers/ovn/mech_driver/ovsdb/ovsdb_monitor.py:1015}}
Jul 08 09:34:31.382760 np0000004805 devstack@neutron-api.service[87436]: DEBUG neutron.api.rpc.callbacks.version_manager [None req-eeeca30e-d5e8-4a96-b8b1-833ed2309d95 admin admin] Tracked resource versions report:
Jul 08 09:34:31.382760 np0000004805 devstack@neutron-api.service[87436]: pushed versions:
Jul 08 09:34:31.382760 np0000004805 devstack@neutron-api.service[87436]: { 'AddressGroup': {'1.2'},
Jul 08 09:34:31.382760 np0000004805 devstack@neutron-api.service[87436]: 'Agent': {'1.1'},
Jul 08 09:34:31.382760 np0000004805 devstack@neutron-api.service[87436]: 'ConntrackHelper': {'1.0'},
Jul 08 09:34:31.382760 np0000004805 devstack@neutron-api.service[87436]: 'LocalIPAssociation': {'1.0'},
Jul 08 09:34:31.382760 np0000004805 devstack@neutron-api.service[87436]: 'Log': {'1.0'},
Jul 08 09:34:31.382760 np0000004805 devstack@neutron-api.service[87436]: 'NDPProxy': {'1.0'},
Jul 08 09:34:31.382760 np0000004805 devstack@neutron-api.service[87436]: 'Network': {'1.3'},
Jul 08 09:34:31.382760 np0000004805 devstack@neutron-api.service[87436]: 'Port': {'1.11'},
Jul 08 09:34:31.382760 np0000004805 devstack@neutron-api.service[87436]: 'PortForwarding': {'1.3'},
Jul 08 09:34:31.382760 np0000004805 devstack@neutron-api.service[87436]: 'QosPolicy': {'1.10'},
Jul 08 09:34:31.382760 np0000004805 devstack@neutron-api.service[87436]: 'SecurityGroup': {'1.6'},
Jul 08 09:34:31.382760 np0000004805 devstack@neutron-api.service[87436]: 'SecurityGroupRule': {'1.3'},
Jul 08 09:34:31.382760 np0000004805 devstack@neutron-api.service[87436]: 'SubPort': {'1.0'},
Jul 08 09:34:31.382760 np0000004805 devstack@neutron-api.service[87436]: 'Subnet': {'1.2'},
Jul 08 09:34:31.382760 np0000004805 devstack@neutron-api.service[87436]: 'Trunk': {'1.1'}}
Jul 08 09:34:31.382760 np0000004805 devstack@neutron-api.service[87436]: consumer versions:
Jul 08 09:34:31.382760 np0000004805 devstack@neutron-api.service[87436]: { OVN Controller Gateway agent@np0000004805: {},
Jul 08 09:34:31.382760 np0000004805 devstack@neutron-api.service[87436]: OVN Neutron agent@np0000004805: {}}
Jul 08 09:34:31.382760 np0000004805 devstack@neutron-api.service[87436]: {{(pid=87436) report /opt/stack/neutron/neutron/api/rpc/callbacks/version_manager.py:183}}
Jul 08 09:34:31.383980 np0000004805 devstack@neutron-api.service[87436]: DEBUG neutron.plugins.ml2.drivers.ovn.mech_driver.ovsdb.ovsdb_monitor [None req-a0c0d31e-8d7b-4fc8-bbb5-1b6d82128961 None None] Hash Ring: Node 35fe5f7c329b5af5a0c679b298d1ef70 (host: np0000004805) handling event "update" for row 453b49f5-cf21-4c4e-ada8-ac4a217fbd63 (table: NB_Global) {{(pid=87436) notify /opt/stack/neutron/neutron/plugins/ml2/drivers/ovn/mech_driver/ovsdb/ovsdb_monitor.py:1015}}
Jul 08 09:34:31.387677 np0000004805 devstack@neutron-api.service[87436]: DEBUG neutron.plugins.ml2.drivers.ovn.mech_driver.ovsdb.ovsdb_monitor [None req-a0c0d31e-8d7b-4fc8-bbb5-1b6d82128961 None None] Hash Ring: Node 35fe5f7c329b5af5a0c679b298d1ef70 (host: np0000004805) handling event "update" for row 453b49f5-cf21-4c4e-ada8-ac4a217fbd63 (table: NB_Global) {{(pid=87436) notify /opt/stack/neutron/neutron/plugins/ml2/drivers/ovn/mech_driver/ovsdb/ovsdb_monitor.py:1015}}
Jul 08 09:34:31.388822 np0000004805 devstack@neutron-api.service[87437]: DEBUG neutron.plugins.ml2.drivers.ovn.mech_driver.ovsdb.ovsdb_monitor [-] ChassisAgentWriteEvent : Matched Chassis_Private, update, None None {{(pid=87437) matches /opt/stack/neutron/neutron/plugins/ml2/drivers/ovn/mech_driver/ovsdb/ovsdb_monitor.py:64}}
Jul 08 09:34:31.388913 np0000004805 devstack@neutron-api.service[87436]: DEBUG neutron.plugins.ml2.drivers.ovn.mech_driver.ovsdb.ovsdb_monitor [None req-b8f7f2fc-c618-4588-bf98-e412fa56483c None None] ChassisAgentWriteEvent : Matched Chassis_Private, update, None None {{(pid=87436) matches /opt/stack/neutron/neutron/plugins/ml2/drivers/ovn/mech_driver/ovsdb/ovsdb_monitor.py:64}}
Jul 08 09:34:31.391005 np0000004805 devstack@neutron-api.service[87436]: DEBUG neutron.plugins.ml2.drivers.ovn.mech_driver.ovsdb.ovsdb_monitor [None req-a0c0d31e-8d7b-4fc8-bbb5-1b6d82128961 None None] Hash Ring: Node 35fe5f7c329b5af5a0c679b298d1ef70 (host: np0000004805) handling event "update" for row 453b49f5-cf21-4c4e-ada8-ac4a217fbd63 (table: NB_Global) {{(pid=87436) notify /opt/stack/neutron/neutron/plugins/ml2/drivers/ovn/mech_driver/ovsdb/ovsdb_monitor.py:1015}}
Jul 08 09:34:31.391564 np0000004805 devstack@neutron-api.service[87438]: DEBUG neutron.plugins.ml2.drivers.ovn.mech_driver.ovsdb.ovsdb_monitor [None req-adb2f83c-b419-4b5b-a909-6dfc43f97b73 None None] ChassisAgentWriteEvent : Matched Chassis_Private, update, None None {{(pid=87438) matches /opt/stack/neutron/neutron/plugins/ml2/drivers/ovn/mech_driver/ovsdb/ovsdb_monitor.py:64}}
Jul 08 09:34:31.399585 np0000004805 devstack@neutron-api.service[87437]: DEBUG neutron.common.ovn.hash_ring_manager [-] Hash Ring loaded. 3 active nodes. 0 offline nodes {{(pid=87437) _load_hash_ring /opt/stack/neutron/neutron/common/ovn/hash_ring_manager.py:110}}
Jul 08 09:34:31.399585 np0000004805 devstack@neutron-api.service[87437]: DEBUG neutron.plugins.ml2.drivers.ovn.mech_driver.ovsdb.ovsdb_monitor [-] ChassisOVNAgentWriteEvent : Matched Chassis_Private, update, None None {{(pid=87437) matches /opt/stack/neutron/neutron/plugins/ml2/drivers/ovn/mech_driver/ovsdb/ovsdb_monitor.py:64}}
Jul 08 09:34:31.407494 np0000004805 devstack@neutron-api.service[87436]: DEBUG neutron.common.ovn.hash_ring_manager [None req-b8f7f2fc-c618-4588-bf98-e412fa56483c None None] Hash Ring loaded. 3 active nodes. 0 offline nodes {{(pid=87436) _load_hash_ring /opt/stack/neutron/neutron/common/ovn/hash_ring_manager.py:110}}
Jul 08 09:34:31.407494 np0000004805 devstack@neutron-api.service[87436]: DEBUG neutron.plugins.ml2.drivers.ovn.mech_driver.ovsdb.ovsdb_monitor [None req-b8f7f2fc-c618-4588-bf98-e412fa56483c None None] ChassisOVNAgentWriteEvent : Matched Chassis_Private, update, None None {{(pid=87436) matches /opt/stack/neutron/neutron/plugins/ml2/drivers/ovn/mech_driver/ovsdb/ovsdb_monitor.py:64}}
Jul 08 09:34:31.407652 np0000004805 devstack@neutron-api.service[87438]: DEBUG neutron.common.ovn.hash_ring_manager [None req-adb2f83c-b419-4b5b-a909-6dfc43f97b73 None None] Hash Ring loaded. 3 active nodes. 0 offline nodes {{(pid=87438) _load_hash_ring /opt/stack/neutron/neutron/common/ovn/hash_ring_manager.py:110}}
Jul 08 09:34:31.407652 np0000004805 devstack@neutron-api.service[87438]: DEBUG neutron.plugins.ml2.drivers.ovn.mech_driver.ovsdb.ovsdb_monitor [None req-adb2f83c-b419-4b5b-a909-6dfc43f97b73 None None] Hash Ring: Node 3569e802b7895088bc8ea47937ba4228 (host: np0000004805) handling event "update" for row 02dcfa81-8c3a-42fd-8a02-36f4dc08dc26 (table: Chassis_Private) {{(pid=87438) notify /opt/stack/neutron/neutron/plugins/ml2/drivers/ovn/mech_driver/ovsdb/ovsdb_monitor.py:1015}}
Jul 08 09:34:31.408173 np0000004805 devstack@neutron-api.service[87438]: DEBUG neutron.api.rpc.handlers.resources_rpc [None req-7fc3f479-69de-4974-8a79-42f814062a64 admin admin] Pushing event updated for resources: {'SecurityGroup': ['ID=bbf7ef5e-b5c4-47f0-81c5-cde239955df1,revision_number=1']} {{(pid=87438) push /opt/stack/neutron/neutron/api/rpc/handlers/resources_rpc.py:237}}
Jul 08 09:34:31.411278 np0000004805 devstack@neutron-api.service[87438]: DEBUG neutron.plugins.ml2.drivers.ovn.mech_driver.ovsdb.ovsdb_monitor [None req-adb2f83c-b419-4b5b-a909-6dfc43f97b73 None None] ChassisOVNAgentWriteEvent : Matched Chassis_Private, update, None None {{(pid=87438) matches /opt/stack/neutron/neutron/plugins/ml2/drivers/ovn/mech_driver/ovsdb/ovsdb_monitor.py:64}}
Jul 08 09:34:31.411585 np0000004805 devstack@neutron-api.service[87438]: DEBUG neutron.plugins.ml2.drivers.ovn.mech_driver.ovsdb.ovsdb_monitor [None req-adb2f83c-b419-4b5b-a909-6dfc43f97b73 None None] Hash Ring: Node 3569e802b7895088bc8ea47937ba4228 (host: np0000004805) handling event "update" for row 02dcfa81-8c3a-42fd-8a02-36f4dc08dc26 (table: Chassis_Private) {{(pid=87438) notify /opt/stack/neutron/neutron/plugins/ml2/drivers/ovn/mech_driver/ovsdb/ovsdb_monitor.py:1015}}
Jul 08 09:34:31.419570 np0000004805 devstack@neutron-api.service[87436]: DEBUG neutron.plugins.ml2.drivers.helpers [None req-eeeca30e-d5e8-4a96-b8b1-833ed2309d95 admin admin] geneve segment allocate from pool success with {'geneve_vni': 49726} {{(pid=87436) allocate_partially_specified_segment /opt/stack/neutron/neutron/plugins/ml2/drivers/helpers.py:142}}
Jul 08 09:34:31.426123 np0000004805 devstack@neutron-api.service[87437]: DEBUG neutron.api.v2.base [None req-8f741301-e8c3-413f-848f-e760e4b89abd admin admin] Request body: {'network': {'name': 'tempest-TaggedAttachmentsTest-323306529-network', 'project_id': '861cfdcc5c384e40abe389895f9f8b93'}} {{(pid=87437) prepare_request_body /opt/stack/neutron/neutron/api/v2/base.py:727}}
Jul 08 09:34:31.427404 np0000004805 devstack@neutron-api.service[87436]: DEBUG neutron_lib.callbacks.manager [None req-eeeca30e-d5e8-4a96-b8b1-833ed2309d95 admin admin] Publish callbacks ['neutron.services.segments.db._add_segment_host_mapping_for_segment-8637353342446', 'neutron.plugins.ml2.plugin.Ml2Plugin._handle_segment_change-4119861'] for segment (aecdb7da-2c5a-44d5-be7b-4ac8e33e638d), precommit_create {{(pid=87436) _notify_loop /opt/stack/data/venv/lib/python3.12/site-packages/neutron_lib/callbacks/manager.py:184}}
Jul 08 09:34:31.427609 np0000004805 devstack@neutron-api.service[87436]: INFO neutron.db.segments_db [None req-eeeca30e-d5e8-4a96-b8b1-833ed2309d95 admin admin] Added segment aecdb7da-2c5a-44d5-be7b-4ac8e33e638d of type geneve for network 5f399b7f-a2a5-48d3-9719-df6147edc524
Jul 08 09:34:31.441600 np0000004805 devstack@neutron-api.service[87436]: DEBUG neutron_lib.callbacks.manager [None req-eeeca30e-d5e8-4a96-b8b1-833ed2309d95 admin admin] Publish callbacks ['neutron.services.auto_allocate.db._ensure_external_network_default_value_callback-8637351634884'] for network (5f399b7f-a2a5-48d3-9719-df6147edc524), precommit_create {{(pid=87436) _notify_loop /opt/stack/data/venv/lib/python3.12/site-packages/neutron_lib/callbacks/manager.py:184}}
Jul 08 09:34:31.445513 np0000004805 devstack@neutron-api.service[87438]: DEBUG neutron.plugins.ml2.drivers.helpers [None req-7fc3f479-69de-4974-8a79-42f814062a64 admin admin] geneve segment allocate from pool success with {'geneve_vni': 50612} {{(pid=87438) allocate_partially_specified_segment /opt/stack/neutron/neutron/plugins/ml2/drivers/helpers.py:142}}
Jul 08 09:34:31.451177 np0000004805 devstack@neutron-api.service[87436]: DEBUG neutron.plugins.ml2.drivers.ovn.mech_driver.mech_driver [None req-eeeca30e-d5e8-4a96-b8b1-833ed2309d95 admin admin] Validating network segment with type geneve, segmentation ID 49726, physical network None {{(pid=87436) _validate_network_segments /opt/stack/neutron/neutron/plugins/ml2/drivers/ovn/mech_driver/mech_driver.py:646}}
Jul 08 09:34:31.451307 np0000004805 devstack@neutron-api.service[87436]: DEBUG neutron.db.ovn_revision_numbers_db [None req-eeeca30e-d5e8-4a96-b8b1-833ed2309d95 admin admin] create_initial_revision uuid=5f399b7f-a2a5-48d3-9719-df6147edc524, type=networks, rev=-1 {{(pid=87436) create_initial_revision /opt/stack/neutron/neutron/db/ovn_revision_numbers_db.py:98}}
Jul 08 09:34:31.452400 np0000004805 devstack@neutron-api.service[87438]: DEBUG neutron_lib.callbacks.manager [None req-7fc3f479-69de-4974-8a79-42f814062a64 admin admin] Publish callbacks ['neutron.services.segments.db._add_segment_host_mapping_for_segment-8637353347926', 'neutron.plugins.ml2.plugin.Ml2Plugin._handle_segment_change-3968353'] for segment (3cc4436a-23fe-42f6-ba09-2ebcb0c98625), precommit_create {{(pid=87438) _notify_loop /opt/stack/data/venv/lib/python3.12/site-packages/neutron_lib/callbacks/manager.py:184}}
Jul 08 09:34:31.455189 np0000004805 devstack@neutron-api.service[87438]: INFO neutron.db.segments_db [None req-7fc3f479-69de-4974-8a79-42f814062a64 admin admin] Added segment 3cc4436a-23fe-42f6-ba09-2ebcb0c98625 of type geneve for network 7ffcdfff-760a-4626-989d-ccd543fdd573
Jul 08 09:34:31.457557 np0000004805 devstack@neutron-api.service[87437]: DEBUG neutron.pecan_wsgi.hooks.quota_enforcement [None req-8f741301-e8c3-413f-848f-e760e4b89abd admin admin] Made reservation on behalf of 861cfdcc5c384e40abe389895f9f8b93 for: {'network': 1} {{(pid=87437) before /opt/stack/neutron/neutron/pecan_wsgi/hooks/quota_enforcement.py:66}}
Jul 08 09:34:31.459594 np0000004805 devstack@neutron-api.service[87436]: DEBUG neutron_lib.callbacks.manager [None req-eeeca30e-d5e8-4a96-b8b1-833ed2309d95 admin admin] Publish callbacks ['neutron.plugins.ml2.ovo_rpc._ObjectChangeHandler.handle_event-3044072'] for network (5f399b7f-a2a5-48d3-9719-df6147edc524), after_create {{(pid=87436) _notify_loop /opt/stack/data/venv/lib/python3.12/site-packages/neutron_lib/callbacks/manager.py:184}}
Jul 08 09:34:31.460885 np0000004805 devstack@neutron-api.service[87437]: DEBUG neutron_lib.callbacks.manager [None req-8f741301-e8c3-413f-848f-e760e4b89abd admin admin] Publish callbacks ['neutron.plugins.ml2.plugin.SecurityGroupDbMixin._ensure_default_security_group_handler-224280'] for network (None), before_create {{(pid=87437) _notify_loop /opt/stack/data/venv/lib/python3.12/site-packages/neutron_lib/callbacks/manager.py:184}}
Jul 08 09:34:31.465180 np0000004805 devstack@neutron-api.service[87437]: DEBUG neutron_lib.callbacks.manager [None req-8f741301-e8c3-413f-848f-e760e4b89abd admin admin] Publish callbacks [] for security_group (None), before_create {{(pid=87437) _notify_loop /opt/stack/data/venv/lib/python3.12/site-packages/neutron_lib/callbacks/manager.py:184}}
Jul 08 09:34:31.472350 np0000004805 devstack@neutron-api.service[87436]: DEBUG neutron.api.rpc.handlers.resources_rpc [None req-eeeca30e-d5e8-4a96-b8b1-833ed2309d95 admin admin] Pushing event updated for resources: {'Network': ['ID=5f399b7f-a2a5-48d3-9719-df6147edc524,revision_number=1']} {{(pid=87436) push /opt/stack/neutron/neutron/api/rpc/handlers/resources_rpc.py:237}}
Jul 08 09:34:31.478723 np0000004805 devstack@neutron-api.service[87438]: DEBUG neutron_lib.callbacks.manager [None req-7fc3f479-69de-4974-8a79-42f814062a64 admin admin] Publish callbacks ['neutron.services.auto_allocate.db._ensure_external_network_default_value_callback-8637351348658'] for network (7ffcdfff-760a-4626-989d-ccd543fdd573), precommit_create {{(pid=87438) _notify_loop /opt/stack/data/venv/lib/python3.12/site-packages/neutron_lib/callbacks/manager.py:184}}
Jul 08 09:34:31.479454 np0000004805 devstack@neutron-api.service[87436]: DEBUG ovsdbapp.backend.ovs_idl.transaction [None req-a0c0d31e-8d7b-4fc8-bbb5-1b6d82128961 None None] Running txn n=1 command(idx=0): AddNetworkCommand(_result=None, network_uuid=5f399b7f-a2a5-48d3-9719-df6147edc524, may_exist=True, columns={'external_ids': {'neutron:network_name': 'tempest-TaggedBootDevicesTest_v242-16415511-network', 'neutron:mtu': '1372', 'neutron:revision_number': '1', 'neutron:availability_zone_hints': '', 'neutron:provnet-network-type': 'geneve'}, 'other_config': {'mcast_snoop': 'false', 'mcast_flood_unregistered': 'false', 'vlan-passthru': 'false'}}) {{(pid=87436) do_commit /opt/stack/data/venv/lib/python3.12/site-packages/ovsdbapp/backend/ovs_idl/transaction.py:89}}
Jul 08 09:34:31.486343 np0000004805 devstack@neutron-api.service[87437]: DEBUG neutron.plugins.ml2.drivers.ovn.mech_driver.ovsdb.ovsdb_monitor [None req-80c4fb25-517f-4b59-adbc-bb946e942f41 None None] Hash Ring: Node d54b120689845a54ab217d1f38e624ad (host: np0000004805) handling event "create" for row 5f399b7f-a2a5-48d3-9719-df6147edc524 (table: Logical_Switch) {{(pid=87437) notify /opt/stack/neutron/neutron/plugins/ml2/drivers/ovn/mech_driver/ovsdb/ovsdb_monitor.py:1015}}
Jul 08 09:34:31.487818 np0000004805 devstack@neutron-api.service[87436]: DEBUG neutron.plugins.ml2.drivers.ovn.mech_driver.ovsdb.ovsdb_monitor [None req-b8f7f2fc-c618-4588-bf98-e412fa56483c None None] Hash Ring: Node 35fe5f7c329b5af5a0c679b298d1ef70 (host: np0000004805) handling event "create" for row f23d8721-e22c-4b5d-91da-4a46f5fc1907 (table: Datapath_Binding) {{(pid=87436) notify /opt/stack/neutron/neutron/plugins/ml2/drivers/ovn/mech_driver/ovsdb/ovsdb_monitor.py:1015}}
Jul 08 09:34:31.492767 np0000004805 devstack@neutron-api.service[87438]: DEBUG neutron.plugins.ml2.drivers.ovn.mech_driver.mech_driver [None req-7fc3f479-69de-4974-8a79-42f814062a64 admin admin] Validating network segment with type geneve, segmentation ID 50612, physical network None {{(pid=87438) _validate_network_segments /opt/stack/neutron/neutron/plugins/ml2/drivers/ovn/mech_driver/mech_driver.py:646}}
Jul 08 09:34:31.492900 np0000004805 devstack@neutron-api.service[87438]: DEBUG neutron.db.ovn_revision_numbers_db [None req-7fc3f479-69de-4974-8a79-42f814062a64 admin admin] create_initial_revision uuid=7ffcdfff-760a-4626-989d-ccd543fdd573, type=networks, rev=-1 {{(pid=87438) create_initial_revision /opt/stack/neutron/neutron/db/ovn_revision_numbers_db.py:98}}
Jul 08 09:34:31.508477 np0000004805 devstack@neutron-api.service[87436]: INFO neutron.db.ovn_revision_numbers_db [None req-eeeca30e-d5e8-4a96-b8b1-833ed2309d95 admin admin] Successfully bumped revision number for resource 5f399b7f-a2a5-48d3-9719-df6147edc524 (type: networks) to 1
Jul 08 09:34:31.509024 np0000004805 devstack@neutron-api.service[87438]: DEBUG neutron_lib.callbacks.manager [None req-7fc3f479-69de-4974-8a79-42f814062a64 admin admin] Publish callbacks ['neutron.plugins.ml2.ovo_rpc._ObjectChangeHandler.handle_event-2238488'] for network (7ffcdfff-760a-4626-989d-ccd543fdd573), after_create {{(pid=87438) _notify_loop /opt/stack/data/venv/lib/python3.12/site-packages/neutron_lib/callbacks/manager.py:184}}
Jul 08 09:34:31.519646 np0000004805 devstack@neutron-api.service[87436]: DEBUG neutron_lib.callbacks.manager [None req-eeeca30e-d5e8-4a96-b8b1-833ed2309d95 admin admin] Publish callbacks ['neutron.plugins.ml2.plugin.SecurityGroupDbMixin._ensure_default_security_group_handler-72167'] for port (None), before_create {{(pid=87436) _notify_loop /opt/stack/data/venv/lib/python3.12/site-packages/neutron_lib/callbacks/manager.py:184}}
Jul 08 09:34:31.535954 np0000004805 devstack@neutron-api.service[87438]: DEBUG neutron.api.rpc.handlers.resources_rpc [None req-7fc3f479-69de-4974-8a79-42f814062a64 admin admin] Pushing event updated for resources: {'Network': ['ID=7ffcdfff-760a-4626-989d-ccd543fdd573,revision_number=1']} {{(pid=87438) push /opt/stack/neutron/neutron/api/rpc/handlers/resources_rpc.py:237}}
Jul 08 09:34:31.537435 np0000004805 devstack@neutron-api.service[87437]: DEBUG neutron_lib.callbacks.manager [None req-8f741301-e8c3-413f-848f-e760e4b89abd admin admin] Publish callbacks ['neutron.plugins.ml2.drivers.ovn.mech_driver.mech_driver.OVNMechanismDriver._create_security_group_precommit-516046'] for security_group (5734194c-24ac-4743-ba89-bb794080995c), precommit_create {{(pid=87437) _notify_loop /opt/stack/data/venv/lib/python3.12/site-packages/neutron_lib/callbacks/manager.py:184}}
Jul 08 09:34:31.537435 np0000004805 devstack@neutron-api.service[87437]: DEBUG neutron.db.ovn_revision_numbers_db [None req-8f741301-e8c3-413f-848f-e760e4b89abd admin admin] create_initial_revision uuid=5734194c-24ac-4743-ba89-bb794080995c, type=security_groups, rev=-1 {{(pid=87437) create_initial_revision /opt/stack/neutron/neutron/db/ovn_revision_numbers_db.py:98}}
Jul 08 09:34:31.538253 np0000004805 devstack@neutron-api.service[87437]: DEBUG neutron.db.ovn_revision_numbers_db [None req-8f741301-e8c3-413f-848f-e760e4b89abd admin admin] create_initial_revision uuid=139548dd-7360-41db-b069-266451c71f4e, type=security_group_rules, rev=-1 {{(pid=87437) create_initial_revision /opt/stack/neutron/neutron/db/ovn_revision_numbers_db.py:98}}
Jul 08 09:34:31.546099 np0000004805 devstack@neutron-api.service[87437]: DEBUG neutron.db.ovn_revision_numbers_db [None req-8f741301-e8c3-413f-848f-e760e4b89abd admin admin] create_initial_revision uuid=79628951-b7fc-4bed-b312-9c29969ffee6, type=security_group_rules, rev=-1 {{(pid=87437) create_initial_revision /opt/stack/neutron/neutron/db/ovn_revision_numbers_db.py:98}}
Jul 08 09:34:31.546099 np0000004805 devstack@neutron-api.service[87437]: DEBUG neutron.db.ovn_revision_numbers_db [None req-8f741301-e8c3-413f-848f-e760e4b89abd admin admin] create_initial_revision uuid=937f22a4-2bac-4ebb-93de-70b8f0f7b7d3, type=security_group_rules, rev=-1 {{(pid=87437) create_initial_revision /opt/stack/neutron/neutron/db/ovn_revision_numbers_db.py:98}}
Jul 08 09:34:31.546099 np0000004805 devstack@neutron-api.service[87437]: DEBUG neutron.db.ovn_revision_numbers_db [None req-8f741301-e8c3-413f-848f-e760e4b89abd admin admin] create_initial_revision uuid=adab11fd-1c39-44b7-9b15-e29ce34ef2b6, type=security_group_rules, rev=-1 {{(pid=87437) create_initial_revision /opt/stack/neutron/neutron/db/ovn_revision_numbers_db.py:98}}
Jul 08 09:34:31.546364 np0000004805 devstack@neutron-api.service[87438]: DEBUG ovsdbapp.backend.ovs_idl.transaction [None req-deaad1d4-4bb9-4839-8ba9-c0fa366e6d59 None None] Running txn n=1 command(idx=0): AddNetworkCommand(_result=None, network_uuid=7ffcdfff-760a-4626-989d-ccd543fdd573, may_exist=True, columns={'external_ids': {'neutron:network_name': 'tempest-AttachSCSIVolumeTestJSON-421879214-network', 'neutron:mtu': '1372', 'neutron:revision_number': '1', 'neutron:availability_zone_hints': '', 'neutron:provnet-network-type': 'geneve'}, 'other_config': {'mcast_snoop': 'false', 'mcast_flood_unregistered': 'false', 'vlan-passthru': 'false'}}) {{(pid=87438) do_commit /opt/stack/data/venv/lib/python3.12/site-packages/ovsdbapp/backend/ovs_idl/transaction.py:89}}
Jul 08 09:34:31.546364 np0000004805 devstack@neutron-api.service[87438]: DEBUG neutron.common.ovn.utils [None req-deaad1d4-4bb9-4839-8ba9-c0fa366e6d59 None None] OVS persist_uuid supported=True {{(pid=87438) ovs_persist_uuid_supported /opt/stack/neutron/neutron/common/ovn/utils.py:1564}}
Jul 08 09:34:31.546523 np0000004805 devstack@neutron-api.service[87437]: DEBUG neutron.plugins.ml2.drivers.ovn.mech_driver.ovsdb.ovsdb_monitor [None req-80c4fb25-517f-4b59-adbc-bb946e942f41 None None] Hash Ring: Node d54b120689845a54ab217d1f38e624ad (host: np0000004805) handling event "create" for row 7ffcdfff-760a-4626-989d-ccd543fdd573 (table: Logical_Switch) {{(pid=87437) notify /opt/stack/neutron/neutron/plugins/ml2/drivers/ovn/mech_driver/ovsdb/ovsdb_monitor.py:1015}}
Jul 08 09:34:31.553379 np0000004805 devstack@neutron-api.service[87436]: DEBUG neutron.plugins.ml2.drivers.ovn.mech_driver.ovsdb.ovsdb_monitor [None req-b8f7f2fc-c618-4588-bf98-e412fa56483c None None] Hash Ring: Node 35fe5f7c329b5af5a0c679b298d1ef70 (host: np0000004805) handling event "create" for row 0f6d6212-0f2c-456f-be51-3ae61196aafa (table: Datapath_Binding) {{(pid=87436) notify /opt/stack/neutron/neutron/plugins/ml2/drivers/ovn/mech_driver/ovsdb/ovsdb_monitor.py:1015}}
Jul 08 09:34:31.569578 np0000004805 devstack@neutron-api.service[87437]: DEBUG neutron_lib.callbacks.manager [None req-8f741301-e8c3-413f-848f-e760e4b89abd admin admin] Publish callbacks ['neutron.plugins.ml2.drivers.ovn.mech_driver.mech_driver.OVNMechanismDriver._create_security_group-515896', 'neutron.plugins.ml2.ovo_rpc._ObjectChangeHandler.handle_event-3051105'] for security_group (5734194c-24ac-4743-ba89-bb794080995c), after_create {{(pid=87437) _notify_loop /opt/stack/data/venv/lib/python3.12/site-packages/neutron_lib/callbacks/manager.py:184}}
Jul 08 09:34:31.569694 np0000004805 devstack@neutron-api.service[87438]: INFO neutron.db.ovn_revision_numbers_db [None req-7fc3f479-69de-4974-8a79-42f814062a64 admin admin] Successfully bumped revision number for resource 7ffcdfff-760a-4626-989d-ccd543fdd573 (type: networks) to 1
Jul 08 09:34:31.570012 np0000004805 devstack@neutron-api.service[87437]: DEBUG ovsdbapp.backend.ovs_idl.transaction [None req-80c4fb25-517f-4b59-adbc-bb946e942f41 None None] Running txn n=1 command(idx=0): PgAddCommand(_result=None, name=pg_5734194c_24ac_4743_ba89_bb794080995c, may_exist=False, columns={'acls': [], 'external_ids': {'neutron:security_group_id': '5734194c-24ac-4743-ba89-bb794080995c'}}) {{(pid=87437) do_commit /opt/stack/data/venv/lib/python3.12/site-packages/ovsdbapp/backend/ovs_idl/transaction.py:89}}
Jul 08 09:34:31.570286 np0000004805 devstack@neutron-api.service[87437]: DEBUG ovsdbapp.backend.ovs_idl.transaction [None req-80c4fb25-517f-4b59-adbc-bb946e942f41 None None] Running txn n=1 command(idx=1): PgAclAddCommand(_result=None, entity=pg_5734194c_24ac_4743_ba89_bb794080995c, direction=from-lport, priority=1002, match=inport == @pg_5734194c_24ac_4743_ba89_bb794080995c && ip4, action=allow-related, log=False, may_exist=True, severity=[], name=[], meter=[], external_ids={'neutron:security_group_rule_id': '139548dd-7360-41db-b069-266451c71f4e'}) {{(pid=87437) do_commit /opt/stack/data/venv/lib/python3.12/site-packages/ovsdbapp/backend/ovs_idl/transaction.py:89}}
Jul 08 09:34:31.570598 np0000004805 devstack@neutron-api.service[87437]: DEBUG ovsdbapp.backend.ovs_idl.transaction [None req-80c4fb25-517f-4b59-adbc-bb946e942f41 None None] Running txn n=1 command(idx=2): PgAclAddCommand(_result=None, entity=pg_5734194c_24ac_4743_ba89_bb794080995c, direction=to-lport, priority=1002, match=outport == @pg_5734194c_24ac_4743_ba89_bb794080995c && ip4 && ip4.src == $pg_5734194c_24ac_4743_ba89_bb794080995c_ip4, action=allow-related, log=False, may_exist=True, severity=[], name=[], meter=[], external_ids={'neutron:security_group_rule_id': '79628951-b7fc-4bed-b312-9c29969ffee6'}) {{(pid=87437) do_commit /opt/stack/data/venv/lib/python3.12/site-packages/ovsdbapp/backend/ovs_idl/transaction.py:89}}
Jul 08 09:34:31.570842 np0000004805 devstack@neutron-api.service[87437]: DEBUG ovsdbapp.backend.ovs_idl.transaction [None req-80c4fb25-517f-4b59-adbc-bb946e942f41 None None] Running txn n=1 command(idx=3): PgAclAddCommand(_result=None, entity=pg_5734194c_24ac_4743_ba89_bb794080995c, direction=from-lport, priority=1002, match=inport == @pg_5734194c_24ac_4743_ba89_bb794080995c && ip6, action=allow-related, log=False, may_exist=True, severity=[], name=[], meter=[], external_ids={'neutron:security_group_rule_id': '937f22a4-2bac-4ebb-93de-70b8f0f7b7d3'}) {{(pid=87437) do_commit /opt/stack/data/venv/lib/python3.12/site-packages/ovsdbapp/backend/ovs_idl/transaction.py:89}}
Jul 08 09:34:31.571051 np0000004805 devstack@neutron-api.service[87437]: DEBUG ovsdbapp.backend.ovs_idl.transaction [None req-80c4fb25-517f-4b59-adbc-bb946e942f41 None None] Running txn n=1 command(idx=4): PgAclAddCommand(_result=None, entity=pg_5734194c_24ac_4743_ba89_bb794080995c, direction=to-lport, priority=1002, match=outport == @pg_5734194c_24ac_4743_ba89_bb794080995c && ip6 && ip6.src == $pg_5734194c_24ac_4743_ba89_bb794080995c_ip6, action=allow-related, log=False, may_exist=True, severity=[], name=[], meter=[], external_ids={'neutron:security_group_rule_id': 'adab11fd-1c39-44b7-9b15-e29ce34ef2b6'}) {{(pid=87437) do_commit /opt/stack/data/venv/lib/python3.12/site-packages/ovsdbapp/backend/ovs_idl/transaction.py:89}}
Jul 08 09:34:31.576635 np0000004805 devstack@neutron-api.service[87437]: DEBUG neutron.plugins.ml2.drivers.ovn.mech_driver.ovsdb.ovsdb_monitor [None req-80c4fb25-517f-4b59-adbc-bb946e942f41 None None] Hash Ring: Node d54b120689845a54ab217d1f38e624ad (host: np0000004805) handling event "create" for row 17edcf85-13a7-4217-ad80-11e7e89ec954 (table: ACL) {{(pid=87437) notify /opt/stack/neutron/neutron/plugins/ml2/drivers/ovn/mech_driver/ovsdb/ovsdb_monitor.py:1015}}
Jul 08 09:34:31.576635 np0000004805 devstack@neutron-api.service[87437]: DEBUG neutron.plugins.ml2.drivers.ovn.mech_driver.ovsdb.ovsdb_monitor [None req-80c4fb25-517f-4b59-adbc-bb946e942f41 None None] Hash Ring: Node d54b120689845a54ab217d1f38e624ad (host: np0000004805) handling event "create" for row 5b6116e5-baa2-4116-8d27-20a6c3b1d353 (table: ACL) {{(pid=87437) notify /opt/stack/neutron/neutron/plugins/ml2/drivers/ovn/mech_driver/ovsdb/ovsdb_monitor.py:1015}}
Jul 08 09:34:31.584938 np0000004805 devstack@neutron-api.service[87436]: DEBUG neutron.plugins.ml2.drivers.ovn.mech_driver.ovsdb.ovsdb_monitor [None req-a0c0d31e-8d7b-4fc8-bbb5-1b6d82128961 None None] Hash Ring: Node 35fe5f7c329b5af5a0c679b298d1ef70 (host: np0000004805) handling event "create" for row 67454d64-1f44-492b-b12c-0773b7870479 (table: ACL) {{(pid=87436) notify /opt/stack/neutron/neutron/plugins/ml2/drivers/ovn/mech_driver/ovsdb/ovsdb_monitor.py:1015}}
Jul 08 09:34:31.587874 np0000004805 devstack@neutron-api.service[87436]: DEBUG neutron_lib.callbacks.manager [None req-eeeca30e-d5e8-4a96-b8b1-833ed2309d95 admin admin] Publish callbacks ['neutron.plugins.ml2.drivers.ovn.mech_driver.mech_driver.OVNMechanismDriver._validate_allowed_address_pairs-462270'] for allowed_address_pair (2d52514d-1cfd-4919-a502-6b222fc6637d), before_create {{(pid=87436) _notify_loop /opt/stack/data/venv/lib/python3.12/site-packages/neutron_lib/callbacks/manager.py:184}}
Jul 08 09:34:31.588549 np0000004805 devstack@neutron-api.service[87436]: DEBUG neutron_lib.callbacks.manager [None req-eeeca30e-d5e8-4a96-b8b1-833ed2309d95 admin admin] Publish callbacks [] for port (2d52514d-1cfd-4919-a502-6b222fc6637d), precommit_create {{(pid=87436) _notify_loop /opt/stack/data/venv/lib/python3.12/site-packages/neutron_lib/callbacks/manager.py:184}}
Jul 08 09:34:31.588677 np0000004805 devstack@neutron-api.service[87436]: DEBUG neutron.plugins.ml2.drivers.ovn.mech_driver.mech_driver [None req-eeeca30e-d5e8-4a96-b8b1-833ed2309d95 admin admin] No provisioning block for port 2d52514d-1cfd-4919-a502-6b222fc6637d since it does not have a host {{(pid=87436) _is_port_provisioning_required /opt/stack/neutron/neutron/plugins/ml2/drivers/ovn/mech_driver/mech_driver.py:899}}
Jul 08 09:34:31.588727 np0000004805 devstack@neutron-api.service[87436]: DEBUG neutron.db.ovn_revision_numbers_db [None req-eeeca30e-d5e8-4a96-b8b1-833ed2309d95 admin admin] create_initial_revision uuid=2d52514d-1cfd-4919-a502-6b222fc6637d, type=ports, rev=-1 {{(pid=87436) create_initial_revision /opt/stack/neutron/neutron/db/ovn_revision_numbers_db.py:98}}
Jul 08 09:34:31.596708 np0000004805 devstack@neutron-api.service[87437]: INFO neutron.db.ovn_revision_numbers_db [None req-8f741301-e8c3-413f-848f-e760e4b89abd admin admin] Successfully bumped revision number for resource 5734194c-24ac-4743-ba89-bb794080995c (type: security_groups) to 1
Jul 08 09:34:31.598930 np0000004805 devstack@neutron-api.service[87438]: DEBUG neutron.plugins.ml2.drivers.ovn.mech_driver.ovsdb.ovsdb_monitor [None req-deaad1d4-4bb9-4839-8ba9-c0fa366e6d59 None None] Hash Ring: Node 3569e802b7895088bc8ea47937ba4228 (host: np0000004805) handling event "create" for row dbc1ef33-6a68-419c-a2fa-bd50cd537198 (table: ACL) {{(pid=87438) notify /opt/stack/neutron/neutron/plugins/ml2/drivers/ovn/mech_driver/ovsdb/ovsdb_monitor.py:1015}}
Jul 08 09:34:31.599501 np0000004805 devstack@neutron-api.service[87438]: DEBUG neutron.plugins.ml2.drivers.ovn.mech_driver.ovsdb.ovsdb_monitor [None req-deaad1d4-4bb9-4839-8ba9-c0fa366e6d59 None None] Hash Ring: Node 3569e802b7895088bc8ea47937ba4228 (host: np0000004805) handling event "create" for row fc623e10-8f90-46d7-9ffb-62e96f03e8b6 (table: Port_Group) {{(pid=87438) notify /opt/stack/neutron/neutron/plugins/ml2/drivers/ovn/mech_driver/ovsdb/ovsdb_monitor.py:1015}}
Jul 08 09:34:31.616242 np0000004805 devstack@neutron-api.service[87437]: INFO neutron.db.ovn_revision_numbers_db [None req-8f741301-e8c3-413f-848f-e760e4b89abd admin admin] Successfully bumped revision number for resource 139548dd-7360-41db-b069-266451c71f4e (type: security_group_rules) to 0
Jul 08 09:34:31.618872 np0000004805 devstack@neutron-api.service[87436]: DEBUG neutron_lib.callbacks.manager [None req-eeeca30e-d5e8-4a96-b8b1-833ed2309d95 admin admin] Publish callbacks ['neutron.plugins.ml2.ovo_rpc._ObjectChangeHandler.handle_event-3902085'] for port (2d52514d-1cfd-4919-a502-6b222fc6637d), after_create {{(pid=87436) _notify_loop /opt/stack/data/venv/lib/python3.12/site-packages/neutron_lib/callbacks/manager.py:184}}
Jul 08 09:34:31.621584 np0000004805 devstack@neutron-api.service[87438]: DEBUG neutron_lib.callbacks.manager [None req-7fc3f479-69de-4974-8a79-42f814062a64 admin admin] Publish callbacks ['neutron.plugins.ml2.plugin.SecurityGroupDbMixin._ensure_default_security_group_handler-47609'] for port (None), before_create {{(pid=87438) _notify_loop /opt/stack/data/venv/lib/python3.12/site-packages/neutron_lib/callbacks/manager.py:184}}
Jul 08 09:34:31.644090 np0000004805 devstack@neutron-api.service[87436]: DEBUG neutron.api.rpc.handlers.resources_rpc [None req-eeeca30e-d5e8-4a96-b8b1-833ed2309d95 admin admin] Pushing event updated for resources: {'Port': ['ID=2d52514d-1cfd-4919-a502-6b222fc6637d,revision_number=1']} {{(pid=87436) push /opt/stack/neutron/neutron/api/rpc/handlers/resources_rpc.py:237}}
Jul 08 09:34:31.648647 np0000004805 devstack@neutron-api.service[87436]: DEBUG neutron.plugins.ml2.drivers.ovn.mech_driver.ovsdb.commands [None req-eeeca30e-d5e8-4a96-b8b1-833ed2309d95 admin admin] Converting tag [] to a tag_request {{(pid=87436) _tag_column_to_tag_request /opt/stack/neutron/neutron/plugins/ml2/drivers/ovn/mech_driver/ovsdb/commands.py:205}}
Jul 08 09:34:31.649112 np0000004805 devstack@neutron-api.service[87436]: DEBUG ovsdbapp.backend.ovs_idl.transaction [None req-a0c0d31e-8d7b-4fc8-bbb5-1b6d82128961 None None] Running txn n=1 command(idx=0): AddLSwitchPortCommand(_result=None, lport=2d52514d-1cfd-4919-a502-6b222fc6637d, lswitch=neutron-5f399b7f-a2a5-48d3-9719-df6147edc524, may_exist=True, network_uuid=5f399b7f-a2a5-48d3-9719-df6147edc524, columns={'addresses': ['fa:16:3e:5a:b9:92'], 'external_ids': {'neutron:port_name': '', 'neutron:device_id': 'ovnmeta-5f399b7f-a2a5-48d3-9719-df6147edc524', 'neutron:project_id': '070a9f50346f4b83a1259f36104495b1', 'neutron:cidrs': '', 'neutron:device_owner': 'network:distributed', 'neutron:subnet_pool_addr_scope4': '', 'neutron:subnet_pool_addr_scope6': '', 'neutron:network_name': 'neutron-5f399b7f-a2a5-48d3-9719-df6147edc524', 'neutron:security_group_ids': '', 'neutron:revision_number': '1', 'neutron:vnic_type': 'normal', 'neutron:port_capabilities': '', 'neutron:mtu': '1372'}, 'parent_name': [], 'enabled': True, 'options': {}, 'type': 'localport', 'port_security': [], 'dhcpv4_options': [], 'dhcpv6_options': [], 'tag_request': []}) {{(pid=87436) do_commit /opt/stack/data/venv/lib/python3.12/site-packages/ovsdbapp/backend/ovs_idl/transaction.py:89}}
Jul 08 09:34:31.649465 np0000004805 devstack@neutron-api.service[87436]: DEBUG ovsdbapp.backend.ovs_idl.transaction [None req-a0c0d31e-8d7b-4fc8-bbb5-1b6d82128961 None None] Running txn n=1 command(idx=1): QoSDelCommand(_result=None, switch=neutron-5f399b7f-a2a5-48d3-9719-df6147edc524, conditions=[('direction', '=', 'to-lport'), ('priority', '=', 2002), ('match', '=', 'outport == "2d52514d-1cfd-4919-a502-6b222fc6637d"')], if_exists=True) {{(pid=87436) do_commit /opt/stack/data/venv/lib/python3.12/site-packages/ovsdbapp/backend/ovs_idl/transaction.py:89}}
Jul 08 09:34:31.651865 np0000004805 devstack@neutron-api.service[87436]: DEBUG ovsdbapp.backend.ovs_idl.transaction [None req-a0c0d31e-8d7b-4fc8-bbb5-1b6d82128961 None None] Running txn n=1 command(idx=2): QoSDelCommand(_result=None, switch=neutron-5f399b7f-a2a5-48d3-9719-df6147edc524, conditions=[('direction', '=', 'from-lport'), ('priority', '=', 2002), ('match', '=', 'inport == "2d52514d-1cfd-4919-a502-6b222fc6637d"')], if_exists=True) {{(pid=87436) do_commit /opt/stack/data/venv/lib/python3.12/site-packages/ovsdbapp/backend/ovs_idl/transaction.py:89}}
Jul 08 09:34:31.654409 np0000004805 devstack@neutron-api.service[87437]: DEBUG neutron.plugins.ml2.drivers.ovn.mech_driver.ovsdb.ovsdb_monitor [None req-80c4fb25-517f-4b59-adbc-bb946e942f41 None None] Hash Ring: Node d54b120689845a54ab217d1f38e624ad (host: np0000004805) handling event "update" for row 5f399b7f-a2a5-48d3-9719-df6147edc524 (table: Logical_Switch) {{(pid=87437) notify /opt/stack/neutron/neutron/plugins/ml2/drivers/ovn/mech_driver/ovsdb/ovsdb_monitor.py:1015}}
Jul 08 09:34:31.654903 np0000004805 devstack@neutron-api.service[87437]: DEBUG neutron.plugins.ml2.drivers.ovn.mech_driver.ovsdb.ovsdb_monitor [None req-80c4fb25-517f-4b59-adbc-bb946e942f41 None None] Hash Ring: Node d54b120689845a54ab217d1f38e624ad (host: np0000004805) handling event "create" for row 3c7d2929-a6ca-410b-870b-e19dc6cfc110 (table: Logical_Switch_Port) {{(pid=87437) notify /opt/stack/neutron/neutron/plugins/ml2/drivers/ovn/mech_driver/ovsdb/ovsdb_monitor.py:1015}}
Jul 08 09:34:31.657286 np0000004805 devstack@neutron-api.service[87437]: DEBUG ovsdbapp.backend.ovs_idl.event [None req-80c4fb25-517f-4b59-adbc-bb946e942f41 None None] Matched CREATE: LogicalSwitchPortCreateEvent(events=('create',), table='Logical_Switch_Port', conditions=[], old_conditions=None), priority=20 to row=Logical_Switch_Port(uuid=3c7d2929-a6ca-410b-870b-e19dc6cfc110, addresses=['fa:16:3e:5a:b9:92'], dhcpv4_options=[], dhcpv6_options=[], dynamic_addresses=[], enabled=True, external_ids={'neutron:cidrs': '', 'neutron:device_id': 'ovnmeta-5f399b7f-a2a5-48d3-9719-df6147edc524', 'neutron:device_owner': 'network:distributed', 'neutron:mtu': '1372', 'neutron:network_name': 'neutron-5f399b7f-a2a5-48d3-9719-df6147edc524', 'neutron:port_capabilities': '', 'neutron:port_name': '', 'neutron:project_id': '070a9f50346f4b83a1259f36104495b1', 'neutron:revision_number': '1', 'neutron:security_group_ids': '', 'neutron:subnet_pool_addr_scope4': '', 'neutron:subnet_pool_addr_scope6': '', 'neutron:vnic_type': 'normal'}, ha_chassis_group=[], mirror_rules=[], name='2d52514d-1cfd-4919-a502-6b222fc6637d', options={}, parent_name=[], port_security=[], tag=[], tag_request=[], type='localport', up=[]) old= {{(pid=87437) matches /opt/stack/data/venv/lib/python3.12/site-packages/ovsdbapp/backend/ovs_idl/event.py:55}}
Jul 08 09:34:31.657286 np0000004805 devstack@neutron-api.service[87437]: INFO neutron.plugins.ml2.drivers.ovn.mech_driver.mech_driver [None req-97b3f3b5-7504-4a24-b963-e421e0d2b758 None None] OVN reports status down for port: 2d52514d-1cfd-4919-a502-6b222fc6637d
Jul 08 09:34:31.660320 np0000004805 devstack@neutron-api.service[87437]: DEBUG neutron.plugins.ml2.drivers.ovn.mech_driver.ovsdb.ovsdb_monitor [None req-80c4fb25-517f-4b59-adbc-bb946e942f41 None None] Hash Ring: Node d54b120689845a54ab217d1f38e624ad (host: np0000004805) handling event "update" for row 3c7d2929-a6ca-410b-870b-e19dc6cfc110 (table: Logical_Switch_Port) {{(pid=87437) notify /opt/stack/neutron/neutron/plugins/ml2/drivers/ovn/mech_driver/ovsdb/ovsdb_monitor.py:1015}}
Jul 08 09:34:31.660684 np0000004805 devstack@neutron-api.service[87437]: INFO neutron.db.ovn_revision_numbers_db [None req-8f741301-e8c3-413f-848f-e760e4b89abd admin admin] Successfully bumped revision number for resource 79628951-b7fc-4bed-b312-9c29969ffee6 (type: security_group_rules) to 0
Jul 08 09:34:31.673724 np0000004805 devstack@neutron-api.service[87438]: DEBUG neutron.plugins.ml2.drivers.ovn.mech_driver.ovsdb.ovsdb_monitor [None req-adb2f83c-b419-4b5b-a909-6dfc43f97b73 None None] Hash Ring: Node 3569e802b7895088bc8ea47937ba4228 (host: np0000004805) handling event "create" for row 2ff30971-0ceb-497c-bcee-70964f033d75 (table: Port_Binding) {{(pid=87438) notify /opt/stack/neutron/neutron/plugins/ml2/drivers/ovn/mech_driver/ovsdb/ovsdb_monitor.py:1015}}
Jul 08 09:34:31.686597 np0000004805 devstack@neutron-api.service[87437]: DEBUG neutron.db.provisioning_blocks [None req-97b3f3b5-7504-4a24-b963-e421e0d2b758 None None] Transition to ACTIVE for port object 2d52514d-1cfd-4919-a502-6b222fc6637d will not be triggered until provisioned by entity L2. {{(pid=87437) add_provisioning_component /opt/stack/neutron/neutron/db/provisioning_blocks.py:74}}
Jul 08 09:34:31.694006 np0000004805 devstack@neutron-api.service[87437]: INFO neutron.db.ovn_revision_numbers_db [None req-8f741301-e8c3-413f-848f-e760e4b89abd admin admin] Successfully bumped revision number for resource 937f22a4-2bac-4ebb-93de-70b8f0f7b7d3 (type: security_group_rules) to 0
Jul 08 09:34:31.696120 np0000004805 devstack@neutron-api.service[87436]: INFO neutron.db.ovn_revision_numbers_db [None req-eeeca30e-d5e8-4a96-b8b1-833ed2309d95 admin admin] Successfully bumped revision number for resource 2d52514d-1cfd-4919-a502-6b222fc6637d (type: ports) to 1
Jul 08 09:34:31.706416 np0000004805 devstack@neutron-api.service[87436]: DEBUG neutron.pecan_wsgi.hooks.policy_enforcement [None req-eeeca30e-d5e8-4a96-b8b1-833ed2309d95 admin admin] Attributes excluded by policy engine: ['standard_attr_id'] {{(pid=87436) _exclude_attributes_by_policy /opt/stack/neutron/neutron/pecan_wsgi/hooks/policy_enforcement.py:259}}
Jul 08 09:34:31.706719 np0000004805 devstack@neutron-api.service[87436]: DEBUG neutron_lib.callbacks.manager [None req-eeeca30e-d5e8-4a96-b8b1-833ed2309d95 admin admin] Publish callbacks [] for network (None), before_response {{(pid=87436) _notify_loop /opt/stack/data/venv/lib/python3.12/site-packages/neutron_lib/callbacks/manager.py:184}}
Jul 08 09:34:31.707609 np0000004805 devstack@neutron-api.service[87438]: DEBUG neutron_lib.callbacks.manager [None req-7fc3f479-69de-4974-8a79-42f814062a64 admin admin] Publish callbacks ['neutron.plugins.ml2.drivers.ovn.mech_driver.mech_driver.OVNMechanismDriver._validate_allowed_address_pairs-459583'] for allowed_address_pair (8562b2b0-0a68-4922-a0e4-ca8d75e1346d), before_create {{(pid=87438) _notify_loop /opt/stack/data/venv/lib/python3.12/site-packages/neutron_lib/callbacks/manager.py:184}}
Jul 08 09:34:31.708141 np0000004805 devstack@neutron-api.service[87438]: DEBUG neutron_lib.callbacks.manager [None req-7fc3f479-69de-4974-8a79-42f814062a64 admin admin] Publish callbacks [] for port (8562b2b0-0a68-4922-a0e4-ca8d75e1346d), precommit_create {{(pid=87438) _notify_loop /opt/stack/data/venv/lib/python3.12/site-packages/neutron_lib/callbacks/manager.py:184}}
Jul 08 09:34:31.708306 np0000004805 devstack@neutron-api.service[87438]: DEBUG neutron.plugins.ml2.drivers.ovn.mech_driver.mech_driver [None req-7fc3f479-69de-4974-8a79-42f814062a64 admin admin] No provisioning block for port 8562b2b0-0a68-4922-a0e4-ca8d75e1346d since it does not have a host {{(pid=87438) _is_port_provisioning_required /opt/stack/neutron/neutron/plugins/ml2/drivers/ovn/mech_driver/mech_driver.py:899}}
Jul 08 09:34:31.708408 np0000004805 devstack@neutron-api.service[87438]: DEBUG neutron.db.ovn_revision_numbers_db [None req-7fc3f479-69de-4974-8a79-42f814062a64 admin admin] create_initial_revision uuid=8562b2b0-0a68-4922-a0e4-ca8d75e1346d, type=ports, rev=-1 {{(pid=87438) create_initial_revision /opt/stack/neutron/neutron/db/ovn_revision_numbers_db.py:98}}
Jul 08 09:34:31.715597 np0000004805 devstack@neutron-api.service[87437]: INFO neutron.db.ovn_revision_numbers_db [None req-8f741301-e8c3-413f-848f-e760e4b89abd admin admin] Successfully bumped revision number for resource adab11fd-1c39-44b7-9b15-e29ce34ef2b6 (type: security_group_rules) to 0
Jul 08 09:34:31.731243 np0000004805 devstack@neutron-api.service[87437]: DEBUG neutron.plugins.ml2.plugin [None req-97b3f3b5-7504-4a24-b963-e421e0d2b758 None None] Current status of the port 2d52514d-1cfd-4919-a502-6b222fc6637d is: DOWN; New status is: DOWN {{(pid=87437) _update_individual_port_db_status /opt/stack/neutron/neutron/plugins/ml2/plugin.py:2473}}
Jul 08 09:34:31.732278 np0000004805 devstack@neutron-api.service[87437]: DEBUG ovsdbapp.backend.ovs_idl.transaction [None req-80c4fb25-517f-4b59-adbc-bb946e942f41 None None] Running txn n=1 command(idx=0): DbRemoveCommand(_result=None, table=Logical_Switch_Port, record=2d52514d-1cfd-4919-a502-6b222fc6637d, column=external_ids, values=('neutron:host_id',), keyvalues={}, if_exists=True) {{(pid=87437) do_commit /opt/stack/data/venv/lib/python3.12/site-packages/ovsdbapp/backend/ovs_idl/transaction.py:89}}
Jul 08 09:34:31.736791 np0000004805 devstack@neutron-api.service[87436]: [pid: 87436|app: 0|req: 16/44] 10.4.3.159 () {68 vars in 1277 bytes} [Wed Jul 8 09:34:30 2026] POST /networking/v2.0/networks => generated 725 bytes in 1000 msecs (HTTP/1.1 201) 4 headers in 162 bytes (1 switches on core 0)
Jul 08 09:34:31.748013 np0000004805 devstack@neutron-api.service[87438]: DEBUG neutron_lib.callbacks.manager [None req-7fc3f479-69de-4974-8a79-42f814062a64 admin admin] Publish callbacks ['neutron.plugins.ml2.ovo_rpc._ObjectChangeHandler.handle_event-2238951'] for port (8562b2b0-0a68-4922-a0e4-ca8d75e1346d), after_create {{(pid=87438) _notify_loop /opt/stack/data/venv/lib/python3.12/site-packages/neutron_lib/callbacks/manager.py:184}}
Jul 08 09:34:31.753689 np0000004805 devstack@neutron-api.service[87437]: DEBUG neutron.api.rpc.handlers.resources_rpc [None req-8f741301-e8c3-413f-848f-e760e4b89abd admin admin] Pushing event updated for resources: {'SecurityGroup': ['ID=5734194c-24ac-4743-ba89-bb794080995c,revision_number=1']} {{(pid=87437) push /opt/stack/neutron/neutron/api/rpc/handlers/resources_rpc.py:237}}
Jul 08 09:34:31.774348 np0000004805 devstack@neutron-api.service[87438]: DEBUG neutron.api.rpc.handlers.resources_rpc [None req-7fc3f479-69de-4974-8a79-42f814062a64 admin admin] Pushing event updated for resources: {'Port': ['ID=8562b2b0-0a68-4922-a0e4-ca8d75e1346d,revision_number=1']} {{(pid=87438) push /opt/stack/neutron/neutron/api/rpc/handlers/resources_rpc.py:237}}
Jul 08 09:34:31.785643 np0000004805 devstack@neutron-api.service[87438]: DEBUG neutron.plugins.ml2.drivers.ovn.mech_driver.ovsdb.commands [None req-7fc3f479-69de-4974-8a79-42f814062a64 admin admin] Converting tag [] to a tag_request {{(pid=87438) _tag_column_to_tag_request /opt/stack/neutron/neutron/plugins/ml2/drivers/ovn/mech_driver/ovsdb/commands.py:205}}
