Aug 24 11:52:25.429475 np0000007970 devstack@g-api.service[103046]: DEBUG glance.api.middleware.version_negotiation [None req-a2b7f52a-9a94-4b0e-a0a3-66ebb1b1984e tempest-VolumesActionsTest-1548705182 tempest-VolumesActionsTest-1548705182-project-member] Using url versioning {{(pid=103046) process_request /opt/stack/glance/glance/api/middleware/version_negotiation.py:57}}
Aug 24 11:52:25.430165 np0000007970 devstack@g-api.service[103046]: DEBUG glance.api.middleware.version_negotiation [None req-a2b7f52a-9a94-4b0e-a0a3-66ebb1b1984e tempest-VolumesActionsTest-1548705182 tempest-VolumesActionsTest-1548705182-project-member] Matched version: v2 {{(pid=103046) process_request /opt/stack/glance/glance/api/middleware/version_negotiation.py:69}}
Aug 24 11:52:25.430357 np0000007970 devstack@g-api.service[103046]: DEBUG glance.api.middleware.version_negotiation [None req-a2b7f52a-9a94-4b0e-a0a3-66ebb1b1984e tempest-VolumesActionsTest-1548705182 tempest-VolumesActionsTest-1548705182-project-member] new path /v2/images/bb7d6b82-5d6f-4e3f-865a-46862fd44a52 {{(pid=103046) process_request /opt/stack/glance/glance/api/middleware/version_negotiation.py:70}}
Aug 24 11:52:25.441380 np0000007970 devstack@g-api.service[103043]: INFO glance.api.v2.image_data [None req-c2d19a70-05ee-4a1f-998b-84c33cdc6b9a tempest-VolumesActionsTest-1548705182 tempest-VolumesActionsTest-1548705182-project-member] Unable to create trust: no such option collect_timing in group [keystone_authtoken] Use the existing user token.
Aug 24 11:52:25.448846 np0000007970 devstack@g-api.service[103046]: [pid: 103046|app: 0|req: 100/386] 127.0.0.1 () {40 vars in 838 bytes} [Mon Aug 24 11:52:25 2026] GET /v2/images/bb7d6b82-5d6f-4e3f-865a-46862fd44a52 => generated 649 bytes in 20 msecs (HTTP/1.1 200) 4 headers in 157 bytes (1 switches on core 0)
Aug 24 11:52:26.217739 np0000007970 devstack@g-api.service[103043]: DEBUG glance.location [None req-c2d19a70-05ee-4a1f-998b-84c33cdc6b9a tempest-VolumesActionsTest-1548705182 tempest-VolumesActionsTest-1548705182-project-member] Enabling in-flight format inspection for raw {{(pid=103043) set_data /opt/stack/glance/glance/location.py:596}}
Aug 24 11:52:26.218668 np0000007970 devstack@g-api.service[103043]: DEBUG glance_store.backend [None req-c2d19a70-05ee-4a1f-998b-84c33cdc6b9a tempest-VolumesActionsTest-1548705182 tempest-VolumesActionsTest-1548705182-project-member] Attempting to import store swift {{(pid=103043) _load_store /opt/stack/data/venv/lib/python3.12/site-packages/glance_store/backend.py:215}}
Aug 24 11:52:26.220139 np0000007970 devstack@g-api.service[103043]: DEBUG glance_store.capabilities [None req-c2d19a70-05ee-4a1f-998b-84c33cdc6b9a tempest-VolumesActionsTest-1548705182 tempest-VolumesActionsTest-1548705182-project-member] Store glance_store._drivers.swift.store.SingleTenantStore doesn't support updating dynamic storage capabilities. Please overwrite 'update_capabilities' method of the store to implement updating logics if needed. {{(pid=103043) update_capabilities /opt/stack/data/venv/lib/python3.12/site-packages/glance_store/capabilities.py:91}}
Aug 24 11:52:26.220702 np0000007970 devstack@g-api.service[103043]: DEBUG glance_store.driver [None req-c2d19a70-05ee-4a1f-998b-84c33cdc6b9a tempest-VolumesActionsTest-1548705182 tempest-VolumesActionsTest-1548705182-project-member] Late loading location class glance_store._drivers.swift.store.StoreLocation {{(pid=103043) get_store_location_class /opt/stack/data/venv/lib/python3.12/site-packages/glance_store/driver.py:134}}
Aug 24 11:52:26.220702 np0000007970 devstack@g-api.service[103043]: DEBUG glance_store.location [None req-c2d19a70-05ee-4a1f-998b-84c33cdc6b9a tempest-VolumesActionsTest-1548705182 tempest-VolumesActionsTest-1548705182-project-member] Registering scheme swift+https with {'store': , 'location_class': , 'store_entry': 'swift'} {{(pid=103043) register_scheme_map /opt/stack/data/venv/lib/python3.12/site-packages/glance_store/location.py:146}}
Aug 24 11:52:26.220702 np0000007970 devstack@g-api.service[103043]: DEBUG glance_store.location [None req-c2d19a70-05ee-4a1f-998b-84c33cdc6b9a tempest-VolumesActionsTest-1548705182 tempest-VolumesActionsTest-1548705182-project-member] Registering scheme swift+https with {'store': , 'location_class': , 'store_entry': 'swift'} {{(pid=103043) register_scheme_map /opt/stack/data/venv/lib/python3.12/site-packages/glance_store/location.py:146}}
Aug 24 11:52:26.220702 np0000007970 devstack@g-api.service[103043]: DEBUG glance_store.location [None req-c2d19a70-05ee-4a1f-998b-84c33cdc6b9a tempest-VolumesActionsTest-1548705182 tempest-VolumesActionsTest-1548705182-project-member] Registering scheme swift with {'store': , 'location_class': , 'store_entry': 'swift'} {{(pid=103043) register_scheme_map /opt/stack/data/venv/lib/python3.12/site-packages/glance_store/location.py:146}}
Aug 24 11:52:26.220702 np0000007970 devstack@g-api.service[103043]: DEBUG glance_store.location [None req-c2d19a70-05ee-4a1f-998b-84c33cdc6b9a tempest-VolumesActionsTest-1548705182 tempest-VolumesActionsTest-1548705182-project-member] Registering scheme swift+https with {'store': , 'location_class': , 'store_entry': 'swift'} {{(pid=103043) register_scheme_map /opt/stack/data/venv/lib/python3.12/site-packages/glance_store/location.py:146}}
Aug 24 11:52:26.220894 np0000007970 devstack@g-api.service[103043]: DEBUG glance_store.location [None req-c2d19a70-05ee-4a1f-998b-84c33cdc6b9a tempest-VolumesActionsTest-1548705182 tempest-VolumesActionsTest-1548705182-project-member] Registering scheme swift with {'store': , 'location_class': , 'store_entry': 'swift'} {{(pid=103043) register_scheme_map /opt/stack/data/venv/lib/python3.12/site-packages/glance_store/location.py:146}}
Aug 24 11:52:26.220894 np0000007970 devstack@g-api.service[103043]: DEBUG glance_store.location [None req-c2d19a70-05ee-4a1f-998b-84c33cdc6b9a tempest-VolumesActionsTest-1548705182 tempest-VolumesActionsTest-1548705182-project-member] Registering scheme swift+http with {'store': , 'location_class': , 'store_entry': 'swift'} {{(pid=103043) register_scheme_map /opt/stack/data/venv/lib/python3.12/site-packages/glance_store/location.py:146}}
Aug 24 11:52:26.220965 np0000007970 devstack@g-api.service[103043]: DEBUG glance_store.location [None req-c2d19a70-05ee-4a1f-998b-84c33cdc6b9a tempest-VolumesActionsTest-1548705182 tempest-VolumesActionsTest-1548705182-project-member] Registering scheme swift+https with {'store': , 'location_class': , 'store_entry': 'swift'} {{(pid=103043) register_scheme_map /opt/stack/data/venv/lib/python3.12/site-packages/glance_store/location.py:146}}
Aug 24 11:52:26.221798 np0000007970 devstack@g-api.service[103043]: DEBUG glance_store.location [None req-c2d19a70-05ee-4a1f-998b-84c33cdc6b9a tempest-VolumesActionsTest-1548705182 tempest-VolumesActionsTest-1548705182-project-member] Registering scheme swift with {'store': , 'location_class': , 'store_entry': 'swift'} {{(pid=103043) register_scheme_map /opt/stack/data/venv/lib/python3.12/site-packages/glance_store/location.py:146}}
Aug 24 11:52:26.221798 np0000007970 devstack@g-api.service[103043]: DEBUG glance_store.location [None req-c2d19a70-05ee-4a1f-998b-84c33cdc6b9a tempest-VolumesActionsTest-1548705182 tempest-VolumesActionsTest-1548705182-project-member] Registering scheme swift+http with {'store': , 'location_class': , 'store_entry': 'swift'} {{(pid=103043) register_scheme_map /opt/stack/data/venv/lib/python3.12/site-packages/glance_store/location.py:146}}
Aug 24 11:52:26.221798 np0000007970 devstack@g-api.service[103043]: DEBUG glance_store.location [None req-c2d19a70-05ee-4a1f-998b-84c33cdc6b9a tempest-VolumesActionsTest-1548705182 tempest-VolumesActionsTest-1548705182-project-member] Registering scheme swift+config with {'store': , 'location_class': , 'store_entry': 'swift'} {{(pid=103043) register_scheme_map /opt/stack/data/venv/lib/python3.12/site-packages/glance_store/location.py:146}}
Aug 24 11:52:26.441803 np0000007970 devstack@g-api.service[103043]: DEBUG swiftclient [None req-c2d19a70-05ee-4a1f-998b-84c33cdc6b9a tempest-VolumesActionsTest-1548705182 tempest-VolumesActionsTest-1548705182-project-member] REQ: curl -i https://10.4.3.118:8080/v1/AUTH_ca70d0dd9b4b486099f8dd57c47d90b8/glance -I -H "X-Auth-Token: gAAAAABqjDB6dPcq..." {{(pid=103043) http_log /opt/stack/data/venv/lib/python3.12/site-packages/swiftclient/client.py:160}}
Aug 24 11:52:26.442307 np0000007970 devstack@g-api.service[103043]: DEBUG swiftclient [None req-c2d19a70-05ee-4a1f-998b-84c33cdc6b9a tempest-VolumesActionsTest-1548705182 tempest-VolumesActionsTest-1548705182-project-member] RESP STATUS: 204 No Content {{(pid=103043) http_log /opt/stack/data/venv/lib/python3.12/site-packages/swiftclient/client.py:161}}
Aug 24 11:52:26.442307 np0000007970 devstack@g-api.service[103043]: DEBUG swiftclient [None req-c2d19a70-05ee-4a1f-998b-84c33cdc6b9a tempest-VolumesActionsTest-1548705182 tempest-VolumesActionsTest-1548705182-project-member] RESP HEADERS: {'Date': 'Mon, 24 Aug 2026 11:52:26 GMT', 'Server': 'Apache/2.4.58 (Ubuntu)', 'Content-Type': 'text/plain; charset=utf-8', 'X-Container-Object-Count': '3', 'X-Container-Bytes-Used': '64356352', 'X-Timestamp': '1787571865.63782', 'Last-Modified': 'Mon, 24 Aug 2026 11:44:26 GMT', 'Accept-Ranges': 'bytes', 'X-Storage-Policy': 'Policy-0', 'X-Container-Sharding': 'False', 'Vary': 'Accept', 'X-Trans-Id': 'tx2d10801d4cd44424a255f-006a8c307a', 'X-Openstack-Request-Id': 'tx2d10801d4cd44424a255f-006a8c307a', 'Connection': 'close'} {{(pid=103043) http_log /opt/stack/data/venv/lib/python3.12/site-packages/swiftclient/client.py:162}}
Aug 24 11:52:26.442509 np0000007970 devstack@g-api.service[103043]: DEBUG glance_store._drivers.swift.store [None req-c2d19a70-05ee-4a1f-998b-84c33cdc6b9a tempest-VolumesActionsTest-1548705182 tempest-VolumesActionsTest-1548705182-project-member] Adding image object 'bb7d6b82-5d6f-4e3f-865a-46862fd44a52' to Swift {{(pid=103043) add /opt/stack/data/venv/lib/python3.12/site-packages/glance_store/_drivers/swift/store.py:970}}
Aug 24 11:52:26.442509 np0000007970 devstack@g-api.service[103043]: DEBUG glance_store._drivers.swift.store [None req-c2d19a70-05ee-4a1f-998b-84c33cdc6b9a tempest-VolumesActionsTest-1548705182 tempest-VolumesActionsTest-1548705182-project-member] Cannot determine image size because it is either not provided in the request or chunked-transfer encoding is used. Adding image as a segmented object to Swift. {{(pid=103043) add /opt/stack/data/venv/lib/python3.12/site-packages/glance_store/_drivers/swift/store.py:994}}
Aug 24 11:52:26.451324 np0000007970 devstack@g-api.service[103043]: DEBUG oslo_utils.imageutils.format_inspector [None req-c2d19a70-05ee-4a1f-998b-84c33cdc6b9a tempest-VolumesActionsTest-1548705182 tempest-VolumesActionsTest-1548705182-project-member] Format inspector for vmdk does not match, excluding from consideration (Signature KDMV not found: b'\x00\x00\x00\x00') {{(pid=103043) _process_chunk /opt/stack/data/venv/lib/python3.12/site-packages/oslo_utils/imageutils/format_inspector.py:1758}}
Aug 24 11:52:26.453229 np0000007970 devstack@g-api.service[103043]: DEBUG oslo_utils.imageutils.format_inspector [None req-c2d19a70-05ee-4a1f-998b-84c33cdc6b9a tempest-VolumesActionsTest-1548705182 tempest-VolumesActionsTest-1548705182-project-member] Format inspector for vhdx does not match, excluding from consideration (Region signature not found at 30000) {{(pid=103043) _process_chunk /opt/stack/data/venv/lib/python3.12/site-packages/oslo_utils/imageutils/format_inspector.py:1758}}
Aug 24 11:52:26.465399 np0000007970 devstack@g-api.service[103045]: DEBUG glance.api.middleware.version_negotiation [None req-a84b0c5a-c7ea-4c54-8b02-0af96b42f8e0 tempest-VolumesActionsTest-1548705182 tempest-VolumesActionsTest-1548705182-project-member] Determining version of request: GET /v2/images/bb7d6b82-5d6f-4e3f-865a-46862fd44a52 Accept: application/json {{(pid=103045) process_request /opt/stack/glance/glance/api/middleware/version_negotiation.py:44}}
Aug 24 11:52:26.465801 np0000007970 devstack@g-api.service[103045]: DEBUG glance.api.middleware.version_negotiation [None req-a84b0c5a-c7ea-4c54-8b02-0af96b42f8e0 tempest-VolumesActionsTest-1548705182 tempest-VolumesActionsTest-1548705182-project-member] Using url versioning {{(pid=103045) process_request /opt/stack/glance/glance/api/middleware/version_negotiation.py:57}}
Aug 24 11:52:26.465801 np0000007970 devstack@g-api.service[103045]: DEBUG glance.api.middleware.version_negotiation [None req-a84b0c5a-c7ea-4c54-8b02-0af96b42f8e0 tempest-VolumesActionsTest-1548705182 tempest-VolumesActionsTest-1548705182-project-member] Matched version: v2 {{(pid=103045) process_request /opt/stack/glance/glance/api/middleware/version_negotiation.py:69}}
Aug 24 11:52:26.465904 np0000007970 devstack@g-api.service[103045]: DEBUG glance.api.middleware.version_negotiation [None req-a84b0c5a-c7ea-4c54-8b02-0af96b42f8e0 tempest-VolumesActionsTest-1548705182 tempest-VolumesActionsTest-1548705182-project-member] new path /v2/images/bb7d6b82-5d6f-4e3f-865a-46862fd44a52 {{(pid=103045) process_request /opt/stack/glance/glance/api/middleware/version_negotiation.py:70}}
Aug 24 11:52:26.476831 np0000007970 devstack@g-api.service[103045]: [pid: 103045|app: 0|req: 101/387] 127.0.0.1 () {40 vars in 838 bytes} [Mon Aug 24 11:52:26 2026] GET /v2/images/bb7d6b82-5d6f-4e3f-865a-46862fd44a52 => generated 649 bytes in 11 msecs (HTTP/1.1 200) 4 headers in 157 bytes (1 switches on core 0)
Aug 24 11:52:27.490186 np0000007970 devstack@g-api.service[103044]: DEBUG glance.api.middleware.version_negotiation [None req-d36ff0fa-a0d7-4b4f-8b14-60ccf0637fe6 tempest-VolumesActionsTest-1548705182 tempest-VolumesActionsTest-1548705182-project-member] Determining version of request: GET /v2/images/bb7d6b82-5d6f-4e3f-865a-46862fd44a52 Accept: application/json {{(pid=103044) process_request /opt/stack/glance/glance/api/middleware/version_negotiation.py:44}}
Aug 24 11:52:27.490186 np0000007970 devstack@g-api.service[103044]: DEBUG glance.api.middleware.version_negotiation [None req-d36ff0fa-a0d7-4b4f-8b14-60ccf0637fe6 tempest-VolumesActionsTest-1548705182 tempest-VolumesActionsTest-1548705182-project-member] Using url versioning {{(pid=103044) process_request /opt/stack/glance/glance/api/middleware/version_negotiation.py:57}}
Aug 24 11:52:27.490186 np0000007970 devstack@g-api.service[103044]: DEBUG glance.api.middleware.version_negotiation [None req-d36ff0fa-a0d7-4b4f-8b14-60ccf0637fe6 tempest-VolumesActionsTest-1548705182 tempest-VolumesActionsTest-1548705182-project-member] Matched version: v2 {{(pid=103044) process_request /opt/stack/glance/glance/api/middleware/version_negotiation.py:69}}
Aug 24 11:52:27.490186 np0000007970 devstack@g-api.service[103044]: DEBUG glance.api.middleware.version_negotiation [None req-d36ff0fa-a0d7-4b4f-8b14-60ccf0637fe6 tempest-VolumesActionsTest-1548705182 tempest-VolumesActionsTest-1548705182-project-member] new path /v2/images/bb7d6b82-5d6f-4e3f-865a-46862fd44a52 {{(pid=103044) process_request /opt/stack/glance/glance/api/middleware/version_negotiation.py:70}}
Aug 24 11:52:27.509445 np0000007970 devstack@g-api.service[103044]: [pid: 103044|app: 0|req: 93/388] 127.0.0.1 () {40 vars in 838 bytes} [Mon Aug 24 11:52:27 2026] GET /v2/images/bb7d6b82-5d6f-4e3f-865a-46862fd44a52 => generated 649 bytes in 20 msecs (HTTP/1.1 200) 4 headers in 157 bytes (1 switches on core 0)
Aug 24 11:52:27.524934 np0000007970 devstack@g-api.service[103046]: DEBUG glance.api.middleware.version_negotiation [None req-435d1f7e-69bd-49bd-9b24-0da125971672 tempest-VolumesActionsTest-1548705182 tempest-VolumesActionsTest-1548705182-project-member] Determining version of request: GET /v2/images/17735ba2-9f76-481e-a7d0-4aad1e8077aa Accept: */* {{(pid=103046) process_request /opt/stack/glance/glance/api/middleware/version_negotiation.py:44}}
Aug 24 11:52:27.525371 np0000007970 devstack@g-api.service[103046]: DEBUG glance.api.middleware.version_negotiation [None req-435d1f7e-69bd-49bd-9b24-0da125971672 tempest-VolumesActionsTest-1548705182 tempest-VolumesActionsTest-1548705182-project-member] Using url versioning {{(pid=103046) process_request /opt/stack/glance/glance/api/middleware/version_negotiation.py:57}}
Aug 24 11:52:27.525371 np0000007970 devstack@g-api.service[103046]: DEBUG glance.api.middleware.version_negotiation [None req-435d1f7e-69bd-49bd-9b24-0da125971672 tempest-VolumesActionsTest-1548705182 tempest-VolumesActionsTest-1548705182-project-member] Matched version: v2 {{(pid=103046) process_request /opt/stack/glance/glance/api/middleware/version_negotiation.py:69}}
Aug 24 11:52:27.527216 np0000007970 devstack@g-api.service[103046]: DEBUG glance.api.middleware.version_negotiation [None req-435d1f7e-69bd-49bd-9b24-0da125971672 tempest-VolumesActionsTest-1548705182 tempest-VolumesActionsTest-1548705182-project-member] new path /v2/images/17735ba2-9f76-481e-a7d0-4aad1e8077aa {{(pid=103046) process_request /opt/stack/glance/glance/api/middleware/version_negotiation.py:70}}
Aug 24 11:52:27.546252 np0000007970 devstack@g-api.service[103046]: [pid: 103046|app: 0|req: 101/389] 127.0.0.1 () {44 vars in 1115 bytes} [Mon Aug 24 11:52:27 2026] GET /v2/images/17735ba2-9f76-481e-a7d0-4aad1e8077aa => generated 1044 bytes in 21 msecs (HTTP/1.1 200) 4 headers in 158 bytes (1 switches on core 0)
Aug 24 11:52:27.596207 np0000007970 devstack@g-api.service[103045]: DEBUG glance.api.middleware.version_negotiation [None req-b2e3533d-6440-489d-b9bf-522072ba5f54 tempest-VolumesActionsTest-1548705182 tempest-VolumesActionsTest-1548705182-project-member] Determining version of request: GET /v2/schemas/image Accept: */* {{(pid=103045) process_request /opt/stack/glance/glance/api/middleware/version_negotiation.py:44}}
Aug 24 11:52:27.596207 np0000007970 devstack@g-api.service[103045]: DEBUG glance.api.middleware.version_negotiation [None req-b2e3533d-6440-489d-b9bf-522072ba5f54 tempest-VolumesActionsTest-1548705182 tempest-VolumesActionsTest-1548705182-project-member] Using url versioning {{(pid=103045) process_request /opt/stack/glance/glance/api/middleware/version_negotiation.py:57}}
Aug 24 11:52:27.596736 np0000007970 devstack@g-api.service[103045]: DEBUG glance.api.middleware.version_negotiation [None req-b2e3533d-6440-489d-b9bf-522072ba5f54 tempest-VolumesActionsTest-1548705182 tempest-VolumesActionsTest-1548705182-project-member] Matched version: v2 {{(pid=103045) process_request /opt/stack/glance/glance/api/middleware/version_negotiation.py:69}}
Aug 24 11:52:27.596736 np0000007970 devstack@g-api.service[103045]: DEBUG glance.api.middleware.version_negotiation [None req-b2e3533d-6440-489d-b9bf-522072ba5f54 tempest-VolumesActionsTest-1548705182 tempest-VolumesActionsTest-1548705182-project-member] new path /v2/schemas/image {{(pid=103045) process_request /opt/stack/glance/glance/api/middleware/version_negotiation.py:70}}
Aug 24 11:52:27.600149 np0000007970 devstack@g-api.service[103045]: [pid: 103045|app: 0|req: 102/390] 127.0.0.1 () {44 vars in 1055 bytes} [Mon Aug 24 11:52:27 2026] GET /v2/schemas/image => generated 6083 bytes in 4 msecs (HTTP/1.1 200) 4 headers in 158 bytes (1 switches on core 0)
Aug 24 11:52:28.524743 np0000007970 devstack@g-api.service[103044]: DEBUG glance.api.middleware.version_negotiation [None req-98585945-1d65-4784-af19-f87051a3d726 tempest-VolumesActionsTest-1548705182 tempest-VolumesActionsTest-1548705182-project-member] Determining version of request: GET /v2/images/bb7d6b82-5d6f-4e3f-865a-46862fd44a52 Accept: application/json {{(pid=103044) process_request /opt/stack/glance/glance/api/middleware/version_negotiation.py:44}}
Aug 24 11:52:28.524743 np0000007970 devstack@g-api.service[103044]: DEBUG glance.api.middleware.version_negotiation [None req-98585945-1d65-4784-af19-f87051a3d726 tempest-VolumesActionsTest-1548705182 tempest-VolumesActionsTest-1548705182-project-member] Using url versioning {{(pid=103044) process_request /opt/stack/glance/glance/api/middleware/version_negotiation.py:57}}
Aug 24 11:52:28.524743 np0000007970 devstack@g-api.service[103044]: DEBUG glance.api.middleware.version_negotiation [None req-98585945-1d65-4784-af19-f87051a3d726 tempest-VolumesActionsTest-1548705182 tempest-VolumesActionsTest-1548705182-project-member] Matched version: v2 {{(pid=103044) process_request /opt/stack/glance/glance/api/middleware/version_negotiation.py:69}}
Aug 24 11:52:28.524743 np0000007970 devstack@g-api.service[103044]: DEBUG glance.api.middleware.version_negotiation [None req-98585945-1d65-4784-af19-f87051a3d726 tempest-VolumesActionsTest-1548705182 tempest-VolumesActionsTest-1548705182-project-member] new path /v2/images/bb7d6b82-5d6f-4e3f-865a-46862fd44a52 {{(pid=103044) process_request /opt/stack/glance/glance/api/middleware/version_negotiation.py:70}}
Aug 24 11:52:28.546373 np0000007970 devstack@g-api.service[103044]: [pid: 103044|app: 0|req: 94/391] 127.0.0.1 () {40 vars in 838 bytes} [Mon Aug 24 11:52:28 2026] GET /v2/images/bb7d6b82-5d6f-4e3f-865a-46862fd44a52 => generated 649 bytes in 23 msecs (HTTP/1.1 200) 4 headers in 157 bytes (1 switches on core 0)
Aug 24 11:52:29.477167 np0000007970 devstack@g-api.service[103043]: DEBUG swiftclient [None req-c2d19a70-05ee-4a1f-998b-84c33cdc6b9a tempest-VolumesActionsTest-1548705182 tempest-VolumesActionsTest-1548705182-project-member] REQ: curl -i https://10.4.3.118:8080/v1/AUTH_ca70d0dd9b4b486099f8dd57c47d90b8/glance/bb7d6b82-5d6f-4e3f-865a-46862fd44a52-00001 -X PUT -H "X-Auth-Token: gAAAAABqjDB6dPcq..." {{(pid=103043) http_log /opt/stack/data/venv/lib/python3.12/site-packages/swiftclient/client.py:160}}
Aug 24 11:52:29.477632 np0000007970 devstack@g-api.service[103043]: DEBUG swiftclient [None req-c2d19a70-05ee-4a1f-998b-84c33cdc6b9a tempest-VolumesActionsTest-1548705182 tempest-VolumesActionsTest-1548705182-project-member] RESP STATUS: 201 Created {{(pid=103043) http_log /opt/stack/data/venv/lib/python3.12/site-packages/swiftclient/client.py:161}}
Aug 24 11:52:29.477632 np0000007970 devstack@g-api.service[103043]: DEBUG swiftclient [None req-c2d19a70-05ee-4a1f-998b-84c33cdc6b9a tempest-VolumesActionsTest-1548705182 tempest-VolumesActionsTest-1548705182-project-member] RESP HEADERS: {'Date': 'Mon, 24 Aug 2026 11:52:29 GMT', 'Server': 'Apache/2.4.58 (Ubuntu)', 'Content-Type': 'text/html; charset=UTF-8', 'Content-Length': '0', 'Etag': 'eda9a9889837ac4bc81d6387d92c1bec', 'Last-Modified': 'Mon, 24 Aug 2026 11:52:27 GMT', 'X-Trans-Id': 'txdb7c5a14c25746ff93493-006a8c307a', 'X-Openstack-Request-Id': 'txdb7c5a14c25746ff93493-006a8c307a', 'Connection': 'close'} {{(pid=103043) http_log /opt/stack/data/venv/lib/python3.12/site-packages/swiftclient/client.py:162}}
Aug 24 11:52:29.477632 np0000007970 devstack@g-api.service[103043]: DEBUG glance_store._drivers.swift.store [None req-c2d19a70-05ee-4a1f-998b-84c33cdc6b9a tempest-VolumesActionsTest-1548705182 tempest-VolumesActionsTest-1548705182-project-member] Wrote chunk bb7d6b82-5d6f-4e3f-865a-46862fd44a52-00001 (1/?) of length 204800000 to Swift returning MD5 of content: eda9a9889837ac4bc81d6387d92c1bec {{(pid=103043) add /opt/stack/data/venv/lib/python3.12/site-packages/glance_store/_drivers/swift/store.py:1059}}
Aug 24 11:52:29.559223 np0000007970 devstack@g-api.service[103046]: DEBUG glance.api.middleware.version_negotiation [None req-14e320db-68d4-4735-805d-4e8625b155ea tempest-AttachVolumeMultiAttachTest-1600419126 tempest-AttachVolumeMultiAttachTest-1600419126-project-member] Determining version of request: GET /v2/images/bb7d6b82-5d6f-4e3f-865a-46862fd44a52 Accept: application/json {{(pid=103046) process_request /opt/stack/glance/glance/api/middleware/version_negotiation.py:44}}
Aug 24 11:52:29.559636 np0000007970 devstack@g-api.service[103046]: DEBUG glance.api.middleware.version_negotiation [None req-14e320db-68d4-4735-805d-4e8625b155ea tempest-AttachVolumeMultiAttachTest-1600419126 tempest-AttachVolumeMultiAttachTest-1600419126-project-member] Using url versioning {{(pid=103046) process_request /opt/stack/glance/glance/api/middleware/version_negotiation.py:57}}
Aug 24 11:52:29.559694 np0000007970 devstack@g-api.service[103046]: DEBUG glance.api.middleware.version_negotiation [None req-14e320db-68d4-4735-805d-4e8625b155ea tempest-AttachVolumeMultiAttachTest-1600419126 tempest-AttachVolumeMultiAttachTest-1600419126-project-member] Matched version: v2 {{(pid=103046) process_request /opt/stack/glance/glance/api/middleware/version_negotiation.py:69}}
Aug 24 11:52:29.560306 np0000007970 devstack@g-api.service[103046]: DEBUG glance.api.middleware.version_negotiation [None req-14e320db-68d4-4735-805d-4e8625b155ea tempest-AttachVolumeMultiAttachTest-1600419126 tempest-AttachVolumeMultiAttachTest-1600419126-project-member] new path /v2/images/bb7d6b82-5d6f-4e3f-865a-46862fd44a52 {{(pid=103046) process_request /opt/stack/glance/glance/api/middleware/version_negotiation.py:70}}
Aug 24 11:52:29.582732 np0000007970 devstack@g-api.service[103046]: [pid: 103046|app: 0|req: 102/392] 127.0.0.1 () {40 vars in 838 bytes} [Mon Aug 24 11:52:29 2026] GET /v2/images/bb7d6b82-5d6f-4e3f-865a-46862fd44a52 => generated 649 bytes in 24 msecs (HTTP/1.1 200) 4 headers in 157 bytes (1 switches on core 0)
Aug 24 11:52:30.592368 np0000007970 devstack@g-api.service[103045]: DEBUG glance.api.middleware.version_negotiation [None req-14e320db-68d4-4735-805d-4e8625b155ea tempest-AttachVolumeMultiAttachTest-1600419126 tempest-AttachVolumeMultiAttachTest-1600419126-project-member] Determining version of request: GET /v2/images/bb7d6b82-5d6f-4e3f-865a-46862fd44a52 Accept: application/json {{(pid=103045) process_request /opt/stack/glance/glance/api/middleware/version_negotiation.py:44}}
Aug 24 11:52:30.593124 np0000007970 devstack@g-api.service[103045]: DEBUG glance.api.middleware.version_negotiation [None req-14e320db-68d4-4735-805d-4e8625b155ea tempest-AttachVolumeMultiAttachTest-1600419126 tempest-AttachVolumeMultiAttachTest-1600419126-project-member] Using url versioning {{(pid=103045) process_request /opt/stack/glance/glance/api/middleware/version_negotiation.py:57}}
Aug 24 11:52:30.596116 np0000007970 devstack@g-api.service[103045]: DEBUG glance.api.middleware.version_negotiation [None req-14e320db-68d4-4735-805d-4e8625b155ea tempest-AttachVolumeMultiAttachTest-1600419126 tempest-AttachVolumeMultiAttachTest-1600419126-project-member] Matched version: v2 {{(pid=103045) process_request /opt/stack/glance/glance/api/middleware/version_negotiation.py:69}}
Aug 24 11:52:30.596116 np0000007970 devstack@g-api.service[103045]: DEBUG glance.api.middleware.version_negotiation [None req-14e320db-68d4-4735-805d-4e8625b155ea tempest-AttachVolumeMultiAttachTest-1600419126 tempest-AttachVolumeMultiAttachTest-1600419126-project-member] new path /v2/images/bb7d6b82-5d6f-4e3f-865a-46862fd44a52 {{(pid=103045) process_request /opt/stack/glance/glance/api/middleware/version_negotiation.py:70}}
Aug 24 11:52:30.612033 np0000007970 devstack@g-api.service[103045]: [pid: 103045|app: 0|req: 103/393] 127.0.0.1 () {40 vars in 838 bytes} [Mon Aug 24 11:52:30 2026] GET /v2/images/bb7d6b82-5d6f-4e3f-865a-46862fd44a52 => generated 649 bytes in 21 msecs (HTTP/1.1 200) 4 headers in 157 bytes (1 switches on core 0)
Aug 24 11:52:31.625497 np0000007970 devstack@g-api.service[103044]: DEBUG glance.api.middleware.version_negotiation [None req-6eb243b0-374d-498a-ba02-f7b7db381fdd tempest-VolumesActionsTest-1548705182 tempest-VolumesActionsTest-1548705182-project-member] Determining version of request: GET /v2/images/bb7d6b82-5d6f-4e3f-865a-46862fd44a52 Accept: application/json {{(pid=103044) process_request /opt/stack/glance/glance/api/middleware/version_negotiation.py:44}}
Aug 24 11:52:31.625842 np0000007970 devstack@g-api.service[103044]: DEBUG glance.api.middleware.version_negotiation [None req-6eb243b0-374d-498a-ba02-f7b7db381fdd tempest-VolumesActionsTest-1548705182 tempest-VolumesActionsTest-1548705182-project-member] Using url versioning {{(pid=103044) process_request /opt/stack/glance/glance/api/middleware/version_negotiation.py:57}}
Aug 24 11:52:31.625895 np0000007970 devstack@g-api.service[103044]: DEBUG glance.api.middleware.version_negotiation [None req-6eb243b0-374d-498a-ba02-f7b7db381fdd tempest-VolumesActionsTest-1548705182 tempest-VolumesActionsTest-1548705182-project-member] Matched version: v2 {{(pid=103044) process_request /opt/stack/glance/glance/api/middleware/version_negotiation.py:69}}
Aug 24 11:52:31.626019 np0000007970 devstack@g-api.service[103044]: DEBUG glance.api.middleware.version_negotiation [None req-6eb243b0-374d-498a-ba02-f7b7db381fdd tempest-VolumesActionsTest-1548705182 tempest-VolumesActionsTest-1548705182-project-member] new path /v2/images/bb7d6b82-5d6f-4e3f-865a-46862fd44a52 {{(pid=103044) process_request /opt/stack/glance/glance/api/middleware/version_negotiation.py:70}}
Aug 24 11:52:31.644236 np0000007970 devstack@g-api.service[103044]: [pid: 103044|app: 0|req: 95/394] 127.0.0.1 () {40 vars in 838 bytes} [Mon Aug 24 11:52:31 2026] GET /v2/images/bb7d6b82-5d6f-4e3f-865a-46862fd44a52 => generated 649 bytes in 19 msecs (HTTP/1.1 200) 4 headers in 157 bytes (1 switches on core 0)
Aug 24 11:52:31.903727 np0000007970 devstack@g-api.service[103043]: DEBUG swiftclient [None req-c2d19a70-05ee-4a1f-998b-84c33cdc6b9a tempest-VolumesActionsTest-1548705182 tempest-VolumesActionsTest-1548705182-project-member] REQ: curl -i https://10.4.3.118:8080/v1/AUTH_ca70d0dd9b4b486099f8dd57c47d90b8/glance/bb7d6b82-5d6f-4e3f-865a-46862fd44a52-00002 -X PUT -H "X-Auth-Token: gAAAAABqjDB6dPcq..." {{(pid=103043) http_log /opt/stack/data/venv/lib/python3.12/site-packages/swiftclient/client.py:160}}
Aug 24 11:52:31.904170 np0000007970 devstack@g-api.service[103043]: DEBUG swiftclient [None req-c2d19a70-05ee-4a1f-998b-84c33cdc6b9a tempest-VolumesActionsTest-1548705182 tempest-VolumesActionsTest-1548705182-project-member] RESP STATUS: 201 Created {{(pid=103043) http_log /opt/stack/data/venv/lib/python3.12/site-packages/swiftclient/client.py:161}}
Aug 24 11:52:31.904170 np0000007970 devstack@g-api.service[103043]: DEBUG swiftclient [None req-c2d19a70-05ee-4a1f-998b-84c33cdc6b9a tempest-VolumesActionsTest-1548705182 tempest-VolumesActionsTest-1548705182-project-member] RESP HEADERS: {'Date': 'Mon, 24 Aug 2026 11:52:31 GMT', 'Server': 'Apache/2.4.58 (Ubuntu)', 'Content-Type': 'text/html; charset=UTF-8', 'Content-Length': '0', 'Etag': 'eda9a9889837ac4bc81d6387d92c1bec', 'Last-Modified': 'Mon, 24 Aug 2026 11:52:30 GMT', 'X-Trans-Id': 'tx71349d31de914f4aba9fd-006a8c307d', 'X-Openstack-Request-Id': 'tx71349d31de914f4aba9fd-006a8c307d', 'Connection': 'close'} {{(pid=103043) http_log /opt/stack/data/venv/lib/python3.12/site-packages/swiftclient/client.py:162}}
Aug 24 11:52:31.904170 np0000007970 devstack@g-api.service[103043]: DEBUG glance_store._drivers.swift.store [None req-c2d19a70-05ee-4a1f-998b-84c33cdc6b9a tempest-VolumesActionsTest-1548705182 tempest-VolumesActionsTest-1548705182-project-member] Wrote chunk bb7d6b82-5d6f-4e3f-865a-46862fd44a52-00002 (2/?) of length 204800000 to Swift returning MD5 of content: eda9a9889837ac4bc81d6387d92c1bec {{(pid=103043) add /opt/stack/data/venv/lib/python3.12/site-packages/glance_store/_drivers/swift/store.py:1059}}
Aug 24 11:52:32.661450 np0000007970 devstack@g-api.service[103046]: DEBUG glance.api.middleware.version_negotiation [None req-2e347449-17c0-40e8-a003-12821f4b0dfe tempest-VolumesActionsTest-1548705182 tempest-VolumesActionsTest-1548705182-project-member] Determining version of request: GET /v2/images/bb7d6b82-5d6f-4e3f-865a-46862fd44a52 Accept: application/json {{(pid=103046) process_request /opt/stack/glance/glance/api/middleware/version_negotiation.py:44}}
Aug 24 11:52:32.661450 np0000007970 devstack@g-api.service[103046]: DEBUG glance.api.middleware.version_negotiation [None req-2e347449-17c0-40e8-a003-12821f4b0dfe tempest-VolumesActionsTest-1548705182 tempest-VolumesActionsTest-1548705182-project-member] Using url versioning {{(pid=103046) process_request /opt/stack/glance/glance/api/middleware/version_negotiation.py:57}}
Aug 24 11:52:32.661450 np0000007970 devstack@g-api.service[103046]: DEBUG glance.api.middleware.version_negotiation [None req-2e347449-17c0-40e8-a003-12821f4b0dfe tempest-VolumesActionsTest-1548705182 tempest-VolumesActionsTest-1548705182-project-member] Matched version: v2 {{(pid=103046) process_request /opt/stack/glance/glance/api/middleware/version_negotiation.py:69}}
Aug 24 11:52:32.661450 np0000007970 devstack@g-api.service[103046]: DEBUG glance.api.middleware.version_negotiation [None req-2e347449-17c0-40e8-a003-12821f4b0dfe tempest-VolumesActionsTest-1548705182 tempest-VolumesActionsTest-1548705182-project-member] new path /v2/images/bb7d6b82-5d6f-4e3f-865a-46862fd44a52 {{(pid=103046) process_request /opt/stack/glance/glance/api/middleware/version_negotiation.py:70}}
Aug 24 11:52:32.675967 np0000007970 devstack@g-api.service[103046]: [pid: 103046|app: 0|req: 103/395] 127.0.0.1 () {40 vars in 838 bytes} [Mon Aug 24 11:52:32 2026] GET /v2/images/bb7d6b82-5d6f-4e3f-865a-46862fd44a52 => generated 649 bytes in 16 msecs (HTTP/1.1 200) 4 headers in 157 bytes (1 switches on core 0)
Aug 24 11:52:33.693283 np0000007970 devstack@g-api.service[103045]: DEBUG glance.api.middleware.version_negotiation [None req-556f9030-ccfa-4f57-8902-3f1f115ffa9e tempest-VolumesActionsTest-1548705182 tempest-VolumesActionsTest-1548705182-project-member] Determining version of request: GET /v2/images/bb7d6b82-5d6f-4e3f-865a-46862fd44a52 Accept: application/json {{(pid=103045) process_request /opt/stack/glance/glance/api/middleware/version_negotiation.py:44}}
Aug 24 11:52:33.695645 np0000007970 devstack@g-api.service[103045]: DEBUG glance.api.middleware.version_negotiation [None req-556f9030-ccfa-4f57-8902-3f1f115ffa9e tempest-VolumesActionsTest-1548705182 tempest-VolumesActionsTest-1548705182-project-member] Using url versioning {{(pid=103045) process_request /opt/stack/glance/glance/api/middleware/version_negotiation.py:57}}
Aug 24 11:52:33.695645 np0000007970 devstack@g-api.service[103045]: DEBUG glance.api.middleware.version_negotiation [None req-556f9030-ccfa-4f57-8902-3f1f115ffa9e tempest-VolumesActionsTest-1548705182 tempest-VolumesActionsTest-1548705182-project-member] Matched version: v2 {{(pid=103045) process_request /opt/stack/glance/glance/api/middleware/version_negotiation.py:69}}
Aug 24 11:52:33.695645 np0000007970 devstack@g-api.service[103045]: DEBUG glance.api.middleware.version_negotiation [None req-556f9030-ccfa-4f57-8902-3f1f115ffa9e tempest-VolumesActionsTest-1548705182 tempest-VolumesActionsTest-1548705182-project-member] new path /v2/images/bb7d6b82-5d6f-4e3f-865a-46862fd44a52 {{(pid=103045) process_request /opt/stack/glance/glance/api/middleware/version_negotiation.py:70}}
Aug 24 11:52:33.715965 np0000007970 devstack@g-api.service[103045]: [pid: 103045|app: 0|req: 104/396] 127.0.0.1 () {40 vars in 838 bytes} [Mon Aug 24 11:52:33 2026] GET /v2/images/bb7d6b82-5d6f-4e3f-865a-46862fd44a52 => generated 649 bytes in 22 msecs (HTTP/1.1 200) 4 headers in 157 bytes (1 switches on core 0)
Aug 24 11:52:34.576043 np0000007970 devstack@g-api.service[103043]: DEBUG swiftclient [None req-c2d19a70-05ee-4a1f-998b-84c33cdc6b9a tempest-VolumesActionsTest-1548705182 tempest-VolumesActionsTest-1548705182-project-member] REQ: curl -i https://10.4.3.118:8080/v1/AUTH_ca70d0dd9b4b486099f8dd57c47d90b8/glance/bb7d6b82-5d6f-4e3f-865a-46862fd44a52-00003 -X PUT -H "X-Auth-Token: gAAAAABqjDB6dPcq..." {{(pid=103043) http_log /opt/stack/data/venv/lib/python3.12/site-packages/swiftclient/client.py:160}}
Aug 24 11:52:34.576043 np0000007970 devstack@g-api.service[103043]: DEBUG swiftclient [None req-c2d19a70-05ee-4a1f-998b-84c33cdc6b9a tempest-VolumesActionsTest-1548705182 tempest-VolumesActionsTest-1548705182-project-member] RESP STATUS: 201 Created {{(pid=103043) http_log /opt/stack/data/venv/lib/python3.12/site-packages/swiftclient/client.py:161}}
Aug 24 11:52:34.576043 np0000007970 devstack@g-api.service[103043]: DEBUG swiftclient [None req-c2d19a70-05ee-4a1f-998b-84c33cdc6b9a tempest-VolumesActionsTest-1548705182 tempest-VolumesActionsTest-1548705182-project-member] RESP HEADERS: {'Date': 'Mon, 24 Aug 2026 11:52:34 GMT', 'Server': 'Apache/2.4.58 (Ubuntu)', 'Content-Type': 'text/html; charset=UTF-8', 'Content-Length': '0', 'Etag': 'eda9a9889837ac4bc81d6387d92c1bec', 'Last-Modified': 'Mon, 24 Aug 2026 11:52:32 GMT', 'X-Trans-Id': 'tx983760cb489b4f39878d2-006a8c307f', 'X-Openstack-Request-Id': 'tx983760cb489b4f39878d2-006a8c307f', 'Connection': 'close'} {{(pid=103043) http_log /opt/stack/data/venv/lib/python3.12/site-packages/swiftclient/client.py:162}}
Aug 24 11:52:34.576043 np0000007970 devstack@g-api.service[103043]: DEBUG glance_store._drivers.swift.store [None req-c2d19a70-05ee-4a1f-998b-84c33cdc6b9a tempest-VolumesActionsTest-1548705182 tempest-VolumesActionsTest-1548705182-project-member] Wrote chunk bb7d6b82-5d6f-4e3f-865a-46862fd44a52-00003 (3/?) of length 204800000 to Swift returning MD5 of content: eda9a9889837ac4bc81d6387d92c1bec {{(pid=103043) add /opt/stack/data/venv/lib/python3.12/site-packages/glance_store/_drivers/swift/store.py:1059}}
Aug 24 11:52:34.728991 np0000007970 devstack@g-api.service[103044]: DEBUG glance.api.middleware.version_negotiation [None req-b8bca3d1-8f46-440d-8e27-788e465949be tempest-VolumesActionsTest-1548705182 tempest-VolumesActionsTest-1548705182-project-member] Determining version of request: GET /v2/images/bb7d6b82-5d6f-4e3f-865a-46862fd44a52 Accept: application/json {{(pid=103044) process_request /opt/stack/glance/glance/api/middleware/version_negotiation.py:44}}
Aug 24 11:52:34.731306 np0000007970 devstack@g-api.service[103044]: DEBUG glance.api.middleware.version_negotiation [None req-b8bca3d1-8f46-440d-8e27-788e465949be tempest-VolumesActionsTest-1548705182 tempest-VolumesActionsTest-1548705182-project-member] Using url versioning {{(pid=103044) process_request /opt/stack/glance/glance/api/middleware/version_negotiation.py:57}}
Aug 24 11:52:34.731306 np0000007970 devstack@g-api.service[103044]: DEBUG glance.api.middleware.version_negotiation [None req-b8bca3d1-8f46-440d-8e27-788e465949be tempest-VolumesActionsTest-1548705182 tempest-VolumesActionsTest-1548705182-project-member] Matched version: v2 {{(pid=103044) process_request /opt/stack/glance/glance/api/middleware/version_negotiation.py:69}}
Aug 24 11:52:34.731306 np0000007970 devstack@g-api.service[103044]: DEBUG glance.api.middleware.version_negotiation [None req-b8bca3d1-8f46-440d-8e27-788e465949be tempest-VolumesActionsTest-1548705182 tempest-VolumesActionsTest-1548705182-project-member] new path /v2/images/bb7d6b82-5d6f-4e3f-865a-46862fd44a52 {{(pid=103044) process_request /opt/stack/glance/glance/api/middleware/version_negotiation.py:70}}
Aug 24 11:52:34.743548 np0000007970 devstack@g-api.service[103044]: [pid: 103044|app: 0|req: 96/397] 127.0.0.1 () {40 vars in 838 bytes} [Mon Aug 24 11:52:34 2026] GET /v2/images/bb7d6b82-5d6f-4e3f-865a-46862fd44a52 => generated 649 bytes in 16 msecs (HTTP/1.1 200) 4 headers in 157 bytes (1 switches on core 0)
Aug 24 11:52:35.759882 np0000007970 devstack@g-api.service[103046]: DEBUG glance.api.middleware.version_negotiation [None req-3222216e-0892-4ef2-a000-eeea88ab4de2 tempest-VolumesActionsTest-1548705182 tempest-VolumesActionsTest-1548705182-project-member] Determining version of request: GET /v2/images/bb7d6b82-5d6f-4e3f-865a-46862fd44a52 Accept: application/json {{(pid=103046) process_request /opt/stack/glance/glance/api/middleware/version_negotiation.py:44}}
Aug 24 11:52:35.761131 np0000007970 devstack@g-api.service[103046]: DEBUG glance.api.middleware.version_negotiation [None req-3222216e-0892-4ef2-a000-eeea88ab4de2 tempest-VolumesActionsTest-1548705182 tempest-VolumesActionsTest-1548705182-project-member] Using url versioning {{(pid=103046) process_request /opt/stack/glance/glance/api/middleware/version_negotiation.py:57}}
Aug 24 11:52:35.761131 np0000007970 devstack@g-api.service[103046]: DEBUG glance.api.middleware.version_negotiation [None req-3222216e-0892-4ef2-a000-eeea88ab4de2 tempest-VolumesActionsTest-1548705182 tempest-VolumesActionsTest-1548705182-project-member] Matched version: v2 {{(pid=103046) process_request /opt/stack/glance/glance/api/middleware/version_negotiation.py:69}}
Aug 24 11:52:35.761131 np0000007970 devstack@g-api.service[103046]: DEBUG glance.api.middleware.version_negotiation [None req-3222216e-0892-4ef2-a000-eeea88ab4de2 tempest-VolumesActionsTest-1548705182 tempest-VolumesActionsTest-1548705182-project-member] new path /v2/images/bb7d6b82-5d6f-4e3f-865a-46862fd44a52 {{(pid=103046) process_request /opt/stack/glance/glance/api/middleware/version_negotiation.py:70}}
Aug 24 11:52:35.783920 np0000007970 devstack@g-api.service[103046]: [pid: 103046|app: 0|req: 104/398] 127.0.0.1 () {40 vars in 838 bytes} [Mon Aug 24 11:52:35 2026] GET /v2/images/bb7d6b82-5d6f-4e3f-865a-46862fd44a52 => generated 649 bytes in 24 msecs (HTTP/1.1 200) 4 headers in 157 bytes (1 switches on core 0)
Aug 24 11:52:36.220722 np0000007970 devstack@g-api.service[103043]: DEBUG dbcounter [-] [103043] Writing DB stats glance:SELECT=14,glance:UPDATE=1 {{(pid=103043) stat_writer /opt/stack/data/venv/lib/python3.12/site-packages/dbcounter.py:115}}
Aug 24 11:52:36.802454 np0000007970 devstack@g-api.service[103045]: DEBUG glance.api.middleware.version_negotiation [None req-63103d92-fb17-484d-ad83-ff0f88dd7705 tempest-VolumesActionsTest-1548705182 tempest-VolumesActionsTest-1548705182-project-member] Determining version of request: GET /v2/images/bb7d6b82-5d6f-4e3f-865a-46862fd44a52 Accept: application/json {{(pid=103045) process_request /opt/stack/glance/glance/api/middleware/version_negotiation.py:44}}
Aug 24 11:52:36.802454 np0000007970 devstack@g-api.service[103045]: DEBUG glance.api.middleware.version_negotiation [None req-63103d92-fb17-484d-ad83-ff0f88dd7705 tempest-VolumesActionsTest-1548705182 tempest-VolumesActionsTest-1548705182-project-member] Using url versioning {{(pid=103045) process_request /opt/stack/glance/glance/api/middleware/version_negotiation.py:57}}
Aug 24 11:52:36.802454 np0000007970 devstack@g-api.service[103045]: DEBUG glance.api.middleware.version_negotiation [None req-63103d92-fb17-484d-ad83-ff0f88dd7705 tempest-VolumesActionsTest-1548705182 tempest-VolumesActionsTest-1548705182-project-member] Matched version: v2 {{(pid=103045) process_request /opt/stack/glance/glance/api/middleware/version_negotiation.py:69}}
Aug 24 11:52:36.802454 np0000007970 devstack@g-api.service[103045]: DEBUG glance.api.middleware.version_negotiation [None req-63103d92-fb17-484d-ad83-ff0f88dd7705 tempest-VolumesActionsTest-1548705182 tempest-VolumesActionsTest-1548705182-project-member] new path /v2/images/bb7d6b82-5d6f-4e3f-865a-46862fd44a52 {{(pid=103045) process_request /opt/stack/glance/glance/api/middleware/version_negotiation.py:70}}
Aug 24 11:52:36.826797 np0000007970 devstack@g-api.service[103045]: [pid: 103045|app: 0|req: 105/399] 127.0.0.1 () {40 vars in 838 bytes} [Mon Aug 24 11:52:36 2026] GET /v2/images/bb7d6b82-5d6f-4e3f-865a-46862fd44a52 => generated 649 bytes in 27 msecs (HTTP/1.1 200) 4 headers in 157 bytes (1 switches on core 0)
Aug 24 11:52:37.239562 np0000007970 devstack@g-api.service[103043]: DEBUG swiftclient [None req-c2d19a70-05ee-4a1f-998b-84c33cdc6b9a tempest-VolumesActionsTest-1548705182 tempest-VolumesActionsTest-1548705182-project-member] REQ: curl -i https://10.4.3.118:8080/v1/AUTH_ca70d0dd9b4b486099f8dd57c47d90b8/glance/bb7d6b82-5d6f-4e3f-865a-46862fd44a52-00004 -X PUT -H "X-Auth-Token: gAAAAABqjDB6dPcq..." {{(pid=103043) http_log /opt/stack/data/venv/lib/python3.12/site-packages/swiftclient/client.py:160}}
Aug 24 11:52:37.239946 np0000007970 devstack@g-api.service[103043]: DEBUG swiftclient [None req-c2d19a70-05ee-4a1f-998b-84c33cdc6b9a tempest-VolumesActionsTest-1548705182 tempest-VolumesActionsTest-1548705182-project-member] RESP STATUS: 201 Created {{(pid=103043) http_log /opt/stack/data/venv/lib/python3.12/site-packages/swiftclient/client.py:161}}
Aug 24 11:52:37.239946 np0000007970 devstack@g-api.service[103043]: DEBUG swiftclient [None req-c2d19a70-05ee-4a1f-998b-84c33cdc6b9a tempest-VolumesActionsTest-1548705182 tempest-VolumesActionsTest-1548705182-project-member] RESP HEADERS: {'Date': 'Mon, 24 Aug 2026 11:52:37 GMT', 'Server': 'Apache/2.4.58 (Ubuntu)', 'Content-Type': 'text/html; charset=UTF-8', 'Content-Length': '0', 'Etag': 'eda9a9889837ac4bc81d6387d92c1bec', 'Last-Modified': 'Mon, 24 Aug 2026 11:52:35 GMT', 'X-Trans-Id': 'txe98d60a13e524f3387951-006a8c3082', 'X-Openstack-Request-Id': 'txe98d60a13e524f3387951-006a8c3082', 'Connection': 'close'} {{(pid=103043) http_log /opt/stack/data/venv/lib/python3.12/site-packages/swiftclient/client.py:162}}
Aug 24 11:52:37.240110 np0000007970 devstack@g-api.service[103043]: DEBUG glance_store._drivers.swift.store [None req-c2d19a70-05ee-4a1f-998b-84c33cdc6b9a tempest-VolumesActionsTest-1548705182 tempest-VolumesActionsTest-1548705182-project-member] Wrote chunk bb7d6b82-5d6f-4e3f-865a-46862fd44a52-00004 (4/?) of length 204800000 to Swift returning MD5 of content: eda9a9889837ac4bc81d6387d92c1bec {{(pid=103043) add /opt/stack/data/venv/lib/python3.12/site-packages/glance_store/_drivers/swift/store.py:1059}}
Aug 24 11:52:37.839696 np0000007970 devstack@g-api.service[103044]: DEBUG glance.api.middleware.version_negotiation [None req-e6803757-af87-4263-b4ee-34028e5c710d tempest-VolumesActionsTest-1548705182 tempest-VolumesActionsTest-1548705182-project-member] Determining version of request: GET /v2/images/bb7d6b82-5d6f-4e3f-865a-46862fd44a52 Accept: application/json {{(pid=103044) process_request /opt/stack/glance/glance/api/middleware/version_negotiation.py:44}}
Aug 24 11:52:37.840048 np0000007970 devstack@g-api.service[103044]: DEBUG glance.api.middleware.version_negotiation [None req-e6803757-af87-4263-b4ee-34028e5c710d tempest-VolumesActionsTest-1548705182 tempest-VolumesActionsTest-1548705182-project-member] Using url versioning {{(pid=103044) process_request /opt/stack/glance/glance/api/middleware/version_negotiation.py:57}}
Aug 24 11:52:37.840088 np0000007970 devstack@g-api.service[103044]: DEBUG glance.api.middleware.version_negotiation [None req-e6803757-af87-4263-b4ee-34028e5c710d tempest-VolumesActionsTest-1548705182 tempest-VolumesActionsTest-1548705182-project-member] Matched version: v2 {{(pid=103044) process_request /opt/stack/glance/glance/api/middleware/version_negotiation.py:69}}
Aug 24 11:52:37.840226 np0000007970 devstack@g-api.service[103044]: DEBUG glance.api.middleware.version_negotiation [None req-e6803757-af87-4263-b4ee-34028e5c710d tempest-VolumesActionsTest-1548705182 tempest-VolumesActionsTest-1548705182-project-member] new path /v2/images/bb7d6b82-5d6f-4e3f-865a-46862fd44a52 {{(pid=103044) process_request /opt/stack/glance/glance/api/middleware/version_negotiation.py:70}}
Aug 24 11:52:37.853311 np0000007970 devstack@g-api.service[103044]: [pid: 103044|app: 0|req: 97/400] 127.0.0.1 () {40 vars in 838 bytes} [Mon Aug 24 11:52:37 2026] GET /v2/images/bb7d6b82-5d6f-4e3f-865a-46862fd44a52 => generated 649 bytes in 14 msecs (HTTP/1.1 200) 4 headers in 157 bytes (1 switches on core 0)
Aug 24 11:52:38.864114 np0000007970 devstack@g-api.service[103046]: DEBUG glance.api.middleware.version_negotiation [None req-4701f918-277e-43a0-817d-8147386f8b24 tempest-VolumesActionsTest-1548705182 tempest-VolumesActionsTest-1548705182-project-member] Determining version of request: GET /v2/images/bb7d6b82-5d6f-4e3f-865a-46862fd44a52 Accept: application/json {{(pid=103046) process_request /opt/stack/glance/glance/api/middleware/version_negotiation.py:44}}
Aug 24 11:52:38.864732 np0000007970 devstack@g-api.service[103046]: DEBUG glance.api.middleware.version_negotiation [None req-4701f918-277e-43a0-817d-8147386f8b24 tempest-VolumesActionsTest-1548705182 tempest-VolumesActionsTest-1548705182-project-member] Using url versioning {{(pid=103046) process_request /opt/stack/glance/glance/api/middleware/version_negotiation.py:57}}
Aug 24 11:52:38.864732 np0000007970 devstack@g-api.service[103046]: DEBUG glance.api.middleware.version_negotiation [None req-4701f918-277e-43a0-817d-8147386f8b24 tempest-VolumesActionsTest-1548705182 tempest-VolumesActionsTest-1548705182-project-member] Matched version: v2 {{(pid=103046) process_request /opt/stack/glance/glance/api/middleware/version_negotiation.py:69}}
Aug 24 11:52:38.864812 np0000007970 devstack@g-api.service[103046]: DEBUG glance.api.middleware.version_negotiation [None req-4701f918-277e-43a0-817d-8147386f8b24 tempest-VolumesActionsTest-1548705182 tempest-VolumesActionsTest-1548705182-project-member] new path /v2/images/bb7d6b82-5d6f-4e3f-865a-46862fd44a52 {{(pid=103046) process_request /opt/stack/glance/glance/api/middleware/version_negotiation.py:70}}
Aug 24 11:52:38.901261 np0000007970 devstack@g-api.service[103046]: [pid: 103046|app: 0|req: 105/401] 127.0.0.1 () {40 vars in 838 bytes} [Mon Aug 24 11:52:38 2026] GET /v2/images/bb7d6b82-5d6f-4e3f-865a-46862fd44a52 => generated 649 bytes in 36 msecs (HTTP/1.1 200) 4 headers in 157 bytes (1 switches on core 0)
Aug 24 11:52:39.917460 np0000007970 devstack@g-api.service[103045]: DEBUG glance.api.middleware.version_negotiation [None req-97ff8c97-00be-40e3-b77c-5dcd08386759 tempest-VolumesActionsTest-1548705182 tempest-VolumesActionsTest-1548705182-project-member] Determining version of request: GET /v2/images/bb7d6b82-5d6f-4e3f-865a-46862fd44a52 Accept: application/json {{(pid=103045) process_request /opt/stack/glance/glance/api/middleware/version_negotiation.py:44}}
