Jun 30 13:38:27.142715 np0000003989 devstack@g-api.service[99684]: DEBUG glance_store.location [None req-1feacf3e-3c96-459c-a263-89ef7959ff5b tempest-AttachVolumeShelveTestJSON-1757665798 tempest-AttachVolumeShelveTestJSON-1757665798-project-member] Registering scheme swift+config with {'store': , 'location_class': , 'store_entry': 'swift'} {{(pid=99684) register_scheme_map /opt/stack/data/venv/lib/python3.12/site-packages/glance_store/location.py:146}}
Jun 30 13:38:27.161482 np0000003989 devstack@g-api.service[99683]: DEBUG glance.api.middleware.version_negotiation [None req-69a57b1d-fffa-4439-b99a-0b70e381556d tempest-TaggedBootDevicesTest_v242-1820267369 tempest-TaggedBootDevicesTest_v242-1820267369-project-member] Determining version of request: GET /versions Accept: */* {{(pid=99683) process_request /opt/stack/glance/glance/api/middleware/version_negotiation.py:44}}
Jun 30 13:38:27.162164 np0000003989 devstack@g-api.service[99683]: [pid: 99683|app: 0|req: 43/119] 127.0.0.1 () {44 vars in 1035 bytes} [Tue Jun 30 13:38:27 2026] GET /versions => generated 1394 bytes in 1 msecs (HTTP/1.1 200) 3 headers in 92 bytes (1 switches on core 0)
Jun 30 13:38:27.176916 np0000003989 devstack@g-api.service[99685]: DEBUG glance.api.middleware.version_negotiation [None req-69a57b1d-fffa-4439-b99a-0b70e381556d tempest-TaggedBootDevicesTest_v242-1820267369 tempest-TaggedBootDevicesTest_v242-1820267369-project-member] Determining version of request: GET /v2/images/d16fbfdd-773d-4516-8174-2ac6ca4cb036/locations Accept: */* {{(pid=99685) process_request /opt/stack/glance/glance/api/middleware/version_negotiation.py:44}}
Jun 30 13:38:27.176916 np0000003989 devstack@g-api.service[99685]: DEBUG glance.api.middleware.version_negotiation [None req-69a57b1d-fffa-4439-b99a-0b70e381556d tempest-TaggedBootDevicesTest_v242-1820267369 tempest-TaggedBootDevicesTest_v242-1820267369-project-member] Using url versioning {{(pid=99685) process_request /opt/stack/glance/glance/api/middleware/version_negotiation.py:57}}
Jun 30 13:38:27.177621 np0000003989 devstack@g-api.service[99685]: DEBUG glance.api.middleware.version_negotiation [None req-69a57b1d-fffa-4439-b99a-0b70e381556d tempest-TaggedBootDevicesTest_v242-1820267369 tempest-TaggedBootDevicesTest_v242-1820267369-project-member] Matched version: v2 {{(pid=99685) process_request /opt/stack/glance/glance/api/middleware/version_negotiation.py:69}}
Jun 30 13:38:27.177832 np0000003989 devstack@g-api.service[99685]: DEBUG glance.api.middleware.version_negotiation [None req-69a57b1d-fffa-4439-b99a-0b70e381556d tempest-TaggedBootDevicesTest_v242-1820267369 tempest-TaggedBootDevicesTest_v242-1820267369-project-member] new path /v2/images/d16fbfdd-773d-4516-8174-2ac6ca4cb036/locations {{(pid=99685) process_request /opt/stack/glance/glance/api/middleware/version_negotiation.py:70}}
Jun 30 13:38:27.266292 np0000003989 devstack@g-api.service[99685]: [pid: 99685|app: 0|req: 40/120] 127.0.0.1 () {44 vars in 1131 bytes} [Tue Jun 30 13:38:27 2026] GET /v2/images/d16fbfdd-773d-4516-8174-2ac6ca4cb036/locations => generated 92 bytes in 91 msecs (HTTP/1.1 200) 4 headers in 156 bytes (1 switches on core 0)
Jun 30 13:38:27.284712 np0000003989 devstack@g-api.service[99683]: DEBUG glance.api.middleware.version_negotiation [None req-69a57b1d-fffa-4439-b99a-0b70e381556d tempest-TaggedBootDevicesTest_v242-1820267369 tempest-TaggedBootDevicesTest_v242-1820267369-project-member] Determining version of request: GET /v2/images/d16fbfdd-773d-4516-8174-2ac6ca4cb036 Accept: */* {{(pid=99683) process_request /opt/stack/glance/glance/api/middleware/version_negotiation.py:44}}
Jun 30 13:38:27.285261 np0000003989 devstack@g-api.service[99683]: DEBUG glance.api.middleware.version_negotiation [None req-69a57b1d-fffa-4439-b99a-0b70e381556d tempest-TaggedBootDevicesTest_v242-1820267369 tempest-TaggedBootDevicesTest_v242-1820267369-project-member] Using url versioning {{(pid=99683) process_request /opt/stack/glance/glance/api/middleware/version_negotiation.py:57}}
Jun 30 13:38:27.285261 np0000003989 devstack@g-api.service[99683]: DEBUG glance.api.middleware.version_negotiation [None req-69a57b1d-fffa-4439-b99a-0b70e381556d tempest-TaggedBootDevicesTest_v242-1820267369 tempest-TaggedBootDevicesTest_v242-1820267369-project-member] Matched version: v2 {{(pid=99683) process_request /opt/stack/glance/glance/api/middleware/version_negotiation.py:69}}
Jun 30 13:38:27.285261 np0000003989 devstack@g-api.service[99683]: DEBUG glance.api.middleware.version_negotiation [None req-69a57b1d-fffa-4439-b99a-0b70e381556d tempest-TaggedBootDevicesTest_v242-1820267369 tempest-TaggedBootDevicesTest_v242-1820267369-project-member] new path /v2/images/d16fbfdd-773d-4516-8174-2ac6ca4cb036 {{(pid=99683) process_request /opt/stack/glance/glance/api/middleware/version_negotiation.py:70}}
Jun 30 13:38:27.303538 np0000003989 devstack@g-api.service[99683]: [pid: 99683|app: 0|req: 44/121] 127.0.0.1 () {44 vars in 1111 bytes} [Tue Jun 30 13:38:27 2026] GET /v2/images/d16fbfdd-773d-4516-8174-2ac6ca4cb036 => generated 1044 bytes in 19 msecs (HTTP/1.1 200) 4 headers in 158 bytes (1 switches on core 0)
Jun 30 13:38:27.323598 np0000003989 devstack@g-api.service[99685]: DEBUG glance.api.middleware.version_negotiation [None req-69a57b1d-fffa-4439-b99a-0b70e381556d service glance] Determining version of request: GET /v2/schemas/image Accept: */* {{(pid=99685) process_request /opt/stack/glance/glance/api/middleware/version_negotiation.py:44}}
Jun 30 13:38:27.323598 np0000003989 devstack@g-api.service[99685]: DEBUG glance.api.middleware.version_negotiation [None req-69a57b1d-fffa-4439-b99a-0b70e381556d service glance] Using url versioning {{(pid=99685) process_request /opt/stack/glance/glance/api/middleware/version_negotiation.py:57}}
Jun 30 13:38:27.323598 np0000003989 devstack@g-api.service[99685]: DEBUG glance.api.middleware.version_negotiation [None req-69a57b1d-fffa-4439-b99a-0b70e381556d service glance] Matched version: v2 {{(pid=99685) process_request /opt/stack/glance/glance/api/middleware/version_negotiation.py:69}}
Jun 30 13:38:27.324957 np0000003989 devstack@g-api.service[99685]: DEBUG glance.api.middleware.version_negotiation [None req-69a57b1d-fffa-4439-b99a-0b70e381556d service glance] new path /v2/schemas/image {{(pid=99685) process_request /opt/stack/glance/glance/api/middleware/version_negotiation.py:70}}
Jun 30 13:38:27.328146 np0000003989 devstack@g-api.service[99685]: [pid: 99685|app: 0|req: 41/122] 127.0.0.1 () {44 vars in 1051 bytes} [Tue Jun 30 13:38:27 2026] GET /v2/schemas/image => generated 6083 bytes in 6 msecs (HTTP/1.1 200) 4 headers in 158 bytes (1 switches on core 0)
Jun 30 13:38:27.348355 np0000003989 devstack@g-api.service[99683]: DEBUG glance.api.middleware.version_negotiation [None req-69a57b1d-fffa-4439-b99a-0b70e381556d tempest-TaggedBootDevicesTest_v242-1820267369 tempest-TaggedBootDevicesTest_v242-1820267369-project-member] Determining version of request: GET /v2/schemas/image Accept: */* {{(pid=99683) process_request /opt/stack/glance/glance/api/middleware/version_negotiation.py:44}}
Jun 30 13:38:27.348355 np0000003989 devstack@g-api.service[99683]: DEBUG glance.api.middleware.version_negotiation [None req-69a57b1d-fffa-4439-b99a-0b70e381556d tempest-TaggedBootDevicesTest_v242-1820267369 tempest-TaggedBootDevicesTest_v242-1820267369-project-member] Using url versioning {{(pid=99683) process_request /opt/stack/glance/glance/api/middleware/version_negotiation.py:57}}
Jun 30 13:38:27.348355 np0000003989 devstack@g-api.service[99683]: DEBUG glance.api.middleware.version_negotiation [None req-69a57b1d-fffa-4439-b99a-0b70e381556d tempest-TaggedBootDevicesTest_v242-1820267369 tempest-TaggedBootDevicesTest_v242-1820267369-project-member] Matched version: v2 {{(pid=99683) process_request /opt/stack/glance/glance/api/middleware/version_negotiation.py:69}}
Jun 30 13:38:27.348355 np0000003989 devstack@g-api.service[99683]: DEBUG glance.api.middleware.version_negotiation [None req-69a57b1d-fffa-4439-b99a-0b70e381556d tempest-TaggedBootDevicesTest_v242-1820267369 tempest-TaggedBootDevicesTest_v242-1820267369-project-member] new path /v2/schemas/image {{(pid=99683) process_request /opt/stack/glance/glance/api/middleware/version_negotiation.py:70}}
Jun 30 13:38:27.355287 np0000003989 devstack@g-api.service[99683]: [pid: 99683|app: 0|req: 45/123] 127.0.0.1 () {44 vars in 1051 bytes} [Tue Jun 30 13:38:27 2026] GET /v2/schemas/image => generated 6083 bytes in 9 msecs (HTTP/1.1 200) 4 headers in 158 bytes (1 switches on core 0)
Jun 30 13:38:27.445019 np0000003989 devstack@g-api.service[99685]: DEBUG glance.api.middleware.version_negotiation [None req-69a57b1d-fffa-4439-b99a-0b70e381556d tempest-TaggedBootDevicesTest_v242-1820267369 tempest-TaggedBootDevicesTest_v242-1820267369-project-member] Determining version of request: GET /v2/images/d16fbfdd-773d-4516-8174-2ac6ca4cb036 Accept: */* {{(pid=99685) process_request /opt/stack/glance/glance/api/middleware/version_negotiation.py:44}}
Jun 30 13:38:27.445019 np0000003989 devstack@g-api.service[99685]: DEBUG glance.api.middleware.version_negotiation [None req-69a57b1d-fffa-4439-b99a-0b70e381556d tempest-TaggedBootDevicesTest_v242-1820267369 tempest-TaggedBootDevicesTest_v242-1820267369-project-member] Using url versioning {{(pid=99685) process_request /opt/stack/glance/glance/api/middleware/version_negotiation.py:57}}
Jun 30 13:38:27.445019 np0000003989 devstack@g-api.service[99685]: DEBUG glance.api.middleware.version_negotiation [None req-69a57b1d-fffa-4439-b99a-0b70e381556d tempest-TaggedBootDevicesTest_v242-1820267369 tempest-TaggedBootDevicesTest_v242-1820267369-project-member] Matched version: v2 {{(pid=99685) process_request /opt/stack/glance/glance/api/middleware/version_negotiation.py:69}}
Jun 30 13:38:27.445019 np0000003989 devstack@g-api.service[99685]: DEBUG glance.api.middleware.version_negotiation [None req-69a57b1d-fffa-4439-b99a-0b70e381556d tempest-TaggedBootDevicesTest_v242-1820267369 tempest-TaggedBootDevicesTest_v242-1820267369-project-member] new path /v2/images/d16fbfdd-773d-4516-8174-2ac6ca4cb036 {{(pid=99685) process_request /opt/stack/glance/glance/api/middleware/version_negotiation.py:70}}
Jun 30 13:38:27.467035 np0000003989 devstack@g-api.service[99685]: [pid: 99685|app: 0|req: 42/124] 127.0.0.1 () {44 vars in 1111 bytes} [Tue Jun 30 13:38:27 2026] GET /v2/images/d16fbfdd-773d-4516-8174-2ac6ca4cb036 => generated 1044 bytes in 23 msecs (HTTP/1.1 200) 4 headers in 158 bytes (1 switches on core 0)
Jun 30 13:38:27.477357 np0000003989 devstack@g-api.service[99684]: DEBUG swiftclient [None req-1feacf3e-3c96-459c-a263-89ef7959ff5b tempest-AttachVolumeShelveTestJSON-1757665798 tempest-AttachVolumeShelveTestJSON-1757665798-project-member] REQ: curl -i https://10.4.3.35:8080/v1/AUTH_be95cdaff9414a89844540f7754232b4/glance -I -H "X-Auth-Token: gAAAAABqQ8bT7iLN..." {{(pid=99684) http_log /opt/stack/data/venv/lib/python3.12/site-packages/swiftclient/client.py:160}}
Jun 30 13:38:27.477357 np0000003989 devstack@g-api.service[99684]: DEBUG swiftclient [None req-1feacf3e-3c96-459c-a263-89ef7959ff5b tempest-AttachVolumeShelveTestJSON-1757665798 tempest-AttachVolumeShelveTestJSON-1757665798-project-member] RESP STATUS: 204 No Content {{(pid=99684) http_log /opt/stack/data/venv/lib/python3.12/site-packages/swiftclient/client.py:161}}
Jun 30 13:38:27.477357 np0000003989 devstack@g-api.service[99684]: DEBUG swiftclient [None req-1feacf3e-3c96-459c-a263-89ef7959ff5b tempest-AttachVolumeShelveTestJSON-1757665798 tempest-AttachVolumeShelveTestJSON-1757665798-project-member] RESP HEADERS: {'Date': 'Tue, 30 Jun 2026 13:38:27 GMT', 'Server': 'Apache/2.4.58 (Ubuntu)', 'Content-Type': 'text/plain; charset=utf-8', 'X-Container-Object-Count': '3', 'X-Container-Bytes-Used': '64356352', 'X-Timestamp': '1782826419.12877', 'Last-Modified': 'Tue, 30 Jun 2026 13:33:40 GMT', 'Accept-Ranges': 'bytes', 'X-Storage-Policy': 'Policy-0', 'X-Container-Sharding': 'False', 'Vary': 'Accept', 'X-Trans-Id': 'tx47f1ddd318ce44b992566-006a43c6d3', 'X-Openstack-Request-Id': 'tx47f1ddd318ce44b992566-006a43c6d3', 'Connection': 'close'} {{(pid=99684) http_log /opt/stack/data/venv/lib/python3.12/site-packages/swiftclient/client.py:162}}
Jun 30 13:38:27.477357 np0000003989 devstack@g-api.service[99684]: DEBUG glance_store._drivers.swift.store [None req-1feacf3e-3c96-459c-a263-89ef7959ff5b tempest-AttachVolumeShelveTestJSON-1757665798 tempest-AttachVolumeShelveTestJSON-1757665798-project-member] Adding image object 'a31620fd-44be-472d-9226-476461cff20e' to Swift {{(pid=99684) add /opt/stack/data/venv/lib/python3.12/site-packages/glance_store/_drivers/swift/store.py:970}}
Jun 30 13:38:27.478893 np0000003989 devstack@g-api.service[99684]: DEBUG glance_store._drivers.swift.store [None req-1feacf3e-3c96-459c-a263-89ef7959ff5b tempest-AttachVolumeShelveTestJSON-1757665798 tempest-AttachVolumeShelveTestJSON-1757665798-project-member] Cannot determine image size because it is either not provided in the request or chunked-transfer encoding is used. Adding image as a segmented object to Swift. {{(pid=99684) add /opt/stack/data/venv/lib/python3.12/site-packages/glance_store/_drivers/swift/store.py:994}}
Jun 30 13:38:27.486012 np0000003989 devstack@g-api.service[99683]: DEBUG glance.api.middleware.version_negotiation [None req-69a57b1d-fffa-4439-b99a-0b70e381556d tempest-TaggedBootDevicesTest_v242-1820267369 tempest-TaggedBootDevicesTest_v242-1820267369-project-member] Determining version of request: GET /v2/schemas/image Accept: */* {{(pid=99683) process_request /opt/stack/glance/glance/api/middleware/version_negotiation.py:44}}
Jun 30 13:38:27.486012 np0000003989 devstack@g-api.service[99683]: DEBUG glance.api.middleware.version_negotiation [None req-69a57b1d-fffa-4439-b99a-0b70e381556d tempest-TaggedBootDevicesTest_v242-1820267369 tempest-TaggedBootDevicesTest_v242-1820267369-project-member] Using url versioning {{(pid=99683) process_request /opt/stack/glance/glance/api/middleware/version_negotiation.py:57}}
Jun 30 13:38:27.486012 np0000003989 devstack@g-api.service[99683]: DEBUG glance.api.middleware.version_negotiation [None req-69a57b1d-fffa-4439-b99a-0b70e381556d tempest-TaggedBootDevicesTest_v242-1820267369 tempest-TaggedBootDevicesTest_v242-1820267369-project-member] Matched version: v2 {{(pid=99683) process_request /opt/stack/glance/glance/api/middleware/version_negotiation.py:69}}
Jun 30 13:38:27.486012 np0000003989 devstack@g-api.service[99683]: DEBUG glance.api.middleware.version_negotiation [None req-69a57b1d-fffa-4439-b99a-0b70e381556d tempest-TaggedBootDevicesTest_v242-1820267369 tempest-TaggedBootDevicesTest_v242-1820267369-project-member] new path /v2/schemas/image {{(pid=99683) process_request /opt/stack/glance/glance/api/middleware/version_negotiation.py:70}}
Jun 30 13:38:27.489340 np0000003989 devstack@g-api.service[99684]: DEBUG oslo_utils.imageutils.format_inspector [None req-1feacf3e-3c96-459c-a263-89ef7959ff5b tempest-AttachVolumeShelveTestJSON-1757665798 tempest-AttachVolumeShelveTestJSON-1757665798-project-member] Format inspector for vmdk does not match, excluding from consideration (Signature KDMV not found: b'QFI\xfb') {{(pid=99684) _process_chunk /opt/stack/data/venv/lib/python3.12/site-packages/oslo_utils/imageutils/format_inspector.py:1758}}
Jun 30 13:38:27.493595 np0000003989 devstack@g-api.service[99684]: DEBUG oslo_utils.imageutils.format_inspector [None req-1feacf3e-3c96-459c-a263-89ef7959ff5b tempest-AttachVolumeShelveTestJSON-1757665798 tempest-AttachVolumeShelveTestJSON-1757665798-project-member] Format inspector for vhdx does not match, excluding from consideration (Region signature not found at 30000) {{(pid=99684) _process_chunk /opt/stack/data/venv/lib/python3.12/site-packages/oslo_utils/imageutils/format_inspector.py:1758}}
Jun 30 13:38:27.493723 np0000003989 devstack@g-api.service[99683]: [pid: 99683|app: 0|req: 46/125] 127.0.0.1 () {44 vars in 1051 bytes} [Tue Jun 30 13:38:27 2026] GET /v2/schemas/image => generated 6083 bytes in 9 msecs (HTTP/1.1 200) 4 headers in 158 bytes (1 switches on core 0)
Jun 30 13:38:28.321672 np0000003989 devstack@g-api.service[99684]: DEBUG swiftclient [None req-1feacf3e-3c96-459c-a263-89ef7959ff5b tempest-AttachVolumeShelveTestJSON-1757665798 tempest-AttachVolumeShelveTestJSON-1757665798-project-member] REQ: curl -i https://10.4.3.35:8080/v1/AUTH_be95cdaff9414a89844540f7754232b4/glance/a31620fd-44be-472d-9226-476461cff20e-00001 -X PUT -H "X-Auth-Token: gAAAAABqQ8bT7iLN..." {{(pid=99684) http_log /opt/stack/data/venv/lib/python3.12/site-packages/swiftclient/client.py:160}}
Jun 30 13:38:28.321828 np0000003989 devstack@g-api.service[99684]: DEBUG swiftclient [None req-1feacf3e-3c96-459c-a263-89ef7959ff5b tempest-AttachVolumeShelveTestJSON-1757665798 tempest-AttachVolumeShelveTestJSON-1757665798-project-member] RESP STATUS: 201 Created {{(pid=99684) http_log /opt/stack/data/venv/lib/python3.12/site-packages/swiftclient/client.py:161}}
Jun 30 13:38:28.322283 np0000003989 devstack@g-api.service[99684]: DEBUG swiftclient [None req-1feacf3e-3c96-459c-a263-89ef7959ff5b tempest-AttachVolumeShelveTestJSON-1757665798 tempest-AttachVolumeShelveTestJSON-1757665798-project-member] RESP HEADERS: {'Date': 'Tue, 30 Jun 2026 13:38:28 GMT', 'Server': 'Apache/2.4.58 (Ubuntu)', 'Content-Type': 'text/html; charset=UTF-8', 'Content-Length': '0', 'Etag': 'd3ff6f8cd5cdb45e9963672d51b25929', 'Last-Modified': 'Tue, 30 Jun 2026 13:38:28 GMT', 'X-Trans-Id': 'txb4c5b3e9dc644a4386599-006a43c6d3', 'X-Openstack-Request-Id': 'txb4c5b3e9dc644a4386599-006a43c6d3', 'Connection': 'close'} {{(pid=99684) http_log /opt/stack/data/venv/lib/python3.12/site-packages/swiftclient/client.py:162}}
Jun 30 13:38:28.322429 np0000003989 devstack@g-api.service[99684]: DEBUG glance_store._drivers.swift.store [None req-1feacf3e-3c96-459c-a263-89ef7959ff5b tempest-AttachVolumeShelveTestJSON-1757665798 tempest-AttachVolumeShelveTestJSON-1757665798-project-member] Wrote chunk a31620fd-44be-472d-9226-476461cff20e-00001 (1/?) of length 54067200 to Swift returning MD5 of content: d3ff6f8cd5cdb45e9963672d51b25929 {{(pid=99684) add /opt/stack/data/venv/lib/python3.12/site-packages/glance_store/_drivers/swift/store.py:1059}}
Jun 30 13:38:28.322718 np0000003989 devstack@g-api.service[99684]: DEBUG glance_store._drivers.swift.store [None req-1feacf3e-3c96-459c-a263-89ef7959ff5b tempest-AttachVolumeShelveTestJSON-1757665798 tempest-AttachVolumeShelveTestJSON-1757665798-project-member] Not writing zero-length chunk. {{(pid=99684) add /opt/stack/data/venv/lib/python3.12/site-packages/glance_store/_drivers/swift/store.py:1028}}
Jun 30 13:38:28.358955 np0000003989 devstack@g-api.service[99684]: DEBUG swiftclient [None req-1feacf3e-3c96-459c-a263-89ef7959ff5b tempest-AttachVolumeShelveTestJSON-1757665798 tempest-AttachVolumeShelveTestJSON-1757665798-project-member] REQ: curl -i https://10.4.3.35:8080/v1/AUTH_be95cdaff9414a89844540f7754232b4/glance/a31620fd-44be-472d-9226-476461cff20e -X PUT -H "X-Object-Manifest: glance/a31620fd-44be-472d-9226-476461cff20e-" -H "X-Auth-Token: gAAAAABqQ8bT7iLN..." -H "Content-Length: 0" {{(pid=99684) http_log /opt/stack/data/venv/lib/python3.12/site-packages/swiftclient/client.py:160}}
Jun 30 13:38:28.359142 np0000003989 devstack@g-api.service[99684]: DEBUG swiftclient [None req-1feacf3e-3c96-459c-a263-89ef7959ff5b tempest-AttachVolumeShelveTestJSON-1757665798 tempest-AttachVolumeShelveTestJSON-1757665798-project-member] RESP STATUS: 201 Created {{(pid=99684) http_log /opt/stack/data/venv/lib/python3.12/site-packages/swiftclient/client.py:161}}
Jun 30 13:38:28.359256 np0000003989 devstack@g-api.service[99684]: DEBUG swiftclient [None req-1feacf3e-3c96-459c-a263-89ef7959ff5b tempest-AttachVolumeShelveTestJSON-1757665798 tempest-AttachVolumeShelveTestJSON-1757665798-project-member] RESP HEADERS: {'Date': 'Tue, 30 Jun 2026 13:38:28 GMT', 'Server': 'Apache/2.4.58 (Ubuntu)', 'Content-Type': 'text/html; charset=UTF-8', 'Content-Length': '0', 'Etag': 'd41d8cd98f00b204e9800998ecf8427e', 'Last-Modified': 'Tue, 30 Jun 2026 13:38:29 GMT', 'X-Trans-Id': 'tx924459bfd9f54713b9143-006a43c6d4', 'X-Openstack-Request-Id': 'tx924459bfd9f54713b9143-006a43c6d4', 'Connection': 'close'} {{(pid=99684) http_log /opt/stack/data/venv/lib/python3.12/site-packages/swiftclient/client.py:162}}
Jun 30 13:38:28.359743 np0000003989 devstack@g-api.service[99684]: INFO glance.location [None req-1feacf3e-3c96-459c-a263-89ef7959ff5b tempest-AttachVolumeShelveTestJSON-1757665798 tempest-AttachVolumeShelveTestJSON-1757665798-project-member] Image format matched and virtual size computed: 1073741824
Jun 30 13:38:28.414013 np0000003989 devstack@g-api.service[99684]: DEBUG glance_store.backend [None req-1feacf3e-3c96-459c-a263-89ef7959ff5b tempest-AttachVolumeShelveTestJSON-1757665798 tempest-AttachVolumeShelveTestJSON-1757665798-project-member] Attempting to import store swift {{(pid=99684) _load_store /opt/stack/data/venv/lib/python3.12/site-packages/glance_store/backend.py:215}}
Jun 30 13:38:28.416844 np0000003989 devstack@g-api.service[99684]: DEBUG glance_store.capabilities [None req-1feacf3e-3c96-459c-a263-89ef7959ff5b tempest-AttachVolumeShelveTestJSON-1757665798 tempest-AttachVolumeShelveTestJSON-1757665798-project-member] Store glance_store._drivers.swift.store.SingleTenantStore doesn't support updating dynamic storage capabilities. Please overwrite 'update_capabilities' method of the store to implement updating logics if needed. {{(pid=99684) update_capabilities /opt/stack/data/venv/lib/python3.12/site-packages/glance_store/capabilities.py:91}}
Jun 30 13:38:28.417252 np0000003989 devstack@g-api.service[99684]: DEBUG glance_store.driver [None req-1feacf3e-3c96-459c-a263-89ef7959ff5b tempest-AttachVolumeShelveTestJSON-1757665798 tempest-AttachVolumeShelveTestJSON-1757665798-project-member] Late loading location class glance_store._drivers.swift.store.StoreLocation {{(pid=99684) get_store_location_class /opt/stack/data/venv/lib/python3.12/site-packages/glance_store/driver.py:134}}
Jun 30 13:38:28.417545 np0000003989 devstack@g-api.service[99684]: DEBUG glance_store.location [None req-1feacf3e-3c96-459c-a263-89ef7959ff5b tempest-AttachVolumeShelveTestJSON-1757665798 tempest-AttachVolumeShelveTestJSON-1757665798-project-member] Registering scheme swift+https with {'store': , 'location_class': , 'store_entry': 'swift'} {{(pid=99684) register_scheme_map /opt/stack/data/venv/lib/python3.12/site-packages/glance_store/location.py:146}}
Jun 30 13:38:28.417693 np0000003989 devstack@g-api.service[99684]: DEBUG glance_store.location [None req-1feacf3e-3c96-459c-a263-89ef7959ff5b tempest-AttachVolumeShelveTestJSON-1757665798 tempest-AttachVolumeShelveTestJSON-1757665798-project-member] Registering scheme swift+https with {'store': , 'location_class': , 'store_entry': 'swift'} {{(pid=99684) register_scheme_map /opt/stack/data/venv/lib/python3.12/site-packages/glance_store/location.py:146}}
Jun 30 13:38:28.417693 np0000003989 devstack@g-api.service[99684]: DEBUG glance_store.location [None req-1feacf3e-3c96-459c-a263-89ef7959ff5b tempest-AttachVolumeShelveTestJSON-1757665798 tempest-AttachVolumeShelveTestJSON-1757665798-project-member] Registering scheme swift with {'store': , 'location_class': , 'store_entry': 'swift'} {{(pid=99684) register_scheme_map /opt/stack/data/venv/lib/python3.12/site-packages/glance_store/location.py:146}}
Jun 30 13:38:28.417863 np0000003989 devstack@g-api.service[99684]: DEBUG glance_store.location [None req-1feacf3e-3c96-459c-a263-89ef7959ff5b tempest-AttachVolumeShelveTestJSON-1757665798 tempest-AttachVolumeShelveTestJSON-1757665798-project-member] Registering scheme swift+https with {'store': , 'location_class': , 'store_entry': 'swift'} {{(pid=99684) register_scheme_map /opt/stack/data/venv/lib/python3.12/site-packages/glance_store/location.py:146}}
Jun 30 13:38:28.417863 np0000003989 devstack@g-api.service[99684]: DEBUG glance_store.location [None req-1feacf3e-3c96-459c-a263-89ef7959ff5b tempest-AttachVolumeShelveTestJSON-1757665798 tempest-AttachVolumeShelveTestJSON-1757665798-project-member] Registering scheme swift with {'store': , 'location_class': , 'store_entry': 'swift'} {{(pid=99684) register_scheme_map /opt/stack/data/venv/lib/python3.12/site-packages/glance_store/location.py:146}}
Jun 30 13:38:28.417863 np0000003989 devstack@g-api.service[99684]: DEBUG glance_store.location [None req-1feacf3e-3c96-459c-a263-89ef7959ff5b tempest-AttachVolumeShelveTestJSON-1757665798 tempest-AttachVolumeShelveTestJSON-1757665798-project-member] Registering scheme swift+http with {'store': , 'location_class': , 'store_entry': 'swift'} {{(pid=99684) register_scheme_map /opt/stack/data/venv/lib/python3.12/site-packages/glance_store/location.py:146}}
Jun 30 13:38:28.418388 np0000003989 devstack@g-api.service[99684]: DEBUG glance_store.location [None req-1feacf3e-3c96-459c-a263-89ef7959ff5b tempest-AttachVolumeShelveTestJSON-1757665798 tempest-AttachVolumeShelveTestJSON-1757665798-project-member] Registering scheme swift+https with {'store': , 'location_class': , 'store_entry': 'swift'} {{(pid=99684) register_scheme_map /opt/stack/data/venv/lib/python3.12/site-packages/glance_store/location.py:146}}
Jun 30 13:38:28.418388 np0000003989 devstack@g-api.service[99684]: DEBUG glance_store.location [None req-1feacf3e-3c96-459c-a263-89ef7959ff5b tempest-AttachVolumeShelveTestJSON-1757665798 tempest-AttachVolumeShelveTestJSON-1757665798-project-member] Registering scheme swift with {'store': , 'location_class': , 'store_entry': 'swift'} {{(pid=99684) register_scheme_map /opt/stack/data/venv/lib/python3.12/site-packages/glance_store/location.py:146}}
Jun 30 13:38:28.418388 np0000003989 devstack@g-api.service[99684]: DEBUG glance_store.location [None req-1feacf3e-3c96-459c-a263-89ef7959ff5b tempest-AttachVolumeShelveTestJSON-1757665798 tempest-AttachVolumeShelveTestJSON-1757665798-project-member] Registering scheme swift+http with {'store': , 'location_class': , 'store_entry': 'swift'} {{(pid=99684) register_scheme_map /opt/stack/data/venv/lib/python3.12/site-packages/glance_store/location.py:146}}
Jun 30 13:38:28.419179 np0000003989 devstack@g-api.service[99684]: DEBUG glance_store.location [None req-1feacf3e-3c96-459c-a263-89ef7959ff5b tempest-AttachVolumeShelveTestJSON-1757665798 tempest-AttachVolumeShelveTestJSON-1757665798-project-member] Registering scheme swift+config with {'store': , 'location_class': , 'store_entry': 'swift'} {{(pid=99684) register_scheme_map /opt/stack/data/venv/lib/python3.12/site-packages/glance_store/location.py:146}}
Jun 30 13:38:28.419923 np0000003989 devstack@g-api.service[99684]: DEBUG glance_store.backend [None req-1feacf3e-3c96-459c-a263-89ef7959ff5b tempest-AttachVolumeShelveTestJSON-1757665798 tempest-AttachVolumeShelveTestJSON-1757665798-project-member] Skipping store.set_acls... not implemented. {{(pid=99684) set_acls /opt/stack/data/venv/lib/python3.12/site-packages/glance_store/backend.py:507}}
Jun 30 13:38:28.426437 np0000003989 devstack@g-api.service[99684]: [pid: 99684|app: 0|req: 38/126] 127.0.0.1 () {46 vars in 1154 bytes} [Tue Jun 30 13:38:25 2026] PUT /v2/images/a31620fd-44be-472d-9226-476461cff20e/file => generated 0 bytes in 3041 msecs (HTTP/1.1 204) 4 headers in 171 bytes (1 switches on core 0)
Jun 30 13:38:28.476337 np0000003989 devstack@g-api.service[99685]: DEBUG glance.api.middleware.version_negotiation [None req-6f42d349-6d54-49f1-b676-b956e319ee4f tempest-VolumesExtendTest-538539774 tempest-VolumesExtendTest-538539774-project-member] Determining version of request: GET /v2/images/a31620fd-44be-472d-9226-476461cff20e Accept: */* {{(pid=99685) process_request /opt/stack/glance/glance/api/middleware/version_negotiation.py:44}}
Jun 30 13:38:28.476789 np0000003989 devstack@g-api.service[99685]: DEBUG glance.api.middleware.version_negotiation [None req-6f42d349-6d54-49f1-b676-b956e319ee4f tempest-VolumesExtendTest-538539774 tempest-VolumesExtendTest-538539774-project-member] Using url versioning {{(pid=99685) process_request /opt/stack/glance/glance/api/middleware/version_negotiation.py:57}}
Jun 30 13:38:28.476789 np0000003989 devstack@g-api.service[99685]: DEBUG glance.api.middleware.version_negotiation [None req-6f42d349-6d54-49f1-b676-b956e319ee4f tempest-VolumesExtendTest-538539774 tempest-VolumesExtendTest-538539774-project-member] Matched version: v2 {{(pid=99685) process_request /opt/stack/glance/glance/api/middleware/version_negotiation.py:69}}
Jun 30 13:38:28.476789 np0000003989 devstack@g-api.service[99685]: DEBUG glance.api.middleware.version_negotiation [None req-6f42d349-6d54-49f1-b676-b956e319ee4f tempest-VolumesExtendTest-538539774 tempest-VolumesExtendTest-538539774-project-member] new path /v2/images/a31620fd-44be-472d-9226-476461cff20e {{(pid=99685) process_request /opt/stack/glance/glance/api/middleware/version_negotiation.py:70}}
Jun 30 13:38:28.499172 np0000003989 devstack@g-api.service[99685]: [pid: 99685|app: 0|req: 43/127] 127.0.0.1 () {44 vars in 1111 bytes} [Tue Jun 30 13:38:28 2026] GET /v2/images/a31620fd-44be-472d-9226-476461cff20e => generated 1620 bytes in 23 msecs (HTTP/1.1 200) 4 headers in 158 bytes (1 switches on core 0)
Jun 30 13:38:28.539974 np0000003989 devstack@g-api.service[99683]: DEBUG glance.api.middleware.version_negotiation [None req-6f42d349-6d54-49f1-b676-b956e319ee4f tempest-VolumesExtendTest-538539774 tempest-VolumesExtendTest-538539774-project-member] Determining version of request: GET /v2/schemas/image Accept: */* {{(pid=99683) process_request /opt/stack/glance/glance/api/middleware/version_negotiation.py:44}}
Jun 30 13:38:28.540460 np0000003989 devstack@g-api.service[99683]: DEBUG glance.api.middleware.version_negotiation [None req-6f42d349-6d54-49f1-b676-b956e319ee4f tempest-VolumesExtendTest-538539774 tempest-VolumesExtendTest-538539774-project-member] Using url versioning {{(pid=99683) process_request /opt/stack/glance/glance/api/middleware/version_negotiation.py:57}}
Jun 30 13:38:28.540460 np0000003989 devstack@g-api.service[99683]: DEBUG glance.api.middleware.version_negotiation [None req-6f42d349-6d54-49f1-b676-b956e319ee4f tempest-VolumesExtendTest-538539774 tempest-VolumesExtendTest-538539774-project-member] Matched version: v2 {{(pid=99683) process_request /opt/stack/glance/glance/api/middleware/version_negotiation.py:69}}
Jun 30 13:38:28.540593 np0000003989 devstack@g-api.service[99683]: DEBUG glance.api.middleware.version_negotiation [None req-6f42d349-6d54-49f1-b676-b956e319ee4f tempest-VolumesExtendTest-538539774 tempest-VolumesExtendTest-538539774-project-member] new path /v2/schemas/image {{(pid=99683) process_request /opt/stack/glance/glance/api/middleware/version_negotiation.py:70}}
Jun 30 13:38:28.543837 np0000003989 devstack@g-api.service[99683]: [pid: 99683|app: 0|req: 47/128] 127.0.0.1 () {44 vars in 1051 bytes} [Tue Jun 30 13:38:28 2026] GET /v2/schemas/image => generated 6083 bytes in 4 msecs (HTTP/1.1 200) 4 headers in 158 bytes (1 switches on core 0)
Jun 30 13:38:34.477558 np0000003989 devstack@g-api.service[99684]: DEBUG glance.api.middleware.version_negotiation [None req-1feacf3e-3c96-459c-a263-89ef7959ff5b tempest-AttachVolumeShelveTestJSON-1757665798 tempest-AttachVolumeShelveTestJSON-1757665798-project-member] Determining version of request: GET /v2/images/d16fbfdd-773d-4516-8174-2ac6ca4cb036 Accept: */* {{(pid=99684) process_request /opt/stack/glance/glance/api/middleware/version_negotiation.py:44}}
Jun 30 13:38:34.478035 np0000003989 devstack@g-api.service[99684]: DEBUG glance.api.middleware.version_negotiation [None req-1feacf3e-3c96-459c-a263-89ef7959ff5b tempest-AttachVolumeShelveTestJSON-1757665798 tempest-AttachVolumeShelveTestJSON-1757665798-project-member] Using url versioning {{(pid=99684) process_request /opt/stack/glance/glance/api/middleware/version_negotiation.py:57}}
Jun 30 13:38:34.478035 np0000003989 devstack@g-api.service[99684]: DEBUG glance.api.middleware.version_negotiation [None req-1feacf3e-3c96-459c-a263-89ef7959ff5b tempest-AttachVolumeShelveTestJSON-1757665798 tempest-AttachVolumeShelveTestJSON-1757665798-project-member] Matched version: v2 {{(pid=99684) process_request /opt/stack/glance/glance/api/middleware/version_negotiation.py:69}}
Jun 30 13:38:34.478035 np0000003989 devstack@g-api.service[99684]: DEBUG glance.api.middleware.version_negotiation [None req-1feacf3e-3c96-459c-a263-89ef7959ff5b tempest-AttachVolumeShelveTestJSON-1757665798 tempest-AttachVolumeShelveTestJSON-1757665798-project-member] new path /v2/images/d16fbfdd-773d-4516-8174-2ac6ca4cb036 {{(pid=99684) process_request /opt/stack/glance/glance/api/middleware/version_negotiation.py:70}}
Jun 30 13:38:34.622425 np0000003989 devstack@g-api.service[99684]: [pid: 99684|app: 0|req: 39/129] 127.0.0.1 () {44 vars in 1111 bytes} [Tue Jun 30 13:38:34 2026] GET /v2/images/d16fbfdd-773d-4516-8174-2ac6ca4cb036 => generated 1044 bytes in 144 msecs (HTTP/1.1 200) 4 headers in 158 bytes (1 switches on core 0)
Jun 30 13:38:34.632210 np0000003989 devstack@g-api.service[99685]: DEBUG glance.api.middleware.version_negotiation [None req-1feacf3e-3c96-459c-a263-89ef7959ff5b tempest-AttachVolumeShelveTestJSON-1757665798 tempest-AttachVolumeShelveTestJSON-1757665798-project-member] Determining version of request: GET /v2/schemas/image Accept: */* {{(pid=99685) process_request /opt/stack/glance/glance/api/middleware/version_negotiation.py:44}}
Jun 30 13:38:34.632691 np0000003989 devstack@g-api.service[99685]: DEBUG glance.api.middleware.version_negotiation [None req-1feacf3e-3c96-459c-a263-89ef7959ff5b tempest-AttachVolumeShelveTestJSON-1757665798 tempest-AttachVolumeShelveTestJSON-1757665798-project-member] Using url versioning {{(pid=99685) process_request /opt/stack/glance/glance/api/middleware/version_negotiation.py:57}}
Jun 30 13:38:34.632691 np0000003989 devstack@g-api.service[99685]: DEBUG glance.api.middleware.version_negotiation [None req-1feacf3e-3c96-459c-a263-89ef7959ff5b tempest-AttachVolumeShelveTestJSON-1757665798 tempest-AttachVolumeShelveTestJSON-1757665798-project-member] Matched version: v2 {{(pid=99685) process_request /opt/stack/glance/glance/api/middleware/version_negotiation.py:69}}
Jun 30 13:38:34.632691 np0000003989 devstack@g-api.service[99685]: DEBUG glance.api.middleware.version_negotiation [None req-1feacf3e-3c96-459c-a263-89ef7959ff5b tempest-AttachVolumeShelveTestJSON-1757665798 tempest-AttachVolumeShelveTestJSON-1757665798-project-member] new path /v2/schemas/image {{(pid=99685) process_request /opt/stack/glance/glance/api/middleware/version_negotiation.py:70}}
Jun 30 13:38:34.635511 np0000003989 devstack@g-api.service[99685]: [pid: 99685|app: 0|req: 44/130] 127.0.0.1 () {44 vars in 1051 bytes} [Tue Jun 30 13:38:34 2026] GET /v2/schemas/image => generated 6083 bytes in 3 msecs (HTTP/1.1 200) 4 headers in 158 bytes (1 switches on core 0)
Jun 30 13:38:34.648187 np0000003989 devstack@g-api.service[99683]: DEBUG glance.api.middleware.version_negotiation [None req-1feacf3e-3c96-459c-a263-89ef7959ff5b tempest-AttachVolumeShelveTestJSON-1757665798 tempest-AttachVolumeShelveTestJSON-1757665798-project-member] Determining version of request: GET /v2/schemas/image Accept: */* {{(pid=99683) process_request /opt/stack/glance/glance/api/middleware/version_negotiation.py:44}}
Jun 30 13:38:34.648187 np0000003989 devstack@g-api.service[99683]: DEBUG glance.api.middleware.version_negotiation [None req-1feacf3e-3c96-459c-a263-89ef7959ff5b tempest-AttachVolumeShelveTestJSON-1757665798 tempest-AttachVolumeShelveTestJSON-1757665798-project-member] Using url versioning {{(pid=99683) process_request /opt/stack/glance/glance/api/middleware/version_negotiation.py:57}}
Jun 30 13:38:34.648187 np0000003989 devstack@g-api.service[99683]: DEBUG glance.api.middleware.version_negotiation [None req-1feacf3e-3c96-459c-a263-89ef7959ff5b tempest-AttachVolumeShelveTestJSON-1757665798 tempest-AttachVolumeShelveTestJSON-1757665798-project-member] Matched version: v2 {{(pid=99683) process_request /opt/stack/glance/glance/api/middleware/version_negotiation.py:69}}
Jun 30 13:38:34.648187 np0000003989 devstack@g-api.service[99683]: DEBUG glance.api.middleware.version_negotiation [None req-1feacf3e-3c96-459c-a263-89ef7959ff5b tempest-AttachVolumeShelveTestJSON-1757665798 tempest-AttachVolumeShelveTestJSON-1757665798-project-member] new path /v2/schemas/image {{(pid=99683) process_request /opt/stack/glance/glance/api/middleware/version_negotiation.py:70}}
Jun 30 13:38:34.653009 np0000003989 devstack@g-api.service[99683]: [pid: 99683|app: 0|req: 48/131] 127.0.0.1 () {44 vars in 1051 bytes} [Tue Jun 30 13:38:34 2026] GET /v2/schemas/image => generated 6083 bytes in 5 msecs (HTTP/1.1 200) 4 headers in 158 bytes (1 switches on core 0)
Jun 30 13:38:34.664215 np0000003989 devstack@g-api.service[99684]: DEBUG glance.api.middleware.version_negotiation [None req-ef6b61ce-ac50-43e0-980d-b5eb9e6691f7 tempest-ServerActionsV293TestJSON-654735602 tempest-ServerActionsV293TestJSON-654735602-project-member] Determining version of request: GET /v2/images/d16fbfdd-773d-4516-8174-2ac6ca4cb036 Accept: */* {{(pid=99684) process_request /opt/stack/glance/glance/api/middleware/version_negotiation.py:44}}
Jun 30 13:38:34.664481 np0000003989 devstack@g-api.service[99684]: DEBUG glance.api.middleware.version_negotiation [None req-ef6b61ce-ac50-43e0-980d-b5eb9e6691f7 tempest-ServerActionsV293TestJSON-654735602 tempest-ServerActionsV293TestJSON-654735602-project-member] Using url versioning {{(pid=99684) process_request /opt/stack/glance/glance/api/middleware/version_negotiation.py:57}}
Jun 30 13:38:34.664608 np0000003989 devstack@g-api.service[99684]: DEBUG glance.api.middleware.version_negotiation [None req-ef6b61ce-ac50-43e0-980d-b5eb9e6691f7 tempest-ServerActionsV293TestJSON-654735602 tempest-ServerActionsV293TestJSON-654735602-project-member] Matched version: v2 {{(pid=99684) process_request /opt/stack/glance/glance/api/middleware/version_negotiation.py:69}}
Jun 30 13:38:34.664754 np0000003989 devstack@g-api.service[99684]: DEBUG glance.api.middleware.version_negotiation [None req-ef6b61ce-ac50-43e0-980d-b5eb9e6691f7 tempest-ServerActionsV293TestJSON-654735602 tempest-ServerActionsV293TestJSON-654735602-project-member] new path /v2/images/d16fbfdd-773d-4516-8174-2ac6ca4cb036 {{(pid=99684) process_request /opt/stack/glance/glance/api/middleware/version_negotiation.py:70}}
Jun 30 13:38:34.681533 np0000003989 devstack@g-api.service[99684]: [pid: 99684|app: 0|req: 40/132] 127.0.0.1 () {44 vars in 1111 bytes} [Tue Jun 30 13:38:34 2026] GET /v2/images/d16fbfdd-773d-4516-8174-2ac6ca4cb036 => generated 1044 bytes in 17 msecs (HTTP/1.1 200) 4 headers in 158 bytes (1 switches on core 0)
Jun 30 13:38:34.691049 np0000003989 devstack@g-api.service[99685]: DEBUG glance.api.middleware.version_negotiation [None req-ef6b61ce-ac50-43e0-980d-b5eb9e6691f7 tempest-ServerActionsV293TestJSON-654735602 tempest-ServerActionsV293TestJSON-654735602-project-member] Determining version of request: GET /v2/schemas/image Accept: */* {{(pid=99685) process_request /opt/stack/glance/glance/api/middleware/version_negotiation.py:44}}
Jun 30 13:38:34.691326 np0000003989 devstack@g-api.service[99685]: DEBUG glance.api.middleware.version_negotiation [None req-ef6b61ce-ac50-43e0-980d-b5eb9e6691f7 tempest-ServerActionsV293TestJSON-654735602 tempest-ServerActionsV293TestJSON-654735602-project-member] Using url versioning {{(pid=99685) process_request /opt/stack/glance/glance/api/middleware/version_negotiation.py:57}}
Jun 30 13:38:34.691525 np0000003989 devstack@g-api.service[99685]: DEBUG glance.api.middleware.version_negotiation [None req-ef6b61ce-ac50-43e0-980d-b5eb9e6691f7 tempest-ServerActionsV293TestJSON-654735602 tempest-ServerActionsV293TestJSON-654735602-project-member] Matched version: v2 {{(pid=99685) process_request /opt/stack/glance/glance/api/middleware/version_negotiation.py:69}}
Jun 30 13:38:34.691659 np0000003989 devstack@g-api.service[99685]: DEBUG glance.api.middleware.version_negotiation [None req-ef6b61ce-ac50-43e0-980d-b5eb9e6691f7 tempest-ServerActionsV293TestJSON-654735602 tempest-ServerActionsV293TestJSON-654735602-project-member] new path /v2/schemas/image {{(pid=99685) process_request /opt/stack/glance/glance/api/middleware/version_negotiation.py:70}}
Jun 30 13:38:34.699720 np0000003989 devstack@g-api.service[99685]: [pid: 99685|app: 0|req: 45/133] 127.0.0.1 () {44 vars in 1051 bytes} [Tue Jun 30 13:38:34 2026] GET /v2/schemas/image => generated 6083 bytes in 9 msecs (HTTP/1.1 200) 4 headers in 158 bytes (1 switches on core 0)
Jun 30 13:38:34.714838 np0000003989 devstack@g-api.service[99683]: DEBUG glance.api.middleware.version_negotiation [None req-ef6b61ce-ac50-43e0-980d-b5eb9e6691f7 tempest-ServerActionsV293TestJSON-654735602 tempest-ServerActionsV293TestJSON-654735602-project-member] Determining version of request: GET /v2/schemas/image Accept: */* {{(pid=99683) process_request /opt/stack/glance/glance/api/middleware/version_negotiation.py:44}}
Jun 30 13:38:34.714838 np0000003989 devstack@g-api.service[99683]: DEBUG glance.api.middleware.version_negotiation [None req-ef6b61ce-ac50-43e0-980d-b5eb9e6691f7 tempest-ServerActionsV293TestJSON-654735602 tempest-ServerActionsV293TestJSON-654735602-project-member] Using url versioning {{(pid=99683) process_request /opt/stack/glance/glance/api/middleware/version_negotiation.py:57}}
Jun 30 13:38:34.714838 np0000003989 devstack@g-api.service[99683]: DEBUG glance.api.middleware.version_negotiation [None req-ef6b61ce-ac50-43e0-980d-b5eb9e6691f7 tempest-ServerActionsV293TestJSON-654735602 tempest-ServerActionsV293TestJSON-654735602-project-member] Matched version: v2 {{(pid=99683) process_request /opt/stack/glance/glance/api/middleware/version_negotiation.py:69}}
Jun 30 13:38:34.715682 np0000003989 devstack@g-api.service[99683]: DEBUG glance.api.middleware.version_negotiation [None req-ef6b61ce-ac50-43e0-980d-b5eb9e6691f7 tempest-ServerActionsV293TestJSON-654735602 tempest-ServerActionsV293TestJSON-654735602-project-member] new path /v2/schemas/image {{(pid=99683) process_request /opt/stack/glance/glance/api/middleware/version_negotiation.py:70}}
Jun 30 13:38:34.717847 np0000003989 devstack@g-api.service[99683]: [pid: 99683|app: 0|req: 49/134] 127.0.0.1 () {44 vars in 1051 bytes} [Tue Jun 30 13:38:34 2026] GET /v2/schemas/image => generated 6083 bytes in 3 msecs (HTTP/1.1 200) 4 headers in 158 bytes (1 switches on core 0)
Jun 30 13:38:34.747958 np0000003989 devstack@g-api.service[99684]: DEBUG glance.api.middleware.version_negotiation [None req-ef6b61ce-ac50-43e0-980d-b5eb9e6691f7 tempest-ServerActionsV293TestJSON-654735602 tempest-ServerActionsV293TestJSON-654735602-project-member] Determining version of request: GET /v2/images/d16fbfdd-773d-4516-8174-2ac6ca4cb036 Accept: */* {{(pid=99684) process_request /opt/stack/glance/glance/api/middleware/version_negotiation.py:44}}
Jun 30 13:38:34.748250 np0000003989 devstack@g-api.service[99684]: DEBUG glance.api.middleware.version_negotiation [None req-ef6b61ce-ac50-43e0-980d-b5eb9e6691f7 tempest-ServerActionsV293TestJSON-654735602 tempest-ServerActionsV293TestJSON-654735602-project-member] Using url versioning {{(pid=99684) process_request /opt/stack/glance/glance/api/middleware/version_negotiation.py:57}}
Jun 30 13:38:34.748460 np0000003989 devstack@g-api.service[99684]: DEBUG glance.api.middleware.version_negotiation [None req-ef6b61ce-ac50-43e0-980d-b5eb9e6691f7 tempest-ServerActionsV293TestJSON-654735602 tempest-ServerActionsV293TestJSON-654735602-project-member] Matched version: v2 {{(pid=99684) process_request /opt/stack/glance/glance/api/middleware/version_negotiation.py:69}}
Jun 30 13:38:34.748611 np0000003989 devstack@g-api.service[99684]: DEBUG glance.api.middleware.version_negotiation [None req-ef6b61ce-ac50-43e0-980d-b5eb9e6691f7 tempest-ServerActionsV293TestJSON-654735602 tempest-ServerActionsV293TestJSON-654735602-project-member] new path /v2/images/d16fbfdd-773d-4516-8174-2ac6ca4cb036 {{(pid=99684) process_request /opt/stack/glance/glance/api/middleware/version_negotiation.py:70}}
Jun 30 13:38:34.769784 np0000003989 devstack@g-api.service[99684]: [pid: 99684|app: 0|req: 41/135] 127.0.0.1 () {44 vars in 1111 bytes} [Tue Jun 30 13:38:34 2026] GET /v2/images/d16fbfdd-773d-4516-8174-2ac6ca4cb036 => generated 1044 bytes in 22 msecs (HTTP/1.1 200) 4 headers in 158 bytes (1 switches on core 0)
Jun 30 13:38:34.782704 np0000003989 devstack@g-api.service[99685]: DEBUG glance.api.middleware.version_negotiation [None req-ef6b61ce-ac50-43e0-980d-b5eb9e6691f7 tempest-ServerActionsV293TestJSON-654735602 tempest-ServerActionsV293TestJSON-654735602-project-member] Determining version of request: GET /v2/schemas/image Accept: */* {{(pid=99685) process_request /opt/stack/glance/glance/api/middleware/version_negotiation.py:44}}
Jun 30 13:38:34.782974 np0000003989 devstack@g-api.service[99685]: DEBUG glance.api.middleware.version_negotiation [None req-ef6b61ce-ac50-43e0-980d-b5eb9e6691f7 tempest-ServerActionsV293TestJSON-654735602 tempest-ServerActionsV293TestJSON-654735602-project-member] Using url versioning {{(pid=99685) process_request /opt/stack/glance/glance/api/middleware/version_negotiation.py:57}}
Jun 30 13:38:34.783113 np0000003989 devstack@g-api.service[99685]: DEBUG glance.api.middleware.version_negotiation [None req-ef6b61ce-ac50-43e0-980d-b5eb9e6691f7 tempest-ServerActionsV293TestJSON-654735602 tempest-ServerActionsV293TestJSON-654735602-project-member] Matched version: v2 {{(pid=99685) process_request /opt/stack/glance/glance/api/middleware/version_negotiation.py:69}}
Jun 30 13:38:34.783293 np0000003989 devstack@g-api.service[99685]: DEBUG glance.api.middleware.version_negotiation [None req-ef6b61ce-ac50-43e0-980d-b5eb9e6691f7 tempest-ServerActionsV293TestJSON-654735602 tempest-ServerActionsV293TestJSON-654735602-project-member] new path /v2/schemas/image {{(pid=99685) process_request /opt/stack/glance/glance/api/middleware/version_negotiation.py:70}}
Jun 30 13:38:34.788807 np0000003989 devstack@g-api.service[99685]: [pid: 99685|app: 0|req: 46/136] 127.0.0.1 () {44 vars in 1051 bytes} [Tue Jun 30 13:38:34 2026] GET /v2/schemas/image => generated 6083 bytes in 6 msecs (HTTP/1.1 200) 4 headers in 158 bytes (1 switches on core 0)
Jun 30 13:38:34.802293 np0000003989 devstack@g-api.service[99683]: DEBUG glance.api.middleware.version_negotiation [None req-ef6b61ce-ac50-43e0-980d-b5eb9e6691f7 tempest-ServerActionsV293TestJSON-654735602 tempest-ServerActionsV293TestJSON-654735602-project-member] Determining version of request: GET /v2/schemas/image Accept: */* {{(pid=99683) process_request /opt/stack/glance/glance/api/middleware/version_negotiation.py:44}}
Jun 30 13:38:34.802293 np0000003989 devstack@g-api.service[99683]: DEBUG glance.api.middleware.version_negotiation [None req-ef6b61ce-ac50-43e0-980d-b5eb9e6691f7 tempest-ServerActionsV293TestJSON-654735602 tempest-ServerActionsV293TestJSON-654735602-project-member] Using url versioning {{(pid=99683) process_request /opt/stack/glance/glance/api/middleware/version_negotiation.py:57}}
Jun 30 13:38:34.802293 np0000003989 devstack@g-api.service[99683]: DEBUG glance.api.middleware.version_negotiation [None req-ef6b61ce-ac50-43e0-980d-b5eb9e6691f7 tempest-ServerActionsV293TestJSON-654735602 tempest-ServerActionsV293TestJSON-654735602-project-member] Matched version: v2 {{(pid=99683) process_request /opt/stack/glance/glance/api/middleware/version_negotiation.py:69}}
Jun 30 13:38:34.802455 np0000003989 devstack@g-api.service[99683]: DEBUG glance.api.middleware.version_negotiation [None req-ef6b61ce-ac50-43e0-980d-b5eb9e6691f7 tempest-ServerActionsV293TestJSON-654735602 tempest-ServerActionsV293TestJSON-654735602-project-member] new path /v2/schemas/image {{(pid=99683) process_request /opt/stack/glance/glance/api/middleware/version_negotiation.py:70}}
Jun 30 13:38:34.807841 np0000003989 devstack@g-api.service[99683]: [pid: 99683|app: 0|req: 50/137] 127.0.0.1 () {44 vars in 1051 bytes} [Tue Jun 30 13:38:34 2026] GET /v2/schemas/image => generated 6083 bytes in 5 msecs (HTTP/1.1 200) 4 headers in 158 bytes (1 switches on core 0)
Jun 30 13:38:35.289239 np0000003989 devstack@g-api.service[99684]: DEBUG glance.api.middleware.version_negotiation [None req-ef6b61ce-ac50-43e0-980d-b5eb9e6691f7 tempest-ServerActionsV293TestJSON-654735602 tempest-ServerActionsV293TestJSON-654735602-project-member] Determining version of request: GET /versions Accept: */* {{(pid=99684) process_request /opt/stack/glance/glance/api/middleware/version_negotiation.py:44}}
Jun 30 13:38:35.289849 np0000003989 devstack@g-api.service[99684]: [pid: 99684|app: 0|req: 42/138] 127.0.0.1 () {44 vars in 1035 bytes} [Tue Jun 30 13:38:35 2026] GET /versions => generated 1394 bytes in 1 msecs (HTTP/1.1 200) 3 headers in 92 bytes (1 switches on core 0)
Jun 30 13:38:35.304551 np0000003989 devstack@g-api.service[99685]: DEBUG glance.api.middleware.version_negotiation [None req-ef6b61ce-ac50-43e0-980d-b5eb9e6691f7 tempest-ServerActionsV293TestJSON-654735602 tempest-ServerActionsV293TestJSON-654735602-project-member] Determining version of request: GET /v2/images/d16fbfdd-773d-4516-8174-2ac6ca4cb036/locations Accept: */* {{(pid=99685) process_request /opt/stack/glance/glance/api/middleware/version_negotiation.py:44}}
Jun 30 13:38:35.304551 np0000003989 devstack@g-api.service[99685]: DEBUG glance.api.middleware.version_negotiation [None req-ef6b61ce-ac50-43e0-980d-b5eb9e6691f7 tempest-ServerActionsV293TestJSON-654735602 tempest-ServerActionsV293TestJSON-654735602-project-member] Using url versioning {{(pid=99685) process_request /opt/stack/glance/glance/api/middleware/version_negotiation.py:57}}
