Jun 30 13:33:30.916153 np0000003989 devstack@g-api.service[99685]: DEBUG glance_store.backend [-] Registering store swift with schemes ('swift+https', 'swift', 'swift+http', 'swift+config') {{(pid=99685) create_stores /opt/stack/data/venv/lib/python3.12/site-packages/glance_store/backend.py:261}}
Jun 30 13:33:30.916240 np0000003989 devstack@g-api.service[99685]: DEBUG glance_store.driver [-] Late loading location class glance_store._drivers.swift.store.StoreLocation {{(pid=99685) get_store_location_class /opt/stack/data/venv/lib/python3.12/site-packages/glance_store/driver.py:134}}
Jun 30 13:33:30.916355 np0000003989 devstack@g-api.service[99685]: DEBUG glance_store.location [-] Registering scheme swift+https with {'store': , 'location_class': , 'store_entry': 'swift'} {{(pid=99685) register_scheme_map /opt/stack/data/venv/lib/python3.12/site-packages/glance_store/location.py:146}}
Jun 30 13:33:30.916439 np0000003989 devstack@g-api.service[99685]: DEBUG glance_store.location [-] Registering scheme swift with {'store': , 'location_class': , 'store_entry': 'swift'} {{(pid=99685) register_scheme_map /opt/stack/data/venv/lib/python3.12/site-packages/glance_store/location.py:146}}
Jun 30 13:33:30.916520 np0000003989 devstack@g-api.service[99685]: DEBUG glance_store.location [-] Registering scheme swift+http with {'store': , 'location_class': , 'store_entry': 'swift'} {{(pid=99685) register_scheme_map /opt/stack/data/venv/lib/python3.12/site-packages/glance_store/location.py:146}}
Jun 30 13:33:30.916602 np0000003989 devstack@g-api.service[99685]: DEBUG glance_store.location [-] Registering scheme swift+config with {'store': , 'location_class': , 'store_entry': 'swift'} {{(pid=99685) register_scheme_map /opt/stack/data/venv/lib/python3.12/site-packages/glance_store/location.py:146}}
Jun 30 13:33:30.916658 np0000003989 devstack@g-api.service[99685]: DEBUG glance_store.backend [-] Attempting to import store http {{(pid=99685) _load_store /opt/stack/data/venv/lib/python3.12/site-packages/glance_store/backend.py:215}}
Jun 30 13:33:30.916971 np0000003989 devstack@g-api.service[99685]: DEBUG glance_store.capabilities [-] Store glance_store._drivers.http.Store doesn't support updating dynamic storage capabilities. Please overwrite 'update_capabilities' method of the store to implement updating logics if needed. {{(pid=99685) update_capabilities /opt/stack/data/venv/lib/python3.12/site-packages/glance_store/capabilities.py:91}}
Jun 30 13:33:30.917074 np0000003989 devstack@g-api.service[99685]: DEBUG glance_store.backend [-] Registering store http with schemes ('http', 'https') {{(pid=99685) create_stores /opt/stack/data/venv/lib/python3.12/site-packages/glance_store/backend.py:261}}
Jun 30 13:33:30.917170 np0000003989 devstack@g-api.service[99685]: DEBUG glance_store.driver [-] Late loading location class glance_store._drivers.http.StoreLocation {{(pid=99685) get_store_location_class /opt/stack/data/venv/lib/python3.12/site-packages/glance_store/driver.py:134}}
Jun 30 13:33:30.917265 np0000003989 devstack@g-api.service[99685]: DEBUG glance_store.location [-] Registering scheme http with {'store': , 'location_class': , 'store_entry': 'http'} {{(pid=99685) register_scheme_map /opt/stack/data/venv/lib/python3.12/site-packages/glance_store/location.py:146}}
Jun 30 13:33:30.917368 np0000003989 devstack@g-api.service[99685]: DEBUG glance_store.location [-] Registering scheme https with {'store': , 'location_class': , 'store_entry': 'http'} {{(pid=99685) register_scheme_map /opt/stack/data/venv/lib/python3.12/site-packages/glance_store/location.py:146}}
Jun 30 13:33:30.917519 np0000003989 devstack@g-api.service[99685]: DEBUG glance_store.backend [-] Attempting to import store swift {{(pid=99685) _load_store /opt/stack/data/venv/lib/python3.12/site-packages/glance_store/backend.py:215}}
Jun 30 13:33:30.919278 np0000003989 devstack@g-api.service[99685]: DEBUG glance_store.capabilities [-] Store glance_store._drivers.swift.store.SingleTenantStore doesn't support updating dynamic storage capabilities. Please overwrite 'update_capabilities' method of the store to implement updating logics if needed. {{(pid=99685) update_capabilities /opt/stack/data/venv/lib/python3.12/site-packages/glance_store/capabilities.py:91}}
Jun 30 13:33:30.919353 np0000003989 devstack@g-api.service[99685]: DEBUG glance_store.driver [-] Late loading location class glance_store._drivers.swift.store.StoreLocation {{(pid=99685) get_store_location_class /opt/stack/data/venv/lib/python3.12/site-packages/glance_store/driver.py:134}}
Jun 30 13:33:30.919479 np0000003989 devstack@g-api.service[99685]: DEBUG glance_store.location [-] Registering scheme swift+https with {'store': , 'location_class': , 'store_entry': 'swift'} {{(pid=99685) register_scheme_map /opt/stack/data/venv/lib/python3.12/site-packages/glance_store/location.py:146}}
Jun 30 13:33:30.919567 np0000003989 devstack@g-api.service[99685]: DEBUG glance_store.location [-] Registering scheme swift+https with {'store': , 'location_class': , 'store_entry': 'swift'} {{(pid=99685) register_scheme_map /opt/stack/data/venv/lib/python3.12/site-packages/glance_store/location.py:146}}
Jun 30 13:33:30.919666 np0000003989 devstack@g-api.service[99685]: DEBUG glance_store.location [-] Registering scheme swift with {'store': , 'location_class': , 'store_entry': 'swift'} {{(pid=99685) register_scheme_map /opt/stack/data/venv/lib/python3.12/site-packages/glance_store/location.py:146}}
Jun 30 13:33:30.919752 np0000003989 devstack@g-api.service[99685]: DEBUG glance_store.location [-] Registering scheme swift+https with {'store': , 'location_class': , 'store_entry': 'swift'} {{(pid=99685) register_scheme_map /opt/stack/data/venv/lib/python3.12/site-packages/glance_store/location.py:146}}
Jun 30 13:33:30.919894 np0000003989 devstack@g-api.service[99685]: DEBUG glance_store.location [-] Registering scheme swift with {'store': , 'location_class': , 'store_entry': 'swift'} {{(pid=99685) register_scheme_map /opt/stack/data/venv/lib/python3.12/site-packages/glance_store/location.py:146}}
Jun 30 13:33:30.919948 np0000003989 devstack@g-api.service[99685]: DEBUG glance_store.location [-] Registering scheme swift+http with {'store': , 'location_class': , 'store_entry': 'swift'} {{(pid=99685) register_scheme_map /opt/stack/data/venv/lib/python3.12/site-packages/glance_store/location.py:146}}
Jun 30 13:33:30.920025 np0000003989 devstack@g-api.service[99685]: DEBUG glance_store.location [-] Registering scheme swift+https with {'store': , 'location_class': , 'store_entry': 'swift'} {{(pid=99685) register_scheme_map /opt/stack/data/venv/lib/python3.12/site-packages/glance_store/location.py:146}}
Jun 30 13:33:30.920116 np0000003989 devstack@g-api.service[99685]: DEBUG glance_store.location [-] Registering scheme swift with {'store': , 'location_class': , 'store_entry': 'swift'} {{(pid=99685) register_scheme_map /opt/stack/data/venv/lib/python3.12/site-packages/glance_store/location.py:146}}
Jun 30 13:33:30.920206 np0000003989 devstack@g-api.service[99685]: DEBUG glance_store.location [-] Registering scheme swift+http with {'store': , 'location_class': , 'store_entry': 'swift'} {{(pid=99685) register_scheme_map /opt/stack/data/venv/lib/python3.12/site-packages/glance_store/location.py:146}}
Jun 30 13:33:30.920300 np0000003989 devstack@g-api.service[99685]: DEBUG glance_store.location [-] Registering scheme swift+config with {'store': , 'location_class': , 'store_entry': 'swift'} {{(pid=99685) register_scheme_map /opt/stack/data/venv/lib/python3.12/site-packages/glance_store/location.py:146}}
Jun 30 13:33:30.920713 np0000003989 devstack@g-api.service[99685]: DEBUG glance.sqlite_migration [-] SQLite caching database not located, skipping migration {{(pid=99685) get_db_path /opt/stack/glance/glance/sqlite_migration.py:68}}
Jun 30 13:33:30.921115 np0000003989 devstack@g-api.service[99685]: WARNING glance.common.wsgi_app [-] Import methods are enabled but staging directory /tmp/staging/ does not exist; Imports will fail!
Jun 30 13:33:31.063134 np0000003989 devstack@g-api.service[99684]: DEBUG glance.common.config [None req-f7426a06-9a7d-4a46-8b5a-1519be86e1db None None] Loading glance-api-keystone+cachemanagement from /etc/glance/glance-api-paste.ini {{(pid=99684) load_paste_app /opt/stack/glance/glance/common/config.py:759}}
Jun 30 13:33:31.079007 np0000003989 devstack@g-api.service[99685]: DEBUG glance.common.config [None req-65ce8ba2-8a67-47c7-844f-4138f48dffaf None None] Loading glance-api-keystone+cachemanagement from /etc/glance/glance-api-paste.ini {{(pid=99685) load_paste_app /opt/stack/glance/glance/common/config.py:759}}
Jun 30 13:33:31.109670 np0000003989 devstack@g-api.service[99683]: DEBUG glance.common.config [None req-19be1e1c-3e4e-45fe-9d17-496aa1f65996 None None] Loading glance-api-keystone+cachemanagement from /etc/glance/glance-api-paste.ini {{(pid=99683) load_paste_app /opt/stack/glance/glance/common/config.py:759}}
Jun 30 13:33:31.772496 np0000003989 devstack@g-api.service[99683]: INFO glance.image_cache [None req-19be1e1c-3e4e-45fe-9d17-496aa1f65996 None None] Image cache loaded driver 'centralized_db'.
Jun 30 13:33:31.777177 np0000003989 devstack@g-api.service[99684]: INFO glance.image_cache [None req-f7426a06-9a7d-4a46-8b5a-1519be86e1db None None] Image cache loaded driver 'centralized_db'.
Jun 30 13:33:31.792630 np0000003989 devstack@g-api.service[99685]: INFO glance.image_cache [None req-65ce8ba2-8a67-47c7-844f-4138f48dffaf None None] Image cache loaded driver 'centralized_db'.
Jun 30 13:33:31.828600 np0000003989 devstack@g-api.service[99683]: INFO dbcounter [None req-19be1e1c-3e4e-45fe-9d17-496aa1f65996 None None] Registered counter for database glance
Jun 30 13:33:31.837593 np0000003989 devstack@g-api.service[99684]: INFO dbcounter [None req-f7426a06-9a7d-4a46-8b5a-1519be86e1db None None] Registered counter for database glance
Jun 30 13:33:31.848256 np0000003989 devstack@g-api.service[99685]: INFO dbcounter [None req-65ce8ba2-8a67-47c7-844f-4138f48dffaf None None] Registered counter for database glance
Jun 30 13:33:31.879941 np0000003989 devstack@g-api.service[99683]: DEBUG oslo_db.sqlalchemy.engines [None req-19be1e1c-3e4e-45fe-9d17-496aa1f65996 None None] MySQL server mode set to STRICT_TRANS_TABLES,STRICT_ALL_TABLES,NO_ZERO_IN_DATE,NO_ZERO_DATE,ERROR_FOR_DIVISION_BY_ZERO,TRADITIONAL,NO_ENGINE_SUBSTITUTION {{(pid=99683) _check_effective_sql_mode /opt/stack/data/venv/lib/python3.12/site-packages/oslo_db/sqlalchemy/engines.py:325}}
Jun 30 13:33:31.883565 np0000003989 devstack@g-api.service[99684]: DEBUG oslo_db.sqlalchemy.engines [None req-f7426a06-9a7d-4a46-8b5a-1519be86e1db None None] MySQL server mode set to STRICT_TRANS_TABLES,STRICT_ALL_TABLES,NO_ZERO_IN_DATE,NO_ZERO_DATE,ERROR_FOR_DIVISION_BY_ZERO,TRADITIONAL,NO_ENGINE_SUBSTITUTION {{(pid=99684) _check_effective_sql_mode /opt/stack/data/venv/lib/python3.12/site-packages/oslo_db/sqlalchemy/engines.py:325}}
Jun 30 13:33:31.901776 np0000003989 devstack@g-api.service[99685]: DEBUG oslo_db.sqlalchemy.engines [None req-65ce8ba2-8a67-47c7-844f-4138f48dffaf None None] MySQL server mode set to STRICT_TRANS_TABLES,STRICT_ALL_TABLES,NO_ZERO_IN_DATE,NO_ZERO_DATE,ERROR_FOR_DIVISION_BY_ZERO,TRADITIONAL,NO_ENGINE_SUBSTITUTION {{(pid=99685) _check_effective_sql_mode /opt/stack/data/venv/lib/python3.12/site-packages/oslo_db/sqlalchemy/engines.py:325}}
Jun 30 13:33:31.905702 np0000003989 devstack@g-api.service[99684]: DEBUG dbcounter [-] [99684] Writer thread running {{(pid=99684) stat_writer /opt/stack/data/venv/lib/python3.12/site-packages/dbcounter.py:102}}
Jun 30 13:33:31.910558 np0000003989 devstack@g-api.service[99683]: DEBUG dbcounter [-] [99683] Writer thread running {{(pid=99683) stat_writer /opt/stack/data/venv/lib/python3.12/site-packages/dbcounter.py:102}}
Jun 30 13:33:31.913415 np0000003989 devstack@g-api.service[99683]: DEBUG glance.image_cache.drivers.centralized_db [None req-19be1e1c-3e4e-45fe-9d17-496aa1f65996 None None] Node reference is already recorded, ignoring it {{(pid=99683) configure /opt/stack/glance/glance/image_cache/drivers/centralized_db.py:71}}
Jun 30 13:33:31.918385 np0000003989 devstack@g-api.service[99684]: INFO glance.image_cache [None req-f7426a06-9a7d-4a46-8b5a-1519be86e1db None None] Image cache loaded driver 'centralized_db'.
Jun 30 13:33:31.921710 np0000003989 devstack@g-api.service[99683]: INFO glance.image_cache [None req-19be1e1c-3e4e-45fe-9d17-496aa1f65996 None None] Image cache loaded driver 'centralized_db'.
Jun 30 13:33:31.924842 np0000003989 devstack@g-api.service[99685]: DEBUG dbcounter [-] [99685] Writer thread running {{(pid=99685) stat_writer /opt/stack/data/venv/lib/python3.12/site-packages/dbcounter.py:102}}
Jun 30 13:33:31.928381 np0000003989 devstack@g-api.service[99685]: DEBUG glance.image_cache.drivers.centralized_db [None req-65ce8ba2-8a67-47c7-844f-4138f48dffaf None None] Node reference is already recorded, ignoring it {{(pid=99685) configure /opt/stack/glance/glance/image_cache/drivers/centralized_db.py:71}}
Jun 30 13:33:31.930740 np0000003989 devstack@g-api.service[99683]: DEBUG glance.image_cache.drivers.centralized_db [None req-19be1e1c-3e4e-45fe-9d17-496aa1f65996 None None] Node reference is already recorded, ignoring it {{(pid=99683) configure /opt/stack/glance/glance/image_cache/drivers/centralized_db.py:71}}
Jun 30 13:33:31.935322 np0000003989 devstack@g-api.service[99685]: INFO glance.image_cache [None req-65ce8ba2-8a67-47c7-844f-4138f48dffaf None None] Image cache loaded driver 'centralized_db'.
Jun 30 13:33:31.947691 np0000003989 devstack@g-api.service[99685]: DEBUG glance.image_cache.drivers.centralized_db [None req-65ce8ba2-8a67-47c7-844f-4138f48dffaf None None] Node reference is already recorded, ignoring it {{(pid=99685) configure /opt/stack/glance/glance/image_cache/drivers/centralized_db.py:71}}
Jun 30 13:33:32.017054 np0000003989 devstack@g-api.service[99684]: DEBUG glance.image_cache.drivers.centralized_db [None req-f7426a06-9a7d-4a46-8b5a-1519be86e1db None None] Node reference is already recorded, ignoring it {{(pid=99684) configure /opt/stack/glance/glance/image_cache/drivers/centralized_db.py:71}}
Jun 30 13:33:32.023526 np0000003989 devstack@g-api.service[99684]: DEBUG glance.api.v2.cached_images [None req-f7426a06-9a7d-4a46-8b5a-1519be86e1db None None] Started cache worker thread {{(pid=99684) __init__ /opt/stack/glance/glance/api/v2/cached_images.py:69}}
Jun 30 13:33:32.024198 np0000003989 devstack@g-api.service[99684]: INFO glance.image_cache [None req-f7426a06-9a7d-4a46-8b5a-1519be86e1db None None] Image cache loaded driver 'centralized_db'.
Jun 30 13:33:32.032803 np0000003989 devstack@g-api.service[99684]: DEBUG glance.image_cache.drivers.centralized_db [None req-f7426a06-9a7d-4a46-8b5a-1519be86e1db None None] Node reference is already recorded, ignoring it {{(pid=99684) configure /opt/stack/glance/glance/image_cache/drivers/centralized_db.py:71}}
Jun 30 13:33:32.037207 np0000003989 devstack@g-api.service[99684]: INFO glance.api.middleware.cache_manage [None req-f7426a06-9a7d-4a46-8b5a-1519be86e1db None None] Initialized image cache management middleware
Jun 30 13:33:32.037339 np0000003989 devstack@g-api.service[99684]: INFO glance.image_cache [None req-f7426a06-9a7d-4a46-8b5a-1519be86e1db None None] Image cache loaded driver 'centralized_db'.
Jun 30 13:33:32.040150 np0000003989 devstack@g-api.service[99683]: DEBUG glance.api.v2.cached_images [None req-19be1e1c-3e4e-45fe-9d17-496aa1f65996 None None] Started cache worker thread {{(pid=99683) __init__ /opt/stack/glance/glance/api/v2/cached_images.py:69}}
Jun 30 13:33:32.040969 np0000003989 devstack@g-api.service[99683]: INFO glance.image_cache [None req-19be1e1c-3e4e-45fe-9d17-496aa1f65996 None None] Image cache loaded driver 'centralized_db'.
Jun 30 13:33:32.044154 np0000003989 devstack@g-api.service[99684]: DEBUG glance.image_cache.drivers.centralized_db [None req-f7426a06-9a7d-4a46-8b5a-1519be86e1db None None] Node reference is already recorded, ignoring it {{(pid=99684) configure /opt/stack/glance/glance/image_cache/drivers/centralized_db.py:71}}
Jun 30 13:33:32.047756 np0000003989 devstack@g-api.service[99684]: INFO glance.api.middleware.cache [None req-f7426a06-9a7d-4a46-8b5a-1519be86e1db None None] Initialized image cache middleware
Jun 30 13:33:32.051387 np0000003989 devstack@g-api.service[99683]: DEBUG glance.image_cache.drivers.centralized_db [None req-19be1e1c-3e4e-45fe-9d17-496aa1f65996 None None] Node reference is already recorded, ignoring it {{(pid=99683) configure /opt/stack/glance/glance/image_cache/drivers/centralized_db.py:71}}
Jun 30 13:33:32.057196 np0000003989 devstack@g-api.service[99683]: INFO glance.api.middleware.cache_manage [None req-19be1e1c-3e4e-45fe-9d17-496aa1f65996 None None] Initialized image cache management middleware
Jun 30 13:33:32.057432 np0000003989 devstack@g-api.service[99683]: INFO glance.image_cache [None req-19be1e1c-3e4e-45fe-9d17-496aa1f65996 None None] Image cache loaded driver 'centralized_db'.
Jun 30 13:33:32.057901 np0000003989 devstack@g-api.service[99685]: DEBUG glance.api.v2.cached_images [None req-65ce8ba2-8a67-47c7-844f-4138f48dffaf None None] Started cache worker thread {{(pid=99685) __init__ /opt/stack/glance/glance/api/v2/cached_images.py:69}}
Jun 30 13:33:32.058960 np0000003989 devstack@g-api.service[99685]: INFO glance.image_cache [None req-65ce8ba2-8a67-47c7-844f-4138f48dffaf None None] Image cache loaded driver 'centralized_db'.
Jun 30 13:33:32.059919 np0000003989 devstack@g-api.service[99684]: DEBUG glance.common.config [None req-f7426a06-9a7d-4a46-8b5a-1519be86e1db None None] ******************************************************************************** {{(pid=99684) log_opt_values /opt/stack/data/venv/lib/python3.12/site-packages/oslo_config/cfg.py:3226}}
Jun 30 13:33:32.060028 np0000003989 devstack@g-api.service[99684]: DEBUG glance.common.config [None req-f7426a06-9a7d-4a46-8b5a-1519be86e1db None None] Configuration options gathered from: {{(pid=99684) log_opt_values /opt/stack/data/venv/lib/python3.12/site-packages/oslo_config/cfg.py:3227}}
Jun 30 13:33:32.060331 np0000003989 devstack@g-api.service[99684]: DEBUG glance.common.config [None req-f7426a06-9a7d-4a46-8b5a-1519be86e1db None None] command line args: [] {{(pid=99684) log_opt_values /opt/stack/data/venv/lib/python3.12/site-packages/oslo_config/cfg.py:3228}}
Jun 30 13:33:32.060465 np0000003989 devstack@g-api.service[99684]: DEBUG glance.common.config [None req-f7426a06-9a7d-4a46-8b5a-1519be86e1db None None] config files: ['/etc/glance/glance-image-import.conf', '/etc/glance/glance-api.conf'] {{(pid=99684) log_opt_values /opt/stack/data/venv/lib/python3.12/site-packages/oslo_config/cfg.py:3229}}
Jun 30 13:33:32.060535 np0000003989 devstack@g-api.service[99684]: DEBUG glance.common.config [None req-f7426a06-9a7d-4a46-8b5a-1519be86e1db None None] ================================================================================ {{(pid=99684) log_opt_values /opt/stack/data/venv/lib/python3.12/site-packages/oslo_config/cfg.py:3234}}
Jun 30 13:33:32.060676 np0000003989 devstack@g-api.service[99684]: DEBUG glance.common.config [None req-f7426a06-9a7d-4a46-8b5a-1519be86e1db None None] allow_anonymous_access = False {{(pid=99684) log_opt_values /opt/stack/data/venv/lib/python3.12/site-packages/oslo_config/cfg.py:3242}}
Jun 30 13:33:32.060756 np0000003989 devstack@g-api.service[99684]: DEBUG glance.common.config [None req-f7426a06-9a7d-4a46-8b5a-1519be86e1db None None] api_limit_max = 1000 {{(pid=99684) log_opt_values /opt/stack/data/venv/lib/python3.12/site-packages/oslo_config/cfg.py:3242}}
Jun 30 13:33:32.060871 np0000003989 devstack@g-api.service[99684]: DEBUG glance.common.config [None req-f7426a06-9a7d-4a46-8b5a-1519be86e1db None None] backlog = 4096 {{(pid=99684) log_opt_values /opt/stack/data/venv/lib/python3.12/site-packages/oslo_config/cfg.py:3242}}
Jun 30 13:33:32.061025 np0000003989 devstack@g-api.service[99684]: DEBUG glance.common.config [None req-f7426a06-9a7d-4a46-8b5a-1519be86e1db None None] bind_host = 0.0.0.0 {{(pid=99684) log_opt_values /opt/stack/data/venv/lib/python3.12/site-packages/oslo_config/cfg.py:3242}}
Jun 30 13:33:32.061135 np0000003989 devstack@g-api.service[99684]: DEBUG glance.common.config [None req-f7426a06-9a7d-4a46-8b5a-1519be86e1db None None] bind_port = 19292 {{(pid=99684) log_opt_values /opt/stack/data/venv/lib/python3.12/site-packages/oslo_config/cfg.py:3242}}
Jun 30 13:33:32.061251 np0000003989 devstack@g-api.service[99684]: DEBUG glance.common.config [None req-f7426a06-9a7d-4a46-8b5a-1519be86e1db None None] client_socket_timeout = 900 {{(pid=99684) log_opt_values /opt/stack/data/venv/lib/python3.12/site-packages/oslo_config/cfg.py:3242}}
Jun 30 13:33:32.061345 np0000003989 devstack@g-api.service[99684]: DEBUG glance.common.config [None req-f7426a06-9a7d-4a46-8b5a-1519be86e1db None None] config_dir = [] {{(pid=99684) log_opt_values /opt/stack/data/venv/lib/python3.12/site-packages/oslo_config/cfg.py:3242}}
Jun 30 13:33:32.061413 np0000003989 devstack@g-api.service[99684]: DEBUG glance.common.config [None req-f7426a06-9a7d-4a46-8b5a-1519be86e1db None None] config_file = ['/etc/glance/glance-image-import.conf', '/etc/glance/glance-api.conf'] {{(pid=99684) log_opt_values /opt/stack/data/venv/lib/python3.12/site-packages/oslo_config/cfg.py:3242}}
Jun 30 13:33:32.061503 np0000003989 devstack@g-api.service[99684]: DEBUG glance.common.config [None req-f7426a06-9a7d-4a46-8b5a-1519be86e1db None None] config_source = [] {{(pid=99684) log_opt_values /opt/stack/data/venv/lib/python3.12/site-packages/oslo_config/cfg.py:3242}}
Jun 30 13:33:32.061604 np0000003989 devstack@g-api.service[99684]: DEBUG glance.common.config [None req-f7426a06-9a7d-4a46-8b5a-1519be86e1db None None] control_exchange = glance {{(pid=99684) log_opt_values /opt/stack/data/venv/lib/python3.12/site-packages/oslo_config/cfg.py:3242}}
Jun 30 13:33:32.061661 np0000003989 devstack@g-api.service[99684]: DEBUG glance.common.config [None req-f7426a06-9a7d-4a46-8b5a-1519be86e1db None None] debug = True {{(pid=99684) log_opt_values /opt/stack/data/venv/lib/python3.12/site-packages/oslo_config/cfg.py:3242}}
Jun 30 13:33:32.061838 np0000003989 devstack@g-api.service[99684]: DEBUG glance.common.config [None req-f7426a06-9a7d-4a46-8b5a-1519be86e1db None None] default_log_levels = ['amqp=WARN', 'boto=WARN', 'sqlalchemy=WARN', 'suds=INFO', 'oslo.messaging=INFO', 'oslo_messaging=INFO', 'iso8601=WARN', 'requests.packages.urllib3.connectionpool=WARN', 'urllib3.connectionpool=WARN', 'websocket=WARN', 'requests.packages.urllib3.util.retry=WARN', 'urllib3.util.retry=WARN', 'keystonemiddleware=WARN', 'routes.middleware=WARN', 'stevedore=WARN', 'taskflow=WARN', 'keystoneauth=WARN', 'oslo.cache=INFO', 'oslo_policy=INFO', 'dogpile.core.dogpile=INFO'] {{(pid=99684) log_opt_values /opt/stack/data/venv/lib/python3.12/site-packages/oslo_config/cfg.py:3242}}
Jun 30 13:33:32.061953 np0000003989 devstack@g-api.service[99684]: DEBUG glance.common.config [None req-f7426a06-9a7d-4a46-8b5a-1519be86e1db None None] default_publisher_id = image.localhost {{(pid=99684) log_opt_values /opt/stack/data/venv/lib/python3.12/site-packages/oslo_config/cfg.py:3242}}
Jun 30 13:33:32.062050 np0000003989 devstack@g-api.service[99684]: DEBUG glance.common.config [None req-f7426a06-9a7d-4a46-8b5a-1519be86e1db None None] delayed_delete = False {{(pid=99684) log_opt_values /opt/stack/data/venv/lib/python3.12/site-packages/oslo_config/cfg.py:3242}}
Jun 30 13:33:32.062146 np0000003989 devstack@g-api.service[99684]: DEBUG glance.common.config [None req-f7426a06-9a7d-4a46-8b5a-1519be86e1db None None] digest_algorithm = sha256 {{(pid=99684) log_opt_values /opt/stack/data/venv/lib/python3.12/site-packages/oslo_config/cfg.py:3242}}
Jun 30 13:33:32.062236 np0000003989 devstack@g-api.service[99684]: DEBUG glance.common.config [None req-f7426a06-9a7d-4a46-8b5a-1519be86e1db None None] disabled_notifications = [] {{(pid=99684) log_opt_values /opt/stack/data/venv/lib/python3.12/site-packages/oslo_config/cfg.py:3242}}
Jun 30 13:33:32.062396 np0000003989 devstack@g-api.service[99684]: DEBUG glance.common.config [None req-f7426a06-9a7d-4a46-8b5a-1519be86e1db None None] do_secure_hash = True {{(pid=99684) log_opt_values /opt/stack/data/venv/lib/python3.12/site-packages/oslo_config/cfg.py:3242}}
Jun 30 13:33:32.062453 np0000003989 devstack@g-api.service[99684]: DEBUG glance.common.config [None req-f7426a06-9a7d-4a46-8b5a-1519be86e1db None None] enabled_backends = None {{(pid=99684) log_opt_values /opt/stack/data/venv/lib/python3.12/site-packages/oslo_config/cfg.py:3242}}
Jun 30 13:33:32.062520 np0000003989 devstack@g-api.service[99684]: DEBUG glance.common.config [None req-f7426a06-9a7d-4a46-8b5a-1519be86e1db None None] enabled_import_methods = ['glance-direct', 'web-download', 'copy-image'] {{(pid=99684) log_opt_values /opt/stack/data/venv/lib/python3.12/site-packages/oslo_config/cfg.py:3242}}
Jun 30 13:33:32.062611 np0000003989 devstack@g-api.service[99684]: DEBUG glance.common.config [None req-f7426a06-9a7d-4a46-8b5a-1519be86e1db None None] fatal_deprecations = False {{(pid=99684) log_opt_values /opt/stack/data/venv/lib/python3.12/site-packages/oslo_config/cfg.py:3242}}
Jun 30 13:33:32.062731 np0000003989 devstack@g-api.service[99684]: DEBUG glance.common.config [None req-f7426a06-9a7d-4a46-8b5a-1519be86e1db None None] hashing_algorithm = sha512 {{(pid=99684) log_opt_values /opt/stack/data/venv/lib/python3.12/site-packages/oslo_config/cfg.py:3242}}
Jun 30 13:33:32.062789 np0000003989 devstack@g-api.service[99684]: DEBUG glance.common.config [None req-f7426a06-9a7d-4a46-8b5a-1519be86e1db None None] http_keepalive = True {{(pid=99684) log_opt_values /opt/stack/data/venv/lib/python3.12/site-packages/oslo_config/cfg.py:3242}}
Jun 30 13:33:32.062931 np0000003989 devstack@g-api.service[99684]: DEBUG glance.common.config [None req-f7426a06-9a7d-4a46-8b5a-1519be86e1db None None] http_retries = 3 {{(pid=99684) log_opt_values /opt/stack/data/venv/lib/python3.12/site-packages/oslo_config/cfg.py:3242}}
Jun 30 13:33:32.063006 np0000003989 devstack@g-api.service[99684]: DEBUG glance.common.config [None req-f7426a06-9a7d-4a46-8b5a-1519be86e1db None None] image_cache_dir = /opt/stack/data/glance/cache/ {{(pid=99684) log_opt_values /opt/stack/data/venv/lib/python3.12/site-packages/oslo_config/cfg.py:3242}}
Jun 30 13:33:32.063103 np0000003989 devstack@g-api.service[99684]: DEBUG glance.common.config [None req-f7426a06-9a7d-4a46-8b5a-1519be86e1db None None] image_cache_driver = centralized_db {{(pid=99684) log_opt_values /opt/stack/data/venv/lib/python3.12/site-packages/oslo_config/cfg.py:3242}}
Jun 30 13:33:32.063195 np0000003989 devstack@g-api.service[99684]: DEBUG glance.common.config [None req-f7426a06-9a7d-4a46-8b5a-1519be86e1db None None] image_cache_max_size = 10737418240 {{(pid=99684) log_opt_values /opt/stack/data/venv/lib/python3.12/site-packages/oslo_config/cfg.py:3242}}
Jun 30 13:33:32.063290 np0000003989 devstack@g-api.service[99684]: DEBUG glance.common.config [None req-f7426a06-9a7d-4a46-8b5a-1519be86e1db None None] image_cache_sqlite_db = cache.db {{(pid=99684) log_opt_values /opt/stack/data/venv/lib/python3.12/site-packages/oslo_config/cfg.py:3242}}
Jun 30 13:33:32.063459 np0000003989 devstack@g-api.service[99684]: DEBUG glance.common.config [None req-f7426a06-9a7d-4a46-8b5a-1519be86e1db None None] image_cache_stall_time = 86400 {{(pid=99684) log_opt_values /opt/stack/data/venv/lib/python3.12/site-packages/oslo_config/cfg.py:3242}}
Jun 30 13:33:32.063459 np0000003989 devstack@g-api.service[99684]: DEBUG glance.common.config [None req-f7426a06-9a7d-4a46-8b5a-1519be86e1db None None] image_location_quota = 10 {{(pid=99684) log_opt_values /opt/stack/data/venv/lib/python3.12/site-packages/oslo_config/cfg.py:3242}}
Jun 30 13:33:32.063559 np0000003989 devstack@g-api.service[99684]: DEBUG glance.common.config [None req-f7426a06-9a7d-4a46-8b5a-1519be86e1db None None] image_member_quota = 128 {{(pid=99684) log_opt_values /opt/stack/data/venv/lib/python3.12/site-packages/oslo_config/cfg.py:3242}}
Jun 30 13:33:32.063645 np0000003989 devstack@g-api.service[99684]: DEBUG glance.common.config [None req-f7426a06-9a7d-4a46-8b5a-1519be86e1db None None] image_property_quota = 128 {{(pid=99684) log_opt_values /opt/stack/data/venv/lib/python3.12/site-packages/oslo_config/cfg.py:3242}}
Jun 30 13:33:32.063732 np0000003989 devstack@g-api.service[99684]: DEBUG glance.common.config [None req-f7426a06-9a7d-4a46-8b5a-1519be86e1db None None] image_size_cap = 1099511627776 {{(pid=99684) log_opt_values /opt/stack/data/venv/lib/python3.12/site-packages/oslo_config/cfg.py:3242}}
Jun 30 13:33:32.063821 np0000003989 devstack@g-api.service[99684]: DEBUG glance.common.config [None req-f7426a06-9a7d-4a46-8b5a-1519be86e1db None None] image_tag_quota = 128 {{(pid=99684) log_opt_values /opt/stack/data/venv/lib/python3.12/site-packages/oslo_config/cfg.py:3242}}
Jun 30 13:33:32.063924 np0000003989 devstack@g-api.service[99684]: DEBUG glance.common.config [None req-f7426a06-9a7d-4a46-8b5a-1519be86e1db None None] instance_format = [instance: %(uuid)s] {{(pid=99684) log_opt_values /opt/stack/data/venv/lib/python3.12/site-packages/oslo_config/cfg.py:3242}}
Jun 30 13:33:32.064034 np0000003989 devstack@g-api.service[99684]: DEBUG glance.common.config [None req-f7426a06-9a7d-4a46-8b5a-1519be86e1db None None] instance_uuid_format = [instance: %(uuid)s] {{(pid=99684) log_opt_values /opt/stack/data/venv/lib/python3.12/site-packages/oslo_config/cfg.py:3242}}
Jun 30 13:33:32.064127 np0000003989 devstack@g-api.service[99684]: DEBUG glance.common.config [None req-f7426a06-9a7d-4a46-8b5a-1519be86e1db None None] limit_param_default = 25 {{(pid=99684) log_opt_values /opt/stack/data/venv/lib/python3.12/site-packages/oslo_config/cfg.py:3242}}
Jun 30 13:33:32.064224 np0000003989 devstack@g-api.service[99684]: DEBUG glance.common.config [None req-f7426a06-9a7d-4a46-8b5a-1519be86e1db None None] log_color = False {{(pid=99684) log_opt_values /opt/stack/data/venv/lib/python3.12/site-packages/oslo_config/cfg.py:3242}}
Jun 30 13:33:32.064320 np0000003989 devstack@g-api.service[99684]: DEBUG glance.common.config [None req-f7426a06-9a7d-4a46-8b5a-1519be86e1db None None] log_config_append = None {{(pid=99684) log_opt_values /opt/stack/data/venv/lib/python3.12/site-packages/oslo_config/cfg.py:3242}}
Jun 30 13:33:32.064418 np0000003989 devstack@g-api.service[99684]: DEBUG glance.common.config [None req-f7426a06-9a7d-4a46-8b5a-1519be86e1db None None] log_date_format = %Y-%m-%d %H:%M:%S {{(pid=99684) log_opt_values /opt/stack/data/venv/lib/python3.12/site-packages/oslo_config/cfg.py:3242}}
Jun 30 13:33:32.064517 np0000003989 devstack@g-api.service[99684]: DEBUG glance.common.config [None req-f7426a06-9a7d-4a46-8b5a-1519be86e1db None None] log_dir = None {{(pid=99684) log_opt_values /opt/stack/data/venv/lib/python3.12/site-packages/oslo_config/cfg.py:3242}}
Jun 30 13:33:32.064611 np0000003989 devstack@g-api.service[99684]: DEBUG glance.common.config [None req-f7426a06-9a7d-4a46-8b5a-1519be86e1db None None] log_file = None {{(pid=99684) log_opt_values /opt/stack/data/venv/lib/python3.12/site-packages/oslo_config/cfg.py:3242}}
Jun 30 13:33:32.064707 np0000003989 devstack@g-api.service[99684]: DEBUG glance.common.config [None req-f7426a06-9a7d-4a46-8b5a-1519be86e1db None None] log_rotate_interval = 1 {{(pid=99684) log_opt_values /opt/stack/data/venv/lib/python3.12/site-packages/oslo_config/cfg.py:3242}}
Jun 30 13:33:32.064805 np0000003989 devstack@g-api.service[99684]: DEBUG glance.common.config [None req-f7426a06-9a7d-4a46-8b5a-1519be86e1db None None] log_rotate_interval_type = days {{(pid=99684) log_opt_values /opt/stack/data/venv/lib/python3.12/site-packages/oslo_config/cfg.py:3242}}
Jun 30 13:33:32.064942 np0000003989 devstack@g-api.service[99684]: DEBUG glance.common.config [None req-f7426a06-9a7d-4a46-8b5a-1519be86e1db None None] log_rotation_type = none {{(pid=99684) log_opt_values /opt/stack/data/venv/lib/python3.12/site-packages/oslo_config/cfg.py:3242}}
Jun 30 13:33:32.065022 np0000003989 devstack@g-api.service[99684]: DEBUG glance.common.config [None req-f7426a06-9a7d-4a46-8b5a-1519be86e1db None None] logging_context_format_string = %(color)s%(levelname)s %(name)s [%(global_request_id)s %(request_id)s %(project_name)s %(user_name)s%(color)s] %(instance)s%(color)s%(message)s {{(pid=99684) log_opt_values /opt/stack/data/venv/lib/python3.12/site-packages/oslo_config/cfg.py:3242}}
Jun 30 13:33:32.065194 np0000003989 devstack@g-api.service[99684]: DEBUG glance.common.config [None req-f7426a06-9a7d-4a46-8b5a-1519be86e1db None None] logging_debug_format_suffix = {{(pid=%(process)d) %(funcName)s %(pathname)s:%(lineno)d}} {{(pid=99684) log_opt_values /opt/stack/data/venv/lib/python3.12/site-packages/oslo_config/cfg.py:3242}}
Jun 30 13:33:32.065194 np0000003989 devstack@g-api.service[99684]: DEBUG glance.common.config [None req-f7426a06-9a7d-4a46-8b5a-1519be86e1db None None] logging_default_format_string = %(color)s%(levelname)s %(name)s [-%(color)s] %(instance)s%(color)s%(message)s {{(pid=99684) log_opt_values /opt/stack/data/venv/lib/python3.12/site-packages/oslo_config/cfg.py:3242}}
Jun 30 13:33:32.065274 np0000003989 devstack@g-api.service[99684]: DEBUG glance.common.config [None req-f7426a06-9a7d-4a46-8b5a-1519be86e1db None None] logging_exception_prefix = ERROR %(name)s %(instance)s {{(pid=99684) log_opt_values /opt/stack/data/venv/lib/python3.12/site-packages/oslo_config/cfg.py:3242}}
Jun 30 13:33:32.065358 np0000003989 devstack@g-api.service[99684]: DEBUG glance.common.config [None req-f7426a06-9a7d-4a46-8b5a-1519be86e1db None None] logging_user_identity_format = %(user)s %(project)s %(domain)s %(system_scope)s %(user_domain)s %(project_domain)s {{(pid=99684) log_opt_values /opt/stack/data/venv/lib/python3.12/site-packages/oslo_config/cfg.py:3242}}
Jun 30 13:33:32.065441 np0000003989 devstack@g-api.service[99684]: DEBUG glance.common.config [None req-f7426a06-9a7d-4a46-8b5a-1519be86e1db None None] max_header_line = 16384 {{(pid=99684) log_opt_values /opt/stack/data/venv/lib/python3.12/site-packages/oslo_config/cfg.py:3242}}
Jun 30 13:33:32.065534 np0000003989 devstack@g-api.service[99684]: DEBUG glance.common.config [None req-f7426a06-9a7d-4a46-8b5a-1519be86e1db None None] max_logfile_count = 30 {{(pid=99684) log_opt_values /opt/stack/data/venv/lib/python3.12/site-packages/oslo_config/cfg.py:3242}}
Jun 30 13:33:32.065619 np0000003989 devstack@g-api.service[99684]: DEBUG glance.common.config [None req-f7426a06-9a7d-4a46-8b5a-1519be86e1db None None] max_logfile_size_mb = 200 {{(pid=99684) log_opt_values /opt/stack/data/venv/lib/python3.12/site-packages/oslo_config/cfg.py:3242}}
Jun 30 13:33:32.065711 np0000003989 devstack@g-api.service[99684]: DEBUG glance.common.config [None req-f7426a06-9a7d-4a46-8b5a-1519be86e1db None None] max_request_id_length = 64 {{(pid=99684) log_opt_values /opt/stack/data/venv/lib/python3.12/site-packages/oslo_config/cfg.py:3242}}
Jun 30 13:33:32.065805 np0000003989 devstack@g-api.service[99684]: DEBUG glance.common.config [None req-f7426a06-9a7d-4a46-8b5a-1519be86e1db None None] metadata_encryption_key = **** {{(pid=99684) log_opt_values /opt/stack/data/venv/lib/python3.12/site-packages/oslo_config/cfg.py:3242}}
Jun 30 13:33:32.065924 np0000003989 devstack@g-api.service[99684]: DEBUG glance.common.config [None req-f7426a06-9a7d-4a46-8b5a-1519be86e1db None None] node_staging_uri = file:///tmp/staging/ {{(pid=99684) log_opt_values /opt/stack/data/venv/lib/python3.12/site-packages/oslo_config/cfg.py:3242}}
Jun 30 13:33:32.066032 np0000003989 devstack@g-api.service[99684]: DEBUG glance.common.config [None req-f7426a06-9a7d-4a46-8b5a-1519be86e1db None None] property_protection_file = None {{(pid=99684) log_opt_values /opt/stack/data/venv/lib/python3.12/site-packages/oslo_config/cfg.py:3242}}
Jun 30 13:33:32.066816 np0000003989 devstack@g-api.service[99684]: DEBUG glance.common.config [None req-f7426a06-9a7d-4a46-8b5a-1519be86e1db None None] property_protection_rule_format = roles {{(pid=99684) log_opt_values /opt/stack/data/venv/lib/python3.12/site-packages/oslo_config/cfg.py:3242}}
Jun 30 13:33:32.066892 np0000003989 devstack@g-api.service[99683]: DEBUG glance.image_cache.drivers.centralized_db [None req-19be1e1c-3e4e-45fe-9d17-496aa1f65996 None None] Node reference is already recorded, ignoring it {{(pid=99683) configure /opt/stack/glance/glance/image_cache/drivers/centralized_db.py:71}}
Jun 30 13:33:32.066934 np0000003989 devstack@g-api.service[99684]: DEBUG glance.common.config [None req-f7426a06-9a7d-4a46-8b5a-1519be86e1db None None] public_endpoint = https://10.4.3.35/image {{(pid=99684) log_opt_values /opt/stack/data/venv/lib/python3.12/site-packages/oslo_config/cfg.py:3242}}
Jun 30 13:33:32.066934 np0000003989 devstack@g-api.service[99684]: DEBUG glance.common.config [None req-f7426a06-9a7d-4a46-8b5a-1519be86e1db None None] publish_errors = False {{(pid=99684) log_opt_values /opt/stack/data/venv/lib/python3.12/site-packages/oslo_config/cfg.py:3242}}
Jun 30 13:33:32.066934 np0000003989 devstack@g-api.service[99684]: DEBUG glance.common.config [None req-f7426a06-9a7d-4a46-8b5a-1519be86e1db None None] pydev_worker_debug_host = None {{(pid=99684) log_opt_values /opt/stack/data/venv/lib/python3.12/site-packages/oslo_config/cfg.py:3242}}
Jun 30 13:33:32.066934 np0000003989 devstack@g-api.service[99684]: DEBUG glance.common.config [None req-f7426a06-9a7d-4a46-8b5a-1519be86e1db None None] pydev_worker_debug_port = 5678 {{(pid=99684) log_opt_values /opt/stack/data/venv/lib/python3.12/site-packages/oslo_config/cfg.py:3242}}
Jun 30 13:33:32.066934 np0000003989 devstack@g-api.service[99684]: DEBUG glance.common.config [None req-f7426a06-9a7d-4a46-8b5a-1519be86e1db None None] rate_limit_burst = 0 {{(pid=99684) log_opt_values /opt/stack/data/venv/lib/python3.12/site-packages/oslo_config/cfg.py:3242}}
Jun 30 13:33:32.066934 np0000003989 devstack@g-api.service[99684]: DEBUG glance.common.config [None req-f7426a06-9a7d-4a46-8b5a-1519be86e1db None None] rate_limit_except_level = CRITICAL {{(pid=99684) log_opt_values /opt/stack/data/venv/lib/python3.12/site-packages/oslo_config/cfg.py:3242}}
Jun 30 13:33:32.066934 np0000003989 devstack@g-api.service[99684]: DEBUG glance.common.config [None req-f7426a06-9a7d-4a46-8b5a-1519be86e1db None None] rate_limit_interval = 0 {{(pid=99684) log_opt_values /opt/stack/data/venv/lib/python3.12/site-packages/oslo_config/cfg.py:3242}}
Jun 30 13:33:32.067207 np0000003989 devstack@g-api.service[99684]: DEBUG glance.common.config [None req-f7426a06-9a7d-4a46-8b5a-1519be86e1db None None] scrub_pool_size = 1 {{(pid=99684) log_opt_values /opt/stack/data/venv/lib/python3.12/site-packages/oslo_config/cfg.py:3242}}
Jun 30 13:33:32.067207 np0000003989 devstack@g-api.service[99684]: DEBUG glance.common.config [None req-f7426a06-9a7d-4a46-8b5a-1519be86e1db None None] scrub_time = 0 {{(pid=99684) log_opt_values /opt/stack/data/venv/lib/python3.12/site-packages/oslo_config/cfg.py:3242}}
Jun 30 13:33:32.067207 np0000003989 devstack@g-api.service[99684]: DEBUG glance.common.config [None req-f7426a06-9a7d-4a46-8b5a-1519be86e1db None None] shell_completion = None {{(pid=99684) log_opt_values /opt/stack/data/venv/lib/python3.12/site-packages/oslo_config/cfg.py:3242}}
Jun 30 13:33:32.067303 np0000003989 devstack@g-api.service[99684]: DEBUG glance.common.config [None req-f7426a06-9a7d-4a46-8b5a-1519be86e1db None None] show_image_direct_url = False {{(pid=99684) log_opt_values /opt/stack/data/venv/lib/python3.12/site-packages/oslo_config/cfg.py:3242}}
Jun 30 13:33:32.067538 np0000003989 devstack@g-api.service[99684]: WARNING oslo_config.cfg [None req-f7426a06-9a7d-4a46-8b5a-1519be86e1db None None] Deprecated: Option "show_multiple_locations" from group "DEFAULT" is deprecated for removal (Use of this option, deprecated since Newton, is a security risk and will be removed once we figure out a way to satisfy those use cases that currently require it. An earlier announcement that the same functionality can be achieved with greater granularity by using policies is incorrect. You cannot work around this option via policy configuration at the present time, though that is the direction we believe the fix will take. Please keep an eye on the Glance release notes to stay up to date on progress in addressing this issue.). Its value may be silently ignored in the future.
Jun 30 13:33:32.067634 np0000003989 devstack@g-api.service[99684]: DEBUG glance.common.config [None req-f7426a06-9a7d-4a46-8b5a-1519be86e1db None None] show_multiple_locations = False {{(pid=99684) log_opt_values /opt/stack/data/venv/lib/python3.12/site-packages/oslo_config/cfg.py:3242}}
Jun 30 13:33:32.067734 np0000003989 devstack@g-api.service[99684]: DEBUG glance.common.config [None req-f7426a06-9a7d-4a46-8b5a-1519be86e1db None None] syslog_log_facility = LOG_USER {{(pid=99684) log_opt_values /opt/stack/data/venv/lib/python3.12/site-packages/oslo_config/cfg.py:3242}}
Jun 30 13:33:32.067830 np0000003989 devstack@g-api.service[99684]: DEBUG glance.common.config [None req-f7426a06-9a7d-4a46-8b5a-1519be86e1db None None] tcp_keepidle = 600 {{(pid=99684) log_opt_values /opt/stack/data/venv/lib/python3.12/site-packages/oslo_config/cfg.py:3242}}
Jun 30 13:33:32.067886 np0000003989 devstack@g-api.service[99685]: DEBUG glance.image_cache.drivers.centralized_db [None req-65ce8ba2-8a67-47c7-844f-4138f48dffaf None None] Node reference is already recorded, ignoring it {{(pid=99685) configure /opt/stack/glance/glance/image_cache/drivers/centralized_db.py:71}}
Jun 30 13:33:32.067946 np0000003989 devstack@g-api.service[99684]: DEBUG glance.common.config [None req-f7426a06-9a7d-4a46-8b5a-1519be86e1db None None] transport_url = **** {{(pid=99684) log_opt_values /opt/stack/data/venv/lib/python3.12/site-packages/oslo_config/cfg.py:3242}}
Jun 30 13:33:32.068067 np0000003989 devstack@g-api.service[99684]: DEBUG glance.common.config [None req-f7426a06-9a7d-4a46-8b5a-1519be86e1db None None] use_journal = False {{(pid=99684) log_opt_values /opt/stack/data/venv/lib/python3.12/site-packages/oslo_config/cfg.py:3242}}
Jun 30 13:33:32.068161 np0000003989 devstack@g-api.service[99684]: DEBUG glance.common.config [None req-f7426a06-9a7d-4a46-8b5a-1519be86e1db None None] use_json = False {{(pid=99684) log_opt_values /opt/stack/data/venv/lib/python3.12/site-packages/oslo_config/cfg.py:3242}}
Jun 30 13:33:32.068269 np0000003989 devstack@g-api.service[99684]: DEBUG glance.common.config [None req-f7426a06-9a7d-4a46-8b5a-1519be86e1db None None] use_keystone_limits = True {{(pid=99684) log_opt_values /opt/stack/data/venv/lib/python3.12/site-packages/oslo_config/cfg.py:3242}}
Jun 30 13:33:32.068370 np0000003989 devstack@g-api.service[99684]: DEBUG glance.common.config [None req-f7426a06-9a7d-4a46-8b5a-1519be86e1db None None] use_stderr = False {{(pid=99684) log_opt_values /opt/stack/data/venv/lib/python3.12/site-packages/oslo_config/cfg.py:3242}}
Jun 30 13:33:32.068467 np0000003989 devstack@g-api.service[99684]: DEBUG glance.common.config [None req-f7426a06-9a7d-4a46-8b5a-1519be86e1db None None] use_syslog = False {{(pid=99684) log_opt_values /opt/stack/data/venv/lib/python3.12/site-packages/oslo_config/cfg.py:3242}}
Jun 30 13:33:32.068571 np0000003989 devstack@g-api.service[99684]: DEBUG glance.common.config [None req-f7426a06-9a7d-4a46-8b5a-1519be86e1db None None] user_storage_quota = 0 {{(pid=99684) log_opt_values /opt/stack/data/venv/lib/python3.12/site-packages/oslo_config/cfg.py:3242}}
Jun 30 13:33:32.068664 np0000003989 devstack@g-api.service[99684]: DEBUG glance.common.config [None req-f7426a06-9a7d-4a46-8b5a-1519be86e1db None None] worker_self_reference_url = http://127.0.0.1:60999 {{(pid=99684) log_opt_values /opt/stack/data/venv/lib/python3.12/site-packages/oslo_config/cfg.py:3242}}
Jun 30 13:33:32.068794 np0000003989 devstack@g-api.service[99684]: DEBUG glance.common.config [None req-f7426a06-9a7d-4a46-8b5a-1519be86e1db None None] workers = None {{(pid=99684) log_opt_values /opt/stack/data/venv/lib/python3.12/site-packages/oslo_config/cfg.py:3242}}
Jun 30 13:33:32.068923 np0000003989 devstack@g-api.service[99684]: DEBUG glance.common.config [None req-f7426a06-9a7d-4a46-8b5a-1519be86e1db None None] oslo_concurrency.disable_process_locking = False {{(pid=99684) log_opt_values /opt/stack/data/venv/lib/python3.12/site-packages/oslo_config/cfg.py:3253}}
Jun 30 13:33:32.069037 np0000003989 devstack@g-api.service[99684]: DEBUG glance.common.config [None req-f7426a06-9a7d-4a46-8b5a-1519be86e1db None None] oslo_concurrency.lock_path = /opt/stack/data/glance/locks {{(pid=99684) log_opt_values /opt/stack/data/venv/lib/python3.12/site-packages/oslo_config/cfg.py:3253}}
Jun 30 13:33:32.069155 np0000003989 devstack@g-api.service[99684]: DEBUG glance.common.config [None req-f7426a06-9a7d-4a46-8b5a-1519be86e1db None None] oslo_middleware.enable_proxy_headers_parsing = False {{(pid=99684) log_opt_values /opt/stack/data/venv/lib/python3.12/site-packages/oslo_config/cfg.py:3253}}
Jun 30 13:33:32.069240 np0000003989 devstack@g-api.service[99684]: DEBUG glance.common.config [None req-f7426a06-9a7d-4a46-8b5a-1519be86e1db None None] oslo_middleware.http_basic_auth_user_file = /etc/htpasswd {{(pid=99684) log_opt_values /opt/stack/data/venv/lib/python3.12/site-packages/oslo_config/cfg.py:3253}}
Jun 30 13:33:32.069335 np0000003989 devstack@g-api.service[99684]: DEBUG glance.common.config [None req-f7426a06-9a7d-4a46-8b5a-1519be86e1db None None] paste_deploy.config_file = None {{(pid=99684) log_opt_values /opt/stack/data/venv/lib/python3.12/site-packages/oslo_config/cfg.py:3253}}
Jun 30 13:33:32.069438 np0000003989 devstack@g-api.service[99684]: DEBUG glance.common.config [None req-f7426a06-9a7d-4a46-8b5a-1519be86e1db None None] paste_deploy.flavor = keystone+cachemanagement {{(pid=99684) log_opt_values /opt/stack/data/venv/lib/python3.12/site-packages/oslo_config/cfg.py:3253}}
Jun 30 13:33:32.069574 np0000003989 devstack@g-api.service[99684]: DEBUG glance.common.config [None req-f7426a06-9a7d-4a46-8b5a-1519be86e1db None None] image_format.container_formats = ['ami', 'ari', 'aki', 'bare', 'ovf', 'ova', 'docker', 'compressed'] {{(pid=99684) log_opt_values /opt/stack/data/venv/lib/python3.12/site-packages/oslo_config/cfg.py:3253}}
Jun 30 13:33:32.069699 np0000003989 devstack@g-api.service[99684]: DEBUG glance.common.config [None req-f7426a06-9a7d-4a46-8b5a-1519be86e1db None None] image_format.disk_formats = ['ami', 'ari', 'aki', 'vhd', 'vhdx', 'vmdk', 'raw', 'qcow2', 'vdi', 'iso', 'ploop'] {{(pid=99684) log_opt_values /opt/stack/data/venv/lib/python3.12/site-packages/oslo_config/cfg.py:3253}}
Jun 30 13:33:32.069794 np0000003989 devstack@g-api.service[99684]: DEBUG glance.common.config [None req-f7426a06-9a7d-4a46-8b5a-1519be86e1db None None] image_format.gpt_safety_checks_nonfatal = [] {{(pid=99684) log_opt_values /opt/stack/data/venv/lib/python3.12/site-packages/oslo_config/cfg.py:3253}}
Jun 30 13:33:32.069904 np0000003989 devstack@g-api.service[99684]: DEBUG glance.common.config [None req-f7426a06-9a7d-4a46-8b5a-1519be86e1db None None] image_format.require_image_format_match = True {{(pid=99684) log_opt_values /opt/stack/data/venv/lib/python3.12/site-packages/oslo_config/cfg.py:3253}}
Jun 30 13:33:32.070032 np0000003989 devstack@g-api.service[99684]: DEBUG glance.common.config [None req-f7426a06-9a7d-4a46-8b5a-1519be86e1db None None] image_format.vmdk_allowed_types = ['streamOptimized', 'monolithicSparse'] {{(pid=99684) log_opt_values /opt/stack/data/venv/lib/python3.12/site-packages/oslo_config/cfg.py:3253}}
Jun 30 13:33:32.070138 np0000003989 devstack@g-api.service[99684]: DEBUG glance.common.config [None req-f7426a06-9a7d-4a46-8b5a-1519be86e1db None None] task.task_executor = taskflow {{(pid=99684) log_opt_values /opt/stack/data/venv/lib/python3.12/site-packages/oslo_config/cfg.py:3253}}
Jun 30 13:33:32.070242 np0000003989 devstack@g-api.service[99684]: DEBUG glance.common.config [None req-f7426a06-9a7d-4a46-8b5a-1519be86e1db None None] task.task_time_to_live = 48 {{(pid=99684) log_opt_values /opt/stack/data/venv/lib/python3.12/site-packages/oslo_config/cfg.py:3253}}
Jun 30 13:33:32.070338 np0000003989 devstack@g-api.service[99684]: DEBUG glance.common.config [None req-f7426a06-9a7d-4a46-8b5a-1519be86e1db None None] task.work_dir = None {{(pid=99684) log_opt_values /opt/stack/data/venv/lib/python3.12/site-packages/oslo_config/cfg.py:3253}}
Jun 30 13:33:32.070450 np0000003989 devstack@g-api.service[99684]: DEBUG glance.common.config [None req-f7426a06-9a7d-4a46-8b5a-1519be86e1db None None] wsgi.python_interpreter = /opt/stack/data/venv/bin/python3 {{(pid=99684) log_opt_values /opt/stack/data/venv/lib/python3.12/site-packages/oslo_config/cfg.py:3253}}
Jun 30 13:33:32.070501 np0000003989 devstack@g-api.service[99683]: INFO glance.api.middleware.cache [None req-19be1e1c-3e4e-45fe-9d17-496aa1f65996 None None] Initialized image cache middleware
Jun 30 13:33:32.070542 np0000003989 devstack@g-api.service[99684]: DEBUG glance.common.config [None req-f7426a06-9a7d-4a46-8b5a-1519be86e1db None None] wsgi.task_pool_threads = 16 {{(pid=99684) log_opt_values /opt/stack/data/venv/lib/python3.12/site-packages/oslo_config/cfg.py:3253}}
Jun 30 13:33:32.070654 np0000003989 devstack@g-api.service[99684]: DEBUG glance.common.config [None req-f7426a06-9a7d-4a46-8b5a-1519be86e1db None None] import_filtering_opts.allowed_hosts = [] {{(pid=99684) log_opt_values /opt/stack/data/venv/lib/python3.12/site-packages/oslo_config/cfg.py:3253}}
Jun 30 13:33:32.070763 np0000003989 devstack@g-api.service[99684]: DEBUG glance.common.config [None req-f7426a06-9a7d-4a46-8b5a-1519be86e1db None None] import_filtering_opts.allowed_ports = [80, 443] {{(pid=99684) log_opt_values /opt/stack/data/venv/lib/python3.12/site-packages/oslo_config/cfg.py:3253}}
