Jun 30 13:33:05.909008 np0000003989 nova-scheduler[93404]: DEBUG cotyledon.oslo_config_glue [-] oslo_limit.certfile = None {{(pid=93404) log_opt_values /opt/stack/data/venv/lib/python3.12/site-packages/oslo_config/cfg.py:3253}}
Jun 30 13:33:05.909008 np0000003989 nova-scheduler[93404]: DEBUG cotyledon.oslo_config_glue [-] oslo_limit.collect_timing = False {{(pid=93404) log_opt_values /opt/stack/data/venv/lib/python3.12/site-packages/oslo_config/cfg.py:3253}}
Jun 30 13:33:05.909008 np0000003989 nova-scheduler[93404]: DEBUG cotyledon.oslo_config_glue [-] oslo_limit.connect_retries = None {{(pid=93404) log_opt_values /opt/stack/data/venv/lib/python3.12/site-packages/oslo_config/cfg.py:3253}}
Jun 30 13:33:05.909008 np0000003989 nova-scheduler[93404]: DEBUG cotyledon.oslo_config_glue [-] oslo_limit.connect_retry_delay = None {{(pid=93404) log_opt_values /opt/stack/data/venv/lib/python3.12/site-packages/oslo_config/cfg.py:3253}}
Jun 30 13:33:05.909008 np0000003989 nova-scheduler[93404]: DEBUG cotyledon.oslo_config_glue [-] oslo_limit.endpoint_id = None {{(pid=93404) log_opt_values /opt/stack/data/venv/lib/python3.12/site-packages/oslo_config/cfg.py:3253}}
Jun 30 13:33:05.909008 np0000003989 nova-scheduler[93404]: DEBUG cotyledon.oslo_config_glue [-] oslo_limit.endpoint_interface = public {{(pid=93404) log_opt_values /opt/stack/data/venv/lib/python3.12/site-packages/oslo_config/cfg.py:3253}}
Jun 30 13:33:05.909008 np0000003989 nova-scheduler[93404]: DEBUG cotyledon.oslo_config_glue [-] oslo_limit.endpoint_override = None {{(pid=93404) log_opt_values /opt/stack/data/venv/lib/python3.12/site-packages/oslo_config/cfg.py:3253}}
Jun 30 13:33:05.909008 np0000003989 nova-scheduler[93404]: DEBUG cotyledon.oslo_config_glue [-] oslo_limit.endpoint_region_name = None {{(pid=93404) log_opt_values /opt/stack/data/venv/lib/python3.12/site-packages/oslo_config/cfg.py:3253}}
Jun 30 13:33:05.909008 np0000003989 nova-scheduler[93404]: DEBUG cotyledon.oslo_config_glue [-] oslo_limit.endpoint_service_name = None {{(pid=93404) log_opt_values /opt/stack/data/venv/lib/python3.12/site-packages/oslo_config/cfg.py:3253}}
Jun 30 13:33:05.909292 np0000003989 nova-scheduler[93404]: DEBUG cotyledon.oslo_config_glue [-] oslo_limit.endpoint_service_type = None {{(pid=93404) log_opt_values /opt/stack/data/venv/lib/python3.12/site-packages/oslo_config/cfg.py:3253}}
Jun 30 13:33:05.909292 np0000003989 nova-scheduler[93404]: DEBUG cotyledon.oslo_config_glue [-] oslo_limit.insecure = False {{(pid=93404) log_opt_values /opt/stack/data/venv/lib/python3.12/site-packages/oslo_config/cfg.py:3253}}
Jun 30 13:33:05.909292 np0000003989 nova-scheduler[93404]: DEBUG cotyledon.oslo_config_glue [-] oslo_limit.keyfile = None {{(pid=93404) log_opt_values /opt/stack/data/venv/lib/python3.12/site-packages/oslo_config/cfg.py:3253}}
Jun 30 13:33:05.909292 np0000003989 nova-scheduler[93404]: DEBUG cotyledon.oslo_config_glue [-] oslo_limit.max_version = None {{(pid=93404) log_opt_values /opt/stack/data/venv/lib/python3.12/site-packages/oslo_config/cfg.py:3253}}
Jun 30 13:33:05.909292 np0000003989 nova-scheduler[93404]: DEBUG cotyledon.oslo_config_glue [-] oslo_limit.min_version = None {{(pid=93404) log_opt_values /opt/stack/data/venv/lib/python3.12/site-packages/oslo_config/cfg.py:3253}}
Jun 30 13:33:05.909292 np0000003989 nova-scheduler[93404]: DEBUG cotyledon.oslo_config_glue [-] oslo_limit.region_name = None {{(pid=93404) log_opt_values /opt/stack/data/venv/lib/python3.12/site-packages/oslo_config/cfg.py:3253}}
Jun 30 13:33:05.909292 np0000003989 nova-scheduler[93404]: DEBUG cotyledon.oslo_config_glue [-] oslo_limit.retriable_status_codes = None {{(pid=93404) log_opt_values /opt/stack/data/venv/lib/python3.12/site-packages/oslo_config/cfg.py:3253}}
Jun 30 13:33:05.909292 np0000003989 nova-scheduler[93404]: DEBUG cotyledon.oslo_config_glue [-] oslo_limit.service_name = None {{(pid=93404) log_opt_values /opt/stack/data/venv/lib/python3.12/site-packages/oslo_config/cfg.py:3253}}
Jun 30 13:33:05.909292 np0000003989 nova-scheduler[93404]: DEBUG cotyledon.oslo_config_glue [-] oslo_limit.service_type = None {{(pid=93404) log_opt_values /opt/stack/data/venv/lib/python3.12/site-packages/oslo_config/cfg.py:3253}}
Jun 30 13:33:05.909492 np0000003989 nova-scheduler[93404]: DEBUG cotyledon.oslo_config_glue [-] oslo_limit.split_loggers = False {{(pid=93404) log_opt_values /opt/stack/data/venv/lib/python3.12/site-packages/oslo_config/cfg.py:3253}}
Jun 30 13:33:05.909492 np0000003989 nova-scheduler[93404]: DEBUG cotyledon.oslo_config_glue [-] oslo_limit.status_code_retries = None {{(pid=93404) log_opt_values /opt/stack/data/venv/lib/python3.12/site-packages/oslo_config/cfg.py:3253}}
Jun 30 13:33:05.909492 np0000003989 nova-scheduler[93404]: DEBUG cotyledon.oslo_config_glue [-] oslo_limit.status_code_retry_delay = None {{(pid=93404) log_opt_values /opt/stack/data/venv/lib/python3.12/site-packages/oslo_config/cfg.py:3253}}
Jun 30 13:33:05.909492 np0000003989 nova-scheduler[93404]: DEBUG cotyledon.oslo_config_glue [-] oslo_limit.timeout = None {{(pid=93404) log_opt_values /opt/stack/data/venv/lib/python3.12/site-packages/oslo_config/cfg.py:3253}}
Jun 30 13:33:05.909492 np0000003989 nova-scheduler[93404]: DEBUG cotyledon.oslo_config_glue [-] oslo_limit.valid_interfaces = None {{(pid=93404) log_opt_values /opt/stack/data/venv/lib/python3.12/site-packages/oslo_config/cfg.py:3253}}
Jun 30 13:33:05.909492 np0000003989 nova-scheduler[93404]: DEBUG cotyledon.oslo_config_glue [-] oslo_limit.version = None {{(pid=93404) log_opt_values /opt/stack/data/venv/lib/python3.12/site-packages/oslo_config/cfg.py:3253}}
Jun 30 13:33:05.909492 np0000003989 nova-scheduler[93404]: DEBUG cotyledon.oslo_config_glue [-] oslo_reports.file_event_handler = None {{(pid=93404) log_opt_values /opt/stack/data/venv/lib/python3.12/site-packages/oslo_config/cfg.py:3253}}
Jun 30 13:33:05.909492 np0000003989 nova-scheduler[93404]: DEBUG cotyledon.oslo_config_glue [-] oslo_reports.file_event_handler_interval = 1 {{(pid=93404) log_opt_values /opt/stack/data/venv/lib/python3.12/site-packages/oslo_config/cfg.py:3253}}
Jun 30 13:33:05.909492 np0000003989 nova-scheduler[93404]: DEBUG cotyledon.oslo_config_glue [-] oslo_reports.log_dir = None {{(pid=93404) log_opt_values /opt/stack/data/venv/lib/python3.12/site-packages/oslo_config/cfg.py:3253}}
Jun 30 13:33:05.909671 np0000003989 nova-scheduler[93404]: DEBUG cotyledon.oslo_config_glue [-] ******************************************************************************** {{(pid=93404) log_opt_values /opt/stack/data/venv/lib/python3.12/site-packages/oslo_config/cfg.py:3260}}
Jun 30 13:33:05.909671 np0000003989 nova-scheduler[93404]: DEBUG cotyledon._service_worker [-] Run service ServiceWrapper(2) [93404] {{(pid=93404) wait_forever /opt/stack/data/venv/lib/python3.12/site-packages/cotyledon/_service_worker.py:218}}
Jun 30 13:33:05.909715 np0000003989 nova-scheduler[93404]: INFO nova.service [-] Starting scheduler node (version 33.1.0)
Jun 30 13:33:05.914231 np0000003989 nova-scheduler[93404]: INFO dbcounter [None req-46e10fff-3d1f-4f1a-be57-b23e35f014e4 None None] Registered counter for database nova_cell0
Jun 30 13:33:05.932480 np0000003989 nova-scheduler[93402]: DEBUG oslo_db.sqlalchemy.engines [None req-03bd1ca1-823c-4591-b8aa-0210acb1ed86 None None] MySQL server mode set to STRICT_TRANS_TABLES,STRICT_ALL_TABLES,NO_ZERO_IN_DATE,NO_ZERO_DATE,ERROR_FOR_DIVISION_BY_ZERO,TRADITIONAL,NO_ENGINE_SUBSTITUTION {{(pid=93402) _check_effective_sql_mode /opt/stack/data/venv/lib/python3.12/site-packages/oslo_db/sqlalchemy/engines.py:325}}
Jun 30 13:33:05.944706 np0000003989 nova-scheduler[93402]: DEBUG dbcounter [-] [93402] Writer thread running {{(pid=93402) stat_writer /opt/stack/data/venv/lib/python3.12/site-packages/dbcounter.py:102}}
Jun 30 13:33:05.949501 np0000003989 nova-scheduler[93400]: DEBUG oslo_db.sqlalchemy.engines [None req-f2084171-43bf-4ab7-9fed-a2bd968b646b None None] MySQL server mode set to STRICT_TRANS_TABLES,STRICT_ALL_TABLES,NO_ZERO_IN_DATE,NO_ZERO_DATE,ERROR_FOR_DIVISION_BY_ZERO,TRADITIONAL,NO_ENGINE_SUBSTITUTION {{(pid=93400) _check_effective_sql_mode /opt/stack/data/venv/lib/python3.12/site-packages/oslo_db/sqlalchemy/engines.py:325}}
Jun 30 13:33:05.958304 np0000003989 nova-scheduler[93404]: DEBUG oslo_db.sqlalchemy.engines [None req-46e10fff-3d1f-4f1a-be57-b23e35f014e4 None None] MySQL server mode set to STRICT_TRANS_TABLES,STRICT_ALL_TABLES,NO_ZERO_IN_DATE,NO_ZERO_DATE,ERROR_FOR_DIVISION_BY_ZERO,TRADITIONAL,NO_ENGINE_SUBSTITUTION {{(pid=93404) _check_effective_sql_mode /opt/stack/data/venv/lib/python3.12/site-packages/oslo_db/sqlalchemy/engines.py:325}}
Jun 30 13:33:05.962261 np0000003989 nova-scheduler[93400]: DEBUG dbcounter [-] [93400] Writer thread running {{(pid=93400) stat_writer /opt/stack/data/venv/lib/python3.12/site-packages/dbcounter.py:102}}
Jun 30 13:33:05.969108 np0000003989 nova-scheduler[93402]: DEBUG nova.service [None req-03bd1ca1-823c-4591-b8aa-0210acb1ed86 None None] Creating RPC server for service: nova-scheduler on topic: scheduler {{(pid=93402) start /opt/stack/nova/nova/service.py:196}}
Jun 30 13:33:05.970344 np0000003989 nova-scheduler[93404]: DEBUG dbcounter [-] [93404] Writer thread running {{(pid=93404) stat_writer /opt/stack/data/venv/lib/python3.12/site-packages/dbcounter.py:102}}
Jun 30 13:33:05.973719 np0000003989 nova-scheduler[93404]: DEBUG nova.service [None req-46e10fff-3d1f-4f1a-be57-b23e35f014e4 None None] Creating RPC server for service: nova-scheduler on topic: scheduler {{(pid=93404) start /opt/stack/nova/nova/service.py:196}}
Jun 30 13:33:05.979380 np0000003989 nova-scheduler[93400]: DEBUG nova.service [None req-f2084171-43bf-4ab7-9fed-a2bd968b646b None None] Creating RPC server for service: nova-scheduler on topic: scheduler {{(pid=93400) start /opt/stack/nova/nova/service.py:196}}
Jun 30 13:33:06.000845 np0000003989 nova-scheduler[93400]: DEBUG nova.service [None req-f2084171-43bf-4ab7-9fed-a2bd968b646b None None] Join ServiceGroup membership for this service scheduler {{(pid=93400) start /opt/stack/nova/nova/service.py:222}}
Jun 30 13:33:06.001176 np0000003989 nova-scheduler[93400]: DEBUG nova.servicegroup.drivers.db [None req-f2084171-43bf-4ab7-9fed-a2bd968b646b None None] DB_Driver: join new ServiceGroup member np0000003989 to the scheduler group, service = {{(pid=93400) join /opt/stack/nova/nova/servicegroup/drivers/db.py:44}}
Jun 30 13:33:06.012920 np0000003989 nova-scheduler[93404]: DEBUG nova.service [None req-46e10fff-3d1f-4f1a-be57-b23e35f014e4 None None] Join ServiceGroup membership for this service scheduler {{(pid=93404) start /opt/stack/nova/nova/service.py:222}}
Jun 30 13:33:06.014126 np0000003989 nova-scheduler[93404]: DEBUG nova.servicegroup.drivers.db [None req-46e10fff-3d1f-4f1a-be57-b23e35f014e4 None None] DB_Driver: join new ServiceGroup member np0000003989 to the scheduler group, service = {{(pid=93404) join /opt/stack/nova/nova/servicegroup/drivers/db.py:44}}
Jun 30 13:33:06.014202 np0000003989 nova-scheduler[93402]: DEBUG nova.service [None req-03bd1ca1-823c-4591-b8aa-0210acb1ed86 None None] Join ServiceGroup membership for this service scheduler {{(pid=93402) start /opt/stack/nova/nova/service.py:222}}
Jun 30 13:33:06.014202 np0000003989 nova-scheduler[93402]: DEBUG nova.servicegroup.drivers.db [None req-03bd1ca1-823c-4591-b8aa-0210acb1ed86 None None] DB_Driver: join new ServiceGroup member np0000003989 to the scheduler group, service = {{(pid=93402) join /opt/stack/nova/nova/servicegroup/drivers/db.py:44}}
Jun 30 13:33:11.016557 np0000003989 nova-scheduler[93400]: DEBUG oslo.service.backend._threading.loopingcall [-] Fixed interval looping call 'nova.servicegroup.drivers.db.DbDriver._report_state' sleeping for 119.99 seconds {{(pid=93400) _run_loop /opt/stack/data/venv/lib/python3.12/site-packages/oslo_service/backend/_threading/loopingcall.py:125}}
Jun 30 13:33:11.025244 np0000003989 nova-scheduler[93402]: DEBUG oslo.service.backend._threading.loopingcall [-] Fixed interval looping call 'nova.servicegroup.drivers.db.DbDriver._report_state' sleeping for 119.99 seconds {{(pid=93402) _run_loop /opt/stack/data/venv/lib/python3.12/site-packages/oslo_service/backend/_threading/loopingcall.py:125}}
Jun 30 13:33:11.033779 np0000003989 nova-scheduler[93404]: DEBUG oslo.service.backend._threading.loopingcall [-] Fixed interval looping call 'nova.servicegroup.drivers.db.DbDriver._report_state' sleeping for 119.98 seconds {{(pid=93404) _run_loop /opt/stack/data/venv/lib/python3.12/site-packages/oslo_service/backend/_threading/loopingcall.py:125}}
Jun 30 13:33:14.489016 np0000003989 nova-scheduler[92205]: DEBUG dbcounter [-] [92205] Writing DB stats nova_api:SELECT=3 {{(pid=92205) stat_writer /opt/stack/data/venv/lib/python3.12/site-packages/dbcounter.py:115}}
Jun 30 13:33:14.653343 np0000003989 nova-scheduler[92205]: DEBUG dbcounter [-] [92205] Writing DB stats nova_cell1:SELECT=1 {{(pid=92205) stat_writer /opt/stack/data/venv/lib/python3.12/site-packages/dbcounter.py:115}}
Jun 30 13:33:14.661186 np0000003989 nova-scheduler[92205]: DEBUG dbcounter [-] [92205] Writing DB stats nova_cell0:SELECT=1 {{(pid=92205) stat_writer /opt/stack/data/venv/lib/python3.12/site-packages/dbcounter.py:115}}
Jun 30 13:33:17.019086 np0000003989 nova-scheduler[93404]: DEBUG oslo.service.backend._threading.loopingcall [None req-50b8e913-5c9c-4828-b3de-0a7d8fd04405 None None] Dynamic interval looping call 'nova.service.Service.periodic_tasks' sleeping for 60.00 seconds {{(pid=93404) _run_loop /opt/stack/data/venv/lib/python3.12/site-packages/oslo_service/backend/_threading/loopingcall.py:125}}
Jun 30 13:33:21.011141 np0000003989 nova-scheduler[93400]: DEBUG dbcounter [-] [93400] Writing DB stats nova_cell0:SELECT=4,nova_cell0:INSERT=1,nova_cell0:UPDATE=1 {{(pid=93400) stat_writer /opt/stack/data/venv/lib/python3.12/site-packages/dbcounter.py:115}}
Jun 30 13:33:21.023777 np0000003989 nova-scheduler[93402]: DEBUG dbcounter [-] [93402] Writing DB stats nova_cell0:SELECT=4,nova_cell0:INSERT=1 {{(pid=93402) stat_writer /opt/stack/data/venv/lib/python3.12/site-packages/dbcounter.py:115}}
Jun 30 13:33:21.033361 np0000003989 nova-scheduler[93404]: DEBUG dbcounter [-] [93404] Writing DB stats nova_cell0:SELECT=3 {{(pid=93404) stat_writer /opt/stack/data/venv/lib/python3.12/site-packages/dbcounter.py:115}}
Jun 30 13:33:53.015952 np0000003989 nova-scheduler[93402]: DEBUG oslo.service.backend._threading.loopingcall [None req-8e73ad2f-2320-4770-bf5e-6f268e79aba7 None None] Dynamic interval looping call 'nova.service.Service.periodic_tasks' sleeping for 60.00 seconds {{(pid=93402) _run_loop /opt/stack/data/venv/lib/python3.12/site-packages/oslo_service/backend/_threading/loopingcall.py:125}}
Jun 30 13:34:05.005588 np0000003989 nova-scheduler[93400]: DEBUG oslo.service.backend._threading.loopingcall [None req-f1002a1f-5c3f-46dc-8829-cb8f9da3d1b3 None None] Dynamic interval looping call 'nova.service.Service.periodic_tasks' sleeping for 60.00 seconds {{(pid=93400) _run_loop /opt/stack/data/venv/lib/python3.12/site-packages/oslo_service/backend/_threading/loopingcall.py:125}}
Jun 30 13:34:17.019629 np0000003989 nova-scheduler[93404]: DEBUG oslo.service.backend._threading.loopingcall [None req-50b8e913-5c9c-4828-b3de-0a7d8fd04405 None None] Dynamic interval looping call 'nova.service.Service.periodic_tasks' sleeping for 60.00 seconds {{(pid=93404) _run_loop /opt/stack/data/venv/lib/python3.12/site-packages/oslo_service/backend/_threading/loopingcall.py:125}}
Jun 30 13:34:53.016386 np0000003989 nova-scheduler[93402]: DEBUG oslo.service.backend._threading.loopingcall [None req-8e73ad2f-2320-4770-bf5e-6f268e79aba7 None None] Dynamic interval looping call 'nova.service.Service.periodic_tasks' sleeping for 60.00 seconds {{(pid=93402) _run_loop /opt/stack/data/venv/lib/python3.12/site-packages/oslo_service/backend/_threading/loopingcall.py:125}}
Jun 30 13:35:05.006178 np0000003989 nova-scheduler[93400]: DEBUG oslo.service.backend._threading.loopingcall [None req-f1002a1f-5c3f-46dc-8829-cb8f9da3d1b3 None None] Dynamic interval looping call 'nova.service.Service.periodic_tasks' sleeping for 60.00 seconds {{(pid=93400) _run_loop /opt/stack/data/venv/lib/python3.12/site-packages/oslo_service/backend/_threading/loopingcall.py:125}}
Jun 30 13:35:11.014045 np0000003989 nova-scheduler[93400]: DEBUG oslo.service.backend._threading.loopingcall [-] Fixed interval looping call 'nova.servicegroup.drivers.db.DbDriver._report_state' sleeping for 119.99 seconds {{(pid=93400) _run_loop /opt/stack/data/venv/lib/python3.12/site-packages/oslo_service/backend/_threading/loopingcall.py:125}}
Jun 30 13:35:11.018094 np0000003989 nova-scheduler[93402]: DEBUG oslo.service.backend._threading.loopingcall [-] Fixed interval looping call 'nova.servicegroup.drivers.db.DbDriver._report_state' sleeping for 120.00 seconds {{(pid=93402) _run_loop /opt/stack/data/venv/lib/python3.12/site-packages/oslo_service/backend/_threading/loopingcall.py:125}}
Jun 30 13:35:11.018945 np0000003989 nova-scheduler[93404]: DEBUG oslo.service.backend._threading.loopingcall [-] Fixed interval looping call 'nova.servicegroup.drivers.db.DbDriver._report_state' sleeping for 120.00 seconds {{(pid=93404) _run_loop /opt/stack/data/venv/lib/python3.12/site-packages/oslo_service/backend/_threading/loopingcall.py:125}}
Jun 30 13:35:17.020187 np0000003989 nova-scheduler[93404]: DEBUG oslo.service.backend._threading.loopingcall [None req-50b8e913-5c9c-4828-b3de-0a7d8fd04405 None None] Dynamic interval looping call 'nova.service.Service.periodic_tasks' sleeping for 60.00 seconds {{(pid=93404) _run_loop /opt/stack/data/venv/lib/python3.12/site-packages/oslo_service/backend/_threading/loopingcall.py:125}}
Jun 30 13:35:21.010738 np0000003989 nova-scheduler[93400]: DEBUG dbcounter [-] [93400] Writing DB stats nova_cell0:SELECT=1,nova_cell0:UPDATE=1 {{(pid=93400) stat_writer /opt/stack/data/venv/lib/python3.12/site-packages/dbcounter.py:115}}
Jun 30 13:35:21.016481 np0000003989 nova-scheduler[93404]: DEBUG dbcounter [-] [93404] Writing DB stats nova_cell0:SELECT=1 {{(pid=93404) stat_writer /opt/stack/data/venv/lib/python3.12/site-packages/dbcounter.py:115}}
Jun 30 13:35:21.019382 np0000003989 nova-scheduler[93402]: DEBUG dbcounter [-] [93402] Writing DB stats nova_cell0:SELECT=1 {{(pid=93402) stat_writer /opt/stack/data/venv/lib/python3.12/site-packages/dbcounter.py:115}}
Jun 30 13:35:53.018147 np0000003989 nova-scheduler[93402]: DEBUG oslo.service.backend._threading.loopingcall [None req-8e73ad2f-2320-4770-bf5e-6f268e79aba7 None None] Dynamic interval looping call 'nova.service.Service.periodic_tasks' sleeping for 60.00 seconds {{(pid=93402) _run_loop /opt/stack/data/venv/lib/python3.12/site-packages/oslo_service/backend/_threading/loopingcall.py:125}}
Jun 30 13:35:54.323945 np0000003989 nova-scheduler[93400]: DEBUG nova.scheduler.manager [None req-c6becbe0-22fb-4962-9702-7aa0ece93c9d tempest-ServersNegativeTestJSON-1292841730 tempest-ServersNegativeTestJSON-1292841730-project-member] Starting to schedule for instances: ['be0a9234-c8ab-4ea3-93b1-c85735954ee3'] {{(pid=93400) select_destinations /opt/stack/nova/nova/scheduler/manager.py:209}}
Jun 30 13:35:54.325158 np0000003989 nova-scheduler[93400]: DEBUG nova.scheduler.request_filter [None req-c6becbe0-22fb-4962-9702-7aa0ece93c9d tempest-ServersNegativeTestJSON-1292841730 tempest-ServersNegativeTestJSON-1292841730-project-member] compute_status_filter request filter added forbidden trait COMPUTE_STATUS_DISABLED {{(pid=93400) compute_status_filter /opt/stack/nova/nova/scheduler/request_filter.py:253}}
Jun 30 13:35:54.325601 np0000003989 nova-scheduler[93400]: DEBUG nova.scheduler.request_filter [None req-c6becbe0-22fb-4962-9702-7aa0ece93c9d tempest-ServersNegativeTestJSON-1292841730 tempest-ServersNegativeTestJSON-1292841730-project-member] Request filter 'compute_status_filter' took 0.0 seconds {{(pid=93400) wrapper /opt/stack/nova/nova/scheduler/request_filter.py:46}}
Jun 30 13:35:54.325678 np0000003989 nova-scheduler[93400]: DEBUG nova.scheduler.request_filter [None req-c6becbe0-22fb-4962-9702-7aa0ece93c9d tempest-ServersNegativeTestJSON-1292841730 tempest-ServersNegativeTestJSON-1292841730-project-member] Request filter 'accelerators_filter' took 0.0 seconds {{(pid=93400) wrapper /opt/stack/nova/nova/scheduler/request_filter.py:46}}
Jun 30 13:35:54.325961 np0000003989 nova-scheduler[93400]: DEBUG nova.scheduler.request_filter [None req-c6becbe0-22fb-4962-9702-7aa0ece93c9d tempest-ServersNegativeTestJSON-1292841730 tempest-ServersNegativeTestJSON-1292841730-project-member] Request filter 'packed_virtqueue_filter' took 0.0 seconds {{(pid=93400) wrapper /opt/stack/nova/nova/scheduler/request_filter.py:46}}
Jun 30 13:35:54.326335 np0000003989 nova-scheduler[93400]: DEBUG nova.scheduler.request_filter [None req-c6becbe0-22fb-4962-9702-7aa0ece93c9d tempest-ServersNegativeTestJSON-1292841730 tempest-ServersNegativeTestJSON-1292841730-project-member] Request filter 'remote_managed_ports_filter' took 0.0 seconds {{(pid=93400) wrapper /opt/stack/nova/nova/scheduler/request_filter.py:46}}
Jun 30 13:35:54.326813 np0000003989 nova-scheduler[93400]: DEBUG nova.scheduler.request_filter [None req-c6becbe0-22fb-4962-9702-7aa0ece93c9d tempest-ServersNegativeTestJSON-1292841730 tempest-ServersNegativeTestJSON-1292841730-project-member] ephemeral_encryption_filter skipped {{(pid=93400) ephemeral_encryption_filter /opt/stack/nova/nova/scheduler/request_filter.py:426}}
Jun 30 13:35:54.326813 np0000003989 nova-scheduler[93400]: DEBUG nova.scheduler.request_filter [None req-c6becbe0-22fb-4962-9702-7aa0ece93c9d tempest-ServersNegativeTestJSON-1292841730 tempest-ServersNegativeTestJSON-1292841730-project-member] virtio_sound_filter skipped {{(pid=93400) virtio_sound_filter /opt/stack/nova/nova/scheduler/request_filter.py:460}}
Jun 30 13:35:54.327035 np0000003989 nova-scheduler[93400]: DEBUG nova.scheduler.request_filter [None req-c6becbe0-22fb-4962-9702-7aa0ece93c9d tempest-ServersNegativeTestJSON-1292841730 tempest-ServersNegativeTestJSON-1292841730-project-member] tpm_secret_security_filter skipped {{(pid=93400) tpm_secret_security_filter /opt/stack/nova/nova/scheduler/request_filter.py:477}}
Jun 30 13:35:55.015895 np0000003989 nova-scheduler[93400]: INFO nova.utils [None req-c6becbe0-22fb-4962-9702-7aa0ece93c9d tempest-ServersNegativeTestJSON-1292841730 tempest-ServersNegativeTestJSON-1292841730-project-member] The cell worker thread pool ForkProcess-1.cell_worker is initialized
Jun 30 13:35:55.015895 np0000003989 nova-scheduler[93400]: DEBUG oslo_concurrency.lockutils [None req-c6becbe0-22fb-4962-9702-7aa0ece93c9d tempest-ServersNegativeTestJSON-1292841730 tempest-ServersNegativeTestJSON-1292841730-project-member] Acquiring lock "b8f6847f-51a3-4887-8a82-44f5f6b1b924" by "nova.context.set_target_cell..get_or_set_cached_cell_and_set_connections" {{(pid=93400) inner /opt/stack/data/venv/lib/python3.12/site-packages/oslo_concurrency/lockutils.py:511}}
Jun 30 13:35:55.015895 np0000003989 nova-scheduler[93400]: DEBUG oslo_concurrency.lockutils [None req-c6becbe0-22fb-4962-9702-7aa0ece93c9d tempest-ServersNegativeTestJSON-1292841730 tempest-ServersNegativeTestJSON-1292841730-project-member] Lock "b8f6847f-51a3-4887-8a82-44f5f6b1b924" acquired by "nova.context.set_target_cell..get_or_set_cached_cell_and_set_connections" :: waited 0.000s {{(pid=93400) inner /opt/stack/data/venv/lib/python3.12/site-packages/oslo_concurrency/lockutils.py:524}}
Jun 30 13:35:55.017194 np0000003989 nova-scheduler[93400]: DEBUG oslo_concurrency.lockutils [None req-c6becbe0-22fb-4962-9702-7aa0ece93c9d tempest-ServersNegativeTestJSON-1292841730 tempest-ServersNegativeTestJSON-1292841730-project-member] Lock "b8f6847f-51a3-4887-8a82-44f5f6b1b924" "released" by "nova.context.set_target_cell..get_or_set_cached_cell_and_set_connections" :: held 0.002s {{(pid=93400) inner /opt/stack/data/venv/lib/python3.12/site-packages/oslo_concurrency/lockutils.py:543}}
Jun 30 13:35:55.020589 np0000003989 nova-scheduler[93400]: INFO dbcounter [None req-c6becbe0-22fb-4962-9702-7aa0ece93c9d tempest-ServersNegativeTestJSON-1292841730 tempest-ServersNegativeTestJSON-1292841730-project-member] Registered counter for database nova_cell1
Jun 30 13:35:55.062867 np0000003989 nova-scheduler[93400]: DEBUG oslo_db.sqlalchemy.engines [None req-c6becbe0-22fb-4962-9702-7aa0ece93c9d tempest-ServersNegativeTestJSON-1292841730 tempest-ServersNegativeTestJSON-1292841730-project-member] MySQL server mode set to STRICT_TRANS_TABLES,STRICT_ALL_TABLES,NO_ZERO_IN_DATE,NO_ZERO_DATE,ERROR_FOR_DIVISION_BY_ZERO,TRADITIONAL,NO_ENGINE_SUBSTITUTION {{(pid=93400) _check_effective_sql_mode /opt/stack/data/venv/lib/python3.12/site-packages/oslo_db/sqlalchemy/engines.py:325}}
Jun 30 13:35:55.076219 np0000003989 nova-scheduler[93400]: DEBUG dbcounter [-] [93400] Writer thread running {{(pid=93400) stat_writer /opt/stack/data/venv/lib/python3.12/site-packages/dbcounter.py:102}}
Jun 30 13:35:55.091900 np0000003989 nova-scheduler[93400]: DEBUG oslo_db.sqlalchemy.engines [None req-c6becbe0-22fb-4962-9702-7aa0ece93c9d tempest-ServersNegativeTestJSON-1292841730 tempest-ServersNegativeTestJSON-1292841730-project-member] Parent process 92205 forked (93400) with an open database connection, which is being discarded and recreated. {{(pid=93400) checkout /opt/stack/data/venv/lib/python3.12/site-packages/oslo_db/sqlalchemy/engines.py:402}}
Jun 30 13:35:55.139937 np0000003989 nova-scheduler[93400]: DEBUG dbcounter [-] [93400] Writer thread running {{(pid=93400) stat_writer /opt/stack/data/venv/lib/python3.12/site-packages/dbcounter.py:102}}
Jun 30 13:35:55.143919 np0000003989 nova-scheduler[93400]: DEBUG oslo_concurrency.lockutils [None req-c6becbe0-22fb-4962-9702-7aa0ece93c9d tempest-ServersNegativeTestJSON-1292841730 tempest-ServersNegativeTestJSON-1292841730-project-member] Acquiring lock "b8f6847f-51a3-4887-8a82-44f5f6b1b924" by "nova.context.set_target_cell..get_or_set_cached_cell_and_set_connections" {{(pid=93400) inner /opt/stack/data/venv/lib/python3.12/site-packages/oslo_concurrency/lockutils.py:511}}
Jun 30 13:35:55.144173 np0000003989 nova-scheduler[93400]: DEBUG oslo_concurrency.lockutils [None req-c6becbe0-22fb-4962-9702-7aa0ece93c9d tempest-ServersNegativeTestJSON-1292841730 tempest-ServersNegativeTestJSON-1292841730-project-member] Lock "b8f6847f-51a3-4887-8a82-44f5f6b1b924" acquired by "nova.context.set_target_cell..get_or_set_cached_cell_and_set_connections" :: waited 0.000s {{(pid=93400) inner /opt/stack/data/venv/lib/python3.12/site-packages/oslo_concurrency/lockutils.py:524}}
Jun 30 13:35:55.144524 np0000003989 nova-scheduler[93400]: DEBUG oslo_concurrency.lockutils [None req-c6becbe0-22fb-4962-9702-7aa0ece93c9d tempest-ServersNegativeTestJSON-1292841730 tempest-ServersNegativeTestJSON-1292841730-project-member] Lock "b8f6847f-51a3-4887-8a82-44f5f6b1b924" "released" by "nova.context.set_target_cell..get_or_set_cached_cell_and_set_connections" :: held 0.000s {{(pid=93400) inner /opt/stack/data/venv/lib/python3.12/site-packages/oslo_concurrency/lockutils.py:543}}
Jun 30 13:35:55.149065 np0000003989 nova-scheduler[93400]: DEBUG oslo_concurrency.lockutils [None req-c6becbe0-22fb-4962-9702-7aa0ece93c9d tempest-ServersNegativeTestJSON-1292841730 tempest-ServersNegativeTestJSON-1292841730-project-member] Acquiring lock "np0000003989-np0000003989" by "nova.scheduler.host_manager.HostState.update.._locked_update" {{(pid=93400) inner /opt/stack/data/venv/lib/python3.12/site-packages/oslo_concurrency/lockutils.py:511}}
Jun 30 13:35:55.149623 np0000003989 nova-scheduler[93400]: DEBUG oslo_concurrency.lockutils [None req-c6becbe0-22fb-4962-9702-7aa0ece93c9d tempest-ServersNegativeTestJSON-1292841730 tempest-ServersNegativeTestJSON-1292841730-project-member] Lock "np0000003989-np0000003989" acquired by "nova.scheduler.host_manager.HostState.update.._locked_update" :: waited 0.000s {{(pid=93400) inner /opt/stack/data/venv/lib/python3.12/site-packages/oslo_concurrency/lockutils.py:524}}
Jun 30 13:35:55.151001 np0000003989 nova-scheduler[93400]: DEBUG nova.scheduler.host_manager [None req-c6becbe0-22fb-4962-9702-7aa0ece93c9d tempest-ServersNegativeTestJSON-1292841730 tempest-ServersNegativeTestJSON-1292841730-project-member] Update host state from compute node: ComputeNode(cpu_allocation_ratio=4.0,cpu_info='{"arch": "x86_64", "model": "EPYC-Milan", "vendor": "AMD", "topology": {"cells": 1, "sockets": 16, "cores": 1, "threads": 1}, "maxphysaddr": {"mode": "emulate", "bits": 40}, "features": ["bmi1", "pdpe1gb", "xsaves", "cx16", "amd-ssbd", "smep", "avx2", "pse", "lbrv", "gds-no", "misalignsse", "nrip-save", "mce", "pfthreshold", "xsavec", "erms", "sse", "pse36", "ssbd", "pae", "rdctl-no", "lahf_lm", "apic", "nx", "clflushopt", "svme-addr-chk", "clzero", "msr", "mmxext", "xsaveerptr", "sep", "clflush", "amd-stibp", "pge", "ssse3", "adx", "npt", "xsaveopt", "tsc_adjust", "arat", "ibrs", "cx8", "topoext", "stibp", "abm", "bmi2", "lfence-always-serializing", "fsrm", "sse4.1", "x2apic", "cmov", "pclmuldq", "fxsr", "f16c", "no-nested-data-bp", "mtrr", "xsave", "sse4a", "ibpb", "de", "clwb", "fpu", "virt-ssbd", "wbnoinvd", "popcnt", "arch-capabilities", "cr8legacy", "pcid", "xgetbv1", "smap", "rdrand", "aes", "syscall", "sha-ni", "pku", "sse2", "v-vmsave-vmload", "perfctr_core", "osvw", "vgif", "avx", "invpcid", "svm", "3dnowprefetch", "movbe", "fsgsbase", "pni", "tsc-deadline", "umip", "pat", "tsc-scale", "rdtscp", "fma", "mmx", "mca", "rdseed", "vaes", "rdpid", "spec-ctrl", "stibp-always-on", "vmcb-clean", "hypervisor", "sse4.2", "tsc", "cmp_legacy", "null-sel-clr-base", "pause-filter", "fxsr_opt", "lm", "skip-l1dfl-vmentry", "flushbyasid", "vme", "mds-no", "pschange-mc-no", "vpclmulqdq", "amd-psfd"]}',created_at=2026-06-30T13:33:34Z,current_workload=0,deleted=False,deleted_at=None,disk_allocation_ratio=1.0,disk_available_least=73,free_disk_gb=95,free_ram_mb=62765,host='np0000003989',host_ip=10.4.3.35,hypervisor_hostname='np0000003989',hypervisor_type='QEMU',hypervisor_version=8002002,id=1,local_gb=95,local_gb_used=0,mapped=1,memory_mb=63277,memory_mb_used=512,metrics='[]',numa_topology='{"nova_object.name": "NUMATopology", "nova_object.namespace": "nova", "nova_object.version": "1.2", "nova_object.data": {"cells": [{"nova_object.name": "NUMACell", "nova_object.namespace": "nova", "nova_object.version": "1.5", "nova_object.data": {"id": 0, "cpuset": [0, 1, 2, 3, 4, 5, 6, 7, 8, 9, 10, 11, 12, 13, 14, 15], "pcpuset": [0, 1, 2, 3, 4, 5, 6, 7, 8, 9, 10, 11, 12, 13, 14, 15], "memory": 63277, "cpu_usage": 0, "memory_usage": 0, "pinned_cpus": [], "siblings": [[6], [12], [2], [15], [5], [11], [8], [14], [4], [1], [7], [10], [0], [13], [3], [9]], "mempages": [{"nova_object.name": "NUMAPagesTopology", "nova_object.namespace": "nova", "nova_object.version": "1.1", "nova_object.data": {"size_kb": 4, "total": 16177930, "used": 0, "reserved": 0}, "nova_object.changes": ["size_kb", "used", "total", "reserved"]}, {"nova_object.name": "NUMAPagesTopology", "nova_object.namespace": "nova", "nova_object.version": "1.1", "nova_object.data": {"size_kb": 2048, "total": 41, "used": 0, "reserved": 0}, "nova_object.changes": ["size_kb", "used", "total", "reserved"]}, {"nova_object.name": "NUMAPagesTopology", "nova_object.namespace": "nova", "nova_object.version": "1.1", "nova_object.data": {"size_kb": 1048576, "total": 0, "used": 0, "reserved": 0}, "nova_object.changes": ["size_kb", "used", "total", "reserved"]}], "network_metadata": {"nova_object.name": "NetworkMetadata", "nova_object.namespace": "nova", "nova_object.version": "1.0", "nova_object.data": {"physnets": [], "tunneled": false}, "nova_object.changes": ["tunneled", "physnets"]}, "socket": null}, "nova_object.changes": ["network_metadata", "memory", "cpuset", "siblings", "cpu_usage", "memory_usage", "mempages", "pcpuset", "id", "socket", "pinned_cpus"]}]}, "nova_object.changes": ["cells"]}',pci_device_pools=PciDevicePoolList,ram_allocation_ratio=1.0,running_vms=0,service_id=3,stats={failed_builds='0',uptime=' 13:35:18 up 13 min, 2 users, load average: 1.55, 1.59, 0.90
Jun 30 13:35:55.151001 np0000003989 nova-scheduler[93400]: '},supported_hv_specs=[HVSpec,HVSpec,HVSpec,HVSpec,HVSpec,HVSpec,HVSpec,HVSpec,HVSpec,HVSpec,HVSpec,HVSpec,HVSpec,HVSpec,HVSpec,HVSpec,HVSpec,HVSpec,HVSpec,HVSpec,HVSpec,HVSpec,HVSpec,HVSpec,HVSpec],updated_at=2026-06-30T13:35:20Z,uuid=a905326f-2396-4e63-8bf3-fd82f7064088,vcpus=16,vcpus_used=0) {{(pid=93400) _locked_update /opt/stack/nova/nova/scheduler/host_manager.py:168}}
Jun 30 13:35:55.152153 np0000003989 nova-scheduler[93400]: DEBUG nova.scheduler.host_manager [None req-c6becbe0-22fb-4962-9702-7aa0ece93c9d tempest-ServersNegativeTestJSON-1292841730 tempest-ServersNegativeTestJSON-1292841730-project-member] Update host state with aggregates: [] {{(pid=93400) _locked_update /opt/stack/nova/nova/scheduler/host_manager.py:171}}
Jun 30 13:35:55.152408 np0000003989 nova-scheduler[93400]: DEBUG nova.scheduler.host_manager [None req-c6becbe0-22fb-4962-9702-7aa0ece93c9d tempest-ServersNegativeTestJSON-1292841730 tempest-ServersNegativeTestJSON-1292841730-project-member] Update host state with service dict: {'id': 3, 'uuid': '8dff86ea-8945-4845-8195-2fa27a95826f', 'host': 'np0000003989', 'binary': 'nova-compute', 'topic': 'compute', 'report_count': 2, 'disabled': False, 'disabled_reason': None, 'last_seen_up': datetime.datetime(2026, 6, 30, 13, 35, 43, tzinfo=datetime.timezone.utc), 'forced_down': False, 'version': 72, 'created_at': datetime.datetime(2026, 6, 30, 13, 33, 32, tzinfo=datetime.timezone.utc), 'updated_at': datetime.datetime(2026, 6, 30, 13, 35, 43, tzinfo=datetime.timezone.utc), 'deleted_at': None, 'deleted': False} {{(pid=93400) _locked_update /opt/stack/nova/nova/scheduler/host_manager.py:174}}
Jun 30 13:35:55.152703 np0000003989 nova-scheduler[93400]: DEBUG nova.scheduler.host_manager [None req-c6becbe0-22fb-4962-9702-7aa0ece93c9d tempest-ServersNegativeTestJSON-1292841730 tempest-ServersNegativeTestJSON-1292841730-project-member] Update host state with instances: [] {{(pid=93400) _locked_update /opt/stack/nova/nova/scheduler/host_manager.py:177}}
Jun 30 13:35:55.152703 np0000003989 nova-scheduler[93400]: DEBUG oslo_concurrency.lockutils [None req-c6becbe0-22fb-4962-9702-7aa0ece93c9d tempest-ServersNegativeTestJSON-1292841730 tempest-ServersNegativeTestJSON-1292841730-project-member] Lock "np0000003989-np0000003989" "released" by "nova.scheduler.host_manager.HostState.update.._locked_update" :: held 0.003s {{(pid=93400) inner /opt/stack/data/venv/lib/python3.12/site-packages/oslo_concurrency/lockutils.py:543}}
Jun 30 13:35:55.153453 np0000003989 nova-scheduler[93400]: DEBUG nova.filters [None req-c6becbe0-22fb-4962-9702-7aa0ece93c9d tempest-ServersNegativeTestJSON-1292841730 tempest-ServersNegativeTestJSON-1292841730-project-member] Starting with 1 host(s) {{(pid=93400) get_filtered_objects /opt/stack/nova/nova/filters.py:70}}
Jun 30 13:35:55.153972 np0000003989 nova-scheduler[93400]: DEBUG nova.filters [None req-c6becbe0-22fb-4962-9702-7aa0ece93c9d tempest-ServersNegativeTestJSON-1292841730 tempest-ServersNegativeTestJSON-1292841730-project-member] Filter ComputeFilter returned 1 host(s) {{(pid=93400) get_filtered_objects /opt/stack/nova/nova/filters.py:102}}
Jun 30 13:35:55.154927 np0000003989 nova-scheduler[93400]: DEBUG nova.filters [None req-c6becbe0-22fb-4962-9702-7aa0ece93c9d tempest-ServersNegativeTestJSON-1292841730 tempest-ServersNegativeTestJSON-1292841730-project-member] Filter ComputeCapabilitiesFilter returned 1 host(s) {{(pid=93400) get_filtered_objects /opt/stack/nova/nova/filters.py:102}}
Jun 30 13:35:55.154927 np0000003989 nova-scheduler[93400]: DEBUG nova.filters [None req-c6becbe0-22fb-4962-9702-7aa0ece93c9d tempest-ServersNegativeTestJSON-1292841730 tempest-ServersNegativeTestJSON-1292841730-project-member] Filter ImagePropertiesFilter returned 1 host(s) {{(pid=93400) get_filtered_objects /opt/stack/nova/nova/filters.py:102}}
Jun 30 13:35:55.154927 np0000003989 nova-scheduler[93400]: DEBUG nova.filters [None req-c6becbe0-22fb-4962-9702-7aa0ece93c9d tempest-ServersNegativeTestJSON-1292841730 tempest-ServersNegativeTestJSON-1292841730-project-member] Filter ServerGroupAntiAffinityFilter returned 1 host(s) {{(pid=93400) get_filtered_objects /opt/stack/nova/nova/filters.py:102}}
Jun 30 13:35:55.155285 np0000003989 nova-scheduler[93400]: DEBUG nova.filters [None req-c6becbe0-22fb-4962-9702-7aa0ece93c9d tempest-ServersNegativeTestJSON-1292841730 tempest-ServersNegativeTestJSON-1292841730-project-member] Filter ServerGroupAffinityFilter returned 1 host(s) {{(pid=93400) get_filtered_objects /opt/stack/nova/nova/filters.py:102}}
Jun 30 13:35:55.155285 np0000003989 nova-scheduler[93400]: DEBUG nova.filters [None req-c6becbe0-22fb-4962-9702-7aa0ece93c9d tempest-ServersNegativeTestJSON-1292841730 tempest-ServersNegativeTestJSON-1292841730-project-member] Filter SameHostFilter returned 1 host(s) {{(pid=93400) get_filtered_objects /opt/stack/nova/nova/filters.py:102}}
Jun 30 13:35:55.155553 np0000003989 nova-scheduler[93400]: DEBUG nova.filters [None req-c6becbe0-22fb-4962-9702-7aa0ece93c9d tempest-ServersNegativeTestJSON-1292841730 tempest-ServersNegativeTestJSON-1292841730-project-member] Filter DifferentHostFilter returned 1 host(s) {{(pid=93400) get_filtered_objects /opt/stack/nova/nova/filters.py:102}}
Jun 30 13:35:55.155627 np0000003989 nova-scheduler[93400]: DEBUG nova.scheduler.manager [None req-c6becbe0-22fb-4962-9702-7aa0ece93c9d tempest-ServersNegativeTestJSON-1292841730 tempest-ServersNegativeTestJSON-1292841730-project-member] Filtered [(np0000003989, np0000003989) ram: 62765MB disk: 74752MB io_ops: 0 instances: 0, allocation_candidates: 1] {{(pid=93400) _get_sorted_hosts /opt/stack/nova/nova/scheduler/manager.py:742}}
Jun 30 13:35:55.155942 np0000003989 nova-scheduler[93400]: DEBUG nova.scheduler.manager [None req-c6becbe0-22fb-4962-9702-7aa0ece93c9d tempest-ServersNegativeTestJSON-1292841730 tempest-ServersNegativeTestJSON-1292841730-project-member] Weighed [WeighedHost [host: (np0000003989, np0000003989) ram: 62765MB disk: 74752MB io_ops: 0 instances: 0, allocation_candidates: 1, weight: 0.0]] {{(pid=93400) _get_sorted_hosts /opt/stack/nova/nova/scheduler/manager.py:764}}
Jun 30 13:35:55.156228 np0000003989 nova-scheduler[93400]: DEBUG nova.scheduler.utils [None req-c6becbe0-22fb-4962-9702-7aa0ece93c9d tempest-ServersNegativeTestJSON-1292841730 tempest-ServersNegativeTestJSON-1292841730-project-member] Attempting to claim resources in the placement API for instance be0a9234-c8ab-4ea3-93b1-c85735954ee3 {{(pid=93400) claim_resources /opt/stack/nova/nova/scheduler/utils.py:1345}}
Jun 30 13:35:55.326585 np0000003989 nova-scheduler[93404]: DEBUG nova.scheduler.manager [None req-856c94e4-08be-4598-a4dc-03638896baea tempest-DeleteServersTestJSON-1555733957 tempest-DeleteServersTestJSON-1555733957-project-member] Starting to schedule for instances: ['3b9fef32-123b-428e-b20a-9080cd227632'] {{(pid=93404) select_destinations /opt/stack/nova/nova/scheduler/manager.py:209}}
Jun 30 13:35:55.327200 np0000003989 nova-scheduler[93404]: DEBUG nova.scheduler.request_filter [None req-856c94e4-08be-4598-a4dc-03638896baea tempest-DeleteServersTestJSON-1555733957 tempest-DeleteServersTestJSON-1555733957-project-member] compute_status_filter request filter added forbidden trait COMPUTE_STATUS_DISABLED {{(pid=93404) compute_status_filter /opt/stack/nova/nova/scheduler/request_filter.py:253}}
Jun 30 13:35:55.329024 np0000003989 nova-scheduler[93404]: DEBUG nova.scheduler.request_filter [None req-856c94e4-08be-4598-a4dc-03638896baea tempest-DeleteServersTestJSON-1555733957 tempest-DeleteServersTestJSON-1555733957-project-member] Request filter 'compute_status_filter' took 0.0 seconds {{(pid=93404) wrapper /opt/stack/nova/nova/scheduler/request_filter.py:46}}
Jun 30 13:35:55.329024 np0000003989 nova-scheduler[93404]: DEBUG nova.scheduler.request_filter [None req-856c94e4-08be-4598-a4dc-03638896baea tempest-DeleteServersTestJSON-1555733957 tempest-DeleteServersTestJSON-1555733957-project-member] Request filter 'accelerators_filter' took 0.0 seconds {{(pid=93404) wrapper /opt/stack/nova/nova/scheduler/request_filter.py:46}}
Jun 30 13:35:55.329024 np0000003989 nova-scheduler[93404]: DEBUG nova.scheduler.request_filter [None req-856c94e4-08be-4598-a4dc-03638896baea tempest-DeleteServersTestJSON-1555733957 tempest-DeleteServersTestJSON-1555733957-project-member] Request filter 'packed_virtqueue_filter' took 0.0 seconds {{(pid=93404) wrapper /opt/stack/nova/nova/scheduler/request_filter.py:46}}
Jun 30 13:35:55.329024 np0000003989 nova-scheduler[93404]: DEBUG nova.scheduler.request_filter [None req-856c94e4-08be-4598-a4dc-03638896baea tempest-DeleteServersTestJSON-1555733957 tempest-DeleteServersTestJSON-1555733957-project-member] Request filter 'remote_managed_ports_filter' took 0.0 seconds {{(pid=93404) wrapper /opt/stack/nova/nova/scheduler/request_filter.py:46}}
Jun 30 13:35:55.329024 np0000003989 nova-scheduler[93404]: DEBUG nova.scheduler.request_filter [None req-856c94e4-08be-4598-a4dc-03638896baea tempest-DeleteServersTestJSON-1555733957 tempest-DeleteServersTestJSON-1555733957-project-member] ephemeral_encryption_filter skipped {{(pid=93404) ephemeral_encryption_filter /opt/stack/nova/nova/scheduler/request_filter.py:426}}
Jun 30 13:35:55.329024 np0000003989 nova-scheduler[93404]: DEBUG nova.scheduler.request_filter [None req-856c94e4-08be-4598-a4dc-03638896baea tempest-DeleteServersTestJSON-1555733957 tempest-DeleteServersTestJSON-1555733957-project-member] virtio_sound_filter skipped {{(pid=93404) virtio_sound_filter /opt/stack/nova/nova/scheduler/request_filter.py:460}}
Jun 30 13:35:55.329440 np0000003989 nova-scheduler[93404]: DEBUG nova.scheduler.request_filter [None req-856c94e4-08be-4598-a4dc-03638896baea tempest-DeleteServersTestJSON-1555733957 tempest-DeleteServersTestJSON-1555733957-project-member] tpm_secret_security_filter skipped {{(pid=93404) tpm_secret_security_filter /opt/stack/nova/nova/scheduler/request_filter.py:477}}
Jun 30 13:35:55.393020 np0000003989 nova-scheduler[93400]: DEBUG nova.scheduler.manager [None req-c6becbe0-22fb-4962-9702-7aa0ece93c9d tempest-ServersNegativeTestJSON-1292841730 tempest-ServersNegativeTestJSON-1292841730-project-member] [instance: be0a9234-c8ab-4ea3-93b1-c85735954ee3] Selected host: (np0000003989, np0000003989) ram: 62765MB disk: 74752MB io_ops: 0 instances: 0, allocation_candidates: 1 {{(pid=93400) _consume_selected_host /opt/stack/nova/nova/scheduler/manager.py:624}}
Jun 30 13:35:55.393558 np0000003989 nova-scheduler[93400]: DEBUG oslo_concurrency.lockutils [None req-c6becbe0-22fb-4962-9702-7aa0ece93c9d tempest-ServersNegativeTestJSON-1292841730 tempest-ServersNegativeTestJSON-1292841730-project-member] Acquiring lock "np0000003989-np0000003989" by "nova.scheduler.host_manager.HostState.consume_from_request.._locked" {{(pid=93400) inner /opt/stack/data/venv/lib/python3.12/site-packages/oslo_concurrency/lockutils.py:511}}
Jun 30 13:35:55.393604 np0000003989 nova-scheduler[93400]: DEBUG oslo_concurrency.lockutils [None req-c6becbe0-22fb-4962-9702-7aa0ece93c9d tempest-ServersNegativeTestJSON-1292841730 tempest-ServersNegativeTestJSON-1292841730-project-member] Lock "np0000003989-np0000003989" acquired by "nova.scheduler.host_manager.HostState.consume_from_request.._locked" :: waited 0.000s {{(pid=93400) inner /opt/stack/data/venv/lib/python3.12/site-packages/oslo_concurrency/lockutils.py:524}}
Jun 30 13:35:55.393816 np0000003989 nova-scheduler[93400]: DEBUG oslo_concurrency.lockutils [None req-c6becbe0-22fb-4962-9702-7aa0ece93c9d tempest-ServersNegativeTestJSON-1292841730 tempest-ServersNegativeTestJSON-1292841730-project-member] Lock "np0000003989-np0000003989" "released" by "nova.scheduler.host_manager.HostState.consume_from_request.._locked" :: held 0.000s {{(pid=93400) inner /opt/stack/data/venv/lib/python3.12/site-packages/oslo_concurrency/lockutils.py:543}}
Jun 30 13:35:55.432847 np0000003989 nova-scheduler[93404]: INFO nova.utils [None req-856c94e4-08be-4598-a4dc-03638896baea tempest-DeleteServersTestJSON-1555733957 tempest-DeleteServersTestJSON-1555733957-project-member] The cell worker thread pool ForkProcess-3.cell_worker is initialized
Jun 30 13:35:55.433204 np0000003989 nova-scheduler[93404]: DEBUG oslo_concurrency.lockutils [None req-856c94e4-08be-4598-a4dc-03638896baea tempest-DeleteServersTestJSON-1555733957 tempest-DeleteServersTestJSON-1555733957-project-member] Acquiring lock "b8f6847f-51a3-4887-8a82-44f5f6b1b924" by "nova.context.set_target_cell..get_or_set_cached_cell_and_set_connections" {{(pid=93404) inner /opt/stack/data/venv/lib/python3.12/site-packages/oslo_concurrency/lockutils.py:511}}
Jun 30 13:35:55.433462 np0000003989 nova-scheduler[93404]: DEBUG oslo_concurrency.lockutils [None req-856c94e4-08be-4598-a4dc-03638896baea tempest-DeleteServersTestJSON-1555733957 tempest-DeleteServersTestJSON-1555733957-project-member] Lock "b8f6847f-51a3-4887-8a82-44f5f6b1b924" acquired by "nova.context.set_target_cell..get_or_set_cached_cell_and_set_connections" :: waited 0.000s {{(pid=93404) inner /opt/stack/data/venv/lib/python3.12/site-packages/oslo_concurrency/lockutils.py:524}}
Jun 30 13:35:55.434949 np0000003989 nova-scheduler[93404]: DEBUG oslo_concurrency.lockutils [None req-856c94e4-08be-4598-a4dc-03638896baea tempest-DeleteServersTestJSON-1555733957 tempest-DeleteServersTestJSON-1555733957-project-member] Lock "b8f6847f-51a3-4887-8a82-44f5f6b1b924" "released" by "nova.context.set_target_cell..get_or_set_cached_cell_and_set_connections" :: held 0.001s {{(pid=93404) inner /opt/stack/data/venv/lib/python3.12/site-packages/oslo_concurrency/lockutils.py:543}}
Jun 30 13:35:55.437940 np0000003989 nova-scheduler[93404]: INFO dbcounter [None req-856c94e4-08be-4598-a4dc-03638896baea tempest-DeleteServersTestJSON-1555733957 tempest-DeleteServersTestJSON-1555733957-project-member] Registered counter for database nova_cell1
Jun 30 13:35:55.470352 np0000003989 nova-scheduler[93404]: DEBUG oslo_db.sqlalchemy.engines [None req-856c94e4-08be-4598-a4dc-03638896baea tempest-DeleteServersTestJSON-1555733957 tempest-DeleteServersTestJSON-1555733957-project-member] MySQL server mode set to STRICT_TRANS_TABLES,STRICT_ALL_TABLES,NO_ZERO_IN_DATE,NO_ZERO_DATE,ERROR_FOR_DIVISION_BY_ZERO,TRADITIONAL,NO_ENGINE_SUBSTITUTION {{(pid=93404) _check_effective_sql_mode /opt/stack/data/venv/lib/python3.12/site-packages/oslo_db/sqlalchemy/engines.py:325}}
Jun 30 13:35:55.476626 np0000003989 nova-scheduler[93404]: DEBUG dbcounter [-] [93404] Writer thread running {{(pid=93404) stat_writer /opt/stack/data/venv/lib/python3.12/site-packages/dbcounter.py:102}}
Jun 30 13:35:55.535930 np0000003989 nova-scheduler[93404]: DEBUG dbcounter [-] [93404] Writer thread running {{(pid=93404) stat_writer /opt/stack/data/venv/lib/python3.12/site-packages/dbcounter.py:102}}
Jun 30 13:35:55.539051 np0000003989 nova-scheduler[93404]: DEBUG oslo_concurrency.lockutils [None req-856c94e4-08be-4598-a4dc-03638896baea tempest-DeleteServersTestJSON-1555733957 tempest-DeleteServersTestJSON-1555733957-project-member] Acquiring lock "b8f6847f-51a3-4887-8a82-44f5f6b1b924" by "nova.context.set_target_cell..get_or_set_cached_cell_and_set_connections" {{(pid=93404) inner /opt/stack/data/venv/lib/python3.12/site-packages/oslo_concurrency/lockutils.py:511}}
Jun 30 13:35:55.539244 np0000003989 nova-scheduler[93404]: DEBUG oslo_concurrency.lockutils [None req-856c94e4-08be-4598-a4dc-03638896baea tempest-DeleteServersTestJSON-1555733957 tempest-DeleteServersTestJSON-1555733957-project-member] Lock "b8f6847f-51a3-4887-8a82-44f5f6b1b924" acquired by "nova.context.set_target_cell..get_or_set_cached_cell_and_set_connections" :: waited 0.000s {{(pid=93404) inner /opt/stack/data/venv/lib/python3.12/site-packages/oslo_concurrency/lockutils.py:524}}
Jun 30 13:35:55.539393 np0000003989 nova-scheduler[93404]: DEBUG oslo_concurrency.lockutils [None req-856c94e4-08be-4598-a4dc-03638896baea tempest-DeleteServersTestJSON-1555733957 tempest-DeleteServersTestJSON-1555733957-project-member] Lock "b8f6847f-51a3-4887-8a82-44f5f6b1b924" "released" by "nova.context.set_target_cell..get_or_set_cached_cell_and_set_connections" :: held 0.000s {{(pid=93404) inner /opt/stack/data/venv/lib/python3.12/site-packages/oslo_concurrency/lockutils.py:543}}
Jun 30 13:35:55.544377 np0000003989 nova-scheduler[93404]: DEBUG oslo_concurrency.lockutils [None req-856c94e4-08be-4598-a4dc-03638896baea tempest-DeleteServersTestJSON-1555733957 tempest-DeleteServersTestJSON-1555733957-project-member] Acquiring lock "np0000003989-np0000003989" by "nova.scheduler.host_manager.HostState.update.._locked_update" {{(pid=93404) inner /opt/stack/data/venv/lib/python3.12/site-packages/oslo_concurrency/lockutils.py:511}}
Jun 30 13:35:55.544560 np0000003989 nova-scheduler[93404]: DEBUG oslo_concurrency.lockutils [None req-856c94e4-08be-4598-a4dc-03638896baea tempest-DeleteServersTestJSON-1555733957 tempest-DeleteServersTestJSON-1555733957-project-member] Lock "np0000003989-np0000003989" acquired by "nova.scheduler.host_manager.HostState.update.._locked_update" :: waited 0.001s {{(pid=93404) inner /opt/stack/data/venv/lib/python3.12/site-packages/oslo_concurrency/lockutils.py:524}}
