Aug 10 01:56:02.690345 np0000006845 systemd[1]: Starting devstack@n-api-meta.service - Devstack devstack@n-api-meta.service...
Aug 10 01:56:02.695443 np0000006845 devstack@n-api-meta.service[96093]: [uWSGI] getting INI configuration from /etc/nova/nova-metadata-uwsgi.ini
Aug 10 01:56:02.697588 np0000006845 devstack@n-api-meta.service[96093]: *** Starting uWSGI 2.0.24-debian (64bit) on [Mon Aug 10 01:56:02 2026] ***
Aug 10 01:56:02.697588 np0000006845 devstack@n-api-meta.service[96093]: compiled with version: 13.2.0 on 17 April 2024 16:23:48
Aug 10 01:56:02.697588 np0000006845 devstack@n-api-meta.service[96093]: os: Linux-6.8.0-100-generic #100-Ubuntu SMP PREEMPT_DYNAMIC Tue Jan 13 16:40:06 UTC 2026
Aug 10 01:56:02.697588 np0000006845 devstack@n-api-meta.service[96093]: nodename: np0000006845
Aug 10 01:56:02.697588 np0000006845 devstack@n-api-meta.service[96093]: machine: x86_64
Aug 10 01:56:02.697588 np0000006845 devstack@n-api-meta.service[96093]: clock source: unix
Aug 10 01:56:02.697588 np0000006845 devstack@n-api-meta.service[96093]: pcre jit disabled
Aug 10 01:56:02.697588 np0000006845 devstack@n-api-meta.service[96093]: detected number of CPU cores: 16
Aug 10 01:56:02.697588 np0000006845 devstack@n-api-meta.service[96093]: current working directory: /
Aug 10 01:56:02.697588 np0000006845 devstack@n-api-meta.service[96093]: detected binary path: /usr/bin/uwsgi-core
Aug 10 01:56:02.697588 np0000006845 devstack@n-api-meta.service[96093]: your processes number limit is 257052
Aug 10 01:56:02.697588 np0000006845 devstack@n-api-meta.service[96093]: your memory page size is 4096 bytes
Aug 10 01:56:02.697588 np0000006845 devstack@n-api-meta.service[96093]: detected max file descriptor number: 2048
Aug 10 01:56:02.697588 np0000006845 devstack@n-api-meta.service[96093]: lock engine: pthread robust mutexes
Aug 10 01:56:02.697975 np0000006845 devstack@n-api-meta.service[96093]: thunder lock: enabled
Aug 10 01:56:02.698018 np0000006845 devstack@n-api-meta.service[96093]: uWSGI http bound on 0.0.0.0:8775 fd 5
Aug 10 01:56:02.698048 np0000006845 devstack@n-api-meta.service[96093]: uwsgi socket 0 bound to TCP address 127.0.0.1:43411 (port auto-assigned) fd 4
Aug 10 01:56:02.698073 np0000006845 devstack@n-api-meta.service[96093]: Python version: 3.12.3 (main, Jun 19 2026, 12:46:00) [GCC 13.3.0]
Aug 10 01:56:02.698073 np0000006845 devstack@n-api-meta.service[96093]: PEP 405 virtualenv detected: /opt/stack/data/venv
Aug 10 01:56:02.698073 np0000006845 devstack@n-api-meta.service[96093]: Set PythonHome to /opt/stack/data/venv
Aug 10 01:56:02.736150 np0000006845 devstack@n-api-meta.service[96093]: Python main interpreter initialized at 0x7009666a4668
Aug 10 01:56:02.736150 np0000006845 devstack@n-api-meta.service[96093]: python threads support enabled
Aug 10 01:56:02.736150 np0000006845 devstack@n-api-meta.service[96093]: your server socket listen backlog is limited to 100 connections
Aug 10 01:56:02.736150 np0000006845 devstack@n-api-meta.service[96093]: your mercy for graceful operations on workers is 80 seconds
Aug 10 01:56:02.736638 np0000006845 devstack@n-api-meta.service[96093]: mapped 671795 bytes (656 KB) for 4 cores
Aug 10 01:56:02.736772 np0000006845 devstack@n-api-meta.service[96093]: *** Operational MODE: preforking ***
Aug 10 01:56:02.736951 np0000006845 devstack@n-api-meta.service[96093]: *** uWSGI is running in multiple interpreter mode ***
Aug 10 01:56:02.736951 np0000006845 devstack@n-api-meta.service[96093]: spawned uWSGI master process (pid: 96093)
Aug 10 01:56:02.737127 np0000006845 systemd[1]: Started devstack@n-api-meta.service - Devstack devstack@n-api-meta.service.
Aug 10 01:56:02.737507 np0000006845 devstack@n-api-meta.service[96093]: spawned uWSGI worker 1 (pid: 96094, cores: 1)
Aug 10 01:56:02.738002 np0000006845 devstack@n-api-meta.service[96093]: spawned uWSGI worker 2 (pid: 96095, cores: 1)
Aug 10 01:56:02.738370 np0000006845 devstack@n-api-meta.service[96093]: spawned uWSGI worker 3 (pid: 96096, cores: 1)
Aug 10 01:56:02.738733 np0000006845 devstack@n-api-meta.service[96093]: spawned uWSGI worker 4 (pid: 96097, cores: 1)
Aug 10 01:56:02.739175 np0000006845 devstack@n-api-meta.service[96093]: spawned uWSGI http 1 (pid: 96098)
Aug 10 01:56:02.739175 np0000006845 devstack@n-api-meta.service[96093]: running "unix_signal:15 gracefully_kill_them_all" (master-start)...
Aug 10 01:56:04.389815 np0000006845 devstack@n-api-meta.service[96097]: INFO dbcounter [None req-51c54a25-51bd-40bf-a6dd-3ca938150ddb None None] Registered counter for database nova_api
Aug 10 01:56:04.427370 np0000006845 devstack@n-api-meta.service[96096]: INFO dbcounter [None req-1d0547f0-c6dc-49bc-bc60-a6df7ae848fb None None] Registered counter for database nova_api
Aug 10 01:56:04.432959 np0000006845 devstack@n-api-meta.service[96095]: INFO dbcounter [None req-7c41b5c5-cf0e-4dc1-8bdd-ab08138c9922 None None] Registered counter for database nova_api
Aug 10 01:56:04.435092 np0000006845 devstack@n-api-meta.service[96097]: DEBUG oslo_db.sqlalchemy.engines [None req-51c54a25-51bd-40bf-a6dd-3ca938150ddb None None] MySQL server mode set to STRICT_TRANS_TABLES,STRICT_ALL_TABLES,NO_ZERO_IN_DATE,NO_ZERO_DATE,ERROR_FOR_DIVISION_BY_ZERO,TRADITIONAL,NO_ENGINE_SUBSTITUTION {{(pid=96097) _check_effective_sql_mode /opt/stack/data/venv/lib/python3.12/site-packages/oslo_db/sqlalchemy/engines.py:325}}
Aug 10 01:56:04.447563 np0000006845 devstack@n-api-meta.service[96094]: INFO dbcounter [None req-244d363f-35e3-4dfa-a182-31c2c4a56abd None None] Registered counter for database nova_api
Aug 10 01:56:04.467374 np0000006845 devstack@n-api-meta.service[96097]: DEBUG dbcounter [-] [96097] Writer thread running {{(pid=96097) stat_writer /opt/stack/data/venv/lib/python3.12/site-packages/dbcounter.py:102}}
Aug 10 01:56:04.470381 np0000006845 devstack@n-api-meta.service[96097]: DEBUG nova.context [None req-51c54a25-51bd-40bf-a6dd-3ca938150ddb None None] Found 2 cells: 00000000-0000-0000-0000-000000000000(cell0),7db2548a-07f0-4263-83b1-e09bd2db8fb1(cell1) {{(pid=96097) load_cells /opt/stack/nova/nova/context.py:509}}
Aug 10 01:56:04.470622 np0000006845 devstack@n-api-meta.service[96097]: INFO nova.utils [None req-51c54a25-51bd-40bf-a6dd-3ca938150ddb None None] The cell worker thread pool MainProcess.cell_worker is initialized
Aug 10 01:56:04.472439 np0000006845 devstack@n-api-meta.service[96097]: DEBUG oslo_concurrency.lockutils [None req-51c54a25-51bd-40bf-a6dd-3ca938150ddb None None] Acquiring lock "00000000-0000-0000-0000-000000000000" by "nova.context.set_target_cell..get_or_set_cached_cell_and_set_connections" {{(pid=96097) inner /opt/stack/data/venv/lib/python3.12/site-packages/oslo_concurrency/lockutils.py:512}}
Aug 10 01:56:04.472599 np0000006845 devstack@n-api-meta.service[96097]: DEBUG oslo_concurrency.lockutils [None req-51c54a25-51bd-40bf-a6dd-3ca938150ddb None None] Lock "00000000-0000-0000-0000-000000000000" acquired by "nova.context.set_target_cell..get_or_set_cached_cell_and_set_connections" :: waited 0.000s {{(pid=96097) inner /opt/stack/data/venv/lib/python3.12/site-packages/oslo_concurrency/lockutils.py:525}}
Aug 10 01:56:04.472806 np0000006845 devstack@n-api-meta.service[96096]: DEBUG oslo_db.sqlalchemy.engines [None req-1d0547f0-c6dc-49bc-bc60-a6df7ae848fb None None] MySQL server mode set to STRICT_TRANS_TABLES,STRICT_ALL_TABLES,NO_ZERO_IN_DATE,NO_ZERO_DATE,ERROR_FOR_DIVISION_BY_ZERO,TRADITIONAL,NO_ENGINE_SUBSTITUTION {{(pid=96096) _check_effective_sql_mode /opt/stack/data/venv/lib/python3.12/site-packages/oslo_db/sqlalchemy/engines.py:325}}
Aug 10 01:56:04.472978 np0000006845 devstack@n-api-meta.service[96097]: DEBUG oslo_concurrency.lockutils [None req-51c54a25-51bd-40bf-a6dd-3ca938150ddb None None] Lock "00000000-0000-0000-0000-000000000000" "released" by "nova.context.set_target_cell..get_or_set_cached_cell_and_set_connections" :: held 0.000s {{(pid=96097) inner /opt/stack/data/venv/lib/python3.12/site-packages/oslo_concurrency/lockutils.py:544}}
Aug 10 01:56:04.473684 np0000006845 devstack@n-api-meta.service[96097]: DEBUG oslo_concurrency.lockutils [None req-51c54a25-51bd-40bf-a6dd-3ca938150ddb None None] Acquiring lock "7db2548a-07f0-4263-83b1-e09bd2db8fb1" by "nova.context.set_target_cell..get_or_set_cached_cell_and_set_connections" {{(pid=96097) inner /opt/stack/data/venv/lib/python3.12/site-packages/oslo_concurrency/lockutils.py:512}}
Aug 10 01:56:04.473823 np0000006845 devstack@n-api-meta.service[96097]: DEBUG oslo_concurrency.lockutils [None req-51c54a25-51bd-40bf-a6dd-3ca938150ddb None None] Lock "7db2548a-07f0-4263-83b1-e09bd2db8fb1" acquired by "nova.context.set_target_cell..get_or_set_cached_cell_and_set_connections" :: waited 0.000s {{(pid=96097) inner /opt/stack/data/venv/lib/python3.12/site-packages/oslo_concurrency/lockutils.py:525}}
Aug 10 01:56:04.475952 np0000006845 devstack@n-api-meta.service[96097]: INFO dbcounter [None req-51c54a25-51bd-40bf-a6dd-3ca938150ddb None None] Registered counter for database nova_cell0
Aug 10 01:56:04.476479 np0000006845 devstack@n-api-meta.service[96095]: DEBUG oslo_db.sqlalchemy.engines [None req-7c41b5c5-cf0e-4dc1-8bdd-ab08138c9922 None None] MySQL server mode set to STRICT_TRANS_TABLES,STRICT_ALL_TABLES,NO_ZERO_IN_DATE,NO_ZERO_DATE,ERROR_FOR_DIVISION_BY_ZERO,TRADITIONAL,NO_ENGINE_SUBSTITUTION {{(pid=96095) _check_effective_sql_mode /opt/stack/data/venv/lib/python3.12/site-packages/oslo_db/sqlalchemy/engines.py:325}}
Aug 10 01:56:04.477280 np0000006845 devstack@n-api-meta.service[96097]: DEBUG oslo_concurrency.lockutils [None req-51c54a25-51bd-40bf-a6dd-3ca938150ddb None None] Lock "7db2548a-07f0-4263-83b1-e09bd2db8fb1" "released" by "nova.context.set_target_cell..get_or_set_cached_cell_and_set_connections" :: held 0.002s {{(pid=96097) inner /opt/stack/data/venv/lib/python3.12/site-packages/oslo_concurrency/lockutils.py:544}}
Aug 10 01:56:04.479249 np0000006845 devstack@n-api-meta.service[96097]: INFO dbcounter [None req-51c54a25-51bd-40bf-a6dd-3ca938150ddb None None] Registered counter for database nova_cell1
Aug 10 01:56:04.495447 np0000006845 devstack@n-api-meta.service[96094]: DEBUG oslo_db.sqlalchemy.engines [None req-244d363f-35e3-4dfa-a182-31c2c4a56abd None None] MySQL server mode set to STRICT_TRANS_TABLES,STRICT_ALL_TABLES,NO_ZERO_IN_DATE,NO_ZERO_DATE,ERROR_FOR_DIVISION_BY_ZERO,TRADITIONAL,NO_ENGINE_SUBSTITUTION {{(pid=96094) _check_effective_sql_mode /opt/stack/data/venv/lib/python3.12/site-packages/oslo_db/sqlalchemy/engines.py:325}}
Aug 10 01:56:04.501755 np0000006845 devstack@n-api-meta.service[96096]: DEBUG dbcounter [-] [96096] Writer thread running {{(pid=96096) stat_writer /opt/stack/data/venv/lib/python3.12/site-packages/dbcounter.py:102}}
Aug 10 01:56:04.503949 np0000006845 devstack@n-api-meta.service[96096]: DEBUG nova.context [None req-1d0547f0-c6dc-49bc-bc60-a6df7ae848fb None None] Found 2 cells: 00000000-0000-0000-0000-000000000000(cell0),7db2548a-07f0-4263-83b1-e09bd2db8fb1(cell1) {{(pid=96096) load_cells /opt/stack/nova/nova/context.py:509}}
Aug 10 01:56:04.504229 np0000006845 devstack@n-api-meta.service[96096]: INFO nova.utils [None req-1d0547f0-c6dc-49bc-bc60-a6df7ae848fb None None] The cell worker thread pool MainProcess.cell_worker is initialized
Aug 10 01:56:04.506521 np0000006845 devstack@n-api-meta.service[96096]: DEBUG oslo_concurrency.lockutils [None req-1d0547f0-c6dc-49bc-bc60-a6df7ae848fb None None] Acquiring lock "00000000-0000-0000-0000-000000000000" by "nova.context.set_target_cell..get_or_set_cached_cell_and_set_connections" {{(pid=96096) inner /opt/stack/data/venv/lib/python3.12/site-packages/oslo_concurrency/lockutils.py:512}}
Aug 10 01:56:04.506521 np0000006845 devstack@n-api-meta.service[96096]: DEBUG oslo_concurrency.lockutils [None req-1d0547f0-c6dc-49bc-bc60-a6df7ae848fb None None] Lock "00000000-0000-0000-0000-000000000000" acquired by "nova.context.set_target_cell..get_or_set_cached_cell_and_set_connections" :: waited 0.000s {{(pid=96096) inner /opt/stack/data/venv/lib/python3.12/site-packages/oslo_concurrency/lockutils.py:525}}
Aug 10 01:56:04.506521 np0000006845 devstack@n-api-meta.service[96096]: DEBUG oslo_concurrency.lockutils [None req-1d0547f0-c6dc-49bc-bc60-a6df7ae848fb None None] Lock "00000000-0000-0000-0000-000000000000" "released" by "nova.context.set_target_cell..get_or_set_cached_cell_and_set_connections" :: held 0.000s {{(pid=96096) inner /opt/stack/data/venv/lib/python3.12/site-packages/oslo_concurrency/lockutils.py:544}}
Aug 10 01:56:04.507144 np0000006845 devstack@n-api-meta.service[96096]: DEBUG oslo_concurrency.lockutils [None req-1d0547f0-c6dc-49bc-bc60-a6df7ae848fb None None] Acquiring lock "7db2548a-07f0-4263-83b1-e09bd2db8fb1" by "nova.context.set_target_cell..get_or_set_cached_cell_and_set_connections" {{(pid=96096) inner /opt/stack/data/venv/lib/python3.12/site-packages/oslo_concurrency/lockutils.py:512}}
Aug 10 01:56:04.507278 np0000006845 devstack@n-api-meta.service[96096]: DEBUG oslo_concurrency.lockutils [None req-1d0547f0-c6dc-49bc-bc60-a6df7ae848fb None None] Lock "7db2548a-07f0-4263-83b1-e09bd2db8fb1" acquired by "nova.context.set_target_cell..get_or_set_cached_cell_and_set_connections" :: waited 0.000s {{(pid=96096) inner /opt/stack/data/venv/lib/python3.12/site-packages/oslo_concurrency/lockutils.py:525}}
Aug 10 01:56:04.509049 np0000006845 devstack@n-api-meta.service[96096]: DEBUG oslo_concurrency.lockutils [None req-1d0547f0-c6dc-49bc-bc60-a6df7ae848fb None None] Lock "7db2548a-07f0-4263-83b1-e09bd2db8fb1" "released" by "nova.context.set_target_cell..get_or_set_cached_cell_and_set_connections" :: held 0.001s {{(pid=96096) inner /opt/stack/data/venv/lib/python3.12/site-packages/oslo_concurrency/lockutils.py:544}}
Aug 10 01:56:04.510568 np0000006845 devstack@n-api-meta.service[96096]: INFO dbcounter [None req-1d0547f0-c6dc-49bc-bc60-a6df7ae848fb None None] Registered counter for database nova_cell0
Aug 10 01:56:04.512796 np0000006845 devstack@n-api-meta.service[96096]: INFO dbcounter [None req-1d0547f0-c6dc-49bc-bc60-a6df7ae848fb None None] Registered counter for database nova_cell1
Aug 10 01:56:04.516202 np0000006845 devstack@n-api-meta.service[96095]: DEBUG dbcounter [-] [96095] Writer thread running {{(pid=96095) stat_writer /opt/stack/data/venv/lib/python3.12/site-packages/dbcounter.py:102}}
Aug 10 01:56:04.520523 np0000006845 devstack@n-api-meta.service[96095]: DEBUG nova.context [None req-7c41b5c5-cf0e-4dc1-8bdd-ab08138c9922 None None] Found 2 cells: 00000000-0000-0000-0000-000000000000(cell0),7db2548a-07f0-4263-83b1-e09bd2db8fb1(cell1) {{(pid=96095) load_cells /opt/stack/nova/nova/context.py:509}}
Aug 10 01:56:04.520523 np0000006845 devstack@n-api-meta.service[96095]: INFO nova.utils [None req-7c41b5c5-cf0e-4dc1-8bdd-ab08138c9922 None None] The cell worker thread pool MainProcess.cell_worker is initialized
Aug 10 01:56:04.522105 np0000006845 devstack@n-api-meta.service[96095]: DEBUG oslo_concurrency.lockutils [None req-7c41b5c5-cf0e-4dc1-8bdd-ab08138c9922 None None] Acquiring lock "00000000-0000-0000-0000-000000000000" by "nova.context.set_target_cell..get_or_set_cached_cell_and_set_connections" {{(pid=96095) inner /opt/stack/data/venv/lib/python3.12/site-packages/oslo_concurrency/lockutils.py:512}}
Aug 10 01:56:04.522409 np0000006845 devstack@n-api-meta.service[96095]: DEBUG oslo_concurrency.lockutils [None req-7c41b5c5-cf0e-4dc1-8bdd-ab08138c9922 None None] Lock "00000000-0000-0000-0000-000000000000" acquired by "nova.context.set_target_cell..get_or_set_cached_cell_and_set_connections" :: waited 0.000s {{(pid=96095) inner /opt/stack/data/venv/lib/python3.12/site-packages/oslo_concurrency/lockutils.py:525}}
Aug 10 01:56:04.522894 np0000006845 devstack@n-api-meta.service[96095]: DEBUG oslo_concurrency.lockutils [None req-7c41b5c5-cf0e-4dc1-8bdd-ab08138c9922 None None] Lock "00000000-0000-0000-0000-000000000000" "released" by "nova.context.set_target_cell..get_or_set_cached_cell_and_set_connections" :: held 0.001s {{(pid=96095) inner /opt/stack/data/venv/lib/python3.12/site-packages/oslo_concurrency/lockutils.py:544}}
Aug 10 01:56:04.525302 np0000006845 devstack@n-api-meta.service[96095]: DEBUG oslo_concurrency.lockutils [None req-7c41b5c5-cf0e-4dc1-8bdd-ab08138c9922 None None] Acquiring lock "7db2548a-07f0-4263-83b1-e09bd2db8fb1" by "nova.context.set_target_cell..get_or_set_cached_cell_and_set_connections" {{(pid=96095) inner /opt/stack/data/venv/lib/python3.12/site-packages/oslo_concurrency/lockutils.py:512}}
Aug 10 01:56:04.525460 np0000006845 devstack@n-api-meta.service[96095]: INFO dbcounter [None req-7c41b5c5-cf0e-4dc1-8bdd-ab08138c9922 None None] Registered counter for database nova_cell0
Aug 10 01:56:04.525643 np0000006845 devstack@n-api-meta.service[96094]: DEBUG dbcounter [-] [96094] Writer thread running {{(pid=96094) stat_writer /opt/stack/data/venv/lib/python3.12/site-packages/dbcounter.py:102}}
Aug 10 01:56:04.526663 np0000006845 devstack@n-api-meta.service[96095]: DEBUG oslo_concurrency.lockutils [None req-7c41b5c5-cf0e-4dc1-8bdd-ab08138c9922 None None] Lock "7db2548a-07f0-4263-83b1-e09bd2db8fb1" acquired by "nova.context.set_target_cell..get_or_set_cached_cell_and_set_connections" :: waited 0.001s {{(pid=96095) inner /opt/stack/data/venv/lib/python3.12/site-packages/oslo_concurrency/lockutils.py:525}}
Aug 10 01:56:04.528242 np0000006845 devstack@n-api-meta.service[96094]: DEBUG nova.context [None req-244d363f-35e3-4dfa-a182-31c2c4a56abd None None] Found 2 cells: 00000000-0000-0000-0000-000000000000(cell0),7db2548a-07f0-4263-83b1-e09bd2db8fb1(cell1) {{(pid=96094) load_cells /opt/stack/nova/nova/context.py:509}}
Aug 10 01:56:04.528411 np0000006845 devstack@n-api-meta.service[96095]: DEBUG oslo_concurrency.lockutils [None req-7c41b5c5-cf0e-4dc1-8bdd-ab08138c9922 None None] Lock "7db2548a-07f0-4263-83b1-e09bd2db8fb1" "released" by "nova.context.set_target_cell..get_or_set_cached_cell_and_set_connections" :: held 0.003s {{(pid=96095) inner /opt/stack/data/venv/lib/python3.12/site-packages/oslo_concurrency/lockutils.py:544}}
Aug 10 01:56:04.528522 np0000006845 devstack@n-api-meta.service[96094]: INFO nova.utils [None req-244d363f-35e3-4dfa-a182-31c2c4a56abd None None] The cell worker thread pool MainProcess.cell_worker is initialized
Aug 10 01:56:04.528632 np0000006845 devstack@n-api-meta.service[96097]: DEBUG oslo_db.sqlalchemy.engines [None req-51c54a25-51bd-40bf-a6dd-3ca938150ddb None None] MySQL server mode set to STRICT_TRANS_TABLES,STRICT_ALL_TABLES,NO_ZERO_IN_DATE,NO_ZERO_DATE,ERROR_FOR_DIVISION_BY_ZERO,TRADITIONAL,NO_ENGINE_SUBSTITUTION {{(pid=96097) _check_effective_sql_mode /opt/stack/data/venv/lib/python3.12/site-packages/oslo_db/sqlalchemy/engines.py:325}}
Aug 10 01:56:04.530304 np0000006845 devstack@n-api-meta.service[96095]: INFO dbcounter [None req-7c41b5c5-cf0e-4dc1-8bdd-ab08138c9922 None None] Registered counter for database nova_cell1
Aug 10 01:56:04.530560 np0000006845 devstack@n-api-meta.service[96094]: DEBUG oslo_concurrency.lockutils [None req-244d363f-35e3-4dfa-a182-31c2c4a56abd None None] Acquiring lock "00000000-0000-0000-0000-000000000000" by "nova.context.set_target_cell..get_or_set_cached_cell_and_set_connections" {{(pid=96094) inner /opt/stack/data/venv/lib/python3.12/site-packages/oslo_concurrency/lockutils.py:512}}
Aug 10 01:56:04.530745 np0000006845 devstack@n-api-meta.service[96094]: DEBUG oslo_concurrency.lockutils [None req-244d363f-35e3-4dfa-a182-31c2c4a56abd None None] Lock "00000000-0000-0000-0000-000000000000" acquired by "nova.context.set_target_cell..get_or_set_cached_cell_and_set_connections" :: waited 0.000s {{(pid=96094) inner /opt/stack/data/venv/lib/python3.12/site-packages/oslo_concurrency/lockutils.py:525}}
Aug 10 01:56:04.531195 np0000006845 devstack@n-api-meta.service[96094]: DEBUG oslo_concurrency.lockutils [None req-244d363f-35e3-4dfa-a182-31c2c4a56abd None None] Lock "00000000-0000-0000-0000-000000000000" "released" by "nova.context.set_target_cell..get_or_set_cached_cell_and_set_connections" :: held 0.000s {{(pid=96094) inner /opt/stack/data/venv/lib/python3.12/site-packages/oslo_concurrency/lockutils.py:544}}
Aug 10 01:56:04.531819 np0000006845 devstack@n-api-meta.service[96094]: DEBUG oslo_concurrency.lockutils [None req-244d363f-35e3-4dfa-a182-31c2c4a56abd None None] Acquiring lock "7db2548a-07f0-4263-83b1-e09bd2db8fb1" by "nova.context.set_target_cell..get_or_set_cached_cell_and_set_connections" {{(pid=96094) inner /opt/stack/data/venv/lib/python3.12/site-packages/oslo_concurrency/lockutils.py:512}}
Aug 10 01:56:04.531994 np0000006845 devstack@n-api-meta.service[96094]: DEBUG oslo_concurrency.lockutils [None req-244d363f-35e3-4dfa-a182-31c2c4a56abd None None] Lock "7db2548a-07f0-4263-83b1-e09bd2db8fb1" acquired by "nova.context.set_target_cell..get_or_set_cached_cell_and_set_connections" :: waited 0.000s {{(pid=96094) inner /opt/stack/data/venv/lib/python3.12/site-packages/oslo_concurrency/lockutils.py:525}}
Aug 10 01:56:04.532823 np0000006845 devstack@n-api-meta.service[96094]: DEBUG oslo_concurrency.lockutils [None req-244d363f-35e3-4dfa-a182-31c2c4a56abd None None] Lock "7db2548a-07f0-4263-83b1-e09bd2db8fb1" "released" by "nova.context.set_target_cell..get_or_set_cached_cell_and_set_connections" :: held 0.001s {{(pid=96094) inner /opt/stack/data/venv/lib/python3.12/site-packages/oslo_concurrency/lockutils.py:544}}
Aug 10 01:56:04.534288 np0000006845 devstack@n-api-meta.service[96094]: INFO dbcounter [None req-244d363f-35e3-4dfa-a182-31c2c4a56abd None None] Registered counter for database nova_cell0
Aug 10 01:56:04.536915 np0000006845 devstack@n-api-meta.service[96094]: INFO dbcounter [None req-244d363f-35e3-4dfa-a182-31c2c4a56abd None None] Registered counter for database nova_cell1
Aug 10 01:56:04.538030 np0000006845 devstack@n-api-meta.service[96097]: DEBUG oslo_db.sqlalchemy.engines [None req-51c54a25-51bd-40bf-a6dd-3ca938150ddb None None] MySQL server mode set to STRICT_TRANS_TABLES,STRICT_ALL_TABLES,NO_ZERO_IN_DATE,NO_ZERO_DATE,ERROR_FOR_DIVISION_BY_ZERO,TRADITIONAL,NO_ENGINE_SUBSTITUTION {{(pid=96097) _check_effective_sql_mode /opt/stack/data/venv/lib/python3.12/site-packages/oslo_db/sqlalchemy/engines.py:325}}
Aug 10 01:56:04.565484 np0000006845 devstack@n-api-meta.service[96096]: DEBUG oslo_db.sqlalchemy.engines [None req-1d0547f0-c6dc-49bc-bc60-a6df7ae848fb None None] MySQL server mode set to STRICT_TRANS_TABLES,STRICT_ALL_TABLES,NO_ZERO_IN_DATE,NO_ZERO_DATE,ERROR_FOR_DIVISION_BY_ZERO,TRADITIONAL,NO_ENGINE_SUBSTITUTION {{(pid=96096) _check_effective_sql_mode /opt/stack/data/venv/lib/python3.12/site-packages/oslo_db/sqlalchemy/engines.py:325}}
Aug 10 01:56:04.572503 np0000006845 devstack@n-api-meta.service[96095]: DEBUG oslo_db.sqlalchemy.engines [None req-7c41b5c5-cf0e-4dc1-8bdd-ab08138c9922 None None] MySQL server mode set to STRICT_TRANS_TABLES,STRICT_ALL_TABLES,NO_ZERO_IN_DATE,NO_ZERO_DATE,ERROR_FOR_DIVISION_BY_ZERO,TRADITIONAL,NO_ENGINE_SUBSTITUTION {{(pid=96095) _check_effective_sql_mode /opt/stack/data/venv/lib/python3.12/site-packages/oslo_db/sqlalchemy/engines.py:325}}
Aug 10 01:56:04.586172 np0000006845 devstack@n-api-meta.service[96096]: DEBUG oslo_db.sqlalchemy.engines [None req-1d0547f0-c6dc-49bc-bc60-a6df7ae848fb None None] MySQL server mode set to STRICT_TRANS_TABLES,STRICT_ALL_TABLES,NO_ZERO_IN_DATE,NO_ZERO_DATE,ERROR_FOR_DIVISION_BY_ZERO,TRADITIONAL,NO_ENGINE_SUBSTITUTION {{(pid=96096) _check_effective_sql_mode /opt/stack/data/venv/lib/python3.12/site-packages/oslo_db/sqlalchemy/engines.py:325}}
Aug 10 01:56:04.589751 np0000006845 devstack@n-api-meta.service[96094]: DEBUG oslo_db.sqlalchemy.engines [None req-244d363f-35e3-4dfa-a182-31c2c4a56abd None None] MySQL server mode set to STRICT_TRANS_TABLES,STRICT_ALL_TABLES,NO_ZERO_IN_DATE,NO_ZERO_DATE,ERROR_FOR_DIVISION_BY_ZERO,TRADITIONAL,NO_ENGINE_SUBSTITUTION {{(pid=96094) _check_effective_sql_mode /opt/stack/data/venv/lib/python3.12/site-packages/oslo_db/sqlalchemy/engines.py:325}}
Aug 10 01:56:04.620973 np0000006845 devstack@n-api-meta.service[96097]: DEBUG dbcounter [-] [96097] Writer thread running {{(pid=96097) stat_writer /opt/stack/data/venv/lib/python3.12/site-packages/dbcounter.py:102}}
Aug 10 01:56:04.625911 np0000006845 devstack@n-api-meta.service[96094]: DEBUG oslo_db.sqlalchemy.engines [None req-244d363f-35e3-4dfa-a182-31c2c4a56abd None None] MySQL server mode set to STRICT_TRANS_TABLES,STRICT_ALL_TABLES,NO_ZERO_IN_DATE,NO_ZERO_DATE,ERROR_FOR_DIVISION_BY_ZERO,TRADITIONAL,NO_ENGINE_SUBSTITUTION {{(pid=96094) _check_effective_sql_mode /opt/stack/data/venv/lib/python3.12/site-packages/oslo_db/sqlalchemy/engines.py:325}}
Aug 10 01:56:04.628564 np0000006845 devstack@n-api-meta.service[96097]: DEBUG dbcounter [-] [96097] Writer thread running {{(pid=96097) stat_writer /opt/stack/data/venv/lib/python3.12/site-packages/dbcounter.py:102}}
Aug 10 01:56:04.631816 np0000006845 devstack@n-api-meta.service[96097]: INFO dbcounter [None req-51c54a25-51bd-40bf-a6dd-3ca938150ddb None None] Registered counter for database nova_cell0
Aug 10 01:56:04.635812 np0000006845 devstack@n-api-meta.service[96095]: DEBUG oslo_db.sqlalchemy.engines [None req-7c41b5c5-cf0e-4dc1-8bdd-ab08138c9922 None None] MySQL server mode set to STRICT_TRANS_TABLES,STRICT_ALL_TABLES,NO_ZERO_IN_DATE,NO_ZERO_DATE,ERROR_FOR_DIVISION_BY_ZERO,TRADITIONAL,NO_ENGINE_SUBSTITUTION {{(pid=96095) _check_effective_sql_mode /opt/stack/data/venv/lib/python3.12/site-packages/oslo_db/sqlalchemy/engines.py:325}}
Aug 10 01:56:04.655143 np0000006845 devstack@n-api-meta.service[96096]: DEBUG dbcounter [-] [96096] Writer thread running {{(pid=96096) stat_writer /opt/stack/data/venv/lib/python3.12/site-packages/dbcounter.py:102}}
Aug 10 01:56:04.660018 np0000006845 devstack@n-api-meta.service[96096]: DEBUG dbcounter [-] [96096] Writer thread running {{(pid=96096) stat_writer /opt/stack/data/venv/lib/python3.12/site-packages/dbcounter.py:102}}
Aug 10 01:56:04.660949 np0000006845 devstack@n-api-meta.service[96095]: DEBUG dbcounter [-] [96095] Writer thread running {{(pid=96095) stat_writer /opt/stack/data/venv/lib/python3.12/site-packages/dbcounter.py:102}}
Aug 10 01:56:04.663230 np0000006845 devstack@n-api-meta.service[96096]: INFO dbcounter [None req-1d0547f0-c6dc-49bc-bc60-a6df7ae848fb None None] Registered counter for database nova_cell0
Aug 10 01:56:04.665520 np0000006845 devstack@n-api-meta.service[96095]: DEBUG dbcounter [-] [96095] Writer thread running {{(pid=96095) stat_writer /opt/stack/data/venv/lib/python3.12/site-packages/dbcounter.py:102}}
Aug 10 01:56:04.668157 np0000006845 devstack@n-api-meta.service[96095]: INFO dbcounter [None req-7c41b5c5-cf0e-4dc1-8bdd-ab08138c9922 None None] Registered counter for database nova_cell0
Aug 10 01:56:04.669965 np0000006845 devstack@n-api-meta.service[96097]: DEBUG oslo_db.sqlalchemy.engines [None req-51c54a25-51bd-40bf-a6dd-3ca938150ddb None None] MySQL server mode set to STRICT_TRANS_TABLES,STRICT_ALL_TABLES,NO_ZERO_IN_DATE,NO_ZERO_DATE,ERROR_FOR_DIVISION_BY_ZERO,TRADITIONAL,NO_ENGINE_SUBSTITUTION {{(pid=96097) _check_effective_sql_mode /opt/stack/data/venv/lib/python3.12/site-packages/oslo_db/sqlalchemy/engines.py:325}}
Aug 10 01:56:04.676248 np0000006845 devstack@n-api-meta.service[96097]: DEBUG dbcounter [-] [96097] Writer thread running {{(pid=96097) stat_writer /opt/stack/data/venv/lib/python3.12/site-packages/dbcounter.py:102}}
Aug 10 01:56:04.688371 np0000006845 devstack@n-api-meta.service[96094]: DEBUG dbcounter [-] [96094] Writer thread running {{(pid=96094) stat_writer /opt/stack/data/venv/lib/python3.12/site-packages/dbcounter.py:102}}
Aug 10 01:56:04.693158 np0000006845 devstack@n-api-meta.service[96094]: DEBUG dbcounter [-] [96094] Writer thread running {{(pid=96094) stat_writer /opt/stack/data/venv/lib/python3.12/site-packages/dbcounter.py:102}}
Aug 10 01:56:04.696320 np0000006845 devstack@n-api-meta.service[96094]: INFO dbcounter [None req-244d363f-35e3-4dfa-a182-31c2c4a56abd None None] Registered counter for database nova_cell0
Aug 10 01:56:04.707059 np0000006845 devstack@n-api-meta.service[96095]: DEBUG oslo_db.sqlalchemy.engines [None req-7c41b5c5-cf0e-4dc1-8bdd-ab08138c9922 None None] MySQL server mode set to STRICT_TRANS_TABLES,STRICT_ALL_TABLES,NO_ZERO_IN_DATE,NO_ZERO_DATE,ERROR_FOR_DIVISION_BY_ZERO,TRADITIONAL,NO_ENGINE_SUBSTITUTION {{(pid=96095) _check_effective_sql_mode /opt/stack/data/venv/lib/python3.12/site-packages/oslo_db/sqlalchemy/engines.py:325}}
Aug 10 01:56:04.711173 np0000006845 devstack@n-api-meta.service[96096]: DEBUG oslo_db.sqlalchemy.engines [None req-1d0547f0-c6dc-49bc-bc60-a6df7ae848fb None None] MySQL server mode set to STRICT_TRANS_TABLES,STRICT_ALL_TABLES,NO_ZERO_IN_DATE,NO_ZERO_DATE,ERROR_FOR_DIVISION_BY_ZERO,TRADITIONAL,NO_ENGINE_SUBSTITUTION {{(pid=96096) _check_effective_sql_mode /opt/stack/data/venv/lib/python3.12/site-packages/oslo_db/sqlalchemy/engines.py:325}}
Aug 10 01:56:04.714272 np0000006845 devstack@n-api-meta.service[96095]: DEBUG dbcounter [-] [96095] Writer thread running {{(pid=96095) stat_writer /opt/stack/data/venv/lib/python3.12/site-packages/dbcounter.py:102}}
Aug 10 01:56:04.714957 np0000006845 devstack@n-api-meta.service[96097]: WARNING nova.api.metadata.handler [None req-51c54a25-51bd-40bf-a6dd-3ca938150ddb None None] metadata_proxy_shared_secret is not configured, the metadata information returned by the proxy cannot be trusted
Aug 10 01:56:04.717114 np0000006845 devstack@n-api-meta.service[96097]: DEBUG nova.api.openstack.wsgi_app [None req-51c54a25-51bd-40bf-a6dd-3ca938150ddb None None] ******************************************************************************** {{(pid=96097) log_opt_values /opt/stack/data/venv/lib/python3.12/site-packages/oslo_config/cfg.py:3518}}
Aug 10 01:56:04.717217 np0000006845 devstack@n-api-meta.service[96097]: DEBUG nova.api.openstack.wsgi_app [None req-51c54a25-51bd-40bf-a6dd-3ca938150ddb None None] Configuration options gathered from: {{(pid=96097) log_opt_values /opt/stack/data/venv/lib/python3.12/site-packages/oslo_config/cfg.py:3519}}
Aug 10 01:56:04.717331 np0000006845 devstack@n-api-meta.service[96097]: DEBUG nova.api.openstack.wsgi_app [None req-51c54a25-51bd-40bf-a6dd-3ca938150ddb None None] command line args: [] {{(pid=96097) log_opt_values /opt/stack/data/venv/lib/python3.12/site-packages/oslo_config/cfg.py:3520}}
Aug 10 01:56:04.717466 np0000006845 devstack@n-api-meta.service[96096]: DEBUG dbcounter [-] [96096] Writer thread running {{(pid=96096) stat_writer /opt/stack/data/venv/lib/python3.12/site-packages/dbcounter.py:102}}
Aug 10 01:56:04.717524 np0000006845 devstack@n-api-meta.service[96097]: DEBUG nova.api.openstack.wsgi_app [None req-51c54a25-51bd-40bf-a6dd-3ca938150ddb None None] config files: ['/etc/nova/api-paste.ini', '/etc/nova/nova.conf'] {{(pid=96097) log_opt_values /opt/stack/data/venv/lib/python3.12/site-packages/oslo_config/cfg.py:3521}}
Aug 10 01:56:04.717590 np0000006845 devstack@n-api-meta.service[96097]: DEBUG nova.api.openstack.wsgi_app [None req-51c54a25-51bd-40bf-a6dd-3ca938150ddb None None] ================================================================================ {{(pid=96097) log_opt_values /opt/stack/data/venv/lib/python3.12/site-packages/oslo_config/cfg.py:3526}}
Aug 10 01:56:04.717757 np0000006845 devstack@n-api-meta.service[96097]: DEBUG nova.api.openstack.wsgi_app [None req-51c54a25-51bd-40bf-a6dd-3ca938150ddb None None] allow_resize_to_same_host = True {{(pid=96097) log_opt_values /opt/stack/data/venv/lib/python3.12/site-packages/oslo_config/cfg.py:3534}}
Aug 10 01:56:04.717995 np0000006845 devstack@n-api-meta.service[96097]: DEBUG nova.api.openstack.wsgi_app [None req-51c54a25-51bd-40bf-a6dd-3ca938150ddb None None] arq_binding_timeout = 300 {{(pid=96097) log_opt_values /opt/stack/data/venv/lib/python3.12/site-packages/oslo_config/cfg.py:3534}}
Aug 10 01:56:04.718134 np0000006845 devstack@n-api-meta.service[96097]: DEBUG nova.api.openstack.wsgi_app [None req-51c54a25-51bd-40bf-a6dd-3ca938150ddb None None] block_device_allocate_retries = 60 {{(pid=96097) log_opt_values /opt/stack/data/venv/lib/python3.12/site-packages/oslo_config/cfg.py:3534}}
Aug 10 01:56:04.718309 np0000006845 devstack@n-api-meta.service[96097]: DEBUG nova.api.openstack.wsgi_app [None req-51c54a25-51bd-40bf-a6dd-3ca938150ddb None None] block_device_allocate_retries_interval = 3 {{(pid=96097) log_opt_values /opt/stack/data/venv/lib/python3.12/site-packages/oslo_config/cfg.py:3534}}
Aug 10 01:56:04.718495 np0000006845 devstack@n-api-meta.service[96097]: DEBUG nova.api.openstack.wsgi_app [None req-51c54a25-51bd-40bf-a6dd-3ca938150ddb None None] cell_worker_thread_pool_size = 5 {{(pid=96097) log_opt_values /opt/stack/data/venv/lib/python3.12/site-packages/oslo_config/cfg.py:3534}}
Aug 10 01:56:04.718678 np0000006845 devstack@n-api-meta.service[96097]: DEBUG nova.api.openstack.wsgi_app [None req-51c54a25-51bd-40bf-a6dd-3ca938150ddb None None] cert = self.pem {{(pid=96097) log_opt_values /opt/stack/data/venv/lib/python3.12/site-packages/oslo_config/cfg.py:3534}}
Aug 10 01:56:04.718874 np0000006845 devstack@n-api-meta.service[96097]: DEBUG nova.api.openstack.wsgi_app [None req-51c54a25-51bd-40bf-a6dd-3ca938150ddb None None] compute_driver = libvirt.LibvirtDriver {{(pid=96097) log_opt_values /opt/stack/data/venv/lib/python3.12/site-packages/oslo_config/cfg.py:3534}}
Aug 10 01:56:04.719073 np0000006845 devstack@n-api-meta.service[96097]: DEBUG nova.api.openstack.wsgi_app [None req-51c54a25-51bd-40bf-a6dd-3ca938150ddb None None] compute_monitors = [] {{(pid=96097) log_opt_values /opt/stack/data/venv/lib/python3.12/site-packages/oslo_config/cfg.py:3534}}
Aug 10 01:56:04.719256 np0000006845 devstack@n-api-meta.service[96097]: DEBUG nova.api.openstack.wsgi_app [None req-51c54a25-51bd-40bf-a6dd-3ca938150ddb None None] concurrency_backend = auto {{(pid=96097) log_opt_values /opt/stack/data/venv/lib/python3.12/site-packages/oslo_config/cfg.py:3534}}
Aug 10 01:56:04.719448 np0000006845 devstack@n-api-meta.service[96097]: DEBUG nova.api.openstack.wsgi_app [None req-51c54a25-51bd-40bf-a6dd-3ca938150ddb None None] config_dir = [] {{(pid=96097) log_opt_values /opt/stack/data/venv/lib/python3.12/site-packages/oslo_config/cfg.py:3534}}
Aug 10 01:56:04.719627 np0000006845 devstack@n-api-meta.service[96097]: DEBUG nova.api.openstack.wsgi_app [None req-51c54a25-51bd-40bf-a6dd-3ca938150ddb None None] config_drive_format = iso9660 {{(pid=96097) log_opt_values /opt/stack/data/venv/lib/python3.12/site-packages/oslo_config/cfg.py:3534}}
Aug 10 01:56:04.719777 np0000006845 devstack@n-api-meta.service[96097]: DEBUG nova.api.openstack.wsgi_app [None req-51c54a25-51bd-40bf-a6dd-3ca938150ddb None None] config_file = ['/etc/nova/api-paste.ini', '/etc/nova/nova.conf'] {{(pid=96097) log_opt_values /opt/stack/data/venv/lib/python3.12/site-packages/oslo_config/cfg.py:3534}}
Aug 10 01:56:04.720157 np0000006845 devstack@n-api-meta.service[96097]: DEBUG nova.api.openstack.wsgi_app [None req-51c54a25-51bd-40bf-a6dd-3ca938150ddb None None] config_source = [] {{(pid=96097) log_opt_values /opt/stack/data/venv/lib/python3.12/site-packages/oslo_config/cfg.py:3534}}
Aug 10 01:56:04.720319 np0000006845 devstack@n-api-meta.service[96097]: DEBUG nova.api.openstack.wsgi_app [None req-51c54a25-51bd-40bf-a6dd-3ca938150ddb None None] console_host = np0000006845 {{(pid=96097) log_opt_values /opt/stack/data/venv/lib/python3.12/site-packages/oslo_config/cfg.py:3534}}
Aug 10 01:56:04.720507 np0000006845 devstack@n-api-meta.service[96097]: DEBUG nova.api.openstack.wsgi_app [None req-51c54a25-51bd-40bf-a6dd-3ca938150ddb None None] control_exchange = nova {{(pid=96097) log_opt_values /opt/stack/data/venv/lib/python3.12/site-packages/oslo_config/cfg.py:3534}}
Aug 10 01:56:04.720675 np0000006845 devstack@n-api-meta.service[96097]: DEBUG nova.api.openstack.wsgi_app [None req-51c54a25-51bd-40bf-a6dd-3ca938150ddb None None] cpu_allocation_ratio = None {{(pid=96097) log_opt_values /opt/stack/data/venv/lib/python3.12/site-packages/oslo_config/cfg.py:3534}}
Aug 10 01:56:04.720848 np0000006845 devstack@n-api-meta.service[96097]: DEBUG nova.api.openstack.wsgi_app [None req-51c54a25-51bd-40bf-a6dd-3ca938150ddb None None] daemon = False {{(pid=96097) log_opt_values /opt/stack/data/venv/lib/python3.12/site-packages/oslo_config/cfg.py:3534}}
Aug 10 01:56:04.721046 np0000006845 devstack@n-api-meta.service[96097]: DEBUG nova.api.openstack.wsgi_app [None req-51c54a25-51bd-40bf-a6dd-3ca938150ddb None None] debug = True {{(pid=96097) log_opt_values /opt/stack/data/venv/lib/python3.12/site-packages/oslo_config/cfg.py:3534}}
Aug 10 01:56:04.721210 np0000006845 devstack@n-api-meta.service[96097]: DEBUG nova.api.openstack.wsgi_app [None req-51c54a25-51bd-40bf-a6dd-3ca938150ddb None None] default_access_ip_network_name = None {{(pid=96097) log_opt_values /opt/stack/data/venv/lib/python3.12/site-packages/oslo_config/cfg.py:3534}}
Aug 10 01:56:04.721403 np0000006845 devstack@n-api-meta.service[96097]: DEBUG nova.api.openstack.wsgi_app [None req-51c54a25-51bd-40bf-a6dd-3ca938150ddb None None] default_availability_zone = nova {{(pid=96097) log_opt_values /opt/stack/data/venv/lib/python3.12/site-packages/oslo_config/cfg.py:3534}}
Aug 10 01:56:04.721584 np0000006845 devstack@n-api-meta.service[96097]: DEBUG nova.api.openstack.wsgi_app [None req-51c54a25-51bd-40bf-a6dd-3ca938150ddb None None] default_ephemeral_format = ext4 {{(pid=96097) log_opt_values /opt/stack/data/venv/lib/python3.12/site-packages/oslo_config/cfg.py:3534}}
Aug 10 01:56:04.721755 np0000006845 devstack@n-api-meta.service[96097]: DEBUG nova.api.openstack.wsgi_app [None req-51c54a25-51bd-40bf-a6dd-3ca938150ddb None None] default_green_pool_size = 1000 {{(pid=96097) log_opt_values /opt/stack/data/venv/lib/python3.12/site-packages/oslo_config/cfg.py:3534}}
Aug 10 01:56:04.722045 np0000006845 devstack@n-api-meta.service[96097]: DEBUG nova.api.openstack.wsgi_app [None req-51c54a25-51bd-40bf-a6dd-3ca938150ddb None None] default_log_levels = ['amqp=WARN', 'boto=WARN', 'sqlalchemy=WARN', 'suds=INFO', 'oslo.messaging=INFO', 'oslo_messaging=INFO', 'iso8601=WARN', 'requests.packages.urllib3.connectionpool=WARN', 'urllib3.connectionpool=WARN', 'websocket=WARN', 'requests.packages.urllib3.util.retry=WARN', 'urllib3.util.retry=WARN', 'keystonemiddleware=WARN', 'routes.middleware=WARN', 'stevedore=WARN', 'taskflow=WARN', 'keystoneauth=WARN', 'oslo.cache=INFO', 'oslo_policy=INFO', 'dogpile.core.dogpile=INFO', 'glanceclient=WARN', 'oslo.privsep.daemon=INFO'] {{(pid=96097) log_opt_values /opt/stack/data/venv/lib/python3.12/site-packages/oslo_config/cfg.py:3534}}
Aug 10 01:56:04.722217 np0000006845 devstack@n-api-meta.service[96097]: DEBUG nova.api.openstack.wsgi_app [None req-51c54a25-51bd-40bf-a6dd-3ca938150ddb None None] default_schedule_zone = None {{(pid=96097) log_opt_values /opt/stack/data/venv/lib/python3.12/site-packages/oslo_config/cfg.py:3534}}
Aug 10 01:56:04.722392 np0000006845 devstack@n-api-meta.service[96097]: DEBUG nova.api.openstack.wsgi_app [None req-51c54a25-51bd-40bf-a6dd-3ca938150ddb None None] default_thread_pool_size = 10 {{(pid=96097) log_opt_values /opt/stack/data/venv/lib/python3.12/site-packages/oslo_config/cfg.py:3534}}
Aug 10 01:56:04.722566 np0000006845 devstack@n-api-meta.service[96097]: DEBUG nova.api.openstack.wsgi_app [None req-51c54a25-51bd-40bf-a6dd-3ca938150ddb None None] disk_allocation_ratio = None {{(pid=96097) log_opt_values /opt/stack/data/venv/lib/python3.12/site-packages/oslo_config/cfg.py:3534}}
Aug 10 01:56:04.722740 np0000006845 devstack@n-api-meta.service[96097]: DEBUG nova.api.openstack.wsgi_app [None req-51c54a25-51bd-40bf-a6dd-3ca938150ddb None None] enable_new_services = True {{(pid=96097) log_opt_values /opt/stack/data/venv/lib/python3.12/site-packages/oslo_config/cfg.py:3534}}
Aug 10 01:56:04.722912 np0000006845 devstack@n-api-meta.service[96097]: DEBUG nova.api.openstack.wsgi_app [None req-51c54a25-51bd-40bf-a6dd-3ca938150ddb None None] flat_injected = False {{(pid=96097) log_opt_values /opt/stack/data/venv/lib/python3.12/site-packages/oslo_config/cfg.py:3534}}
Aug 10 01:56:04.723120 np0000006845 devstack@n-api-meta.service[96097]: DEBUG nova.api.openstack.wsgi_app [None req-51c54a25-51bd-40bf-a6dd-3ca938150ddb None None] force_config_drive = True {{(pid=96097) log_opt_values /opt/stack/data/venv/lib/python3.12/site-packages/oslo_config/cfg.py:3534}}
Aug 10 01:56:04.723284 np0000006845 devstack@n-api-meta.service[96097]: DEBUG nova.api.openstack.wsgi_app [None req-51c54a25-51bd-40bf-a6dd-3ca938150ddb None None] force_raw_images = True {{(pid=96097) log_opt_values /opt/stack/data/venv/lib/python3.12/site-packages/oslo_config/cfg.py:3534}}
Aug 10 01:56:04.723485 np0000006845 devstack@n-api-meta.service[96097]: DEBUG nova.api.openstack.wsgi_app [None req-51c54a25-51bd-40bf-a6dd-3ca938150ddb None None] graceful_shutdown_timeout = 5 {{(pid=96097) log_opt_values /opt/stack/data/venv/lib/python3.12/site-packages/oslo_config/cfg.py:3534}}
Aug 10 01:56:04.723657 np0000006845 devstack@n-api-meta.service[96097]: DEBUG nova.api.openstack.wsgi_app [None req-51c54a25-51bd-40bf-a6dd-3ca938150ddb None None] heal_instance_info_cache_interval = -1 {{(pid=96097) log_opt_values /opt/stack/data/venv/lib/python3.12/site-packages/oslo_config/cfg.py:3534}}
Aug 10 01:56:04.723886 np0000006845 devstack@n-api-meta.service[96097]: DEBUG nova.api.openstack.wsgi_app [None req-51c54a25-51bd-40bf-a6dd-3ca938150ddb None None] host = np0000006845 {{(pid=96097) log_opt_values /opt/stack/data/venv/lib/python3.12/site-packages/oslo_config/cfg.py:3534}}
Aug 10 01:56:04.724080 np0000006845 devstack@n-api-meta.service[96097]: DEBUG nova.api.openstack.wsgi_app [None req-51c54a25-51bd-40bf-a6dd-3ca938150ddb None None] initial_cpu_allocation_ratio = 4.0 {{(pid=96097) log_opt_values /opt/stack/data/venv/lib/python3.12/site-packages/oslo_config/cfg.py:3534}}
Aug 10 01:56:04.724251 np0000006845 devstack@n-api-meta.service[96097]: DEBUG nova.api.openstack.wsgi_app [None req-51c54a25-51bd-40bf-a6dd-3ca938150ddb None None] initial_disk_allocation_ratio = 1.0 {{(pid=96097) log_opt_values /opt/stack/data/venv/lib/python3.12/site-packages/oslo_config/cfg.py:3534}}
Aug 10 01:56:04.724432 np0000006845 devstack@n-api-meta.service[96097]: DEBUG nova.api.openstack.wsgi_app [None req-51c54a25-51bd-40bf-a6dd-3ca938150ddb None None] initial_ram_allocation_ratio = 1.0 {{(pid=96097) log_opt_values /opt/stack/data/venv/lib/python3.12/site-packages/oslo_config/cfg.py:3534}}
Aug 10 01:56:04.724658 np0000006845 devstack@n-api-meta.service[96097]: DEBUG nova.api.openstack.wsgi_app [None req-51c54a25-51bd-40bf-a6dd-3ca938150ddb None None] injected_network_template = /opt/stack/nova/nova/virt/interfaces.template {{(pid=96097) log_opt_values /opt/stack/data/venv/lib/python3.12/site-packages/oslo_config/cfg.py:3534}}
Aug 10 01:56:04.724839 np0000006845 devstack@n-api-meta.service[96097]: DEBUG nova.api.openstack.wsgi_app [None req-51c54a25-51bd-40bf-a6dd-3ca938150ddb None None] instance_build_timeout = 0 {{(pid=96097) log_opt_values /opt/stack/data/venv/lib/python3.12/site-packages/oslo_config/cfg.py:3534}}
Aug 10 01:56:04.725027 np0000006845 devstack@n-api-meta.service[96097]: DEBUG nova.api.openstack.wsgi_app [None req-51c54a25-51bd-40bf-a6dd-3ca938150ddb None None] instance_delete_interval = 300 {{(pid=96097) log_opt_values /opt/stack/data/venv/lib/python3.12/site-packages/oslo_config/cfg.py:3534}}
Aug 10 01:56:04.725203 np0000006845 devstack@n-api-meta.service[96097]: DEBUG nova.api.openstack.wsgi_app [None req-51c54a25-51bd-40bf-a6dd-3ca938150ddb None None] instance_format = [instance: %(uuid)s] {{(pid=96097) log_opt_values /opt/stack/data/venv/lib/python3.12/site-packages/oslo_config/cfg.py:3534}}
Aug 10 01:56:04.725389 np0000006845 devstack@n-api-meta.service[96097]: DEBUG nova.api.openstack.wsgi_app [None req-51c54a25-51bd-40bf-a6dd-3ca938150ddb None None] instance_name_template = instance-%08x {{(pid=96097) log_opt_values /opt/stack/data/venv/lib/python3.12/site-packages/oslo_config/cfg.py:3534}}
Aug 10 01:56:04.725562 np0000006845 devstack@n-api-meta.service[96097]: DEBUG nova.api.openstack.wsgi_app [None req-51c54a25-51bd-40bf-a6dd-3ca938150ddb None None] instance_usage_audit = False {{(pid=96097) log_opt_values /opt/stack/data/venv/lib/python3.12/site-packages/oslo_config/cfg.py:3534}}
Aug 10 01:56:04.725740 np0000006845 devstack@n-api-meta.service[96097]: DEBUG nova.api.openstack.wsgi_app [None req-51c54a25-51bd-40bf-a6dd-3ca938150ddb None None] instance_usage_audit_period = month {{(pid=96097) log_opt_values /opt/stack/data/venv/lib/python3.12/site-packages/oslo_config/cfg.py:3534}}
Aug 10 01:56:04.725912 np0000006845 devstack@n-api-meta.service[96097]: DEBUG nova.api.openstack.wsgi_app [None req-51c54a25-51bd-40bf-a6dd-3ca938150ddb None None] instance_uuid_format = [instance: %(uuid)s] {{(pid=96097) log_opt_values /opt/stack/data/venv/lib/python3.12/site-packages/oslo_config/cfg.py:3534}}
Aug 10 01:56:04.726110 np0000006845 devstack@n-api-meta.service[96097]: DEBUG nova.api.openstack.wsgi_app [None req-51c54a25-51bd-40bf-a6dd-3ca938150ddb None None] instances_path = /opt/stack/data/nova/instances {{(pid=96097) log_opt_values /opt/stack/data/venv/lib/python3.12/site-packages/oslo_config/cfg.py:3534}}
Aug 10 01:56:04.726286 np0000006845 devstack@n-api-meta.service[96097]: DEBUG nova.api.openstack.wsgi_app [None req-51c54a25-51bd-40bf-a6dd-3ca938150ddb None None] internal_service_availability_zone = internal {{(pid=96097) log_opt_values /opt/stack/data/venv/lib/python3.12/site-packages/oslo_config/cfg.py:3534}}
Aug 10 01:56:04.726464 np0000006845 devstack@n-api-meta.service[96097]: DEBUG nova.api.openstack.wsgi_app [None req-51c54a25-51bd-40bf-a6dd-3ca938150ddb None None] key = None {{(pid=96097) log_opt_values /opt/stack/data/venv/lib/python3.12/site-packages/oslo_config/cfg.py:3534}}
Aug 10 01:56:04.726633 np0000006845 devstack@n-api-meta.service[96097]: DEBUG nova.api.openstack.wsgi_app [None req-51c54a25-51bd-40bf-a6dd-3ca938150ddb None None] live_migration_retry_count = 30 {{(pid=96097) log_opt_values /opt/stack/data/venv/lib/python3.12/site-packages/oslo_config/cfg.py:3534}}
Aug 10 01:56:04.726812 np0000006845 devstack@n-api-meta.service[96097]: DEBUG nova.api.openstack.wsgi_app [None req-51c54a25-51bd-40bf-a6dd-3ca938150ddb None None] log_color = False {{(pid=96097) log_opt_values /opt/stack/data/venv/lib/python3.12/site-packages/oslo_config/cfg.py:3534}}
Aug 10 01:56:04.726998 np0000006845 devstack@n-api-meta.service[96097]: DEBUG nova.api.openstack.wsgi_app [None req-51c54a25-51bd-40bf-a6dd-3ca938150ddb None None] log_config_append = None {{(pid=96097) log_opt_values /opt/stack/data/venv/lib/python3.12/site-packages/oslo_config/cfg.py:3534}}
Aug 10 01:56:04.727171 np0000006845 devstack@n-api-meta.service[96097]: DEBUG nova.api.openstack.wsgi_app [None req-51c54a25-51bd-40bf-a6dd-3ca938150ddb None None] log_date_format = %Y-%m-%d %H:%M:%S {{(pid=96097) log_opt_values /opt/stack/data/venv/lib/python3.12/site-packages/oslo_config/cfg.py:3534}}
Aug 10 01:56:04.727339 np0000006845 devstack@n-api-meta.service[96097]: DEBUG nova.api.openstack.wsgi_app [None req-51c54a25-51bd-40bf-a6dd-3ca938150ddb None None] log_dir = None {{(pid=96097) log_opt_values /opt/stack/data/venv/lib/python3.12/site-packages/oslo_config/cfg.py:3534}}
Aug 10 01:56:04.727523 np0000006845 devstack@n-api-meta.service[96097]: DEBUG nova.api.openstack.wsgi_app [None req-51c54a25-51bd-40bf-a6dd-3ca938150ddb None None] log_file = None {{(pid=96097) log_opt_values /opt/stack/data/venv/lib/python3.12/site-packages/oslo_config/cfg.py:3534}}
Aug 10 01:56:04.727667 np0000006845 devstack@n-api-meta.service[96097]: DEBUG nova.api.openstack.wsgi_app [None req-51c54a25-51bd-40bf-a6dd-3ca938150ddb None None] log_options = True {{(pid=96097) log_opt_values /opt/stack/data/venv/lib/python3.12/site-packages/oslo_config/cfg.py:3534}}
Aug 10 01:56:04.727834 np0000006845 devstack@n-api-meta.service[96097]: DEBUG nova.api.openstack.wsgi_app [None req-51c54a25-51bd-40bf-a6dd-3ca938150ddb None None] log_rotate_interval = 1 {{(pid=96097) log_opt_values /opt/stack/data/venv/lib/python3.12/site-packages/oslo_config/cfg.py:3534}}
Aug 10 01:56:04.728029 np0000006845 devstack@n-api-meta.service[96097]: DEBUG nova.api.openstack.wsgi_app [None req-51c54a25-51bd-40bf-a6dd-3ca938150ddb None None] log_rotate_interval_type = days {{(pid=96097) log_opt_values /opt/stack/data/venv/lib/python3.12/site-packages/oslo_config/cfg.py:3534}}
Aug 10 01:56:04.728203 np0000006845 devstack@n-api-meta.service[96097]: DEBUG nova.api.openstack.wsgi_app [None req-51c54a25-51bd-40bf-a6dd-3ca938150ddb None None] log_rotation_type = none {{(pid=96097) log_opt_values /opt/stack/data/venv/lib/python3.12/site-packages/oslo_config/cfg.py:3534}}
Aug 10 01:56:04.728342 np0000006845 devstack@n-api-meta.service[96097]: DEBUG nova.api.openstack.wsgi_app [None req-51c54a25-51bd-40bf-a6dd-3ca938150ddb None None] logging_context_format_string = %(color)s%(levelname)s %(name)s [%(global_request_id)s %(request_id)s %(project_name)s %(user_name)s%(color)s] %(instance)s%(color)s%(message)s {{(pid=96097) log_opt_values /opt/stack/data/venv/lib/python3.12/site-packages/oslo_config/cfg.py:3534}}
Aug 10 01:56:04.728493 np0000006845 devstack@n-api-meta.service[96097]: DEBUG nova.api.openstack.wsgi_app [None req-51c54a25-51bd-40bf-a6dd-3ca938150ddb None None] logging_debug_format_suffix = {{(pid=%(process)d) %(funcName)s %(pathname)s:%(lineno)d}} {{(pid=96097) log_opt_values /opt/stack/data/venv/lib/python3.12/site-packages/oslo_config/cfg.py:3534}}
Aug 10 01:56:04.728677 np0000006845 devstack@n-api-meta.service[96097]: DEBUG nova.api.openstack.wsgi_app [None req-51c54a25-51bd-40bf-a6dd-3ca938150ddb None None] logging_default_format_string = %(color)s%(levelname)s %(name)s [-%(color)s] %(instance)s%(color)s%(message)s {{(pid=96097) log_opt_values /opt/stack/data/venv/lib/python3.12/site-packages/oslo_config/cfg.py:3534}}
