Jun 24 12:41:55.841103 np0000003539 devstack@g-api.service[99492]: DEBUG glance.api.middleware.version_negotiation [None req-f8d27941-8b25-44fe-9b0c-0e102fbd04de tempest-ServerActionsTestOtherA-832696674 tempest-ServerActionsTestOtherA-832696674-project-member] Using url versioning {{(pid=99492) process_request /opt/stack/glance/glance/api/middleware/version_negotiation.py:57}}
Jun 24 12:41:55.841103 np0000003539 devstack@g-api.service[99492]: DEBUG glance.api.middleware.version_negotiation [None req-f8d27941-8b25-44fe-9b0c-0e102fbd04de tempest-ServerActionsTestOtherA-832696674 tempest-ServerActionsTestOtherA-832696674-project-member] Matched version: v2 {{(pid=99492) process_request /opt/stack/glance/glance/api/middleware/version_negotiation.py:69}}
Jun 24 12:41:55.841103 np0000003539 devstack@g-api.service[99492]: DEBUG glance.api.middleware.version_negotiation [None req-f8d27941-8b25-44fe-9b0c-0e102fbd04de tempest-ServerActionsTestOtherA-832696674 tempest-ServerActionsTestOtherA-832696674-project-member] new path /v2/schemas/image {{(pid=99492) process_request /opt/stack/glance/glance/api/middleware/version_negotiation.py:70}}
Jun 24 12:41:55.847497 np0000003539 devstack@g-api.service[99492]: [pid: 99492|app: 0|req: 89/260] 127.0.0.1 () {44 vars in 1055 bytes} [Wed Jun 24 12:41:55 2026] GET /v2/schemas/image => generated 6083 bytes in 7 msecs (HTTP/1.1 200) 4 headers in 158 bytes (1 switches on core 0)
Jun 24 12:41:56.029015 np0000003539 devstack@g-api.service[99493]: DEBUG glance.api.middleware.version_negotiation [None req-f8d27941-8b25-44fe-9b0c-0e102fbd04de tempest-ServerActionsTestOtherA-832696674 tempest-ServerActionsTestOtherA-832696674-project-member] Determining version of request: GET /v2/images/3b9c8736-8517-4c0f-8c45-29657ec4bc49 Accept: application/json {{(pid=99493) process_request /opt/stack/glance/glance/api/middleware/version_negotiation.py:44}}
Jun 24 12:41:56.029264 np0000003539 devstack@g-api.service[99493]: DEBUG glance.api.middleware.version_negotiation [None req-f8d27941-8b25-44fe-9b0c-0e102fbd04de tempest-ServerActionsTestOtherA-832696674 tempest-ServerActionsTestOtherA-832696674-project-member] Using url versioning {{(pid=99493) process_request /opt/stack/glance/glance/api/middleware/version_negotiation.py:57}}
Jun 24 12:41:56.029492 np0000003539 devstack@g-api.service[99493]: DEBUG glance.api.middleware.version_negotiation [None req-f8d27941-8b25-44fe-9b0c-0e102fbd04de tempest-ServerActionsTestOtherA-832696674 tempest-ServerActionsTestOtherA-832696674-project-member] Matched version: v2 {{(pid=99493) process_request /opt/stack/glance/glance/api/middleware/version_negotiation.py:69}}
Jun 24 12:41:56.029612 np0000003539 devstack@g-api.service[99493]: DEBUG glance.api.middleware.version_negotiation [None req-f8d27941-8b25-44fe-9b0c-0e102fbd04de tempest-ServerActionsTestOtherA-832696674 tempest-ServerActionsTestOtherA-832696674-project-member] new path /v2/images/3b9c8736-8517-4c0f-8c45-29657ec4bc49 {{(pid=99493) process_request /opt/stack/glance/glance/api/middleware/version_negotiation.py:70}}
Jun 24 12:41:56.045579 np0000003539 devstack@g-api.service[99493]: [pid: 99493|app: 0|req: 95/261] 127.0.0.1 () {40 vars in 838 bytes} [Wed Jun 24 12:41:56 2026] GET /v2/images/3b9c8736-8517-4c0f-8c45-29657ec4bc49 => generated 648 bytes in 17 msecs (HTTP/1.1 200) 4 headers in 157 bytes (1 switches on core 0)
Jun 24 12:41:56.294440 np0000003539 devstack@g-api.service[99492]: DEBUG glance.api.middleware.version_negotiation [None req-f8d27941-8b25-44fe-9b0c-0e102fbd04de tempest-ServerActionsTestOtherA-832696674 tempest-ServerActionsTestOtherA-832696674-project-member] Determining version of request: GET /versions Accept: */* {{(pid=99492) process_request /opt/stack/glance/glance/api/middleware/version_negotiation.py:44}}
Jun 24 12:41:56.296681 np0000003539 devstack@g-api.service[99492]: [pid: 99492|app: 0|req: 90/262] 127.0.0.1 () {44 vars in 1039 bytes} [Wed Jun 24 12:41:56 2026] GET /versions => generated 1407 bytes in 3 msecs (HTTP/1.1 200) 3 headers in 92 bytes (1 switches on core 0)
Jun 24 12:41:56.305476 np0000003539 devstack@g-api.service[99493]: DEBUG glance.api.middleware.version_negotiation [None req-a6665714-4134-45da-8de5-fcabce3bb8d9 tempest-VolumesActionsTest-128657348 tempest-VolumesActionsTest-128657348-project-member] Determining version of request: GET /v2/images/fe301550-6fda-4eab-99c0-82bb9ecef45e/locations Accept: */* {{(pid=99493) process_request /opt/stack/glance/glance/api/middleware/version_negotiation.py:44}}
Jun 24 12:41:56.305651 np0000003539 devstack@g-api.service[99493]: DEBUG glance.api.middleware.version_negotiation [None req-a6665714-4134-45da-8de5-fcabce3bb8d9 tempest-VolumesActionsTest-128657348 tempest-VolumesActionsTest-128657348-project-member] Using url versioning {{(pid=99493) process_request /opt/stack/glance/glance/api/middleware/version_negotiation.py:57}}
Jun 24 12:41:56.308040 np0000003539 devstack@g-api.service[99493]: DEBUG glance.api.middleware.version_negotiation [None req-a6665714-4134-45da-8de5-fcabce3bb8d9 tempest-VolumesActionsTest-128657348 tempest-VolumesActionsTest-128657348-project-member] Matched version: v2 {{(pid=99493) process_request /opt/stack/glance/glance/api/middleware/version_negotiation.py:69}}
Jun 24 12:41:56.308040 np0000003539 devstack@g-api.service[99493]: DEBUG glance.api.middleware.version_negotiation [None req-a6665714-4134-45da-8de5-fcabce3bb8d9 tempest-VolumesActionsTest-128657348 tempest-VolumesActionsTest-128657348-project-member] new path /v2/images/fe301550-6fda-4eab-99c0-82bb9ecef45e/locations {{(pid=99493) process_request /opt/stack/glance/glance/api/middleware/version_negotiation.py:70}}
Jun 24 12:41:56.369456 np0000003539 devstack@g-api.service[99493]: [pid: 99493|app: 0|req: 96/263] 127.0.0.1 () {44 vars in 1135 bytes} [Wed Jun 24 12:41:56 2026] GET /v2/images/fe301550-6fda-4eab-99c0-82bb9ecef45e/locations => generated 92 bytes in 64 msecs (HTTP/1.1 200) 4 headers in 156 bytes (1 switches on core 0)
Jun 24 12:41:56.378651 np0000003539 devstack@g-api.service[99492]: DEBUG glance.api.middleware.version_negotiation [None req-f8d27941-8b25-44fe-9b0c-0e102fbd04de tempest-ServerActionsTestOtherA-832696674 tempest-ServerActionsTestOtherA-832696674-project-member] Determining version of request: GET /v2/images/fe301550-6fda-4eab-99c0-82bb9ecef45e Accept: */* {{(pid=99492) process_request /opt/stack/glance/glance/api/middleware/version_negotiation.py:44}}
Jun 24 12:41:56.379579 np0000003539 devstack@g-api.service[99492]: DEBUG glance.api.middleware.version_negotiation [None req-f8d27941-8b25-44fe-9b0c-0e102fbd04de tempest-ServerActionsTestOtherA-832696674 tempest-ServerActionsTestOtherA-832696674-project-member] Using url versioning {{(pid=99492) process_request /opt/stack/glance/glance/api/middleware/version_negotiation.py:57}}
Jun 24 12:41:56.379987 np0000003539 devstack@g-api.service[99492]: DEBUG glance.api.middleware.version_negotiation [None req-f8d27941-8b25-44fe-9b0c-0e102fbd04de tempest-ServerActionsTestOtherA-832696674 tempest-ServerActionsTestOtherA-832696674-project-member] Matched version: v2 {{(pid=99492) process_request /opt/stack/glance/glance/api/middleware/version_negotiation.py:69}}
Jun 24 12:41:56.380405 np0000003539 devstack@g-api.service[99492]: DEBUG glance.api.middleware.version_negotiation [None req-f8d27941-8b25-44fe-9b0c-0e102fbd04de tempest-ServerActionsTestOtherA-832696674 tempest-ServerActionsTestOtherA-832696674-project-member] new path /v2/images/fe301550-6fda-4eab-99c0-82bb9ecef45e {{(pid=99492) process_request /opt/stack/glance/glance/api/middleware/version_negotiation.py:70}}
Jun 24 12:41:56.398644 np0000003539 devstack@g-api.service[99492]: [pid: 99492|app: 0|req: 91/264] 127.0.0.1 () {44 vars in 1115 bytes} [Wed Jun 24 12:41:56 2026] GET /v2/images/fe301550-6fda-4eab-99c0-82bb9ecef45e => generated 1044 bytes in 20 msecs (HTTP/1.1 200) 4 headers in 158 bytes (1 switches on core 0)
Jun 24 12:41:56.406614 np0000003539 devstack@g-api.service[99493]: DEBUG glance.api.middleware.version_negotiation [None req-f8d27941-8b25-44fe-9b0c-0e102fbd04de service glance] Determining version of request: GET /v2/schemas/image Accept: */* {{(pid=99493) process_request /opt/stack/glance/glance/api/middleware/version_negotiation.py:44}}
Jun 24 12:41:56.407097 np0000003539 devstack@g-api.service[99493]: DEBUG glance.api.middleware.version_negotiation [None req-f8d27941-8b25-44fe-9b0c-0e102fbd04de service glance] Using url versioning {{(pid=99493) process_request /opt/stack/glance/glance/api/middleware/version_negotiation.py:57}}
Jun 24 12:41:56.407097 np0000003539 devstack@g-api.service[99493]: DEBUG glance.api.middleware.version_negotiation [None req-f8d27941-8b25-44fe-9b0c-0e102fbd04de service glance] Matched version: v2 {{(pid=99493) process_request /opt/stack/glance/glance/api/middleware/version_negotiation.py:69}}
Jun 24 12:41:56.407256 np0000003539 devstack@g-api.service[99493]: DEBUG glance.api.middleware.version_negotiation [None req-f8d27941-8b25-44fe-9b0c-0e102fbd04de service glance] new path /v2/schemas/image {{(pid=99493) process_request /opt/stack/glance/glance/api/middleware/version_negotiation.py:70}}
Jun 24 12:41:56.410524 np0000003539 devstack@g-api.service[99493]: [pid: 99493|app: 0|req: 97/265] 127.0.0.1 () {44 vars in 1055 bytes} [Wed Jun 24 12:41:56 2026] GET /v2/schemas/image => generated 6083 bytes in 4 msecs (HTTP/1.1 200) 4 headers in 158 bytes (1 switches on core 0)
Jun 24 12:41:56.423689 np0000003539 devstack@g-api.service[99492]: DEBUG glance.api.middleware.version_negotiation [None req-f8d27941-8b25-44fe-9b0c-0e102fbd04de tempest-ServerActionsTestOtherA-832696674 tempest-ServerActionsTestOtherA-832696674-project-member] Determining version of request: GET /v2/schemas/image Accept: */* {{(pid=99492) process_request /opt/stack/glance/glance/api/middleware/version_negotiation.py:44}}
Jun 24 12:41:56.424160 np0000003539 devstack@g-api.service[99492]: DEBUG glance.api.middleware.version_negotiation [None req-f8d27941-8b25-44fe-9b0c-0e102fbd04de tempest-ServerActionsTestOtherA-832696674 tempest-ServerActionsTestOtherA-832696674-project-member] Using url versioning {{(pid=99492) process_request /opt/stack/glance/glance/api/middleware/version_negotiation.py:57}}
Jun 24 12:41:56.424394 np0000003539 devstack@g-api.service[99492]: DEBUG glance.api.middleware.version_negotiation [None req-f8d27941-8b25-44fe-9b0c-0e102fbd04de tempest-ServerActionsTestOtherA-832696674 tempest-ServerActionsTestOtherA-832696674-project-member] Matched version: v2 {{(pid=99492) process_request /opt/stack/glance/glance/api/middleware/version_negotiation.py:69}}
Jun 24 12:41:56.424580 np0000003539 devstack@g-api.service[99492]: DEBUG glance.api.middleware.version_negotiation [None req-f8d27941-8b25-44fe-9b0c-0e102fbd04de tempest-ServerActionsTestOtherA-832696674 tempest-ServerActionsTestOtherA-832696674-project-member] new path /v2/schemas/image {{(pid=99492) process_request /opt/stack/glance/glance/api/middleware/version_negotiation.py:70}}
Jun 24 12:41:56.427512 np0000003539 devstack@g-api.service[99492]: [pid: 99492|app: 0|req: 92/266] 127.0.0.1 () {44 vars in 1055 bytes} [Wed Jun 24 12:41:56 2026] GET /v2/schemas/image => generated 6083 bytes in 4 msecs (HTTP/1.1 200) 4 headers in 158 bytes (1 switches on core 0)
Jun 24 12:41:57.059710 np0000003539 devstack@g-api.service[99493]: DEBUG glance.api.middleware.version_negotiation [None req-f8d27941-8b25-44fe-9b0c-0e102fbd04de tempest-ServerActionsTestOtherA-832696674 tempest-ServerActionsTestOtherA-832696674-project-member] Determining version of request: GET /v2/images/3b9c8736-8517-4c0f-8c45-29657ec4bc49 Accept: application/json {{(pid=99493) process_request /opt/stack/glance/glance/api/middleware/version_negotiation.py:44}}
Jun 24 12:41:57.060104 np0000003539 devstack@g-api.service[99493]: DEBUG glance.api.middleware.version_negotiation [None req-f8d27941-8b25-44fe-9b0c-0e102fbd04de tempest-ServerActionsTestOtherA-832696674 tempest-ServerActionsTestOtherA-832696674-project-member] Using url versioning {{(pid=99493) process_request /opt/stack/glance/glance/api/middleware/version_negotiation.py:57}}
Jun 24 12:41:57.060153 np0000003539 devstack@g-api.service[99493]: DEBUG glance.api.middleware.version_negotiation [None req-f8d27941-8b25-44fe-9b0c-0e102fbd04de tempest-ServerActionsTestOtherA-832696674 tempest-ServerActionsTestOtherA-832696674-project-member] Matched version: v2 {{(pid=99493) process_request /opt/stack/glance/glance/api/middleware/version_negotiation.py:69}}
Jun 24 12:41:57.060279 np0000003539 devstack@g-api.service[99493]: DEBUG glance.api.middleware.version_negotiation [None req-f8d27941-8b25-44fe-9b0c-0e102fbd04de tempest-ServerActionsTestOtherA-832696674 tempest-ServerActionsTestOtherA-832696674-project-member] new path /v2/images/3b9c8736-8517-4c0f-8c45-29657ec4bc49 {{(pid=99493) process_request /opt/stack/glance/glance/api/middleware/version_negotiation.py:70}}
Jun 24 12:41:57.071372 np0000003539 devstack@g-api.service[99493]: [pid: 99493|app: 0|req: 98/267] 127.0.0.1 () {40 vars in 838 bytes} [Wed Jun 24 12:41:57 2026] GET /v2/images/3b9c8736-8517-4c0f-8c45-29657ec4bc49 => generated 648 bytes in 12 msecs (HTTP/1.1 200) 4 headers in 157 bytes (1 switches on core 0)
Jun 24 12:41:57.427219 np0000003539 devstack@g-api.service[99494]: DEBUG swiftclient [None req-d87cd902-f553-47dc-8617-66e98cfc6263 tempest-VolumesActionsTest-128657348 tempest-VolumesActionsTest-128657348-project-member] REQ: curl -i https://10.4.3.143:8080/v1/AUTH_e4d5814d5eda42a8a8a04579d35b444f/glance/3b9c8736-8517-4c0f-8c45-29657ec4bc49-00001 -X PUT -H "X-Auth-Token: gAAAAABqO9CTNRVo..." {{(pid=99494) http_log /opt/stack/data/venv/lib/python3.12/site-packages/swiftclient/client.py:160}}
Jun 24 12:41:57.427496 np0000003539 devstack@g-api.service[99494]: DEBUG swiftclient [None req-d87cd902-f553-47dc-8617-66e98cfc6263 tempest-VolumesActionsTest-128657348 tempest-VolumesActionsTest-128657348-project-member] RESP STATUS: 201 Created {{(pid=99494) http_log /opt/stack/data/venv/lib/python3.12/site-packages/swiftclient/client.py:161}}
Jun 24 12:41:57.427496 np0000003539 devstack@g-api.service[99494]: DEBUG swiftclient [None req-d87cd902-f553-47dc-8617-66e98cfc6263 tempest-VolumesActionsTest-128657348 tempest-VolumesActionsTest-128657348-project-member] RESP HEADERS: {'Date': 'Wed, 24 Jun 2026 12:41:57 GMT', 'Server': 'Apache/2.4.58 (Ubuntu)', 'Content-Type': 'text/html; charset=UTF-8', 'Content-Length': '0', 'Etag': 'eda9a9889837ac4bc81d6387d92c1bec', 'Last-Modified': 'Wed, 24 Jun 2026 12:41:56 GMT', 'X-Trans-Id': 'txb5814f0460634af8b39e0-006a3bd093', 'X-Openstack-Request-Id': 'txb5814f0460634af8b39e0-006a3bd093', 'Connection': 'close'} {{(pid=99494) http_log /opt/stack/data/venv/lib/python3.12/site-packages/swiftclient/client.py:162}}
Jun 24 12:41:57.427627 np0000003539 devstack@g-api.service[99494]: DEBUG glance_store._drivers.swift.store [None req-d87cd902-f553-47dc-8617-66e98cfc6263 tempest-VolumesActionsTest-128657348 tempest-VolumesActionsTest-128657348-project-member] Wrote chunk 3b9c8736-8517-4c0f-8c45-29657ec4bc49-00001 (1/?) of length 204800000 to Swift returning MD5 of content: eda9a9889837ac4bc81d6387d92c1bec {{(pid=99494) add /opt/stack/data/venv/lib/python3.12/site-packages/glance_store/_drivers/swift/store.py:1059}}
Jun 24 12:41:58.081317 np0000003539 devstack@g-api.service[99492]: DEBUG glance.api.middleware.version_negotiation [None req-f8d27941-8b25-44fe-9b0c-0e102fbd04de tempest-ServerActionsTestOtherA-832696674 tempest-ServerActionsTestOtherA-832696674-project-member] Determining version of request: GET /v2/images/3b9c8736-8517-4c0f-8c45-29657ec4bc49 Accept: application/json {{(pid=99492) process_request /opt/stack/glance/glance/api/middleware/version_negotiation.py:44}}
Jun 24 12:41:58.081673 np0000003539 devstack@g-api.service[99492]: DEBUG glance.api.middleware.version_negotiation [None req-f8d27941-8b25-44fe-9b0c-0e102fbd04de tempest-ServerActionsTestOtherA-832696674 tempest-ServerActionsTestOtherA-832696674-project-member] Using url versioning {{(pid=99492) process_request /opt/stack/glance/glance/api/middleware/version_negotiation.py:57}}
Jun 24 12:41:58.081673 np0000003539 devstack@g-api.service[99492]: DEBUG glance.api.middleware.version_negotiation [None req-f8d27941-8b25-44fe-9b0c-0e102fbd04de tempest-ServerActionsTestOtherA-832696674 tempest-ServerActionsTestOtherA-832696674-project-member] Matched version: v2 {{(pid=99492) process_request /opt/stack/glance/glance/api/middleware/version_negotiation.py:69}}
Jun 24 12:41:58.081673 np0000003539 devstack@g-api.service[99492]: DEBUG glance.api.middleware.version_negotiation [None req-f8d27941-8b25-44fe-9b0c-0e102fbd04de tempest-ServerActionsTestOtherA-832696674 tempest-ServerActionsTestOtherA-832696674-project-member] new path /v2/images/3b9c8736-8517-4c0f-8c45-29657ec4bc49 {{(pid=99492) process_request /opt/stack/glance/glance/api/middleware/version_negotiation.py:70}}
Jun 24 12:41:58.098151 np0000003539 devstack@g-api.service[99492]: [pid: 99492|app: 0|req: 93/268] 127.0.0.1 () {40 vars in 838 bytes} [Wed Jun 24 12:41:58 2026] GET /v2/images/3b9c8736-8517-4c0f-8c45-29657ec4bc49 => generated 648 bytes in 17 msecs (HTTP/1.1 200) 4 headers in 157 bytes (1 switches on core 0)
Jun 24 12:41:59.108292 np0000003539 devstack@g-api.service[99493]: DEBUG glance.api.middleware.version_negotiation [None req-88ae9db5-06b1-4e46-818d-8d0fc83204b6 tempest-VolumesActionsTest-128657348 tempest-VolumesActionsTest-128657348-project-member] Determining version of request: GET /v2/images/3b9c8736-8517-4c0f-8c45-29657ec4bc49 Accept: application/json {{(pid=99493) process_request /opt/stack/glance/glance/api/middleware/version_negotiation.py:44}}
Jun 24 12:41:59.108621 np0000003539 devstack@g-api.service[99493]: DEBUG glance.api.middleware.version_negotiation [None req-88ae9db5-06b1-4e46-818d-8d0fc83204b6 tempest-VolumesActionsTest-128657348 tempest-VolumesActionsTest-128657348-project-member] Using url versioning {{(pid=99493) process_request /opt/stack/glance/glance/api/middleware/version_negotiation.py:57}}
Jun 24 12:41:59.108621 np0000003539 devstack@g-api.service[99493]: DEBUG glance.api.middleware.version_negotiation [None req-88ae9db5-06b1-4e46-818d-8d0fc83204b6 tempest-VolumesActionsTest-128657348 tempest-VolumesActionsTest-128657348-project-member] Matched version: v2 {{(pid=99493) process_request /opt/stack/glance/glance/api/middleware/version_negotiation.py:69}}
Jun 24 12:41:59.109475 np0000003539 devstack@g-api.service[99493]: DEBUG glance.api.middleware.version_negotiation [None req-88ae9db5-06b1-4e46-818d-8d0fc83204b6 tempest-VolumesActionsTest-128657348 tempest-VolumesActionsTest-128657348-project-member] new path /v2/images/3b9c8736-8517-4c0f-8c45-29657ec4bc49 {{(pid=99493) process_request /opt/stack/glance/glance/api/middleware/version_negotiation.py:70}}
Jun 24 12:41:59.120916 np0000003539 devstack@g-api.service[99493]: [pid: 99493|app: 0|req: 99/269] 127.0.0.1 () {40 vars in 838 bytes} [Wed Jun 24 12:41:59 2026] GET /v2/images/3b9c8736-8517-4c0f-8c45-29657ec4bc49 => generated 648 bytes in 13 msecs (HTTP/1.1 200) 4 headers in 157 bytes (1 switches on core 0)
Jun 24 12:41:59.904286 np0000003539 devstack@g-api.service[99494]: DEBUG swiftclient [None req-d87cd902-f553-47dc-8617-66e98cfc6263 tempest-VolumesActionsTest-128657348 tempest-VolumesActionsTest-128657348-project-member] REQ: curl -i https://10.4.3.143:8080/v1/AUTH_e4d5814d5eda42a8a8a04579d35b444f/glance/3b9c8736-8517-4c0f-8c45-29657ec4bc49-00002 -X PUT -H "X-Auth-Token: gAAAAABqO9CTNRVo..." {{(pid=99494) http_log /opt/stack/data/venv/lib/python3.12/site-packages/swiftclient/client.py:160}}
Jun 24 12:41:59.904542 np0000003539 devstack@g-api.service[99494]: DEBUG swiftclient [None req-d87cd902-f553-47dc-8617-66e98cfc6263 tempest-VolumesActionsTest-128657348 tempest-VolumesActionsTest-128657348-project-member] RESP STATUS: 201 Created {{(pid=99494) http_log /opt/stack/data/venv/lib/python3.12/site-packages/swiftclient/client.py:161}}
Jun 24 12:41:59.904542 np0000003539 devstack@g-api.service[99494]: DEBUG swiftclient [None req-d87cd902-f553-47dc-8617-66e98cfc6263 tempest-VolumesActionsTest-128657348 tempest-VolumesActionsTest-128657348-project-member] RESP HEADERS: {'Date': 'Wed, 24 Jun 2026 12:41:59 GMT', 'Server': 'Apache/2.4.58 (Ubuntu)', 'Content-Type': 'text/html; charset=UTF-8', 'Content-Length': '0', 'Etag': 'eda9a9889837ac4bc81d6387d92c1bec', 'Last-Modified': 'Wed, 24 Jun 2026 12:41:58 GMT', 'X-Trans-Id': 'tx6f4db915140d4b269b275-006a3bd095', 'X-Openstack-Request-Id': 'tx6f4db915140d4b269b275-006a3bd095', 'Connection': 'close'} {{(pid=99494) http_log /opt/stack/data/venv/lib/python3.12/site-packages/swiftclient/client.py:162}}
Jun 24 12:41:59.904691 np0000003539 devstack@g-api.service[99494]: DEBUG glance_store._drivers.swift.store [None req-d87cd902-f553-47dc-8617-66e98cfc6263 tempest-VolumesActionsTest-128657348 tempest-VolumesActionsTest-128657348-project-member] Wrote chunk 3b9c8736-8517-4c0f-8c45-29657ec4bc49-00002 (2/?) of length 204800000 to Swift returning MD5 of content: eda9a9889837ac4bc81d6387d92c1bec {{(pid=99494) add /opt/stack/data/venv/lib/python3.12/site-packages/glance_store/_drivers/swift/store.py:1059}}
Jun 24 12:42:00.131944 np0000003539 devstack@g-api.service[99492]: DEBUG glance.api.middleware.version_negotiation [None req-6c3c65e8-cecc-4734-80a1-51f0796a195b tempest-VolumesActionsTest-128657348 tempest-VolumesActionsTest-128657348-project-member] Determining version of request: GET /v2/images/3b9c8736-8517-4c0f-8c45-29657ec4bc49 Accept: application/json {{(pid=99492) process_request /opt/stack/glance/glance/api/middleware/version_negotiation.py:44}}
Jun 24 12:42:00.134360 np0000003539 devstack@g-api.service[99492]: DEBUG glance.api.middleware.version_negotiation [None req-6c3c65e8-cecc-4734-80a1-51f0796a195b tempest-VolumesActionsTest-128657348 tempest-VolumesActionsTest-128657348-project-member] Using url versioning {{(pid=99492) process_request /opt/stack/glance/glance/api/middleware/version_negotiation.py:57}}
Jun 24 12:42:00.134360 np0000003539 devstack@g-api.service[99492]: DEBUG glance.api.middleware.version_negotiation [None req-6c3c65e8-cecc-4734-80a1-51f0796a195b tempest-VolumesActionsTest-128657348 tempest-VolumesActionsTest-128657348-project-member] Matched version: v2 {{(pid=99492) process_request /opt/stack/glance/glance/api/middleware/version_negotiation.py:69}}
Jun 24 12:42:00.135217 np0000003539 devstack@g-api.service[99492]: DEBUG glance.api.middleware.version_negotiation [None req-6c3c65e8-cecc-4734-80a1-51f0796a195b tempest-VolumesActionsTest-128657348 tempest-VolumesActionsTest-128657348-project-member] new path /v2/images/3b9c8736-8517-4c0f-8c45-29657ec4bc49 {{(pid=99492) process_request /opt/stack/glance/glance/api/middleware/version_negotiation.py:70}}
Jun 24 12:42:00.151465 np0000003539 devstack@g-api.service[99492]: [pid: 99492|app: 0|req: 94/270] 127.0.0.1 () {40 vars in 838 bytes} [Wed Jun 24 12:42:00 2026] GET /v2/images/3b9c8736-8517-4c0f-8c45-29657ec4bc49 => generated 648 bytes in 20 msecs (HTTP/1.1 200) 4 headers in 157 bytes (1 switches on core 0)
Jun 24 12:42:01.161306 np0000003539 devstack@g-api.service[99493]: DEBUG glance.api.middleware.version_negotiation [None req-d4b05bbc-d99b-44ef-8379-bc7ed842e3db tempest-VolumesActionsTest-128657348 tempest-VolumesActionsTest-128657348-project-member] Determining version of request: GET /v2/images/3b9c8736-8517-4c0f-8c45-29657ec4bc49 Accept: application/json {{(pid=99493) process_request /opt/stack/glance/glance/api/middleware/version_negotiation.py:44}}
Jun 24 12:42:01.161306 np0000003539 devstack@g-api.service[99493]: DEBUG glance.api.middleware.version_negotiation [None req-d4b05bbc-d99b-44ef-8379-bc7ed842e3db tempest-VolumesActionsTest-128657348 tempest-VolumesActionsTest-128657348-project-member] Using url versioning {{(pid=99493) process_request /opt/stack/glance/glance/api/middleware/version_negotiation.py:57}}
Jun 24 12:42:01.162225 np0000003539 devstack@g-api.service[99493]: DEBUG glance.api.middleware.version_negotiation [None req-d4b05bbc-d99b-44ef-8379-bc7ed842e3db tempest-VolumesActionsTest-128657348 tempest-VolumesActionsTest-128657348-project-member] Matched version: v2 {{(pid=99493) process_request /opt/stack/glance/glance/api/middleware/version_negotiation.py:69}}
Jun 24 12:42:01.162225 np0000003539 devstack@g-api.service[99493]: DEBUG glance.api.middleware.version_negotiation [None req-d4b05bbc-d99b-44ef-8379-bc7ed842e3db tempest-VolumesActionsTest-128657348 tempest-VolumesActionsTest-128657348-project-member] new path /v2/images/3b9c8736-8517-4c0f-8c45-29657ec4bc49 {{(pid=99493) process_request /opt/stack/glance/glance/api/middleware/version_negotiation.py:70}}
Jun 24 12:42:01.171735 np0000003539 devstack@g-api.service[99493]: [pid: 99493|app: 0|req: 100/271] 127.0.0.1 () {40 vars in 838 bytes} [Wed Jun 24 12:42:01 2026] GET /v2/images/3b9c8736-8517-4c0f-8c45-29657ec4bc49 => generated 648 bytes in 11 msecs (HTTP/1.1 200) 4 headers in 157 bytes (1 switches on core 0)
Jun 24 12:42:02.037878 np0000003539 devstack@g-api.service[99494]: DEBUG swiftclient [None req-d87cd902-f553-47dc-8617-66e98cfc6263 tempest-VolumesActionsTest-128657348 tempest-VolumesActionsTest-128657348-project-member] REQ: curl -i https://10.4.3.143:8080/v1/AUTH_e4d5814d5eda42a8a8a04579d35b444f/glance/3b9c8736-8517-4c0f-8c45-29657ec4bc49-00003 -X PUT -H "X-Auth-Token: gAAAAABqO9CTNRVo..." {{(pid=99494) http_log /opt/stack/data/venv/lib/python3.12/site-packages/swiftclient/client.py:160}}
Jun 24 12:42:02.037878 np0000003539 devstack@g-api.service[99494]: DEBUG swiftclient [None req-d87cd902-f553-47dc-8617-66e98cfc6263 tempest-VolumesActionsTest-128657348 tempest-VolumesActionsTest-128657348-project-member] RESP STATUS: 201 Created {{(pid=99494) http_log /opt/stack/data/venv/lib/python3.12/site-packages/swiftclient/client.py:161}}
Jun 24 12:42:02.037878 np0000003539 devstack@g-api.service[99494]: DEBUG swiftclient [None req-d87cd902-f553-47dc-8617-66e98cfc6263 tempest-VolumesActionsTest-128657348 tempest-VolumesActionsTest-128657348-project-member] RESP HEADERS: {'Date': 'Wed, 24 Jun 2026 12:42:02 GMT', 'Server': 'Apache/2.4.58 (Ubuntu)', 'Content-Type': 'text/html; charset=UTF-8', 'Content-Length': '0', 'Etag': 'eda9a9889837ac4bc81d6387d92c1bec', 'Last-Modified': 'Wed, 24 Jun 2026 12:42:00 GMT', 'X-Trans-Id': 'txd71abfce77234e68a9b6b-006a3bd097', 'X-Openstack-Request-Id': 'txd71abfce77234e68a9b6b-006a3bd097', 'Connection': 'close'} {{(pid=99494) http_log /opt/stack/data/venv/lib/python3.12/site-packages/swiftclient/client.py:162}}
Jun 24 12:42:02.037878 np0000003539 devstack@g-api.service[99494]: DEBUG glance_store._drivers.swift.store [None req-d87cd902-f553-47dc-8617-66e98cfc6263 tempest-VolumesActionsTest-128657348 tempest-VolumesActionsTest-128657348-project-member] Wrote chunk 3b9c8736-8517-4c0f-8c45-29657ec4bc49-00003 (3/?) of length 204800000 to Swift returning MD5 of content: eda9a9889837ac4bc81d6387d92c1bec {{(pid=99494) add /opt/stack/data/venv/lib/python3.12/site-packages/glance_store/_drivers/swift/store.py:1059}}
Jun 24 12:42:02.180984 np0000003539 devstack@g-api.service[99492]: DEBUG glance.api.middleware.version_negotiation [None req-eaa4d17c-c9da-4104-b1f0-3daf9f7aab01 tempest-VolumesActionsTest-128657348 tempest-VolumesActionsTest-128657348-project-member] Determining version of request: GET /v2/images/3b9c8736-8517-4c0f-8c45-29657ec4bc49 Accept: application/json {{(pid=99492) process_request /opt/stack/glance/glance/api/middleware/version_negotiation.py:44}}
Jun 24 12:42:02.181458 np0000003539 devstack@g-api.service[99492]: DEBUG glance.api.middleware.version_negotiation [None req-eaa4d17c-c9da-4104-b1f0-3daf9f7aab01 tempest-VolumesActionsTest-128657348 tempest-VolumesActionsTest-128657348-project-member] Using url versioning {{(pid=99492) process_request /opt/stack/glance/glance/api/middleware/version_negotiation.py:57}}
Jun 24 12:42:02.181458 np0000003539 devstack@g-api.service[99492]: DEBUG glance.api.middleware.version_negotiation [None req-eaa4d17c-c9da-4104-b1f0-3daf9f7aab01 tempest-VolumesActionsTest-128657348 tempest-VolumesActionsTest-128657348-project-member] Matched version: v2 {{(pid=99492) process_request /opt/stack/glance/glance/api/middleware/version_negotiation.py:69}}
Jun 24 12:42:02.181542 np0000003539 devstack@g-api.service[99492]: DEBUG glance.api.middleware.version_negotiation [None req-eaa4d17c-c9da-4104-b1f0-3daf9f7aab01 tempest-VolumesActionsTest-128657348 tempest-VolumesActionsTest-128657348-project-member] new path /v2/images/3b9c8736-8517-4c0f-8c45-29657ec4bc49 {{(pid=99492) process_request /opt/stack/glance/glance/api/middleware/version_negotiation.py:70}}
Jun 24 12:42:02.191262 np0000003539 devstack@g-api.service[99492]: [pid: 99492|app: 0|req: 95/272] 127.0.0.1 () {40 vars in 838 bytes} [Wed Jun 24 12:42:02 2026] GET /v2/images/3b9c8736-8517-4c0f-8c45-29657ec4bc49 => generated 648 bytes in 10 msecs (HTTP/1.1 200) 4 headers in 157 bytes (1 switches on core 0)
Jun 24 12:42:03.200763 np0000003539 devstack@g-api.service[99493]: DEBUG glance.api.middleware.version_negotiation [None req-ba5a7d93-4dad-498e-a119-4379cccb4483 tempest-VolumesActionsTest-128657348 tempest-VolumesActionsTest-128657348-project-member] Determining version of request: GET /v2/images/3b9c8736-8517-4c0f-8c45-29657ec4bc49 Accept: application/json {{(pid=99493) process_request /opt/stack/glance/glance/api/middleware/version_negotiation.py:44}}
Jun 24 12:42:03.201248 np0000003539 devstack@g-api.service[99493]: DEBUG glance.api.middleware.version_negotiation [None req-ba5a7d93-4dad-498e-a119-4379cccb4483 tempest-VolumesActionsTest-128657348 tempest-VolumesActionsTest-128657348-project-member] Using url versioning {{(pid=99493) process_request /opt/stack/glance/glance/api/middleware/version_negotiation.py:57}}
Jun 24 12:42:03.201248 np0000003539 devstack@g-api.service[99493]: DEBUG glance.api.middleware.version_negotiation [None req-ba5a7d93-4dad-498e-a119-4379cccb4483 tempest-VolumesActionsTest-128657348 tempest-VolumesActionsTest-128657348-project-member] Matched version: v2 {{(pid=99493) process_request /opt/stack/glance/glance/api/middleware/version_negotiation.py:69}}
Jun 24 12:42:03.201375 np0000003539 devstack@g-api.service[99493]: DEBUG glance.api.middleware.version_negotiation [None req-ba5a7d93-4dad-498e-a119-4379cccb4483 tempest-VolumesActionsTest-128657348 tempest-VolumesActionsTest-128657348-project-member] new path /v2/images/3b9c8736-8517-4c0f-8c45-29657ec4bc49 {{(pid=99493) process_request /opt/stack/glance/glance/api/middleware/version_negotiation.py:70}}
Jun 24 12:42:03.223506 np0000003539 devstack@g-api.service[99493]: [pid: 99493|app: 0|req: 101/273] 127.0.0.1 () {40 vars in 838 bytes} [Wed Jun 24 12:42:03 2026] GET /v2/images/3b9c8736-8517-4c0f-8c45-29657ec4bc49 => generated 648 bytes in 23 msecs (HTTP/1.1 200) 4 headers in 157 bytes (1 switches on core 0)
Jun 24 12:42:04.001166 np0000003539 devstack@g-api.service[99494]: DEBUG swiftclient [None req-d87cd902-f553-47dc-8617-66e98cfc6263 tempest-VolumesActionsTest-128657348 tempest-VolumesActionsTest-128657348-project-member] REQ: curl -i https://10.4.3.143:8080/v1/AUTH_e4d5814d5eda42a8a8a04579d35b444f/glance/3b9c8736-8517-4c0f-8c45-29657ec4bc49-00004 -X PUT -H "X-Auth-Token: gAAAAABqO9CTNRVo..." {{(pid=99494) http_log /opt/stack/data/venv/lib/python3.12/site-packages/swiftclient/client.py:160}}
Jun 24 12:42:04.001523 np0000003539 devstack@g-api.service[99494]: DEBUG swiftclient [None req-d87cd902-f553-47dc-8617-66e98cfc6263 tempest-VolumesActionsTest-128657348 tempest-VolumesActionsTest-128657348-project-member] RESP STATUS: 201 Created {{(pid=99494) http_log /opt/stack/data/venv/lib/python3.12/site-packages/swiftclient/client.py:161}}
Jun 24 12:42:04.001523 np0000003539 devstack@g-api.service[99494]: DEBUG swiftclient [None req-d87cd902-f553-47dc-8617-66e98cfc6263 tempest-VolumesActionsTest-128657348 tempest-VolumesActionsTest-128657348-project-member] RESP HEADERS: {'Date': 'Wed, 24 Jun 2026 12:42:03 GMT', 'Server': 'Apache/2.4.58 (Ubuntu)', 'Content-Type': 'text/html; charset=UTF-8', 'Content-Length': '0', 'Etag': 'eda9a9889837ac4bc81d6387d92c1bec', 'Last-Modified': 'Wed, 24 Jun 2026 12:42:03 GMT', 'X-Trans-Id': 'tx3b8693919e0f4613a4e35-006a3bd09a', 'X-Openstack-Request-Id': 'tx3b8693919e0f4613a4e35-006a3bd09a', 'Connection': 'close'} {{(pid=99494) http_log /opt/stack/data/venv/lib/python3.12/site-packages/swiftclient/client.py:162}}
Jun 24 12:42:04.001670 np0000003539 devstack@g-api.service[99494]: DEBUG glance_store._drivers.swift.store [None req-d87cd902-f553-47dc-8617-66e98cfc6263 tempest-VolumesActionsTest-128657348 tempest-VolumesActionsTest-128657348-project-member] Wrote chunk 3b9c8736-8517-4c0f-8c45-29657ec4bc49-00004 (4/?) of length 204800000 to Swift returning MD5 of content: eda9a9889837ac4bc81d6387d92c1bec {{(pid=99494) add /opt/stack/data/venv/lib/python3.12/site-packages/glance_store/_drivers/swift/store.py:1059}}
Jun 24 12:42:04.237769 np0000003539 devstack@g-api.service[99492]: DEBUG glance.api.middleware.version_negotiation [None req-046dba66-0981-42c2-b7ef-40e654f4a9db tempest-VolumesActionsTest-128657348 tempest-VolumesActionsTest-128657348-project-member] Determining version of request: GET /v2/images/3b9c8736-8517-4c0f-8c45-29657ec4bc49 Accept: application/json {{(pid=99492) process_request /opt/stack/glance/glance/api/middleware/version_negotiation.py:44}}
Jun 24 12:42:04.238290 np0000003539 devstack@g-api.service[99492]: DEBUG glance.api.middleware.version_negotiation [None req-046dba66-0981-42c2-b7ef-40e654f4a9db tempest-VolumesActionsTest-128657348 tempest-VolumesActionsTest-128657348-project-member] Using url versioning {{(pid=99492) process_request /opt/stack/glance/glance/api/middleware/version_negotiation.py:57}}
Jun 24 12:42:04.238290 np0000003539 devstack@g-api.service[99492]: DEBUG glance.api.middleware.version_negotiation [None req-046dba66-0981-42c2-b7ef-40e654f4a9db tempest-VolumesActionsTest-128657348 tempest-VolumesActionsTest-128657348-project-member] Matched version: v2 {{(pid=99492) process_request /opt/stack/glance/glance/api/middleware/version_negotiation.py:69}}
Jun 24 12:42:04.238290 np0000003539 devstack@g-api.service[99492]: DEBUG glance.api.middleware.version_negotiation [None req-046dba66-0981-42c2-b7ef-40e654f4a9db tempest-VolumesActionsTest-128657348 tempest-VolumesActionsTest-128657348-project-member] new path /v2/images/3b9c8736-8517-4c0f-8c45-29657ec4bc49 {{(pid=99492) process_request /opt/stack/glance/glance/api/middleware/version_negotiation.py:70}}
Jun 24 12:42:04.259617 np0000003539 devstack@g-api.service[99492]: [pid: 99492|app: 0|req: 96/274] 127.0.0.1 () {40 vars in 838 bytes} [Wed Jun 24 12:42:04 2026] GET /v2/images/3b9c8736-8517-4c0f-8c45-29657ec4bc49 => generated 648 bytes in 22 msecs (HTTP/1.1 200) 4 headers in 157 bytes (1 switches on core 0)
Jun 24 12:42:05.246706 np0000003539 devstack@g-api.service[99494]: DEBUG dbcounter [-] [99494] Writing DB stats glance:SELECT=16,glance:INSERT=1,glance:UPDATE=1 {{(pid=99494) stat_writer /opt/stack/data/venv/lib/python3.12/site-packages/dbcounter.py:115}}
Jun 24 12:42:05.271541 np0000003539 devstack@g-api.service[99493]: DEBUG glance.api.middleware.version_negotiation [None req-e9048eb0-ee96-43ab-aff1-a3bfe16e4360 tempest-VolumesActionsTest-128657348 tempest-VolumesActionsTest-128657348-project-member] Determining version of request: GET /v2/images/3b9c8736-8517-4c0f-8c45-29657ec4bc49 Accept: application/json {{(pid=99493) process_request /opt/stack/glance/glance/api/middleware/version_negotiation.py:44}}
Jun 24 12:42:05.271932 np0000003539 devstack@g-api.service[99493]: DEBUG glance.api.middleware.version_negotiation [None req-e9048eb0-ee96-43ab-aff1-a3bfe16e4360 tempest-VolumesActionsTest-128657348 tempest-VolumesActionsTest-128657348-project-member] Using url versioning {{(pid=99493) process_request /opt/stack/glance/glance/api/middleware/version_negotiation.py:57}}
Jun 24 12:42:05.271932 np0000003539 devstack@g-api.service[99493]: DEBUG glance.api.middleware.version_negotiation [None req-e9048eb0-ee96-43ab-aff1-a3bfe16e4360 tempest-VolumesActionsTest-128657348 tempest-VolumesActionsTest-128657348-project-member] Matched version: v2 {{(pid=99493) process_request /opt/stack/glance/glance/api/middleware/version_negotiation.py:69}}
Jun 24 12:42:05.272037 np0000003539 devstack@g-api.service[99493]: DEBUG glance.api.middleware.version_negotiation [None req-e9048eb0-ee96-43ab-aff1-a3bfe16e4360 tempest-VolumesActionsTest-128657348 tempest-VolumesActionsTest-128657348-project-member] new path /v2/images/3b9c8736-8517-4c0f-8c45-29657ec4bc49 {{(pid=99493) process_request /opt/stack/glance/glance/api/middleware/version_negotiation.py:70}}
Jun 24 12:42:05.287009 np0000003539 devstack@g-api.service[99493]: [pid: 99493|app: 0|req: 102/275] 127.0.0.1 () {40 vars in 838 bytes} [Wed Jun 24 12:42:05 2026] GET /v2/images/3b9c8736-8517-4c0f-8c45-29657ec4bc49 => generated 648 bytes in 15 msecs (HTTP/1.1 200) 4 headers in 157 bytes (1 switches on core 0)
Jun 24 12:42:06.215618 np0000003539 devstack@g-api.service[99494]: DEBUG swiftclient [None req-d87cd902-f553-47dc-8617-66e98cfc6263 tempest-VolumesActionsTest-128657348 tempest-VolumesActionsTest-128657348-project-member] REQ: curl -i https://10.4.3.143:8080/v1/AUTH_e4d5814d5eda42a8a8a04579d35b444f/glance/3b9c8736-8517-4c0f-8c45-29657ec4bc49-00005 -X PUT -H "X-Auth-Token: gAAAAABqO9CTNRVo..." {{(pid=99494) http_log /opt/stack/data/venv/lib/python3.12/site-packages/swiftclient/client.py:160}}
Jun 24 12:42:06.215746 np0000003539 devstack@g-api.service[99494]: DEBUG swiftclient [None req-d87cd902-f553-47dc-8617-66e98cfc6263 tempest-VolumesActionsTest-128657348 tempest-VolumesActionsTest-128657348-project-member] RESP STATUS: 201 Created {{(pid=99494) http_log /opt/stack/data/venv/lib/python3.12/site-packages/swiftclient/client.py:161}}
Jun 24 12:42:06.216052 np0000003539 devstack@g-api.service[99494]: DEBUG swiftclient [None req-d87cd902-f553-47dc-8617-66e98cfc6263 tempest-VolumesActionsTest-128657348 tempest-VolumesActionsTest-128657348-project-member] RESP HEADERS: {'Date': 'Wed, 24 Jun 2026 12:42:06 GMT', 'Server': 'Apache/2.4.58 (Ubuntu)', 'Content-Type': 'text/html; charset=UTF-8', 'Content-Length': '0', 'Etag': 'eda9a9889837ac4bc81d6387d92c1bec', 'Last-Modified': 'Wed, 24 Jun 2026 12:42:05 GMT', 'X-Trans-Id': 'tx407a0d2c09304ef2b7aae-006a3bd09c', 'X-Openstack-Request-Id': 'tx407a0d2c09304ef2b7aae-006a3bd09c', 'Connection': 'close'} {{(pid=99494) http_log /opt/stack/data/venv/lib/python3.12/site-packages/swiftclient/client.py:162}}
Jun 24 12:42:06.216052 np0000003539 devstack@g-api.service[99494]: DEBUG glance_store._drivers.swift.store [None req-d87cd902-f553-47dc-8617-66e98cfc6263 tempest-VolumesActionsTest-128657348 tempest-VolumesActionsTest-128657348-project-member] Wrote chunk 3b9c8736-8517-4c0f-8c45-29657ec4bc49-00005 (5/?) of length 204800000 to Swift returning MD5 of content: eda9a9889837ac4bc81d6387d92c1bec {{(pid=99494) add /opt/stack/data/venv/lib/python3.12/site-packages/glance_store/_drivers/swift/store.py:1059}}
Jun 24 12:42:06.302894 np0000003539 devstack@g-api.service[99492]: DEBUG glance.api.middleware.version_negotiation [None req-23bd22f3-323f-4ac2-b432-2a747c30f278 tempest-VolumesActionsTest-128657348 tempest-VolumesActionsTest-128657348-project-member] Determining version of request: GET /v2/images/3b9c8736-8517-4c0f-8c45-29657ec4bc49 Accept: application/json {{(pid=99492) process_request /opt/stack/glance/glance/api/middleware/version_negotiation.py:44}}
Jun 24 12:42:06.303258 np0000003539 devstack@g-api.service[99492]: DEBUG glance.api.middleware.version_negotiation [None req-23bd22f3-323f-4ac2-b432-2a747c30f278 tempest-VolumesActionsTest-128657348 tempest-VolumesActionsTest-128657348-project-member] Using url versioning {{(pid=99492) process_request /opt/stack/glance/glance/api/middleware/version_negotiation.py:57}}
Jun 24 12:42:06.303258 np0000003539 devstack@g-api.service[99492]: DEBUG glance.api.middleware.version_negotiation [None req-23bd22f3-323f-4ac2-b432-2a747c30f278 tempest-VolumesActionsTest-128657348 tempest-VolumesActionsTest-128657348-project-member] Matched version: v2 {{(pid=99492) process_request /opt/stack/glance/glance/api/middleware/version_negotiation.py:69}}
Jun 24 12:42:06.303512 np0000003539 devstack@g-api.service[99492]: DEBUG glance.api.middleware.version_negotiation [None req-23bd22f3-323f-4ac2-b432-2a747c30f278 tempest-VolumesActionsTest-128657348 tempest-VolumesActionsTest-128657348-project-member] new path /v2/images/3b9c8736-8517-4c0f-8c45-29657ec4bc49 {{(pid=99492) process_request /opt/stack/glance/glance/api/middleware/version_negotiation.py:70}}
Jun 24 12:42:06.312658 np0000003539 devstack@g-api.service[99492]: [pid: 99492|app: 0|req: 97/276] 127.0.0.1 () {40 vars in 838 bytes} [Wed Jun 24 12:42:06 2026] GET /v2/images/3b9c8736-8517-4c0f-8c45-29657ec4bc49 => generated 648 bytes in 10 msecs (HTTP/1.1 200) 4 headers in 157 bytes (1 switches on core 0)
Jun 24 12:42:06.744809 np0000003539 devstack@g-api.service[99494]: DEBUG swiftclient [None req-d87cd902-f553-47dc-8617-66e98cfc6263 tempest-VolumesActionsTest-128657348 tempest-VolumesActionsTest-128657348-project-member] REQ: curl -i https://10.4.3.143:8080/v1/AUTH_e4d5814d5eda42a8a8a04579d35b444f/glance/3b9c8736-8517-4c0f-8c45-29657ec4bc49-00006 -X PUT -H "X-Auth-Token: gAAAAABqO9CTNRVo..." {{(pid=99494) http_log /opt/stack/data/venv/lib/python3.12/site-packages/swiftclient/client.py:160}}
Jun 24 12:42:06.745097 np0000003539 devstack@g-api.service[99494]: DEBUG swiftclient [None req-d87cd902-f553-47dc-8617-66e98cfc6263 tempest-VolumesActionsTest-128657348 tempest-VolumesActionsTest-128657348-project-member] RESP STATUS: 201 Created {{(pid=99494) http_log /opt/stack/data/venv/lib/python3.12/site-packages/swiftclient/client.py:161}}
Jun 24 12:42:06.745131 np0000003539 devstack@g-api.service[99494]: DEBUG swiftclient [None req-d87cd902-f553-47dc-8617-66e98cfc6263 tempest-VolumesActionsTest-128657348 tempest-VolumesActionsTest-128657348-project-member] RESP HEADERS: {'Date': 'Wed, 24 Jun 2026 12:42:06 GMT', 'Server': 'Apache/2.4.58 (Ubuntu)', 'Content-Type': 'text/html; charset=UTF-8', 'Content-Length': '0', 'Etag': '708761f3b8777ec77058e63da08eeeb6', 'Last-Modified': 'Wed, 24 Jun 2026 12:42:07 GMT', 'X-Trans-Id': 'txa9d57a6e050d4b3d97f46-006a3bd09e', 'X-Openstack-Request-Id': 'txa9d57a6e050d4b3d97f46-006a3bd09e', 'Connection': 'close'} {{(pid=99494) http_log /opt/stack/data/venv/lib/python3.12/site-packages/swiftclient/client.py:162}}
Jun 24 12:42:06.745335 np0000003539 devstack@g-api.service[99494]: DEBUG glance_store._drivers.swift.store [None req-d87cd902-f553-47dc-8617-66e98cfc6263 tempest-VolumesActionsTest-128657348 tempest-VolumesActionsTest-128657348-project-member] Wrote chunk 3b9c8736-8517-4c0f-8c45-29657ec4bc49-00006 (6/?) of length 49741824 to Swift returning MD5 of content: 708761f3b8777ec77058e63da08eeeb6 {{(pid=99494) add /opt/stack/data/venv/lib/python3.12/site-packages/glance_store/_drivers/swift/store.py:1059}}
Jun 24 12:42:06.745873 np0000003539 devstack@g-api.service[99494]: DEBUG glance_store._drivers.swift.store [None req-d87cd902-f553-47dc-8617-66e98cfc6263 tempest-VolumesActionsTest-128657348 tempest-VolumesActionsTest-128657348-project-member] Not writing zero-length chunk. {{(pid=99494) add /opt/stack/data/venv/lib/python3.12/site-packages/glance_store/_drivers/swift/store.py:1028}}
Jun 24 12:42:06.779992 np0000003539 devstack@g-api.service[99494]: DEBUG swiftclient [None req-d87cd902-f553-47dc-8617-66e98cfc6263 tempest-VolumesActionsTest-128657348 tempest-VolumesActionsTest-128657348-project-member] REQ: curl -i https://10.4.3.143:8080/v1/AUTH_e4d5814d5eda42a8a8a04579d35b444f/glance/3b9c8736-8517-4c0f-8c45-29657ec4bc49 -X PUT -H "X-Object-Manifest: glance/3b9c8736-8517-4c0f-8c45-29657ec4bc49-" -H "X-Auth-Token: gAAAAABqO9CTNRVo..." -H "Content-Length: 0" {{(pid=99494) http_log /opt/stack/data/venv/lib/python3.12/site-packages/swiftclient/client.py:160}}
Jun 24 12:42:06.779992 np0000003539 devstack@g-api.service[99494]: DEBUG swiftclient [None req-d87cd902-f553-47dc-8617-66e98cfc6263 tempest-VolumesActionsTest-128657348 tempest-VolumesActionsTest-128657348-project-member] RESP STATUS: 201 Created {{(pid=99494) http_log /opt/stack/data/venv/lib/python3.12/site-packages/swiftclient/client.py:161}}
Jun 24 12:42:06.780131 np0000003539 devstack@g-api.service[99494]: DEBUG swiftclient [None req-d87cd902-f553-47dc-8617-66e98cfc6263 tempest-VolumesActionsTest-128657348 tempest-VolumesActionsTest-128657348-project-member] RESP HEADERS: {'Date': 'Wed, 24 Jun 2026 12:42:06 GMT', 'Server': 'Apache/2.4.58 (Ubuntu)', 'Content-Type': 'text/html; charset=UTF-8', 'Content-Length': '0', 'Etag': 'd41d8cd98f00b204e9800998ecf8427e', 'Last-Modified': 'Wed, 24 Jun 2026 12:42:07 GMT', 'X-Trans-Id': 'txb256c2dbc53e41c19d191-006a3bd09e', 'X-Openstack-Request-Id': 'txb256c2dbc53e41c19d191-006a3bd09e', 'Connection': 'close'} {{(pid=99494) http_log /opt/stack/data/venv/lib/python3.12/site-packages/swiftclient/client.py:162}}
Jun 24 12:42:06.780480 np0000003539 devstack@g-api.service[99494]: INFO glance.location [None req-d87cd902-f553-47dc-8617-66e98cfc6263 tempest-VolumesActionsTest-128657348 tempest-VolumesActionsTest-128657348-project-member] Image format matched and virtual size computed: 1073741824
Jun 24 12:42:06.821987 np0000003539 devstack@g-api.service[99494]: DEBUG glance_store.backend [None req-d87cd902-f553-47dc-8617-66e98cfc6263 tempest-VolumesActionsTest-128657348 tempest-VolumesActionsTest-128657348-project-member] Attempting to import store swift {{(pid=99494) _load_store /opt/stack/data/venv/lib/python3.12/site-packages/glance_store/backend.py:215}}
Jun 24 12:42:06.823654 np0000003539 devstack@g-api.service[99494]: DEBUG glance_store.capabilities [None req-d87cd902-f553-47dc-8617-66e98cfc6263 tempest-VolumesActionsTest-128657348 tempest-VolumesActionsTest-128657348-project-member] Store glance_store._drivers.swift.store.SingleTenantStore doesn't support updating dynamic storage capabilities. Please overwrite 'update_capabilities' method of the store to implement updating logics if needed. {{(pid=99494) update_capabilities /opt/stack/data/venv/lib/python3.12/site-packages/glance_store/capabilities.py:91}}
Jun 24 12:42:06.823797 np0000003539 devstack@g-api.service[99494]: DEBUG glance_store.driver [None req-d87cd902-f553-47dc-8617-66e98cfc6263 tempest-VolumesActionsTest-128657348 tempest-VolumesActionsTest-128657348-project-member] Late loading location class glance_store._drivers.swift.store.StoreLocation {{(pid=99494) get_store_location_class /opt/stack/data/venv/lib/python3.12/site-packages/glance_store/driver.py:134}}
Jun 24 12:42:06.823942 np0000003539 devstack@g-api.service[99494]: DEBUG glance_store.location [None req-d87cd902-f553-47dc-8617-66e98cfc6263 tempest-VolumesActionsTest-128657348 tempest-VolumesActionsTest-128657348-project-member] Registering scheme swift+https with {'store': , 'location_class': , 'store_entry': 'swift'} {{(pid=99494) register_scheme_map /opt/stack/data/venv/lib/python3.12/site-packages/glance_store/location.py:146}}
Jun 24 12:42:06.824081 np0000003539 devstack@g-api.service[99494]: DEBUG glance_store.location [None req-d87cd902-f553-47dc-8617-66e98cfc6263 tempest-VolumesActionsTest-128657348 tempest-VolumesActionsTest-128657348-project-member] Registering scheme swift+https with {'store': , 'location_class': , 'store_entry': 'swift'} {{(pid=99494) register_scheme_map /opt/stack/data/venv/lib/python3.12/site-packages/glance_store/location.py:146}}
Jun 24 12:42:06.824081 np0000003539 devstack@g-api.service[99494]: DEBUG glance_store.location [None req-d87cd902-f553-47dc-8617-66e98cfc6263 tempest-VolumesActionsTest-128657348 tempest-VolumesActionsTest-128657348-project-member] Registering scheme swift with {'store': , 'location_class': , 'store_entry': 'swift'} {{(pid=99494) register_scheme_map /opt/stack/data/venv/lib/python3.12/site-packages/glance_store/location.py:146}}
Jun 24 12:42:06.824206 np0000003539 devstack@g-api.service[99494]: DEBUG glance_store.location [None req-d87cd902-f553-47dc-8617-66e98cfc6263 tempest-VolumesActionsTest-128657348 tempest-VolumesActionsTest-128657348-project-member] Registering scheme swift+https with {'store': , 'location_class': , 'store_entry': 'swift'} {{(pid=99494) register_scheme_map /opt/stack/data/venv/lib/python3.12/site-packages/glance_store/location.py:146}}
Jun 24 12:42:06.824206 np0000003539 devstack@g-api.service[99494]: DEBUG glance_store.location [None req-d87cd902-f553-47dc-8617-66e98cfc6263 tempest-VolumesActionsTest-128657348 tempest-VolumesActionsTest-128657348-project-member] Registering scheme swift with {'store': , 'location_class': , 'store_entry': 'swift'} {{(pid=99494) register_scheme_map /opt/stack/data/venv/lib/python3.12/site-packages/glance_store/location.py:146}}
Jun 24 12:42:06.824300 np0000003539 devstack@g-api.service[99494]: DEBUG glance_store.location [None req-d87cd902-f553-47dc-8617-66e98cfc6263 tempest-VolumesActionsTest-128657348 tempest-VolumesActionsTest-128657348-project-member] Registering scheme swift+http with {'store': , 'location_class': , 'store_entry': 'swift'} {{(pid=99494) register_scheme_map /opt/stack/data/venv/lib/python3.12/site-packages/glance_store/location.py:146}}
Jun 24 12:42:06.824300 np0000003539 devstack@g-api.service[99494]: DEBUG glance_store.location [None req-d87cd902-f553-47dc-8617-66e98cfc6263 tempest-VolumesActionsTest-128657348 tempest-VolumesActionsTest-128657348-project-member] Registering scheme swift+https with {'store': , 'location_class': , 'store_entry': 'swift'} {{(pid=99494) register_scheme_map /opt/stack/data/venv/lib/python3.12/site-packages/glance_store/location.py:146}}
