Jun 16 17:27:08.026437 np0000002972 devstack@g-api.service[98720]: DEBUG glance.common.config [None req-e87231c1-d4f2-4e7a-a34e-3cef7a5f050b None None] database.db_inc_retry_interval = True {{(pid=98720) log_opt_values /opt/stack/data/venv/lib/python3.12/site-packages/oslo_config/cfg.py:3253}}
Jun 16 17:27:08.026499 np0000002972 devstack@g-api.service[98721]: DEBUG glance.common.config [None req-a738526b-353e-4202-b7b3-d0d394812e3d None None] database.mysql_sql_mode = TRADITIONAL {{(pid=98721) log_opt_values /opt/stack/data/venv/lib/python3.12/site-packages/oslo_config/cfg.py:3253}}
Jun 16 17:27:08.026528 np0000002972 devstack@g-api.service[98720]: DEBUG glance.common.config [None req-e87231c1-d4f2-4e7a-a34e-3cef7a5f050b None None] database.db_max_retries = 20 {{(pid=98720) log_opt_values /opt/stack/data/venv/lib/python3.12/site-packages/oslo_config/cfg.py:3253}}
Jun 16 17:27:08.026599 np0000002972 devstack@g-api.service[98720]: DEBUG glance.common.config [None req-e87231c1-d4f2-4e7a-a34e-3cef7a5f050b None None] database.db_max_retry_interval = 10 {{(pid=98720) log_opt_values /opt/stack/data/venv/lib/python3.12/site-packages/oslo_config/cfg.py:3253}}
Jun 16 17:27:08.026640 np0000002972 devstack@g-api.service[98721]: DEBUG glance.common.config [None req-a738526b-353e-4202-b7b3-d0d394812e3d None None] database.mysql_wsrep_sync_wait = None {{(pid=98721) log_opt_values /opt/stack/data/venv/lib/python3.12/site-packages/oslo_config/cfg.py:3253}}
Jun 16 17:27:08.026679 np0000002972 devstack@g-api.service[98721]: DEBUG glance.common.config [None req-a738526b-353e-4202-b7b3-d0d394812e3d None None] database.pool_timeout = None {{(pid=98721) log_opt_values /opt/stack/data/venv/lib/python3.12/site-packages/oslo_config/cfg.py:3253}}
Jun 16 17:27:08.026706 np0000002972 devstack@g-api.service[98720]: DEBUG glance.common.config [None req-e87231c1-d4f2-4e7a-a34e-3cef7a5f050b None None] database.db_retry_interval = 1 {{(pid=98720) log_opt_values /opt/stack/data/venv/lib/python3.12/site-packages/oslo_config/cfg.py:3253}}
Jun 16 17:27:08.026763 np0000002972 devstack@g-api.service[98720]: DEBUG glance.common.config [None req-e87231c1-d4f2-4e7a-a34e-3cef7a5f050b None None] database.max_overflow = 50 {{(pid=98720) log_opt_values /opt/stack/data/venv/lib/python3.12/site-packages/oslo_config/cfg.py:3253}}
Jun 16 17:27:08.026796 np0000002972 devstack@g-api.service[98721]: DEBUG glance.common.config [None req-a738526b-353e-4202-b7b3-d0d394812e3d None None] database.retry_interval = 10 {{(pid=98721) log_opt_values /opt/stack/data/venv/lib/python3.12/site-packages/oslo_config/cfg.py:3253}}
Jun 16 17:27:08.026845 np0000002972 devstack@g-api.service[98720]: DEBUG glance.common.config [None req-e87231c1-d4f2-4e7a-a34e-3cef7a5f050b None None] database.max_pool_size = 5 {{(pid=98720) log_opt_values /opt/stack/data/venv/lib/python3.12/site-packages/oslo_config/cfg.py:3253}}
Jun 16 17:27:08.026873 np0000002972 devstack@g-api.service[98721]: DEBUG glance.common.config [None req-a738526b-353e-4202-b7b3-d0d394812e3d None None] database.slave_connection = **** {{(pid=98721) log_opt_values /opt/stack/data/venv/lib/python3.12/site-packages/oslo_config/cfg.py:3253}}
Jun 16 17:27:08.026928 np0000002972 devstack@g-api.service[98720]: DEBUG glance.common.config [None req-e87231c1-d4f2-4e7a-a34e-3cef7a5f050b None None] database.max_retries = 10 {{(pid=98720) log_opt_values /opt/stack/data/venv/lib/python3.12/site-packages/oslo_config/cfg.py:3253}}
Jun 16 17:27:08.026962 np0000002972 devstack@g-api.service[98721]: DEBUG glance.common.config [None req-a738526b-353e-4202-b7b3-d0d394812e3d None None] database.sqlite_synchronous = True {{(pid=98721) log_opt_values /opt/stack/data/venv/lib/python3.12/site-packages/oslo_config/cfg.py:3253}}
Jun 16 17:27:08.027018 np0000002972 devstack@g-api.service[98720]: DEBUG glance.common.config [None req-e87231c1-d4f2-4e7a-a34e-3cef7a5f050b None None] database.mysql_sql_mode = TRADITIONAL {{(pid=98720) log_opt_values /opt/stack/data/venv/lib/python3.12/site-packages/oslo_config/cfg.py:3253}}
Jun 16 17:27:08.027047 np0000002972 devstack@g-api.service[98721]: DEBUG glance.common.config [None req-a738526b-353e-4202-b7b3-d0d394812e3d None None] database.synchronous_reader = True {{(pid=98721) log_opt_values /opt/stack/data/venv/lib/python3.12/site-packages/oslo_config/cfg.py:3253}}
Jun 16 17:27:08.027101 np0000002972 devstack@g-api.service[98720]: DEBUG glance.common.config [None req-e87231c1-d4f2-4e7a-a34e-3cef7a5f050b None None] database.mysql_wsrep_sync_wait = None {{(pid=98720) log_opt_values /opt/stack/data/venv/lib/python3.12/site-packages/oslo_config/cfg.py:3253}}
Jun 16 17:27:08.027129 np0000002972 devstack@g-api.service[98721]: DEBUG glance.common.config [None req-a738526b-353e-4202-b7b3-d0d394812e3d None None] database.use_db_reconnect = False {{(pid=98721) log_opt_values /opt/stack/data/venv/lib/python3.12/site-packages/oslo_config/cfg.py:3253}}
Jun 16 17:27:08.027183 np0000002972 devstack@g-api.service[98720]: DEBUG glance.common.config [None req-e87231c1-d4f2-4e7a-a34e-3cef7a5f050b None None] database.pool_timeout = None {{(pid=98720) log_opt_values /opt/stack/data/venv/lib/python3.12/site-packages/oslo_config/cfg.py:3253}}
Jun 16 17:27:08.027211 np0000002972 devstack@g-api.service[98721]: DEBUG glance.common.config [None req-a738526b-353e-4202-b7b3-d0d394812e3d None None] healthcheck.allowed_source_ranges = [] {{(pid=98721) log_opt_values /opt/stack/data/venv/lib/python3.12/site-packages/oslo_config/cfg.py:3253}}
Jun 16 17:27:08.027268 np0000002972 devstack@g-api.service[98720]: DEBUG glance.common.config [None req-e87231c1-d4f2-4e7a-a34e-3cef7a5f050b None None] database.retry_interval = 10 {{(pid=98720) log_opt_values /opt/stack/data/venv/lib/python3.12/site-packages/oslo_config/cfg.py:3253}}
Jun 16 17:27:08.027319 np0000002972 devstack@g-api.service[98721]: DEBUG glance.common.config [None req-a738526b-353e-4202-b7b3-d0d394812e3d None None] healthcheck.backends = ['disable_by_file'] {{(pid=98721) log_opt_values /opt/stack/data/venv/lib/python3.12/site-packages/oslo_config/cfg.py:3253}}
Jun 16 17:27:08.027362 np0000002972 devstack@g-api.service[98720]: DEBUG glance.common.config [None req-e87231c1-d4f2-4e7a-a34e-3cef7a5f050b None None] database.slave_connection = **** {{(pid=98720) log_opt_values /opt/stack/data/venv/lib/python3.12/site-packages/oslo_config/cfg.py:3253}}
Jun 16 17:27:08.027395 np0000002972 devstack@g-api.service[98721]: DEBUG glance.common.config [None req-a738526b-353e-4202-b7b3-d0d394812e3d None None] healthcheck.detailed = False {{(pid=98721) log_opt_values /opt/stack/data/venv/lib/python3.12/site-packages/oslo_config/cfg.py:3253}}
Jun 16 17:27:08.027446 np0000002972 devstack@g-api.service[98720]: DEBUG glance.common.config [None req-e87231c1-d4f2-4e7a-a34e-3cef7a5f050b None None] database.sqlite_synchronous = True {{(pid=98720) log_opt_values /opt/stack/data/venv/lib/python3.12/site-packages/oslo_config/cfg.py:3253}}
Jun 16 17:27:08.027475 np0000002972 devstack@g-api.service[98721]: DEBUG glance.common.config [None req-a738526b-353e-4202-b7b3-d0d394812e3d None None] healthcheck.disable_by_file_path = None {{(pid=98721) log_opt_values /opt/stack/data/venv/lib/python3.12/site-packages/oslo_config/cfg.py:3253}}
Jun 16 17:27:08.027529 np0000002972 devstack@g-api.service[98720]: DEBUG glance.common.config [None req-e87231c1-d4f2-4e7a-a34e-3cef7a5f050b None None] database.synchronous_reader = True {{(pid=98720) log_opt_values /opt/stack/data/venv/lib/python3.12/site-packages/oslo_config/cfg.py:3253}}
Jun 16 17:27:08.027569 np0000002972 devstack@g-api.service[98721]: DEBUG glance.common.config [None req-a738526b-353e-4202-b7b3-d0d394812e3d None None] healthcheck.ignore_proxied_requests = False {{(pid=98721) log_opt_values /opt/stack/data/venv/lib/python3.12/site-packages/oslo_config/cfg.py:3253}}
Jun 16 17:27:08.027613 np0000002972 devstack@g-api.service[98721]: DEBUG glance.common.config [None req-a738526b-353e-4202-b7b3-d0d394812e3d None None] ******************************************************************************** {{(pid=98721) log_opt_values /opt/stack/data/venv/lib/python3.12/site-packages/oslo_config/cfg.py:3260}}
Jun 16 17:27:08.027687 np0000002972 devstack@g-api.service[98720]: DEBUG glance.common.config [None req-e87231c1-d4f2-4e7a-a34e-3cef7a5f050b None None] database.use_db_reconnect = False {{(pid=98720) log_opt_values /opt/stack/data/venv/lib/python3.12/site-packages/oslo_config/cfg.py:3253}}
Jun 16 17:27:08.027715 np0000002972 devstack@g-api.service[98721]: WSGI app 0 (mountpoint='') ready in 3 seconds on interpreter 0x714fba8a3668 pid: 98721 (default app)
Jun 16 17:27:08.027748 np0000002972 devstack@g-api.service[98720]: DEBUG glance.common.config [None req-e87231c1-d4f2-4e7a-a34e-3cef7a5f050b None None] healthcheck.allowed_source_ranges = [] {{(pid=98720) log_opt_values /opt/stack/data/venv/lib/python3.12/site-packages/oslo_config/cfg.py:3253}}
Jun 16 17:27:08.027791 np0000002972 devstack@g-api.service[98720]: DEBUG glance.common.config [None req-e87231c1-d4f2-4e7a-a34e-3cef7a5f050b None None] healthcheck.backends = ['disable_by_file'] {{(pid=98720) log_opt_values /opt/stack/data/venv/lib/python3.12/site-packages/oslo_config/cfg.py:3253}}
Jun 16 17:27:08.027871 np0000002972 devstack@g-api.service[98720]: DEBUG glance.common.config [None req-e87231c1-d4f2-4e7a-a34e-3cef7a5f050b None None] healthcheck.detailed = False {{(pid=98720) log_opt_values /opt/stack/data/venv/lib/python3.12/site-packages/oslo_config/cfg.py:3253}}
Jun 16 17:27:08.027954 np0000002972 devstack@g-api.service[98720]: DEBUG glance.common.config [None req-e87231c1-d4f2-4e7a-a34e-3cef7a5f050b None None] healthcheck.disable_by_file_path = None {{(pid=98720) log_opt_values /opt/stack/data/venv/lib/python3.12/site-packages/oslo_config/cfg.py:3253}}
Jun 16 17:27:08.028036 np0000002972 devstack@g-api.service[98720]: DEBUG glance.common.config [None req-e87231c1-d4f2-4e7a-a34e-3cef7a5f050b None None] healthcheck.ignore_proxied_requests = False {{(pid=98720) log_opt_values /opt/stack/data/venv/lib/python3.12/site-packages/oslo_config/cfg.py:3253}}
Jun 16 17:27:08.028099 np0000002972 devstack@g-api.service[98720]: DEBUG glance.common.config [None req-e87231c1-d4f2-4e7a-a34e-3cef7a5f050b None None] ******************************************************************************** {{(pid=98720) log_opt_values /opt/stack/data/venv/lib/python3.12/site-packages/oslo_config/cfg.py:3260}}
Jun 16 17:27:08.028194 np0000002972 devstack@g-api.service[98720]: WSGI app 0 (mountpoint='') ready in 3 seconds on interpreter 0x714fba8a3668 pid: 98720 (default app)
Jun 16 17:27:08.028228 np0000002972 devstack@g-api.service[98721]: DEBUG glance.api.middleware.version_negotiation [None req-a738526b-353e-4202-b7b3-d0d394812e3d None None] Determining version of request: GET / Accept: */* {{(pid=98721) process_request /opt/stack/glance/glance/api/middleware/version_negotiation.py:44}}
Jun 16 17:27:08.028315 np0000002972 devstack@g-api.service[98721]: DEBUG glance.api.middleware.version_negotiation [None req-a738526b-353e-4202-b7b3-d0d394812e3d None None] Using url versioning {{(pid=98721) process_request /opt/stack/glance/glance/api/middleware/version_negotiation.py:57}}
Jun 16 17:27:08.028464 np0000002972 devstack@g-api.service[98721]: DEBUG glance.api.middleware.version_negotiation [None req-a738526b-353e-4202-b7b3-d0d394812e3d None None] Unknown version. Returning version choices. {{(pid=98721) process_request /opt/stack/glance/glance/api/middleware/version_negotiation.py:64}}
Jun 16 17:27:08.029365 np0000002972 devstack@g-api.service[98721]: [pid: 98721|app: 0|req: 1/1] 127.0.0.1 () {34 vars in 451 bytes} [Tue Jun 16 17:27:08 2026] GET / => generated 1394 bytes in 1 msecs (HTTP/1.1 300) 3 headers in 106 bytes (1 switches on core 0)
Jun 16 17:27:09.838716 np0000002972 devstack@g-api.service[98720]: DEBUG glance.api.middleware.version_negotiation [None req-e87231c1-d4f2-4e7a-a34e-3cef7a5f050b None None] Determining version of request: GET / Accept: application/json {{(pid=98720) process_request /opt/stack/glance/glance/api/middleware/version_negotiation.py:44}}
Jun 16 17:27:09.839080 np0000002972 devstack@g-api.service[98720]: DEBUG glance.api.middleware.version_negotiation [None req-e87231c1-d4f2-4e7a-a34e-3cef7a5f050b None None] Using url versioning {{(pid=98720) process_request /opt/stack/glance/glance/api/middleware/version_negotiation.py:57}}
Jun 16 17:27:09.839130 np0000002972 devstack@g-api.service[98720]: DEBUG glance.api.middleware.version_negotiation [None req-e87231c1-d4f2-4e7a-a34e-3cef7a5f050b None None] Unknown version. Returning version choices. {{(pid=98720) process_request /opt/stack/glance/glance/api/middleware/version_negotiation.py:64}}
Jun 16 17:27:09.840026 np0000002972 devstack@g-api.service[98720]: [pid: 98720|app: 0|req: 1/2] 127.0.0.1 () {36 vars in 569 bytes} [Tue Jun 16 17:27:09 2026] GET / => generated 1394 bytes in 2 msecs (HTTP/1.1 300) 3 headers in 106 bytes (1 switches on core 0)
Jun 16 17:27:09.850518 np0000002972 devstack@g-api.service[98721]: DEBUG glance.api.middleware.version_negotiation [None req-a738526b-353e-4202-b7b3-d0d394812e3d None None] Determining version of request: POST /v2/images Accept: */* {{(pid=98721) process_request /opt/stack/glance/glance/api/middleware/version_negotiation.py:44}}
Jun 16 17:27:09.850865 np0000002972 devstack@g-api.service[98721]: DEBUG glance.api.middleware.version_negotiation [None req-a738526b-353e-4202-b7b3-d0d394812e3d None None] Using url versioning {{(pid=98721) process_request /opt/stack/glance/glance/api/middleware/version_negotiation.py:57}}
Jun 16 17:27:09.851213 np0000002972 devstack@g-api.service[98721]: DEBUG glance.api.middleware.version_negotiation [None req-a738526b-353e-4202-b7b3-d0d394812e3d None None] Matched version: v2 {{(pid=98721) process_request /opt/stack/glance/glance/api/middleware/version_negotiation.py:69}}
Jun 16 17:27:09.851260 np0000002972 devstack@g-api.service[98721]: DEBUG glance.api.middleware.version_negotiation [None req-a738526b-353e-4202-b7b3-d0d394812e3d None None] new path /v2/images {{(pid=98721) process_request /opt/stack/glance/glance/api/middleware/version_negotiation.py:70}}
Jun 16 17:27:10.775993 np0000002972 devstack@g-api.service[98721]: [pid: 98721|app: 0|req: 2/3] 127.0.0.1 () {42 vars in 832 bytes} [Tue Jun 16 17:27:09 2026] POST /v2/images => generated 807 bytes in 926 msecs (HTTP/1.1 201) 6 headers in 315 bytes (1 switches on core 0)
Jun 16 17:27:10.784180 np0000002972 devstack@g-api.service[98720]: DEBUG glance.api.middleware.version_negotiation [None req-e87231c1-d4f2-4e7a-a34e-3cef7a5f050b None None] Determining version of request: PUT /v2/images/0130a59d-d9cc-4338-9035-104102bed87b/stage Accept: {{(pid=98720) process_request /opt/stack/glance/glance/api/middleware/version_negotiation.py:44}}
Jun 16 17:27:10.784362 np0000002972 devstack@g-api.service[98720]: DEBUG glance.api.middleware.version_negotiation [None req-e87231c1-d4f2-4e7a-a34e-3cef7a5f050b None None] Using url versioning {{(pid=98720) process_request /opt/stack/glance/glance/api/middleware/version_negotiation.py:57}}
Jun 16 17:27:10.784830 np0000002972 devstack@g-api.service[98720]: DEBUG glance.api.middleware.version_negotiation [None req-e87231c1-d4f2-4e7a-a34e-3cef7a5f050b None None] Matched version: v2 {{(pid=98720) process_request /opt/stack/glance/glance/api/middleware/version_negotiation.py:69}}
Jun 16 17:27:10.784962 np0000002972 devstack@g-api.service[98720]: DEBUG glance.api.middleware.version_negotiation [None req-e87231c1-d4f2-4e7a-a34e-3cef7a5f050b None None] new path /v2/images/0130a59d-d9cc-4338-9035-104102bed87b/stage {{(pid=98720) process_request /opt/stack/glance/glance/api/middleware/version_negotiation.py:70}}
Jun 16 17:27:11.359414 np0000002972 devstack@g-api.service[98720]: DEBUG glance_store.backend [None req-2948cbef-1c5e-4d29-a1b3-ba929f1d3559 admin admin] Attempting to import store cinder {{(pid=98720) _load_store /opt/stack/data/venv/lib/python3.12/site-packages/glance_store/backend.py:215}}
Jun 16 17:27:11.359872 np0000002972 devstack@g-api.service[98720]: DEBUG glance_store.backend [None req-2948cbef-1c5e-4d29-a1b3-ba929f1d3559 admin admin] Attempting to import store file {{(pid=98720) _load_store /opt/stack/data/venv/lib/python3.12/site-packages/glance_store/backend.py:215}}
Jun 16 17:27:11.359872 np0000002972 devstack@g-api.service[98720]: DEBUG glance_store.backend [None req-2948cbef-1c5e-4d29-a1b3-ba929f1d3559 admin admin] Attempting to import store glance.store.cinder.Store {{(pid=98720) _load_store /opt/stack/data/venv/lib/python3.12/site-packages/glance_store/backend.py:215}}
Jun 16 17:27:11.359872 np0000002972 devstack@g-api.service[98720]: DEBUG glance_store.backend [None req-2948cbef-1c5e-4d29-a1b3-ba929f1d3559 admin admin] Attempting to import store glance.store.filesystem.Store {{(pid=98720) _load_store /opt/stack/data/venv/lib/python3.12/site-packages/glance_store/backend.py:215}}
Jun 16 17:27:11.359985 np0000002972 devstack@g-api.service[98720]: DEBUG glance_store.backend [None req-2948cbef-1c5e-4d29-a1b3-ba929f1d3559 admin admin] Attempting to import store glance.store.http.Store {{(pid=98720) _load_store /opt/stack/data/venv/lib/python3.12/site-packages/glance_store/backend.py:215}}
Jun 16 17:27:11.360102 np0000002972 devstack@g-api.service[98720]: DEBUG glance_store.backend [None req-2948cbef-1c5e-4d29-a1b3-ba929f1d3559 admin admin] Attempting to import store glance.store.rbd.Store {{(pid=98720) _load_store /opt/stack/data/venv/lib/python3.12/site-packages/glance_store/backend.py:215}}
Jun 16 17:27:11.360146 np0000002972 devstack@g-api.service[98720]: DEBUG glance_store.backend [None req-2948cbef-1c5e-4d29-a1b3-ba929f1d3559 admin admin] Attempting to import store glance.store.s3.Store {{(pid=98720) _load_store /opt/stack/data/venv/lib/python3.12/site-packages/glance_store/backend.py:215}}
Jun 16 17:27:11.360304 np0000002972 devstack@g-api.service[98720]: DEBUG glance_store.backend [None req-2948cbef-1c5e-4d29-a1b3-ba929f1d3559 admin admin] Attempting to import store glance.store.swift.Store {{(pid=98720) _load_store /opt/stack/data/venv/lib/python3.12/site-packages/glance_store/backend.py:215}}
Jun 16 17:27:11.360453 np0000002972 devstack@g-api.service[98720]: DEBUG glance_store.backend [None req-2948cbef-1c5e-4d29-a1b3-ba929f1d3559 admin admin] Attempting to import store glance.store.vmware_datastore.Store {{(pid=98720) _load_store /opt/stack/data/venv/lib/python3.12/site-packages/glance_store/backend.py:215}}
Jun 16 17:27:11.360633 np0000002972 devstack@g-api.service[98720]: DEBUG glance_store.backend [None req-2948cbef-1c5e-4d29-a1b3-ba929f1d3559 admin admin] Attempting to import store http {{(pid=98720) _load_store /opt/stack/data/venv/lib/python3.12/site-packages/glance_store/backend.py:215}}
Jun 16 17:27:11.360697 np0000002972 devstack@g-api.service[98720]: DEBUG glance_store.backend [None req-2948cbef-1c5e-4d29-a1b3-ba929f1d3559 admin admin] Attempting to import store no_conf {{(pid=98720) _load_store /opt/stack/data/venv/lib/python3.12/site-packages/glance_store/backend.py:215}}
Jun 16 17:27:11.360756 np0000002972 devstack@g-api.service[98720]: DEBUG glance_store.backend [None req-2948cbef-1c5e-4d29-a1b3-ba929f1d3559 admin admin] Attempting to import store rbd {{(pid=98720) _load_store /opt/stack/data/venv/lib/python3.12/site-packages/glance_store/backend.py:215}}
Jun 16 17:27:11.360838 np0000002972 devstack@g-api.service[98720]: DEBUG glance_store.backend [None req-2948cbef-1c5e-4d29-a1b3-ba929f1d3559 admin admin] Attempting to import store s3 {{(pid=98720) _load_store /opt/stack/data/venv/lib/python3.12/site-packages/glance_store/backend.py:215}}
Jun 16 17:27:11.360939 np0000002972 devstack@g-api.service[98720]: DEBUG glance_store.backend [None req-2948cbef-1c5e-4d29-a1b3-ba929f1d3559 admin admin] Attempting to import store swift {{(pid=98720) _load_store /opt/stack/data/venv/lib/python3.12/site-packages/glance_store/backend.py:215}}
Jun 16 17:27:11.360996 np0000002972 devstack@g-api.service[98720]: DEBUG glance_store.backend [None req-2948cbef-1c5e-4d29-a1b3-ba929f1d3559 admin admin] Attempting to import store vmware {{(pid=98720) _load_store /opt/stack/data/venv/lib/python3.12/site-packages/glance_store/backend.py:215}}
Jun 16 17:27:11.361087 np0000002972 devstack@g-api.service[98720]: DEBUG glance_store.backend [None req-2948cbef-1c5e-4d29-a1b3-ba929f1d3559 admin admin] Registering options for group glance_store {{(pid=98720) register_opts /opt/stack/data/venv/lib/python3.12/site-packages/glance_store/backend.py:144}}
Jun 16 17:27:11.361182 np0000002972 devstack@g-api.service[98720]: DEBUG glance_store.backend [None req-2948cbef-1c5e-4d29-a1b3-ba929f1d3559 admin admin] Registering options for group glance_store {{(pid=98720) register_opts /opt/stack/data/venv/lib/python3.12/site-packages/glance_store/backend.py:144}}
Jun 16 17:27:11.361504 np0000002972 devstack@g-api.service[98720]: DEBUG glance_store.backend [None req-2948cbef-1c5e-4d29-a1b3-ba929f1d3559 admin admin] Attempting to import store file {{(pid=98720) _load_store /opt/stack/data/venv/lib/python3.12/site-packages/glance_store/backend.py:215}}
Jun 16 17:27:11.361841 np0000002972 devstack@g-api.service[98720]: INFO glance_store._drivers.filesystem [None req-2948cbef-1c5e-4d29-a1b3-ba929f1d3559 admin admin] Directory to write image files does not exist (/tmp/staging/). Creating.
Jun 16 17:27:11.362027 np0000002972 devstack@g-api.service[98720]: DEBUG glance_store.capabilities [None req-2948cbef-1c5e-4d29-a1b3-ba929f1d3559 admin admin] Store glance_store._drivers.filesystem.Store doesn't support updating dynamic storage capabilities. Please overwrite 'update_capabilities' method of the store to implement updating logics if needed. {{(pid=98720) update_capabilities /opt/stack/data/venv/lib/python3.12/site-packages/glance_store/capabilities.py:91}}
Jun 16 17:27:11.917577 np0000002972 devstack@g-api.service[98720]: DEBUG glance_store._drivers.filesystem [None req-2948cbef-1c5e-4d29-a1b3-ba929f1d3559 admin admin] Wrote 21430272 bytes to /tmp/staging/0130a59d-d9cc-4338-9035-104102bed87b with checksum c8fc807773e5354afe61636071771906 and multihash c8fc807773e5354afe61636071771906 {{(pid=98720) add /opt/stack/data/venv/lib/python3.12/site-packages/glance_store/_drivers/filesystem.py:899}}
Jun 16 17:27:11.934614 np0000002972 devstack@g-api.service[98720]: [pid: 98720|app: 0|req: 2/4] 127.0.0.1 () {42 vars in 927 bytes} [Tue Jun 16 17:27:10 2026] PUT /v2/images/0130a59d-d9cc-4338-9035-104102bed87b/stage => generated 0 bytes in 1150 msecs (HTTP/1.1 204) 4 headers in 171 bytes (1 switches on core 0)
Jun 16 17:27:11.942504 np0000002972 devstack@g-api.service[98721]: DEBUG glance.api.middleware.version_negotiation [None req-7b7f7e95-c186-4579-889a-07ef774ceff9 admin admin] Determining version of request: POST /v2/images/0130a59d-d9cc-4338-9035-104102bed87b/import Accept: */* {{(pid=98721) process_request /opt/stack/glance/glance/api/middleware/version_negotiation.py:44}}
Jun 16 17:27:11.942847 np0000002972 devstack@g-api.service[98721]: DEBUG glance.api.middleware.version_negotiation [None req-7b7f7e95-c186-4579-889a-07ef774ceff9 admin admin] Using url versioning {{(pid=98721) process_request /opt/stack/glance/glance/api/middleware/version_negotiation.py:57}}
Jun 16 17:27:11.942882 np0000002972 devstack@g-api.service[98721]: DEBUG glance.api.middleware.version_negotiation [None req-7b7f7e95-c186-4579-889a-07ef774ceff9 admin admin] Matched version: v2 {{(pid=98721) process_request /opt/stack/glance/glance/api/middleware/version_negotiation.py:69}}
Jun 16 17:27:11.943018 np0000002972 devstack@g-api.service[98721]: DEBUG glance.api.middleware.version_negotiation [None req-7b7f7e95-c186-4579-889a-07ef774ceff9 admin admin] new path /v2/images/0130a59d-d9cc-4338-9035-104102bed87b/import {{(pid=98721) process_request /opt/stack/glance/glance/api/middleware/version_negotiation.py:70}}
Jun 16 17:27:12.402900 np0000002972 devstack@g-api.service[98721]: DEBUG glance.domain [None req-ef35bdaa-bd69-4d19-9960-740e8edf6f67 admin admin] Loading taskflow executor {{(pid=98721) new_task_executor /opt/stack/glance/glance/domain/__init__.py:530}}
Jun 16 17:27:12.584805 np0000002972 devstack@g-api.service[98721]: DEBUG oslo_concurrency.lockutils [None req-ef35bdaa-bd69-4d19-9960-740e8edf6f67 admin admin] Acquiring lock "tasks_pool" by "glance.api.common.memoize..memoizer_wrapper..memoizer" {{(pid=98721) inner /opt/stack/data/venv/lib/python3.12/site-packages/oslo_concurrency/lockutils.py:511}}
Jun 16 17:27:12.584927 np0000002972 devstack@g-api.service[98721]: DEBUG oslo_concurrency.lockutils [None req-ef35bdaa-bd69-4d19-9960-740e8edf6f67 admin admin] Lock "tasks_pool" acquired by "glance.api.common.memoize..memoizer_wrapper..memoizer" :: waited 0.000s {{(pid=98721) inner /opt/stack/data/venv/lib/python3.12/site-packages/oslo_concurrency/lockutils.py:524}}
Jun 16 17:27:12.585325 np0000002972 devstack@g-api.service[98721]: DEBUG glance.api.common [None req-ef35bdaa-bd69-4d19-9960-740e8edf6f67 admin admin] Initializing named threadpool 'tasks_pool' {{(pid=98721) _get_thread_pool /opt/stack/glance/glance/api/common.py:242}}
Jun 16 17:27:12.585422 np0000002972 devstack@g-api.service[98721]: DEBUG glance.async_ [None req-ef35bdaa-bd69-4d19-9960-740e8edf6f67 admin admin] Creating threadpool model 'ThreadPoolExecutor' with size 16 {{(pid=98721) __init__ /opt/stack/glance/glance/async_/__init__.py:100}}
Jun 16 17:27:12.585561 np0000002972 devstack@g-api.service[98721]: DEBUG oslo_concurrency.lockutils [None req-ef35bdaa-bd69-4d19-9960-740e8edf6f67 admin admin] Lock "tasks_pool" "released" by "glance.api.common.memoize..memoizer_wrapper..memoizer" :: held 0.001s {{(pid=98721) inner /opt/stack/data/venv/lib/python3.12/site-packages/oslo_concurrency/lockutils.py:543}}
Jun 16 17:27:12.585660 np0000002972 devstack@g-api.service[98721]: DEBUG glance.async_ [None req-ef35bdaa-bd69-4d19-9960-740e8edf6f67 admin admin] Spawning with ThreadPoolExecutor: >((,), {}) {{(pid=98721) spawn /opt/stack/glance/glance/async_/__init__.py:106}}
Jun 16 17:27:12.587260 np0000002972 devstack@g-api.service[98721]: [pid: 98721|app: 0|req: 3/5] 127.0.0.1 () {42 vars in 919 bytes} [Tue Jun 16 17:27:11 2026] POST /v2/images/0130a59d-d9cc-4338-9035-104102bed87b/import => generated 0 bytes in 645 msecs (HTTP/1.1 202) 4 headers in 169 bytes (1 switches on core 0)
Jun 16 17:27:12.592818 np0000002972 devstack@g-api.service[98721]: INFO glance.domain [-] Task [c2892258-d86e-4739-8585-d06fe8aafc89] status changing from pending to processing
Jun 16 17:27:12.596165 np0000002972 devstack@g-api.service[98720]: DEBUG glance.api.middleware.version_negotiation [None req-2948cbef-1c5e-4d29-a1b3-ba929f1d3559 admin admin] Determining version of request: GET /v2/images/0130a59d-d9cc-4338-9035-104102bed87b Accept: */* {{(pid=98720) process_request /opt/stack/glance/glance/api/middleware/version_negotiation.py:44}}
Jun 16 17:27:12.596504 np0000002972 devstack@g-api.service[98720]: DEBUG glance.api.middleware.version_negotiation [None req-2948cbef-1c5e-4d29-a1b3-ba929f1d3559 admin admin] Using url versioning {{(pid=98720) process_request /opt/stack/glance/glance/api/middleware/version_negotiation.py:57}}
Jun 16 17:27:12.596504 np0000002972 devstack@g-api.service[98720]: DEBUG glance.api.middleware.version_negotiation [None req-2948cbef-1c5e-4d29-a1b3-ba929f1d3559 admin admin] Matched version: v2 {{(pid=98720) process_request /opt/stack/glance/glance/api/middleware/version_negotiation.py:69}}
Jun 16 17:27:12.596504 np0000002972 devstack@g-api.service[98720]: DEBUG glance.api.middleware.version_negotiation [None req-2948cbef-1c5e-4d29-a1b3-ba929f1d3559 admin admin] new path /v2/images/0130a59d-d9cc-4338-9035-104102bed87b {{(pid=98720) process_request /opt/stack/glance/glance/api/middleware/version_negotiation.py:70}}
Jun 16 17:27:12.604958 np0000002972 devstack@g-api.service[98721]: DEBUG glance.async_.taskflow_executor [-] Taskflow executor picked up the execution of task ID c2892258-d86e-4739-8585-d06fe8aafc89 of task type api_image_import {{(pid=98721) _run /opt/stack/glance/glance/async_/taskflow_executor.py:163}}
Jun 16 17:27:12.605292 np0000002972 devstack@g-api.service[98720]: [pid: 98720|app: 0|req: 3/6] 127.0.0.1 () {38 vars in 852 bytes} [Tue Jun 16 17:27:12 2026] GET /v2/images/0130a59d-d9cc-4338-9035-104102bed87b => generated 879 bytes in 9 msecs (HTTP/1.1 200) 4 headers in 157 bytes (1 switches on core 0)
Jun 16 17:27:12.622286 np0000002972 devstack@g-api.service[98721]: DEBUG glance_store.backend [-] Attempting to import store cinder {{(pid=98721) _load_store /opt/stack/data/venv/lib/python3.12/site-packages/glance_store/backend.py:215}}
Jun 16 17:27:12.622434 np0000002972 devstack@g-api.service[98721]: DEBUG glance_store.backend [-] Attempting to import store file {{(pid=98721) _load_store /opt/stack/data/venv/lib/python3.12/site-packages/glance_store/backend.py:215}}
Jun 16 17:27:12.622586 np0000002972 devstack@g-api.service[98721]: DEBUG glance_store.backend [-] Attempting to import store glance.store.cinder.Store {{(pid=98721) _load_store /opt/stack/data/venv/lib/python3.12/site-packages/glance_store/backend.py:215}}
Jun 16 17:27:12.622709 np0000002972 devstack@g-api.service[98721]: DEBUG glance_store.backend [-] Attempting to import store glance.store.filesystem.Store {{(pid=98721) _load_store /opt/stack/data/venv/lib/python3.12/site-packages/glance_store/backend.py:215}}
Jun 16 17:27:12.622805 np0000002972 devstack@g-api.service[98721]: DEBUG glance_store.backend [-] Attempting to import store glance.store.http.Store {{(pid=98721) _load_store /opt/stack/data/venv/lib/python3.12/site-packages/glance_store/backend.py:215}}
Jun 16 17:27:12.622924 np0000002972 devstack@g-api.service[98721]: DEBUG glance_store.backend [-] Attempting to import store glance.store.rbd.Store {{(pid=98721) _load_store /opt/stack/data/venv/lib/python3.12/site-packages/glance_store/backend.py:215}}
Jun 16 17:27:12.623032 np0000002972 devstack@g-api.service[98721]: DEBUG glance_store.backend [-] Attempting to import store glance.store.s3.Store {{(pid=98721) _load_store /opt/stack/data/venv/lib/python3.12/site-packages/glance_store/backend.py:215}}
Jun 16 17:27:12.623140 np0000002972 devstack@g-api.service[98721]: DEBUG glance_store.backend [-] Attempting to import store glance.store.swift.Store {{(pid=98721) _load_store /opt/stack/data/venv/lib/python3.12/site-packages/glance_store/backend.py:215}}
Jun 16 17:27:12.623251 np0000002972 devstack@g-api.service[98721]: DEBUG glance_store.backend [-] Attempting to import store glance.store.vmware_datastore.Store {{(pid=98721) _load_store /opt/stack/data/venv/lib/python3.12/site-packages/glance_store/backend.py:215}}
Jun 16 17:27:12.623395 np0000002972 devstack@g-api.service[98721]: DEBUG glance_store.backend [-] Attempting to import store http {{(pid=98721) _load_store /opt/stack/data/venv/lib/python3.12/site-packages/glance_store/backend.py:215}}
Jun 16 17:27:12.623502 np0000002972 devstack@g-api.service[98721]: DEBUG glance_store.backend [-] Attempting to import store no_conf {{(pid=98721) _load_store /opt/stack/data/venv/lib/python3.12/site-packages/glance_store/backend.py:215}}
Jun 16 17:27:12.623636 np0000002972 devstack@g-api.service[98721]: DEBUG glance_store.backend [-] Attempting to import store rbd {{(pid=98721) _load_store /opt/stack/data/venv/lib/python3.12/site-packages/glance_store/backend.py:215}}
Jun 16 17:27:12.623738 np0000002972 devstack@g-api.service[98721]: DEBUG glance_store.backend [-] Attempting to import store s3 {{(pid=98721) _load_store /opt/stack/data/venv/lib/python3.12/site-packages/glance_store/backend.py:215}}
Jun 16 17:27:12.623886 np0000002972 devstack@g-api.service[98721]: DEBUG glance_store.backend [-] Attempting to import store swift {{(pid=98721) _load_store /opt/stack/data/venv/lib/python3.12/site-packages/glance_store/backend.py:215}}
Jun 16 17:27:12.623944 np0000002972 devstack@g-api.service[98721]: DEBUG glance_store.backend [-] Attempting to import store vmware {{(pid=98721) _load_store /opt/stack/data/venv/lib/python3.12/site-packages/glance_store/backend.py:215}}
Jun 16 17:27:12.624023 np0000002972 devstack@g-api.service[98721]: DEBUG glance_store.backend [-] Registering options for group glance_store {{(pid=98721) register_opts /opt/stack/data/venv/lib/python3.12/site-packages/glance_store/backend.py:144}}
Jun 16 17:27:12.624124 np0000002972 devstack@g-api.service[98721]: DEBUG glance_store.backend [-] Registering options for group glance_store {{(pid=98721) register_opts /opt/stack/data/venv/lib/python3.12/site-packages/glance_store/backend.py:144}}
Jun 16 17:27:12.624552 np0000002972 devstack@g-api.service[98721]: DEBUG glance_store.backend [-] Attempting to import store file {{(pid=98721) _load_store /opt/stack/data/venv/lib/python3.12/site-packages/glance_store/backend.py:215}}
Jun 16 17:27:12.624933 np0000002972 devstack@g-api.service[98721]: DEBUG glance_store.capabilities [-] Store glance_store._drivers.filesystem.Store doesn't support updating dynamic storage capabilities. Please overwrite 'update_capabilities' method of the store to implement updating logics if needed. {{(pid=98721) update_capabilities /opt/stack/data/venv/lib/python3.12/site-packages/glance_store/capabilities.py:91}}
Jun 16 17:27:12.632351 np0000002972 devstack@g-api.service[98721]: DEBUG glance.async_.flows.api_image_import [-] Image 0130a59d-d9cc-4338-9035-104102bed87b os_glance_importing_to_stores= {{(pid=98721) merge_store_list /opt/stack/glance/glance/async_/flows/api_image_import.py:277}}
Jun 16 17:27:12.632467 np0000002972 devstack@g-api.service[98721]: DEBUG glance.async_.flows.api_image_import [-] Image 0130a59d-d9cc-4338-9035-104102bed87b os_glance_failed_import= {{(pid=98721) merge_store_list /opt/stack/glance/glance/async_/flows/api_image_import.py:277}}
Jun 16 17:27:12.638017 np0000002972 devstack@g-api.service[98721]: DEBUG glance.async_.flows.api_image_import [-] Image 0130a59d-d9cc-4338-9035-104102bed87b status changing from uploading to importing {{(pid=98721) __exit__ /opt/stack/glance/glance/async_/flows/api_image_import.py:166}}
Jun 16 17:27:13.068609 np0000002972 devstack@g-api.service[98721]: DEBUG glance.async_ [-] Creating threadpool model 'ThreadPoolExecutor' with size 10 {{(pid=98721) __init__ /opt/stack/glance/glance/async_/__init__.py:100}}
Jun 16 17:27:13.090666 np0000002972 devstack@g-api.service[98721]: DEBUG glance.async_.taskflow_executor [-] Flow 'api_image_import' (9f5f3efb-8e20-46c1-9d4a-12ae7f9657a1) transitioned into state 'RUNNING' from state 'PENDING' {{(pid=98721) _flow_receiver /opt/stack/data/venv/lib/python3.12/site-packages/taskflow/listeners/logging.py:160}}
Jun 16 17:27:13.092517 np0000002972 devstack@g-api.service[98721]: DEBUG glance.async_.taskflow_executor [-] Task 'api_image_import-ImageLock-c2892258-d86e-4739-8585-d06fe8aafc89' (a0a7362a-d24f-44bf-a44b-9fd2a120a5d3) transitioned into state 'RUNNING' from state 'PENDING' {{(pid=98721) _task_receiver /opt/stack/data/venv/lib/python3.12/site-packages/taskflow/listeners/logging.py:242}}
Jun 16 17:27:13.098859 np0000002972 devstack@g-api.service[98721]: DEBUG glance.async_.flows.api_image_import [-] Image 0130a59d-d9cc-4338-9035-104102bed87b import task c2892258-d86e-4739-8585-d06fe8aafc89 lock confirmed {{(pid=98721) execute /opt/stack/glance/glance/async_/flows/api_image_import.py:477}}
Jun 16 17:27:13.099591 np0000002972 devstack@g-api.service[98721]: DEBUG glance.async_.taskflow_executor [-] Task 'api_image_import-ImageLock-c2892258-d86e-4739-8585-d06fe8aafc89' (a0a7362a-d24f-44bf-a44b-9fd2a120a5d3) transitioned into state 'SUCCESS' from state 'RUNNING' with result 'None' {{(pid=98721) _task_receiver /opt/stack/data/venv/lib/python3.12/site-packages/taskflow/listeners/logging.py:218}}
Jun 16 17:27:13.100259 np0000002972 devstack@g-api.service[98721]: DEBUG glance.async_.taskflow_executor [-] Task 'api_image_import-ConfigureStaging-c2892258-d86e-4739-8585-d06fe8aafc89' (c79a7142-fdcc-4903-ac23-f167b82a9516) transitioned into state 'RUNNING' from state 'PENDING' {{(pid=98721) _task_receiver /opt/stack/data/venv/lib/python3.12/site-packages/taskflow/listeners/logging.py:242}}
Jun 16 17:27:13.101209 np0000002972 devstack@g-api.service[98721]: DEBUG glance.async_.taskflow_executor [-] Task 'api_image_import-ConfigureStaging-c2892258-d86e-4739-8585-d06fe8aafc89' (c79a7142-fdcc-4903-ac23-f167b82a9516) transitioned into state 'SUCCESS' from state 'RUNNING' with result 'file:///tmp/staging/0130a59d-d9cc-4338-9035-104102bed87b' {{(pid=98721) _task_receiver /opt/stack/data/venv/lib/python3.12/site-packages/taskflow/listeners/logging.py:218}}
Jun 16 17:27:13.101871 np0000002972 devstack@g-api.service[98721]: DEBUG glance.async_.taskflow_executor [-] Task 'api_image_import--ImportToStore-c2892258-d86e-4739-8585-d06fe8aafc89' (fd6b4243-fe47-4d16-8f97-30936729bcea) transitioned into state 'RUNNING' from state 'PENDING' {{(pid=98721) _task_receiver /opt/stack/data/venv/lib/python3.12/site-packages/taskflow/listeners/logging.py:242}}
Jun 16 17:27:13.107321 np0000002972 devstack@g-api.service[98721]: INFO glance.common.scripts.image_import.main [-] Task c2892258-d86e-4739-8585-d06fe8aafc89: Got image data uri file:///tmp/staging/0130a59d-d9cc-4338-9035-104102bed87b to be imported
Jun 16 17:27:13.108722 np0000002972 devstack@g-api.service[98721]: DEBUG glance.location [-] Enabling in-flight format inspection for qcow2 {{(pid=98721) set_data /opt/stack/glance/glance/location.py:616}}
Jun 16 17:27:13.109058 np0000002972 devstack@g-api.service[98721]: DEBUG glance_store.backend [-] Attempting to import store swift {{(pid=98721) _load_store /opt/stack/data/venv/lib/python3.12/site-packages/glance_store/backend.py:215}}
Jun 16 17:27:13.110360 np0000002972 devstack@g-api.service[98721]: DEBUG glance_store.capabilities [-] Store glance_store._drivers.swift.store.SingleTenantStore doesn't support updating dynamic storage capabilities. Please overwrite 'update_capabilities' method of the store to implement updating logics if needed. {{(pid=98721) update_capabilities /opt/stack/data/venv/lib/python3.12/site-packages/glance_store/capabilities.py:91}}
Jun 16 17:27:13.110462 np0000002972 devstack@g-api.service[98721]: DEBUG glance_store.driver [-] Late loading location class glance_store._drivers.swift.store.StoreLocation {{(pid=98721) get_store_location_class /opt/stack/data/venv/lib/python3.12/site-packages/glance_store/driver.py:134}}
Jun 16 17:27:13.110521 np0000002972 devstack@g-api.service[98721]: DEBUG glance_store.location [-] Registering scheme swift+https with {'store': , 'location_class': , 'store_entry': 'swift'} {{(pid=98721) register_scheme_map /opt/stack/data/venv/lib/python3.12/site-packages/glance_store/location.py:146}}
Jun 16 17:27:13.110616 np0000002972 devstack@g-api.service[98721]: DEBUG glance_store.location [-] Registering scheme swift+https with {'store': , 'location_class': , 'store_entry': 'swift'} {{(pid=98721) register_scheme_map /opt/stack/data/venv/lib/python3.12/site-packages/glance_store/location.py:146}}
Jun 16 17:27:13.110655 np0000002972 devstack@g-api.service[98721]: DEBUG glance_store.location [-] Registering scheme swift with {'store': , 'location_class': , 'store_entry': 'swift'} {{(pid=98721) register_scheme_map /opt/stack/data/venv/lib/python3.12/site-packages/glance_store/location.py:146}}
Jun 16 17:27:13.110701 np0000002972 devstack@g-api.service[98721]: DEBUG glance_store.location [-] Registering scheme swift+https with {'store': , 'location_class': , 'store_entry': 'swift'} {{(pid=98721) register_scheme_map /opt/stack/data/venv/lib/python3.12/site-packages/glance_store/location.py:146}}
Jun 16 17:27:13.110762 np0000002972 devstack@g-api.service[98721]: DEBUG glance_store.location [-] Registering scheme swift with {'store': , 'location_class': , 'store_entry': 'swift'} {{(pid=98721) register_scheme_map /opt/stack/data/venv/lib/python3.12/site-packages/glance_store/location.py:146}}
Jun 16 17:27:13.110818 np0000002972 devstack@g-api.service[98721]: DEBUG glance_store.location [-] Registering scheme swift+http with {'store': , 'location_class': , 'store_entry': 'swift'} {{(pid=98721) register_scheme_map /opt/stack/data/venv/lib/python3.12/site-packages/glance_store/location.py:146}}
Jun 16 17:27:13.110854 np0000002972 devstack@g-api.service[98721]: DEBUG glance_store.location [-] Registering scheme swift+https with {'store': , 'location_class': , 'store_entry': 'swift'} {{(pid=98721) register_scheme_map /opt/stack/data/venv/lib/python3.12/site-packages/glance_store/location.py:146}}
Jun 16 17:27:13.110893 np0000002972 devstack@g-api.service[98721]: DEBUG glance_store.location [-] Registering scheme swift with {'store': , 'location_class': , 'store_entry': 'swift'} {{(pid=98721) register_scheme_map /opt/stack/data/venv/lib/python3.12/site-packages/glance_store/location.py:146}}
Jun 16 17:27:13.110929 np0000002972 devstack@g-api.service[98721]: DEBUG glance_store.location [-] Registering scheme swift+http with {'store': , 'location_class': , 'store_entry': 'swift'} {{(pid=98721) register_scheme_map /opt/stack/data/venv/lib/python3.12/site-packages/glance_store/location.py:146}}
Jun 16 17:27:13.110963 np0000002972 devstack@g-api.service[98721]: DEBUG glance_store.location [-] Registering scheme swift+config with {'store': , 'location_class': , 'store_entry': 'swift'} {{(pid=98721) register_scheme_map /opt/stack/data/venv/lib/python3.12/site-packages/glance_store/location.py:146}}
Jun 16 17:27:13.521268 np0000002972 devstack@g-api.service[98721]: INFO swiftclient [-] REQ: curl -i https://10.4.3.54:8080/v1/AUTH_aa446f551e204d2e860f848dc6dc2a58/glance -I -H "X-Auth-Token: gAAAAABqMYdxB_Qf..."
Jun 16 17:27:13.521380 np0000002972 devstack@g-api.service[98721]: INFO swiftclient [-] RESP STATUS: 404 Not Found
Jun 16 17:27:13.521488 np0000002972 devstack@g-api.service[98721]: INFO swiftclient [-] RESP HEADERS: {'Date': 'Tue, 16 Jun 2026 17:27:13 GMT', 'Server': 'Apache/2.4.58 (Ubuntu)', 'Content-Type': 'text/html; charset=UTF-8', 'X-Trans-Id': 'tx4ba639dee06e40ffba79e-006a318771', 'X-Openstack-Request-Id': 'tx4ba639dee06e40ffba79e-006a318771', 'Connection': 'close'}
Jun 16 17:27:13.522569 np0000002972 devstack@g-api.service[98721]: INFO glance_store._drivers.swift.store [-] Creating swift container glance
Jun 16 17:27:13.573186 np0000002972 devstack@g-api.service[98721]: DEBUG swiftclient [-] REQ: curl -i https://10.4.3.54:8080/v1/AUTH_aa446f551e204d2e860f848dc6dc2a58/glance -X PUT -H "X-Auth-Token: gAAAAABqMYdxB_Qf..." -H "Content-Length: 0" {{(pid=98721) http_log /opt/stack/data/venv/lib/python3.12/site-packages/swiftclient/client.py:160}}
Jun 16 17:27:13.573303 np0000002972 devstack@g-api.service[98721]: DEBUG swiftclient [-] RESP STATUS: 201 Created {{(pid=98721) http_log /opt/stack/data/venv/lib/python3.12/site-packages/swiftclient/client.py:161}}
Jun 16 17:27:13.573382 np0000002972 devstack@g-api.service[98721]: DEBUG swiftclient [-] RESP HEADERS: {'Date': 'Tue, 16 Jun 2026 17:27:13 GMT', 'Server': 'Apache/2.4.58 (Ubuntu)', 'Content-Type': 'text/html; charset=UTF-8', 'Content-Length': '0', 'X-Trans-Id': 'tx255a6caf26944e7a8dc9e-006a318771', 'X-Openstack-Request-Id': 'tx255a6caf26944e7a8dc9e-006a318771', 'Connection': 'close'} {{(pid=98721) http_log /opt/stack/data/venv/lib/python3.12/site-packages/swiftclient/client.py:162}}
Jun 16 17:27:13.573510 np0000002972 devstack@g-api.service[98721]: DEBUG glance_store._drivers.swift.store [-] Adding image object '0130a59d-d9cc-4338-9035-104102bed87b' to Swift {{(pid=98721) add /opt/stack/data/venv/lib/python3.12/site-packages/glance_store/_drivers/swift/store.py:970}}
Jun 16 17:27:13.579392 np0000002972 devstack@g-api.service[98721]: DEBUG oslo_utils.imageutils.format_inspector [-] Format inspector for vmdk does not match, excluding from consideration (Signature KDMV not found: b'QFI\xfb') {{(pid=98721) _process_chunk /opt/stack/data/venv/lib/python3.12/site-packages/oslo_utils/imageutils/format_inspector.py:1758}}
Jun 16 17:27:13.583143 np0000002972 devstack@g-api.service[98721]: DEBUG oslo_utils.imageutils.format_inspector [-] Format inspector for vhdx does not match, excluding from consideration (Region signature not found at 30000) {{(pid=98721) _process_chunk /opt/stack/data/venv/lib/python3.12/site-packages/oslo_utils/imageutils/format_inspector.py:1758}}
Jun 16 17:27:13.890910 np0000002972 devstack@g-api.service[98721]: DEBUG swiftclient [-] REQ: curl -i https://10.4.3.54:8080/v1/AUTH_aa446f551e204d2e860f848dc6dc2a58/glance/0130a59d-d9cc-4338-9035-104102bed87b -X PUT -H "X-Auth-Token: gAAAAABqMYdxB_Qf..." -H "Content-Length: 21430272" {{(pid=98721) http_log /opt/stack/data/venv/lib/python3.12/site-packages/swiftclient/client.py:160}}
Jun 16 17:27:13.890983 np0000002972 devstack@g-api.service[98721]: DEBUG swiftclient [-] RESP STATUS: 201 Created {{(pid=98721) http_log /opt/stack/data/venv/lib/python3.12/site-packages/swiftclient/client.py:161}}
Jun 16 17:27:13.891091 np0000002972 devstack@g-api.service[98721]: DEBUG swiftclient [-] RESP HEADERS: {'Date': 'Tue, 16 Jun 2026 17:27:13 GMT', 'Server': 'Apache/2.4.58 (Ubuntu)', 'Content-Type': 'text/html; charset=UTF-8', 'Content-Length': '0', 'Etag': 'c8fc807773e5354afe61636071771906', 'Last-Modified': 'Tue, 16 Jun 2026 17:27:14 GMT', 'X-Trans-Id': 'txb4e0a6454adc42da81382-006a318771', 'X-Openstack-Request-Id': 'txb4e0a6454adc42da81382-006a318771', 'Connection': 'close'} {{(pid=98721) http_log /opt/stack/data/venv/lib/python3.12/site-packages/swiftclient/client.py:162}}
Jun 16 17:27:13.904061 np0000002972 devstack@g-api.service[98721]: INFO glance.location [-] Image format matched and virtual size computed: 117440512
Jun 16 17:27:13.914796 np0000002972 devstack@g-api.service[98721]: DEBUG glance.async_.flows.api_image_import [-] Image 0130a59d-d9cc-4338-9035-104102bed87b status changing from importing to active {{(pid=98721) __exit__ /opt/stack/glance/glance/async_/flows/api_image_import.py:166}}
Jun 16 17:27:13.937181 np0000002972 devstack@g-api.service[98721]: DEBUG glance_store.backend [-] Attempting to import store swift {{(pid=98721) _load_store /opt/stack/data/venv/lib/python3.12/site-packages/glance_store/backend.py:215}}
Jun 16 17:27:13.938359 np0000002972 devstack@g-api.service[98721]: DEBUG glance_store.capabilities [-] Store glance_store._drivers.swift.store.SingleTenantStore doesn't support updating dynamic storage capabilities. Please overwrite 'update_capabilities' method of the store to implement updating logics if needed. {{(pid=98721) update_capabilities /opt/stack/data/venv/lib/python3.12/site-packages/glance_store/capabilities.py:91}}
Jun 16 17:27:13.938420 np0000002972 devstack@g-api.service[98721]: DEBUG glance_store.driver [-] Late loading location class glance_store._drivers.swift.store.StoreLocation {{(pid=98721) get_store_location_class /opt/stack/data/venv/lib/python3.12/site-packages/glance_store/driver.py:134}}
Jun 16 17:27:13.938492 np0000002972 devstack@g-api.service[98721]: DEBUG glance_store.location [-] Registering scheme swift+https with {'store': , 'location_class': , 'store_entry': 'swift'} {{(pid=98721) register_scheme_map /opt/stack/data/venv/lib/python3.12/site-packages/glance_store/location.py:146}}
Jun 16 17:27:13.938571 np0000002972 devstack@g-api.service[98721]: DEBUG glance_store.location [-] Registering scheme swift+https with {'store': , 'location_class': , 'store_entry': 'swift'} {{(pid=98721) register_scheme_map /opt/stack/data/venv/lib/python3.12/site-packages/glance_store/location.py:146}}
Jun 16 17:27:13.938621 np0000002972 devstack@g-api.service[98721]: DEBUG glance_store.location [-] Registering scheme swift with {'store': , 'location_class': , 'store_entry': 'swift'} {{(pid=98721) register_scheme_map /opt/stack/data/venv/lib/python3.12/site-packages/glance_store/location.py:146}}
Jun 16 17:27:13.938678 np0000002972 devstack@g-api.service[98721]: DEBUG glance_store.location [-] Registering scheme swift+https with {'store': , 'location_class': , 'store_entry': 'swift'} {{(pid=98721) register_scheme_map /opt/stack/data/venv/lib/python3.12/site-packages/glance_store/location.py:146}}
Jun 16 17:27:13.938711 np0000002972 devstack@g-api.service[98721]: DEBUG glance_store.location [-] Registering scheme swift with {'store': , 'location_class': , 'store_entry': 'swift'} {{(pid=98721) register_scheme_map /opt/stack/data/venv/lib/python3.12/site-packages/glance_store/location.py:146}}
Jun 16 17:27:13.938795 np0000002972 devstack@g-api.service[98721]: DEBUG glance_store.location [-] Registering scheme swift+http with {'store': , 'location_class': , 'store_entry': 'swift'} {{(pid=98721) register_scheme_map /opt/stack/data/venv/lib/python3.12/site-packages/glance_store/location.py:146}}
Jun 16 17:27:13.938864 np0000002972 devstack@g-api.service[98721]: DEBUG glance_store.location [-] Registering scheme swift+https with {'store': , 'location_class': , 'store_entry': 'swift'} {{(pid=98721) register_scheme_map /opt/stack/data/venv/lib/python3.12/site-packages/glance_store/location.py:146}}
Jun 16 17:27:13.938864 np0000002972 devstack@g-api.service[98721]: DEBUG glance_store.location [-] Registering scheme swift with {'store': , 'location_class': , 'store_entry': 'swift'} {{(pid=98721) register_scheme_map /opt/stack/data/venv/lib/python3.12/site-packages/glance_store/location.py:146}}
Jun 16 17:27:13.938910 np0000002972 devstack@g-api.service[98721]: DEBUG glance_store.location [-] Registering scheme swift+http with {'store': , 'location_class': , 'store_entry': 'swift'} {{(pid=98721) register_scheme_map /opt/stack/data/venv/lib/python3.12/site-packages/glance_store/location.py:146}}
