Jun 02 23:29:10.750751 np0000001991 devstack@g-api.service[98938]: [pid: 98938|app: 0|req: 132/231] 127.0.0.1 () {44 vars in 1055 bytes} [Tue Jun 2 23:29:10 2026] GET /v2/schemas/image => generated 6083 bytes in 6 msecs (HTTP/1.1 200) 4 headers in 158 bytes (1 switches on core 0)
Jun 02 23:29:10.761054 np0000001991 devstack@g-api.service[98938]: DEBUG glance.api.middleware.version_negotiation [None req-87044818-90d3-49f3-b647-5c677a6b928e tempest-TestVolumeBootPatternV346-1937234291 tempest-TestVolumeBootPatternV346-1937234291-project-member] Determining version of request: GET /v2/schemas/image Accept: */* {{(pid=98938) process_request /opt/stack/glance/glance/api/middleware/version_negotiation.py:44}}
Jun 02 23:29:10.762302 np0000001991 devstack@g-api.service[98938]: DEBUG glance.api.middleware.version_negotiation [None req-87044818-90d3-49f3-b647-5c677a6b928e tempest-TestVolumeBootPatternV346-1937234291 tempest-TestVolumeBootPatternV346-1937234291-project-member] Using url versioning {{(pid=98938) process_request /opt/stack/glance/glance/api/middleware/version_negotiation.py:57}}
Jun 02 23:29:10.762302 np0000001991 devstack@g-api.service[98938]: DEBUG glance.api.middleware.version_negotiation [None req-87044818-90d3-49f3-b647-5c677a6b928e tempest-TestVolumeBootPatternV346-1937234291 tempest-TestVolumeBootPatternV346-1937234291-project-member] Matched version: v2 {{(pid=98938) process_request /opt/stack/glance/glance/api/middleware/version_negotiation.py:69}}
Jun 02 23:29:10.762302 np0000001991 devstack@g-api.service[98938]: DEBUG glance.api.middleware.version_negotiation [None req-87044818-90d3-49f3-b647-5c677a6b928e tempest-TestVolumeBootPatternV346-1937234291 tempest-TestVolumeBootPatternV346-1937234291-project-member] new path /v2/schemas/image {{(pid=98938) process_request /opt/stack/glance/glance/api/middleware/version_negotiation.py:70}}
Jun 02 23:29:10.763452 np0000001991 devstack@g-api.service[98938]: [pid: 98938|app: 0|req: 133/232] 127.0.0.1 () {44 vars in 1055 bytes} [Tue Jun 2 23:29:10 2026] GET /v2/schemas/image => generated 6083 bytes in 2 msecs (HTTP/1.1 200) 4 headers in 158 bytes (1 switches on core 0)
Jun 02 23:29:10.782120 np0000001991 devstack@g-api.service[98938]: DEBUG glance.api.middleware.version_negotiation [None req-87044818-90d3-49f3-b647-5c677a6b928e tempest-TestVolumeBootPatternV346-1937234291 tempest-TestVolumeBootPatternV346-1937234291-project-member] Determining version of request: GET /v2/images/46b759e6-bd14-435a-93c6-52a610b31ca2 Accept: */* {{(pid=98938) process_request /opt/stack/glance/glance/api/middleware/version_negotiation.py:44}}
Jun 02 23:29:10.782238 np0000001991 devstack@g-api.service[98938]: DEBUG glance.api.middleware.version_negotiation [None req-87044818-90d3-49f3-b647-5c677a6b928e tempest-TestVolumeBootPatternV346-1937234291 tempest-TestVolumeBootPatternV346-1937234291-project-member] Using url versioning {{(pid=98938) process_request /opt/stack/glance/glance/api/middleware/version_negotiation.py:57}}
Jun 02 23:29:10.782339 np0000001991 devstack@g-api.service[98938]: DEBUG glance.api.middleware.version_negotiation [None req-87044818-90d3-49f3-b647-5c677a6b928e tempest-TestVolumeBootPatternV346-1937234291 tempest-TestVolumeBootPatternV346-1937234291-project-member] Matched version: v2 {{(pid=98938) process_request /opt/stack/glance/glance/api/middleware/version_negotiation.py:69}}
Jun 02 23:29:10.782490 np0000001991 devstack@g-api.service[98938]: DEBUG glance.api.middleware.version_negotiation [None req-87044818-90d3-49f3-b647-5c677a6b928e tempest-TestVolumeBootPatternV346-1937234291 tempest-TestVolumeBootPatternV346-1937234291-project-member] new path /v2/images/46b759e6-bd14-435a-93c6-52a610b31ca2 {{(pid=98938) process_request /opt/stack/glance/glance/api/middleware/version_negotiation.py:70}}
Jun 02 23:29:10.792868 np0000001991 devstack@g-api.service[98938]: [pid: 98938|app: 0|req: 134/233] 127.0.0.1 () {44 vars in 1115 bytes} [Tue Jun 2 23:29:10 2026] GET /v2/images/46b759e6-bd14-435a-93c6-52a610b31ca2 => generated 1044 bytes in 11 msecs (HTTP/1.1 200) 4 headers in 158 bytes (1 switches on core 0)
Jun 02 23:29:10.803521 np0000001991 devstack@g-api.service[98938]: DEBUG glance.api.middleware.version_negotiation [None req-87044818-90d3-49f3-b647-5c677a6b928e tempest-TestVolumeBootPatternV346-1937234291 tempest-TestVolumeBootPatternV346-1937234291-project-member] Determining version of request: GET /v2/schemas/image Accept: */* {{(pid=98938) process_request /opt/stack/glance/glance/api/middleware/version_negotiation.py:44}}
Jun 02 23:29:10.803703 np0000001991 devstack@g-api.service[98938]: DEBUG glance.api.middleware.version_negotiation [None req-87044818-90d3-49f3-b647-5c677a6b928e tempest-TestVolumeBootPatternV346-1937234291 tempest-TestVolumeBootPatternV346-1937234291-project-member] Using url versioning {{(pid=98938) process_request /opt/stack/glance/glance/api/middleware/version_negotiation.py:57}}
Jun 02 23:29:10.803859 np0000001991 devstack@g-api.service[98938]: DEBUG glance.api.middleware.version_negotiation [None req-87044818-90d3-49f3-b647-5c677a6b928e tempest-TestVolumeBootPatternV346-1937234291 tempest-TestVolumeBootPatternV346-1937234291-project-member] Matched version: v2 {{(pid=98938) process_request /opt/stack/glance/glance/api/middleware/version_negotiation.py:69}}
Jun 02 23:29:10.803991 np0000001991 devstack@g-api.service[98938]: DEBUG glance.api.middleware.version_negotiation [None req-87044818-90d3-49f3-b647-5c677a6b928e tempest-TestVolumeBootPatternV346-1937234291 tempest-TestVolumeBootPatternV346-1937234291-project-member] new path /v2/schemas/image {{(pid=98938) process_request /opt/stack/glance/glance/api/middleware/version_negotiation.py:70}}
Jun 02 23:29:10.806541 np0000001991 devstack@g-api.service[98938]: [pid: 98938|app: 0|req: 135/234] 127.0.0.1 () {44 vars in 1055 bytes} [Tue Jun 2 23:29:10 2026] GET /v2/schemas/image => generated 6083 bytes in 3 msecs (HTTP/1.1 200) 4 headers in 158 bytes (1 switches on core 0)
Jun 02 23:29:11.158897 np0000001991 devstack@g-api.service[98939]: DEBUG glance.location [None req-8f3c6092-ea4d-4007-b3f9-a96736275eb7 tempest-ImageDependencyTests-1640670581 tempest-ImageDependencyTests-1640670581-project-member] Enabling in-flight format inspection for raw {{(pid=98939) set_data /opt/stack/glance/glance/location.py:616}}
Jun 02 23:29:11.158897 np0000001991 devstack@g-api.service[98939]: DEBUG glance_store.backend [None req-8f3c6092-ea4d-4007-b3f9-a96736275eb7 tempest-ImageDependencyTests-1640670581 tempest-ImageDependencyTests-1640670581-project-member] Attempting to import store swift {{(pid=98939) _load_store /opt/stack/data/venv/lib/python3.12/site-packages/glance_store/backend.py:215}}
Jun 02 23:29:11.160046 np0000001991 devstack@g-api.service[98939]: DEBUG glance_store.capabilities [None req-8f3c6092-ea4d-4007-b3f9-a96736275eb7 tempest-ImageDependencyTests-1640670581 tempest-ImageDependencyTests-1640670581-project-member] Store glance_store._drivers.swift.store.SingleTenantStore doesn't support updating dynamic storage capabilities. Please overwrite 'update_capabilities' method of the store to implement updating logics if needed. {{(pid=98939) update_capabilities /opt/stack/data/venv/lib/python3.12/site-packages/glance_store/capabilities.py:91}}
Jun 02 23:29:11.160234 np0000001991 devstack@g-api.service[98939]: DEBUG glance_store.driver [None req-8f3c6092-ea4d-4007-b3f9-a96736275eb7 tempest-ImageDependencyTests-1640670581 tempest-ImageDependencyTests-1640670581-project-member] Late loading location class glance_store._drivers.swift.store.StoreLocation {{(pid=98939) get_store_location_class /opt/stack/data/venv/lib/python3.12/site-packages/glance_store/driver.py:134}}
Jun 02 23:29:11.160319 np0000001991 devstack@g-api.service[98939]: DEBUG glance_store.location [None req-8f3c6092-ea4d-4007-b3f9-a96736275eb7 tempest-ImageDependencyTests-1640670581 tempest-ImageDependencyTests-1640670581-project-member] Registering scheme swift+https with {'store': , 'location_class': , 'store_entry': 'swift'} {{(pid=98939) register_scheme_map /opt/stack/data/venv/lib/python3.12/site-packages/glance_store/location.py:146}}
Jun 02 23:29:11.160394 np0000001991 devstack@g-api.service[98939]: DEBUG glance_store.location [None req-8f3c6092-ea4d-4007-b3f9-a96736275eb7 tempest-ImageDependencyTests-1640670581 tempest-ImageDependencyTests-1640670581-project-member] Registering scheme swift+https with {'store': , 'location_class': , 'store_entry': 'swift'} {{(pid=98939) register_scheme_map /opt/stack/data/venv/lib/python3.12/site-packages/glance_store/location.py:146}}
Jun 02 23:29:11.160449 np0000001991 devstack@g-api.service[98939]: DEBUG glance_store.location [None req-8f3c6092-ea4d-4007-b3f9-a96736275eb7 tempest-ImageDependencyTests-1640670581 tempest-ImageDependencyTests-1640670581-project-member] Registering scheme swift with {'store': , 'location_class': , 'store_entry': 'swift'} {{(pid=98939) register_scheme_map /opt/stack/data/venv/lib/python3.12/site-packages/glance_store/location.py:146}}
Jun 02 23:29:11.160541 np0000001991 devstack@g-api.service[98939]: DEBUG glance_store.location [None req-8f3c6092-ea4d-4007-b3f9-a96736275eb7 tempest-ImageDependencyTests-1640670581 tempest-ImageDependencyTests-1640670581-project-member] Registering scheme swift+https with {'store': , 'location_class': , 'store_entry': 'swift'} {{(pid=98939) register_scheme_map /opt/stack/data/venv/lib/python3.12/site-packages/glance_store/location.py:146}}
Jun 02 23:29:11.160605 np0000001991 devstack@g-api.service[98939]: DEBUG glance_store.location [None req-8f3c6092-ea4d-4007-b3f9-a96736275eb7 tempest-ImageDependencyTests-1640670581 tempest-ImageDependencyTests-1640670581-project-member] Registering scheme swift with {'store': , 'location_class': , 'store_entry': 'swift'} {{(pid=98939) register_scheme_map /opt/stack/data/venv/lib/python3.12/site-packages/glance_store/location.py:146}}
Jun 02 23:29:11.160679 np0000001991 devstack@g-api.service[98939]: DEBUG glance_store.location [None req-8f3c6092-ea4d-4007-b3f9-a96736275eb7 tempest-ImageDependencyTests-1640670581 tempest-ImageDependencyTests-1640670581-project-member] Registering scheme swift+http with {'store': , 'location_class': , 'store_entry': 'swift'} {{(pid=98939) register_scheme_map /opt/stack/data/venv/lib/python3.12/site-packages/glance_store/location.py:146}}
Jun 02 23:29:11.160745 np0000001991 devstack@g-api.service[98939]: DEBUG glance_store.location [None req-8f3c6092-ea4d-4007-b3f9-a96736275eb7 tempest-ImageDependencyTests-1640670581 tempest-ImageDependencyTests-1640670581-project-member] Registering scheme swift+https with {'store': , 'location_class': , 'store_entry': 'swift'} {{(pid=98939) register_scheme_map /opt/stack/data/venv/lib/python3.12/site-packages/glance_store/location.py:146}}
Jun 02 23:29:11.160812 np0000001991 devstack@g-api.service[98939]: DEBUG glance_store.location [None req-8f3c6092-ea4d-4007-b3f9-a96736275eb7 tempest-ImageDependencyTests-1640670581 tempest-ImageDependencyTests-1640670581-project-member] Registering scheme swift with {'store': , 'location_class': , 'store_entry': 'swift'} {{(pid=98939) register_scheme_map /opt/stack/data/venv/lib/python3.12/site-packages/glance_store/location.py:146}}
Jun 02 23:29:11.161463 np0000001991 devstack@g-api.service[98939]: DEBUG glance_store.location [None req-8f3c6092-ea4d-4007-b3f9-a96736275eb7 tempest-ImageDependencyTests-1640670581 tempest-ImageDependencyTests-1640670581-project-member] Registering scheme swift+http with {'store': , 'location_class': , 'store_entry': 'swift'} {{(pid=98939) register_scheme_map /opt/stack/data/venv/lib/python3.12/site-packages/glance_store/location.py:146}}
Jun 02 23:29:11.161463 np0000001991 devstack@g-api.service[98939]: DEBUG glance_store.location [None req-8f3c6092-ea4d-4007-b3f9-a96736275eb7 tempest-ImageDependencyTests-1640670581 tempest-ImageDependencyTests-1640670581-project-member] Registering scheme swift+config with {'store': , 'location_class': , 'store_entry': 'swift'} {{(pid=98939) register_scheme_map /opt/stack/data/venv/lib/python3.12/site-packages/glance_store/location.py:146}}
Jun 02 23:29:11.263315 np0000001991 devstack@g-api.service[98938]: DEBUG glance.api.middleware.version_negotiation [None req-87044818-90d3-49f3-b647-5c677a6b928e tempest-TestVolumeBootPatternV346-1937234291 tempest-TestVolumeBootPatternV346-1937234291-project-member] Determining version of request: GET /versions Accept: */* {{(pid=98938) process_request /opt/stack/glance/glance/api/middleware/version_negotiation.py:44}}
Jun 02 23:29:11.264412 np0000001991 devstack@g-api.service[98938]: [pid: 98938|app: 0|req: 136/235] 127.0.0.1 () {44 vars in 1039 bytes} [Tue Jun 2 23:29:11 2026] GET /versions => generated 1407 bytes in 1 msecs (HTTP/1.1 200) 3 headers in 92 bytes (1 switches on core 0)
Jun 02 23:29:11.272871 np0000001991 devstack@g-api.service[98938]: DEBUG glance.api.middleware.version_negotiation [None req-87044818-90d3-49f3-b647-5c677a6b928e tempest-TestVolumeBootPatternV346-1937234291 tempest-TestVolumeBootPatternV346-1937234291-project-member] Determining version of request: GET /v2/images/46b759e6-bd14-435a-93c6-52a610b31ca2/locations Accept: */* {{(pid=98938) process_request /opt/stack/glance/glance/api/middleware/version_negotiation.py:44}}
Jun 02 23:29:11.273047 np0000001991 devstack@g-api.service[98938]: DEBUG glance.api.middleware.version_negotiation [None req-87044818-90d3-49f3-b647-5c677a6b928e tempest-TestVolumeBootPatternV346-1937234291 tempest-TestVolumeBootPatternV346-1937234291-project-member] Using url versioning {{(pid=98938) process_request /opt/stack/glance/glance/api/middleware/version_negotiation.py:57}}
Jun 02 23:29:11.273207 np0000001991 devstack@g-api.service[98938]: DEBUG glance.api.middleware.version_negotiation [None req-87044818-90d3-49f3-b647-5c677a6b928e tempest-TestVolumeBootPatternV346-1937234291 tempest-TestVolumeBootPatternV346-1937234291-project-member] Matched version: v2 {{(pid=98938) process_request /opt/stack/glance/glance/api/middleware/version_negotiation.py:69}}
Jun 02 23:29:11.273375 np0000001991 devstack@g-api.service[98938]: DEBUG glance.api.middleware.version_negotiation [None req-87044818-90d3-49f3-b647-5c677a6b928e tempest-TestVolumeBootPatternV346-1937234291 tempest-TestVolumeBootPatternV346-1937234291-project-member] new path /v2/images/46b759e6-bd14-435a-93c6-52a610b31ca2/locations {{(pid=98938) process_request /opt/stack/glance/glance/api/middleware/version_negotiation.py:70}}
Jun 02 23:29:11.317723 np0000001991 devstack@g-api.service[98938]: [pid: 98938|app: 0|req: 137/236] 127.0.0.1 () {44 vars in 1135 bytes} [Tue Jun 2 23:29:11 2026] GET /v2/images/46b759e6-bd14-435a-93c6-52a610b31ca2/locations => generated 92 bytes in 45 msecs (HTTP/1.1 200) 4 headers in 156 bytes (1 switches on core 0)
Jun 02 23:29:11.324599 np0000001991 devstack@g-api.service[98938]: DEBUG glance.api.middleware.version_negotiation [None req-87044818-90d3-49f3-b647-5c677a6b928e service glance] Determining version of request: GET /v2/images/46b759e6-bd14-435a-93c6-52a610b31ca2 Accept: */* {{(pid=98938) process_request /opt/stack/glance/glance/api/middleware/version_negotiation.py:44}}
Jun 02 23:29:11.324599 np0000001991 devstack@g-api.service[98938]: DEBUG glance.api.middleware.version_negotiation [None req-87044818-90d3-49f3-b647-5c677a6b928e service glance] Using url versioning {{(pid=98938) process_request /opt/stack/glance/glance/api/middleware/version_negotiation.py:57}}
Jun 02 23:29:11.324599 np0000001991 devstack@g-api.service[98938]: DEBUG glance.api.middleware.version_negotiation [None req-87044818-90d3-49f3-b647-5c677a6b928e service glance] Matched version: v2 {{(pid=98938) process_request /opt/stack/glance/glance/api/middleware/version_negotiation.py:69}}
Jun 02 23:29:11.324717 np0000001991 devstack@g-api.service[98938]: DEBUG glance.api.middleware.version_negotiation [None req-87044818-90d3-49f3-b647-5c677a6b928e service glance] new path /v2/images/46b759e6-bd14-435a-93c6-52a610b31ca2 {{(pid=98938) process_request /opt/stack/glance/glance/api/middleware/version_negotiation.py:70}}
Jun 02 23:29:11.335010 np0000001991 devstack@g-api.service[98938]: [pid: 98938|app: 0|req: 138/237] 127.0.0.1 () {44 vars in 1115 bytes} [Tue Jun 2 23:29:11 2026] GET /v2/images/46b759e6-bd14-435a-93c6-52a610b31ca2 => generated 1044 bytes in 11 msecs (HTTP/1.1 200) 4 headers in 158 bytes (1 switches on core 0)
Jun 02 23:29:11.343114 np0000001991 devstack@g-api.service[98939]: DEBUG swiftclient [None req-8f3c6092-ea4d-4007-b3f9-a96736275eb7 tempest-ImageDependencyTests-1640670581 tempest-ImageDependencyTests-1640670581-project-member] REQ: curl -i https://10.4.3.176:8080/v1/AUTH_8e603ae24c754838b763149dea9a110c/glance -I -H "X-Auth-Token: gAAAAABqH2dHZilv..." {{(pid=98939) http_log /opt/stack/data/venv/lib/python3.12/site-packages/swiftclient/client.py:160}}
Jun 02 23:29:11.343208 np0000001991 devstack@g-api.service[98939]: DEBUG swiftclient [None req-8f3c6092-ea4d-4007-b3f9-a96736275eb7 tempest-ImageDependencyTests-1640670581 tempest-ImageDependencyTests-1640670581-project-member] RESP STATUS: 204 No Content {{(pid=98939) http_log /opt/stack/data/venv/lib/python3.12/site-packages/swiftclient/client.py:161}}
Jun 02 23:29:11.343345 np0000001991 devstack@g-api.service[98939]: DEBUG swiftclient [None req-8f3c6092-ea4d-4007-b3f9-a96736275eb7 tempest-ImageDependencyTests-1640670581 tempest-ImageDependencyTests-1640670581-project-member] RESP HEADERS: {'Date': 'Tue, 02 Jun 2026 23:29:11 GMT', 'Server': 'Apache/2.4.58 (Ubuntu)', 'Content-Type': 'text/plain; charset=utf-8', 'X-Container-Object-Count': '7', 'X-Container-Bytes-Used': '134479872', 'X-Timestamp': '1780442661.42531', 'Last-Modified': 'Tue, 02 Jun 2026 23:24:22 GMT', 'Accept-Ranges': 'bytes', 'X-Storage-Policy': 'Policy-0', 'X-Container-Sharding': 'False', 'Vary': 'Accept', 'X-Trans-Id': 'tx66c2af98b7f84b418aaef-006a1f6747', 'X-Openstack-Request-Id': 'tx66c2af98b7f84b418aaef-006a1f6747', 'Connection': 'close'} {{(pid=98939) http_log /opt/stack/data/venv/lib/python3.12/site-packages/swiftclient/client.py:162}}
Jun 02 23:29:11.343510 np0000001991 devstack@g-api.service[98939]: DEBUG glance_store._drivers.swift.store [None req-8f3c6092-ea4d-4007-b3f9-a96736275eb7 tempest-ImageDependencyTests-1640670581 tempest-ImageDependencyTests-1640670581-project-member] Adding image object '9bb61fef-0086-4b91-8b4d-c748cdc1a297' to Swift {{(pid=98939) add /opt/stack/data/venv/lib/python3.12/site-packages/glance_store/_drivers/swift/store.py:970}}
Jun 02 23:29:11.347255 np0000001991 devstack@g-api.service[98938]: DEBUG glance.api.middleware.version_negotiation [None req-87044818-90d3-49f3-b647-5c677a6b928e tempest-TestVolumeBootPatternV346-1937234291 tempest-TestVolumeBootPatternV346-1937234291-project-member] Determining version of request: GET /v2/schemas/image Accept: */* {{(pid=98938) process_request /opt/stack/glance/glance/api/middleware/version_negotiation.py:44}}
Jun 02 23:29:11.347325 np0000001991 devstack@g-api.service[98938]: DEBUG glance.api.middleware.version_negotiation [None req-87044818-90d3-49f3-b647-5c677a6b928e tempest-TestVolumeBootPatternV346-1937234291 tempest-TestVolumeBootPatternV346-1937234291-project-member] Using url versioning {{(pid=98938) process_request /opt/stack/glance/glance/api/middleware/version_negotiation.py:57}}
Jun 02 23:29:11.347565 np0000001991 devstack@g-api.service[98938]: DEBUG glance.api.middleware.version_negotiation [None req-87044818-90d3-49f3-b647-5c677a6b928e tempest-TestVolumeBootPatternV346-1937234291 tempest-TestVolumeBootPatternV346-1937234291-project-member] Matched version: v2 {{(pid=98938) process_request /opt/stack/glance/glance/api/middleware/version_negotiation.py:69}}
Jun 02 23:29:11.347685 np0000001991 devstack@g-api.service[98938]: DEBUG glance.api.middleware.version_negotiation [None req-87044818-90d3-49f3-b647-5c677a6b928e tempest-TestVolumeBootPatternV346-1937234291 tempest-TestVolumeBootPatternV346-1937234291-project-member] new path /v2/schemas/image {{(pid=98938) process_request /opt/stack/glance/glance/api/middleware/version_negotiation.py:70}}
Jun 02 23:29:11.348086 np0000001991 devstack@g-api.service[98939]: DEBUG oslo_utils.imageutils.format_inspector [None req-8f3c6092-ea4d-4007-b3f9-a96736275eb7 tempest-ImageDependencyTests-1640670581 tempest-ImageDependencyTests-1640670581-project-member] Format inspector for vmdk does not match, excluding from consideration (Signature KDMV not found: b'\xd1\xe3k\xce') {{(pid=98939) _process_chunk /opt/stack/data/venv/lib/python3.12/site-packages/oslo_utils/imageutils/format_inspector.py:1758}}
Jun 02 23:29:11.351232 np0000001991 devstack@g-api.service[98938]: [pid: 98938|app: 0|req: 139/238] 127.0.0.1 () {44 vars in 1055 bytes} [Tue Jun 2 23:29:11 2026] GET /v2/schemas/image => generated 6083 bytes in 4 msecs (HTTP/1.1 200) 4 headers in 158 bytes (1 switches on core 0)
Jun 02 23:29:11.359559 np0000001991 devstack@g-api.service[98938]: DEBUG glance.api.middleware.version_negotiation [None req-87044818-90d3-49f3-b647-5c677a6b928e tempest-TestVolumeBootPatternV346-1937234291 tempest-TestVolumeBootPatternV346-1937234291-project-member] Determining version of request: GET /v2/schemas/image Accept: */* {{(pid=98938) process_request /opt/stack/glance/glance/api/middleware/version_negotiation.py:44}}
Jun 02 23:29:11.359690 np0000001991 devstack@g-api.service[98938]: DEBUG glance.api.middleware.version_negotiation [None req-87044818-90d3-49f3-b647-5c677a6b928e tempest-TestVolumeBootPatternV346-1937234291 tempest-TestVolumeBootPatternV346-1937234291-project-member] Using url versioning {{(pid=98938) process_request /opt/stack/glance/glance/api/middleware/version_negotiation.py:57}}
Jun 02 23:29:11.359729 np0000001991 devstack@g-api.service[98938]: DEBUG glance.api.middleware.version_negotiation [None req-87044818-90d3-49f3-b647-5c677a6b928e tempest-TestVolumeBootPatternV346-1937234291 tempest-TestVolumeBootPatternV346-1937234291-project-member] Matched version: v2 {{(pid=98938) process_request /opt/stack/glance/glance/api/middleware/version_negotiation.py:69}}
Jun 02 23:29:11.359841 np0000001991 devstack@g-api.service[98938]: DEBUG glance.api.middleware.version_negotiation [None req-87044818-90d3-49f3-b647-5c677a6b928e tempest-TestVolumeBootPatternV346-1937234291 tempest-TestVolumeBootPatternV346-1937234291-project-member] new path /v2/schemas/image {{(pid=98938) process_request /opt/stack/glance/glance/api/middleware/version_negotiation.py:70}}
Jun 02 23:29:11.364909 np0000001991 devstack@g-api.service[98939]: DEBUG swiftclient [None req-8f3c6092-ea4d-4007-b3f9-a96736275eb7 tempest-ImageDependencyTests-1640670581 tempest-ImageDependencyTests-1640670581-project-member] REQ: curl -i https://10.4.3.176:8080/v1/AUTH_8e603ae24c754838b763149dea9a110c/glance/9bb61fef-0086-4b91-8b4d-c748cdc1a297 -X PUT -H "X-Auth-Token: gAAAAABqH2dHZilv..." -H "Content-Length: 1024" {{(pid=98939) http_log /opt/stack/data/venv/lib/python3.12/site-packages/swiftclient/client.py:160}}
Jun 02 23:29:11.365089 np0000001991 devstack@g-api.service[98939]: DEBUG swiftclient [None req-8f3c6092-ea4d-4007-b3f9-a96736275eb7 tempest-ImageDependencyTests-1640670581 tempest-ImageDependencyTests-1640670581-project-member] RESP STATUS: 201 Created {{(pid=98939) http_log /opt/stack/data/venv/lib/python3.12/site-packages/swiftclient/client.py:161}}
Jun 02 23:29:11.365239 np0000001991 devstack@g-api.service[98939]: DEBUG swiftclient [None req-8f3c6092-ea4d-4007-b3f9-a96736275eb7 tempest-ImageDependencyTests-1640670581 tempest-ImageDependencyTests-1640670581-project-member] RESP HEADERS: {'Date': 'Tue, 02 Jun 2026 23:29:11 GMT', 'Server': 'Apache/2.4.58 (Ubuntu)', 'Content-Type': 'text/html; charset=UTF-8', 'Content-Length': '0', 'Etag': '9a44412ec5645b614d3c706a5e9fbcca', 'Last-Modified': 'Tue, 02 Jun 2026 23:29:12 GMT', 'X-Trans-Id': 'tx8e3421b5d79c481fad839-006a1f6747', 'X-Openstack-Request-Id': 'tx8e3421b5d79c481fad839-006a1f6747', 'Connection': 'close'} {{(pid=98939) http_log /opt/stack/data/venv/lib/python3.12/site-packages/swiftclient/client.py:162}}
Jun 02 23:29:11.365356 np0000001991 devstack@g-api.service[98938]: [pid: 98938|app: 0|req: 140/239] 127.0.0.1 () {44 vars in 1055 bytes} [Tue Jun 2 23:29:11 2026] GET /v2/schemas/image => generated 6083 bytes in 6 msecs (HTTP/1.1 200) 4 headers in 158 bytes (1 switches on core 0)
Jun 02 23:29:11.365693 np0000001991 devstack@g-api.service[98939]: INFO glance.location [None req-8f3c6092-ea4d-4007-b3f9-a96736275eb7 tempest-ImageDependencyTests-1640670581 tempest-ImageDependencyTests-1640670581-project-member] Image format matched and virtual size computed: 1024
Jun 02 23:29:11.392372 np0000001991 devstack@g-api.service[98939]: DEBUG glance_store.backend [None req-8f3c6092-ea4d-4007-b3f9-a96736275eb7 tempest-ImageDependencyTests-1640670581 tempest-ImageDependencyTests-1640670581-project-member] Attempting to import store swift {{(pid=98939) _load_store /opt/stack/data/venv/lib/python3.12/site-packages/glance_store/backend.py:215}}
Jun 02 23:29:11.393802 np0000001991 devstack@g-api.service[98939]: DEBUG glance_store.capabilities [None req-8f3c6092-ea4d-4007-b3f9-a96736275eb7 tempest-ImageDependencyTests-1640670581 tempest-ImageDependencyTests-1640670581-project-member] Store glance_store._drivers.swift.store.SingleTenantStore doesn't support updating dynamic storage capabilities. Please overwrite 'update_capabilities' method of the store to implement updating logics if needed. {{(pid=98939) update_capabilities /opt/stack/data/venv/lib/python3.12/site-packages/glance_store/capabilities.py:91}}
Jun 02 23:29:11.393927 np0000001991 devstack@g-api.service[98939]: DEBUG glance_store.driver [None req-8f3c6092-ea4d-4007-b3f9-a96736275eb7 tempest-ImageDependencyTests-1640670581 tempest-ImageDependencyTests-1640670581-project-member] Late loading location class glance_store._drivers.swift.store.StoreLocation {{(pid=98939) get_store_location_class /opt/stack/data/venv/lib/python3.12/site-packages/glance_store/driver.py:134}}
Jun 02 23:29:11.394061 np0000001991 devstack@g-api.service[98939]: DEBUG glance_store.location [None req-8f3c6092-ea4d-4007-b3f9-a96736275eb7 tempest-ImageDependencyTests-1640670581 tempest-ImageDependencyTests-1640670581-project-member] Registering scheme swift+https with {'store': , 'location_class': , 'store_entry': 'swift'} {{(pid=98939) register_scheme_map /opt/stack/data/venv/lib/python3.12/site-packages/glance_store/location.py:146}}
Jun 02 23:29:11.394176 np0000001991 devstack@g-api.service[98939]: DEBUG glance_store.location [None req-8f3c6092-ea4d-4007-b3f9-a96736275eb7 tempest-ImageDependencyTests-1640670581 tempest-ImageDependencyTests-1640670581-project-member] Registering scheme swift+https with {'store': , 'location_class': , 'store_entry': 'swift'} {{(pid=98939) register_scheme_map /opt/stack/data/venv/lib/python3.12/site-packages/glance_store/location.py:146}}
Jun 02 23:29:11.394314 np0000001991 devstack@g-api.service[98939]: DEBUG glance_store.location [None req-8f3c6092-ea4d-4007-b3f9-a96736275eb7 tempest-ImageDependencyTests-1640670581 tempest-ImageDependencyTests-1640670581-project-member] Registering scheme swift with {'store': , 'location_class': , 'store_entry': 'swift'} {{(pid=98939) register_scheme_map /opt/stack/data/venv/lib/python3.12/site-packages/glance_store/location.py:146}}
Jun 02 23:29:11.394454 np0000001991 devstack@g-api.service[98939]: DEBUG glance_store.location [None req-8f3c6092-ea4d-4007-b3f9-a96736275eb7 tempest-ImageDependencyTests-1640670581 tempest-ImageDependencyTests-1640670581-project-member] Registering scheme swift+https with {'store': , 'location_class': , 'store_entry': 'swift'} {{(pid=98939) register_scheme_map /opt/stack/data/venv/lib/python3.12/site-packages/glance_store/location.py:146}}
Jun 02 23:29:11.394567 np0000001991 devstack@g-api.service[98939]: DEBUG glance_store.location [None req-8f3c6092-ea4d-4007-b3f9-a96736275eb7 tempest-ImageDependencyTests-1640670581 tempest-ImageDependencyTests-1640670581-project-member] Registering scheme swift with {'store': , 'location_class': , 'store_entry': 'swift'} {{(pid=98939) register_scheme_map /opt/stack/data/venv/lib/python3.12/site-packages/glance_store/location.py:146}}
Jun 02 23:29:11.395824 np0000001991 devstack@g-api.service[98939]: DEBUG glance_store.location [None req-8f3c6092-ea4d-4007-b3f9-a96736275eb7 tempest-ImageDependencyTests-1640670581 tempest-ImageDependencyTests-1640670581-project-member] Registering scheme swift+http with {'store': , 'location_class': , 'store_entry': 'swift'} {{(pid=98939) register_scheme_map /opt/stack/data/venv/lib/python3.12/site-packages/glance_store/location.py:146}}
Jun 02 23:29:11.395998 np0000001991 devstack@g-api.service[98939]: DEBUG glance_store.location [None req-8f3c6092-ea4d-4007-b3f9-a96736275eb7 tempest-ImageDependencyTests-1640670581 tempest-ImageDependencyTests-1640670581-project-member] Registering scheme swift+https with {'store': , 'location_class': , 'store_entry': 'swift'} {{(pid=98939) register_scheme_map /opt/stack/data/venv/lib/python3.12/site-packages/glance_store/location.py:146}}
Jun 02 23:29:11.396123 np0000001991 devstack@g-api.service[98939]: DEBUG glance_store.location [None req-8f3c6092-ea4d-4007-b3f9-a96736275eb7 tempest-ImageDependencyTests-1640670581 tempest-ImageDependencyTests-1640670581-project-member] Registering scheme swift with {'store': , 'location_class': , 'store_entry': 'swift'} {{(pid=98939) register_scheme_map /opt/stack/data/venv/lib/python3.12/site-packages/glance_store/location.py:146}}
Jun 02 23:29:11.396239 np0000001991 devstack@g-api.service[98939]: DEBUG glance_store.location [None req-8f3c6092-ea4d-4007-b3f9-a96736275eb7 tempest-ImageDependencyTests-1640670581 tempest-ImageDependencyTests-1640670581-project-member] Registering scheme swift+http with {'store': , 'location_class': , 'store_entry': 'swift'} {{(pid=98939) register_scheme_map /opt/stack/data/venv/lib/python3.12/site-packages/glance_store/location.py:146}}
Jun 02 23:29:11.396366 np0000001991 devstack@g-api.service[98939]: DEBUG glance_store.location [None req-8f3c6092-ea4d-4007-b3f9-a96736275eb7 tempest-ImageDependencyTests-1640670581 tempest-ImageDependencyTests-1640670581-project-member] Registering scheme swift+config with {'store': , 'location_class': , 'store_entry': 'swift'} {{(pid=98939) register_scheme_map /opt/stack/data/venv/lib/python3.12/site-packages/glance_store/location.py:146}}
Jun 02 23:29:11.396499 np0000001991 devstack@g-api.service[98939]: DEBUG glance_store.backend [None req-8f3c6092-ea4d-4007-b3f9-a96736275eb7 tempest-ImageDependencyTests-1640670581 tempest-ImageDependencyTests-1640670581-project-member] Skipping store.set_acls... not implemented. {{(pid=98939) set_acls /opt/stack/data/venv/lib/python3.12/site-packages/glance_store/backend.py:507}}
Jun 02 23:29:11.397944 np0000001991 devstack@g-api.service[98939]: [pid: 98939|app: 0|req: 100/240] 127.0.0.1 () {40 vars in 847 bytes} [Tue Jun 2 23:29:10 2026] PUT /v2/images/9bb61fef-0086-4b91-8b4d-c748cdc1a297/file => generated 0 bytes in 1343 msecs (HTTP/1.1 204) 4 headers in 171 bytes (1 switches on core 0)
Jun 02 23:29:11.403840 np0000001991 devstack@g-api.service[98938]: DEBUG glance.api.middleware.version_negotiation [None req-87044818-90d3-49f3-b647-5c677a6b928e tempest-TestVolumeBootPatternV346-1937234291 tempest-TestVolumeBootPatternV346-1937234291-project-member] Determining version of request: GET /v2/images/9bb61fef-0086-4b91-8b4d-c748cdc1a297 Accept: application/json {{(pid=98938) process_request /opt/stack/glance/glance/api/middleware/version_negotiation.py:44}}
Jun 02 23:29:11.403959 np0000001991 devstack@g-api.service[98938]: DEBUG glance.api.middleware.version_negotiation [None req-87044818-90d3-49f3-b647-5c677a6b928e tempest-TestVolumeBootPatternV346-1937234291 tempest-TestVolumeBootPatternV346-1937234291-project-member] Using url versioning {{(pid=98938) process_request /opt/stack/glance/glance/api/middleware/version_negotiation.py:57}}
Jun 02 23:29:11.404068 np0000001991 devstack@g-api.service[98938]: DEBUG glance.api.middleware.version_negotiation [None req-87044818-90d3-49f3-b647-5c677a6b928e tempest-TestVolumeBootPatternV346-1937234291 tempest-TestVolumeBootPatternV346-1937234291-project-member] Matched version: v2 {{(pid=98938) process_request /opt/stack/glance/glance/api/middleware/version_negotiation.py:69}}
Jun 02 23:29:11.404154 np0000001991 devstack@g-api.service[98938]: DEBUG glance.api.middleware.version_negotiation [None req-87044818-90d3-49f3-b647-5c677a6b928e tempest-TestVolumeBootPatternV346-1937234291 tempest-TestVolumeBootPatternV346-1937234291-project-member] new path /v2/images/9bb61fef-0086-4b91-8b4d-c748cdc1a297 {{(pid=98938) process_request /opt/stack/glance/glance/api/middleware/version_negotiation.py:70}}
Jun 02 23:29:11.412122 np0000001991 devstack@g-api.service[98938]: [pid: 98938|app: 0|req: 141/241] 127.0.0.1 () {40 vars in 838 bytes} [Tue Jun 2 23:29:11 2026] GET /v2/images/9bb61fef-0086-4b91-8b4d-c748cdc1a297 => generated 808 bytes in 8 msecs (HTTP/1.1 200) 4 headers in 157 bytes (1 switches on core 0)
Jun 02 23:29:11.526229 np0000001991 devstack@g-api.service[98939]: DEBUG glance.api.middleware.version_negotiation [None req-8f3c6092-ea4d-4007-b3f9-a96736275eb7 tempest-ImageDependencyTests-1640670581 tempest-ImageDependencyTests-1640670581-project-member] Determining version of request: GET /v2/images/9bb61fef-0086-4b91-8b4d-c748cdc1a297 Accept: */* {{(pid=98939) process_request /opt/stack/glance/glance/api/middleware/version_negotiation.py:44}}
Jun 02 23:29:11.527692 np0000001991 devstack@g-api.service[98939]: DEBUG glance.api.middleware.version_negotiation [None req-8f3c6092-ea4d-4007-b3f9-a96736275eb7 tempest-ImageDependencyTests-1640670581 tempest-ImageDependencyTests-1640670581-project-member] Using url versioning {{(pid=98939) process_request /opt/stack/glance/glance/api/middleware/version_negotiation.py:57}}
Jun 02 23:29:11.527692 np0000001991 devstack@g-api.service[98939]: DEBUG glance.api.middleware.version_negotiation [None req-8f3c6092-ea4d-4007-b3f9-a96736275eb7 tempest-ImageDependencyTests-1640670581 tempest-ImageDependencyTests-1640670581-project-member] Matched version: v2 {{(pid=98939) process_request /opt/stack/glance/glance/api/middleware/version_negotiation.py:69}}
Jun 02 23:29:11.527692 np0000001991 devstack@g-api.service[98939]: DEBUG glance.api.middleware.version_negotiation [None req-8f3c6092-ea4d-4007-b3f9-a96736275eb7 tempest-ImageDependencyTests-1640670581 tempest-ImageDependencyTests-1640670581-project-member] new path /v2/images/9bb61fef-0086-4b91-8b4d-c748cdc1a297 {{(pid=98939) process_request /opt/stack/glance/glance/api/middleware/version_negotiation.py:70}}
Jun 02 23:29:11.535392 np0000001991 devstack@g-api.service[98939]: [pid: 98939|app: 0|req: 101/242] 127.0.0.1 () {44 vars in 1115 bytes} [Tue Jun 2 23:29:11 2026] GET /v2/images/9bb61fef-0086-4b91-8b4d-c748cdc1a297 => generated 808 bytes in 9 msecs (HTTP/1.1 200) 4 headers in 157 bytes (1 switches on core 0)
Jun 02 23:29:11.541633 np0000001991 devstack@g-api.service[98938]: DEBUG glance.api.middleware.version_negotiation [None req-76ce737a-f196-400f-9737-58e637556e70 tempest-ImageDependencyTests-1640670581 tempest-ImageDependencyTests-1640670581-project-member] Determining version of request: GET /v2/schemas/image Accept: */* {{(pid=98938) process_request /opt/stack/glance/glance/api/middleware/version_negotiation.py:44}}
Jun 02 23:29:11.542053 np0000001991 devstack@g-api.service[98938]: DEBUG glance.api.middleware.version_negotiation [None req-76ce737a-f196-400f-9737-58e637556e70 tempest-ImageDependencyTests-1640670581 tempest-ImageDependencyTests-1640670581-project-member] Using url versioning {{(pid=98938) process_request /opt/stack/glance/glance/api/middleware/version_negotiation.py:57}}
Jun 02 23:29:11.542053 np0000001991 devstack@g-api.service[98938]: DEBUG glance.api.middleware.version_negotiation [None req-76ce737a-f196-400f-9737-58e637556e70 tempest-ImageDependencyTests-1640670581 tempest-ImageDependencyTests-1640670581-project-member] Matched version: v2 {{(pid=98938) process_request /opt/stack/glance/glance/api/middleware/version_negotiation.py:69}}
Jun 02 23:29:11.542131 np0000001991 devstack@g-api.service[98938]: DEBUG glance.api.middleware.version_negotiation [None req-76ce737a-f196-400f-9737-58e637556e70 tempest-ImageDependencyTests-1640670581 tempest-ImageDependencyTests-1640670581-project-member] new path /v2/schemas/image {{(pid=98938) process_request /opt/stack/glance/glance/api/middleware/version_negotiation.py:70}}
Jun 02 23:29:11.544858 np0000001991 devstack@g-api.service[98938]: [pid: 98938|app: 0|req: 142/243] 127.0.0.1 () {44 vars in 1055 bytes} [Tue Jun 2 23:29:11 2026] GET /v2/schemas/image => generated 6083 bytes in 3 msecs (HTTP/1.1 200) 4 headers in 158 bytes (1 switches on core 0)
Jun 02 23:29:11.552388 np0000001991 devstack@g-api.service[98939]: DEBUG glance.api.middleware.version_negotiation [None req-8fe7ee95-3117-4773-8bed-eca0137d5544 tempest-ImageDependencyTests-1640670581 tempest-ImageDependencyTests-1640670581-project-member] Determining version of request: GET /v2/schemas/image Accept: */* {{(pid=98939) process_request /opt/stack/glance/glance/api/middleware/version_negotiation.py:44}}
Jun 02 23:29:11.552388 np0000001991 devstack@g-api.service[98939]: DEBUG glance.api.middleware.version_negotiation [None req-8fe7ee95-3117-4773-8bed-eca0137d5544 tempest-ImageDependencyTests-1640670581 tempest-ImageDependencyTests-1640670581-project-member] Using url versioning {{(pid=98939) process_request /opt/stack/glance/glance/api/middleware/version_negotiation.py:57}}
Jun 02 23:29:11.552388 np0000001991 devstack@g-api.service[98939]: DEBUG glance.api.middleware.version_negotiation [None req-8fe7ee95-3117-4773-8bed-eca0137d5544 tempest-ImageDependencyTests-1640670581 tempest-ImageDependencyTests-1640670581-project-member] Matched version: v2 {{(pid=98939) process_request /opt/stack/glance/glance/api/middleware/version_negotiation.py:69}}
Jun 02 23:29:11.552664 np0000001991 devstack@g-api.service[98939]: DEBUG glance.api.middleware.version_negotiation [None req-8fe7ee95-3117-4773-8bed-eca0137d5544 tempest-ImageDependencyTests-1640670581 tempest-ImageDependencyTests-1640670581-project-member] new path /v2/schemas/image {{(pid=98939) process_request /opt/stack/glance/glance/api/middleware/version_negotiation.py:70}}
Jun 02 23:29:11.554678 np0000001991 devstack@g-api.service[98939]: [pid: 98939|app: 0|req: 102/244] 127.0.0.1 () {44 vars in 1055 bytes} [Tue Jun 2 23:29:11 2026] GET /v2/schemas/image => generated 6083 bytes in 2 msecs (HTTP/1.1 200) 4 headers in 158 bytes (1 switches on core 0)
Jun 02 23:29:11.562000 np0000001991 devstack@g-api.service[98938]: DEBUG glance.api.middleware.version_negotiation [None req-8fe7ee95-3117-4773-8bed-eca0137d5544 tempest-ImageDependencyTests-1640670581 tempest-ImageDependencyTests-1640670581-project-member] Determining version of request: GET /v2/images/9bb61fef-0086-4b91-8b4d-c748cdc1a297 Accept: */* {{(pid=98938) process_request /opt/stack/glance/glance/api/middleware/version_negotiation.py:44}}
Jun 02 23:29:11.562157 np0000001991 devstack@g-api.service[98938]: DEBUG glance.api.middleware.version_negotiation [None req-8fe7ee95-3117-4773-8bed-eca0137d5544 tempest-ImageDependencyTests-1640670581 tempest-ImageDependencyTests-1640670581-project-member] Using url versioning {{(pid=98938) process_request /opt/stack/glance/glance/api/middleware/version_negotiation.py:57}}
Jun 02 23:29:11.562279 np0000001991 devstack@g-api.service[98938]: DEBUG glance.api.middleware.version_negotiation [None req-8fe7ee95-3117-4773-8bed-eca0137d5544 tempest-ImageDependencyTests-1640670581 tempest-ImageDependencyTests-1640670581-project-member] Matched version: v2 {{(pid=98938) process_request /opt/stack/glance/glance/api/middleware/version_negotiation.py:69}}
Jun 02 23:29:11.562393 np0000001991 devstack@g-api.service[98938]: DEBUG glance.api.middleware.version_negotiation [None req-8fe7ee95-3117-4773-8bed-eca0137d5544 tempest-ImageDependencyTests-1640670581 tempest-ImageDependencyTests-1640670581-project-member] new path /v2/images/9bb61fef-0086-4b91-8b4d-c748cdc1a297 {{(pid=98938) process_request /opt/stack/glance/glance/api/middleware/version_negotiation.py:70}}
Jun 02 23:29:11.570352 np0000001991 devstack@g-api.service[98938]: [pid: 98938|app: 0|req: 143/245] 127.0.0.1 () {44 vars in 1115 bytes} [Tue Jun 2 23:29:11 2026] GET /v2/images/9bb61fef-0086-4b91-8b4d-c748cdc1a297 => generated 808 bytes in 8 msecs (HTTP/1.1 200) 4 headers in 157 bytes (1 switches on core 0)
Jun 02 23:29:11.580479 np0000001991 devstack@g-api.service[98939]: DEBUG glance.api.middleware.version_negotiation [None req-8fe7ee95-3117-4773-8bed-eca0137d5544 tempest-ImageDependencyTests-1640670581 tempest-ImageDependencyTests-1640670581-project-member] Determining version of request: GET /v2/schemas/image Accept: */* {{(pid=98939) process_request /opt/stack/glance/glance/api/middleware/version_negotiation.py:44}}
Jun 02 23:29:11.580479 np0000001991 devstack@g-api.service[98939]: DEBUG glance.api.middleware.version_negotiation [None req-8fe7ee95-3117-4773-8bed-eca0137d5544 tempest-ImageDependencyTests-1640670581 tempest-ImageDependencyTests-1640670581-project-member] Using url versioning {{(pid=98939) process_request /opt/stack/glance/glance/api/middleware/version_negotiation.py:57}}
Jun 02 23:29:11.580479 np0000001991 devstack@g-api.service[98939]: DEBUG glance.api.middleware.version_negotiation [None req-8fe7ee95-3117-4773-8bed-eca0137d5544 tempest-ImageDependencyTests-1640670581 tempest-ImageDependencyTests-1640670581-project-member] Matched version: v2 {{(pid=98939) process_request /opt/stack/glance/glance/api/middleware/version_negotiation.py:69}}
Jun 02 23:29:11.580479 np0000001991 devstack@g-api.service[98939]: DEBUG glance.api.middleware.version_negotiation [None req-8fe7ee95-3117-4773-8bed-eca0137d5544 tempest-ImageDependencyTests-1640670581 tempest-ImageDependencyTests-1640670581-project-member] new path /v2/schemas/image {{(pid=98939) process_request /opt/stack/glance/glance/api/middleware/version_negotiation.py:70}}
Jun 02 23:29:11.584448 np0000001991 devstack@g-api.service[98939]: [pid: 98939|app: 0|req: 103/246] 127.0.0.1 () {44 vars in 1055 bytes} [Tue Jun 2 23:29:11 2026] GET /v2/schemas/image => generated 6083 bytes in 4 msecs (HTTP/1.1 200) 4 headers in 158 bytes (1 switches on core 0)
Jun 02 23:29:11.592228 np0000001991 devstack@g-api.service[98938]: DEBUG glance.api.middleware.version_negotiation [None req-8fe7ee95-3117-4773-8bed-eca0137d5544 tempest-ImageDependencyTests-1640670581 tempest-ImageDependencyTests-1640670581-project-member] Determining version of request: GET /v2/schemas/image Accept: */* {{(pid=98938) process_request /opt/stack/glance/glance/api/middleware/version_negotiation.py:44}}
Jun 02 23:29:11.592494 np0000001991 devstack@g-api.service[98938]: DEBUG glance.api.middleware.version_negotiation [None req-8fe7ee95-3117-4773-8bed-eca0137d5544 tempest-ImageDependencyTests-1640670581 tempest-ImageDependencyTests-1640670581-project-member] Using url versioning {{(pid=98938) process_request /opt/stack/glance/glance/api/middleware/version_negotiation.py:57}}
Jun 02 23:29:11.592638 np0000001991 devstack@g-api.service[98938]: DEBUG glance.api.middleware.version_negotiation [None req-8fe7ee95-3117-4773-8bed-eca0137d5544 tempest-ImageDependencyTests-1640670581 tempest-ImageDependencyTests-1640670581-project-member] Matched version: v2 {{(pid=98938) process_request /opt/stack/glance/glance/api/middleware/version_negotiation.py:69}}
Jun 02 23:29:11.592735 np0000001991 devstack@g-api.service[98938]: DEBUG glance.api.middleware.version_negotiation [None req-8fe7ee95-3117-4773-8bed-eca0137d5544 tempest-ImageDependencyTests-1640670581 tempest-ImageDependencyTests-1640670581-project-member] new path /v2/schemas/image {{(pid=98938) process_request /opt/stack/glance/glance/api/middleware/version_negotiation.py:70}}
Jun 02 23:29:11.596625 np0000001991 devstack@g-api.service[98938]: [pid: 98938|app: 0|req: 144/247] 127.0.0.1 () {44 vars in 1055 bytes} [Tue Jun 2 23:29:11 2026] GET /v2/schemas/image => generated 6083 bytes in 3 msecs (HTTP/1.1 200) 4 headers in 158 bytes (1 switches on core 0)
Jun 02 23:29:11.613782 np0000001991 devstack@g-api.service[98939]: DEBUG glance.api.middleware.version_negotiation [None req-8fe7ee95-3117-4773-8bed-eca0137d5544 tempest-ImageDependencyTests-1640670581 tempest-ImageDependencyTests-1640670581-project-member] Determining version of request: GET /v2/images/9bb61fef-0086-4b91-8b4d-c748cdc1a297 Accept: */* {{(pid=98939) process_request /opt/stack/glance/glance/api/middleware/version_negotiation.py:44}}
Jun 02 23:29:11.613911 np0000001991 devstack@g-api.service[98939]: DEBUG glance.api.middleware.version_negotiation [None req-8fe7ee95-3117-4773-8bed-eca0137d5544 tempest-ImageDependencyTests-1640670581 tempest-ImageDependencyTests-1640670581-project-member] Using url versioning {{(pid=98939) process_request /opt/stack/glance/glance/api/middleware/version_negotiation.py:57}}
Jun 02 23:29:11.614012 np0000001991 devstack@g-api.service[98939]: DEBUG glance.api.middleware.version_negotiation [None req-8fe7ee95-3117-4773-8bed-eca0137d5544 tempest-ImageDependencyTests-1640670581 tempest-ImageDependencyTests-1640670581-project-member] Matched version: v2 {{(pid=98939) process_request /opt/stack/glance/glance/api/middleware/version_negotiation.py:69}}
Jun 02 23:29:11.614106 np0000001991 devstack@g-api.service[98939]: DEBUG glance.api.middleware.version_negotiation [None req-8fe7ee95-3117-4773-8bed-eca0137d5544 tempest-ImageDependencyTests-1640670581 tempest-ImageDependencyTests-1640670581-project-member] new path /v2/images/9bb61fef-0086-4b91-8b4d-c748cdc1a297 {{(pid=98939) process_request /opt/stack/glance/glance/api/middleware/version_negotiation.py:70}}
Jun 02 23:29:11.621277 np0000001991 devstack@g-api.service[98939]: [pid: 98939|app: 0|req: 104/248] 127.0.0.1 () {44 vars in 1115 bytes} [Tue Jun 2 23:29:11 2026] GET /v2/images/9bb61fef-0086-4b91-8b4d-c748cdc1a297 => generated 808 bytes in 7 msecs (HTTP/1.1 200) 4 headers in 157 bytes (1 switches on core 0)
Jun 02 23:29:11.628396 np0000001991 devstack@g-api.service[98938]: DEBUG glance.api.middleware.version_negotiation [None req-8fe7ee95-3117-4773-8bed-eca0137d5544 tempest-ImageDependencyTests-1640670581 tempest-ImageDependencyTests-1640670581-project-member] Determining version of request: GET /v2/schemas/image Accept: */* {{(pid=98938) process_request /opt/stack/glance/glance/api/middleware/version_negotiation.py:44}}
Jun 02 23:29:11.628548 np0000001991 devstack@g-api.service[98938]: DEBUG glance.api.middleware.version_negotiation [None req-8fe7ee95-3117-4773-8bed-eca0137d5544 tempest-ImageDependencyTests-1640670581 tempest-ImageDependencyTests-1640670581-project-member] Using url versioning {{(pid=98938) process_request /opt/stack/glance/glance/api/middleware/version_negotiation.py:57}}
Jun 02 23:29:11.628882 np0000001991 devstack@g-api.service[98938]: DEBUG glance.api.middleware.version_negotiation [None req-8fe7ee95-3117-4773-8bed-eca0137d5544 tempest-ImageDependencyTests-1640670581 tempest-ImageDependencyTests-1640670581-project-member] Matched version: v2 {{(pid=98938) process_request /opt/stack/glance/glance/api/middleware/version_negotiation.py:69}}
Jun 02 23:29:11.628882 np0000001991 devstack@g-api.service[98938]: DEBUG glance.api.middleware.version_negotiation [None req-8fe7ee95-3117-4773-8bed-eca0137d5544 tempest-ImageDependencyTests-1640670581 tempest-ImageDependencyTests-1640670581-project-member] new path /v2/schemas/image {{(pid=98938) process_request /opt/stack/glance/glance/api/middleware/version_negotiation.py:70}}
Jun 02 23:29:11.631145 np0000001991 devstack@g-api.service[98938]: [pid: 98938|app: 0|req: 145/249] 127.0.0.1 () {44 vars in 1055 bytes} [Tue Jun 2 23:29:11 2026] GET /v2/schemas/image => generated 6083 bytes in 3 msecs (HTTP/1.1 200) 4 headers in 158 bytes (1 switches on core 0)
Jun 02 23:29:12.032261 np0000001991 devstack@g-api.service[98939]: DEBUG glance.api.middleware.version_negotiation [None req-8fe7ee95-3117-4773-8bed-eca0137d5544 tempest-ImageDependencyTests-1640670581 tempest-ImageDependencyTests-1640670581-project-member] Determining version of request: GET /versions Accept: */* {{(pid=98939) process_request /opt/stack/glance/glance/api/middleware/version_negotiation.py:44}}
Jun 02 23:29:12.032899 np0000001991 devstack@g-api.service[98939]: [pid: 98939|app: 0|req: 105/250] 127.0.0.1 () {44 vars in 1039 bytes} [Tue Jun 2 23:29:12 2026] GET /versions => generated 1407 bytes in 1 msecs (HTTP/1.1 200) 3 headers in 92 bytes (1 switches on core 0)
Jun 02 23:29:12.041891 np0000001991 devstack@g-api.service[98938]: DEBUG glance.api.middleware.version_negotiation [None req-8fe7ee95-3117-4773-8bed-eca0137d5544 tempest-ImageDependencyTests-1640670581 tempest-ImageDependencyTests-1640670581-project-member] Determining version of request: GET /v2/images/9bb61fef-0086-4b91-8b4d-c748cdc1a297/locations Accept: */* {{(pid=98938) process_request /opt/stack/glance/glance/api/middleware/version_negotiation.py:44}}
Jun 02 23:29:12.042009 np0000001991 devstack@g-api.service[98938]: DEBUG glance.api.middleware.version_negotiation [None req-8fe7ee95-3117-4773-8bed-eca0137d5544 tempest-ImageDependencyTests-1640670581 tempest-ImageDependencyTests-1640670581-project-member] Using url versioning {{(pid=98938) process_request /opt/stack/glance/glance/api/middleware/version_negotiation.py:57}}
